[INFO] cloning repository https://github.com/reynn/rust-rocket-example
[INFO] running `Command { std: "git" "-c" "credential.helper=" "-c" "credential.helper=/workspace/cargo-home/bin/git-credential-null" "clone" "--bare" "https://github.com/reynn/rust-rocket-example" "/workspace/cache/git-repos/https%3A%2F%2Fgithub.com%2Freynn%2Frust-rocket-example", kill_on_drop: false }`
[INFO] [stderr] Cloning into bare repository '/workspace/cache/git-repos/https%3A%2F%2Fgithub.com%2Freynn%2Frust-rocket-example'...
[INFO] running `Command { std: "git" "rev-parse" "HEAD", kill_on_drop: false }`
[INFO] [stdout] 05b6b7e3fd83fc4246d4b59c2278da637bca7253
[INFO] checking reynn/rust-rocket-example against 1.55.0 for beta-1.56-3
[INFO] running `Command { std: "git" "clone" "/workspace/cache/git-repos/https%3A%2F%2Fgithub.com%2Freynn%2Frust-rocket-example" "/workspace/builds/worker-5/source", kill_on_drop: false }`
[INFO] [stderr] Cloning into '/workspace/builds/worker-5/source'...
[INFO] [stderr] done.
[INFO] validating manifest of git repo https://github.com/reynn/rust-rocket-example on toolchain 1.55.0
[INFO] running `Command { std: "/workspace/cargo-home/bin/cargo" "+1.55.0" "metadata" "--manifest-path" "Cargo.toml" "--no-deps", kill_on_drop: false }`
[INFO] started tweaking git repo https://github.com/reynn/rust-rocket-example
[INFO] finished tweaking git repo https://github.com/reynn/rust-rocket-example
[INFO] tweaked toml for git repo https://github.com/reynn/rust-rocket-example written to /workspace/builds/worker-5/source/Cargo.toml
[INFO] crate git repo https://github.com/reynn/rust-rocket-example already has a lockfile, it will not be regenerated
[INFO] running `Command { std: "/workspace/cargo-home/bin/cargo" "+1.55.0" "fetch" "--manifest-path" "Cargo.toml", kill_on_drop: false }`
[INFO] [stderr]     Blocking waiting for file lock on package cache
[INFO] running `Command { std: "docker" "create" "-v" "/var/lib/crater-agent-workspace/builds/worker-5/target:/opt/rustwide/target:rw,Z" "-v" "/var/lib/crater-agent-workspace/builds/worker-5/source:/opt/rustwide/workdir:ro,Z" "-v" "/var/lib/crater-agent-workspace/cargo-home:/opt/rustwide/cargo-home:ro,Z" "-v" "/var/lib/crater-agent-workspace/rustup-home:/opt/rustwide/rustup-home:ro,Z" "-e" "SOURCE_DIR=/opt/rustwide/workdir" "-e" "CARGO_TARGET_DIR=/opt/rustwide/target" "-e" "CARGO_HOME=/opt/rustwide/cargo-home" "-e" "RUSTUP_HOME=/opt/rustwide/rustup-home" "-w" "/opt/rustwide/workdir" "-m" "1610612736" "--user" "0:0" "--network" "none" "ghcr.io/rust-lang/crates-build-env/linux@sha256:a89201d6b5b9fd45c15d5952ece0a0129e7e80cb26ec023fd59cf09bc26f1604" "/opt/rustwide/cargo-home/bin/cargo" "+1.55.0" "metadata" "--no-deps" "--format-version=1", kill_on_drop: false }`
[INFO] [stdout] 2c44affcef25d1eff2358356e7c86c3b12b9643a0f4e454f20b7e00addf04da4
[INFO] [stderr] WARNING: Your kernel does not support swap limit capabilities or the cgroup is not mounted. Memory limited without swap.
[INFO] running `Command { std: "docker" "start" "-a" "2c44affcef25d1eff2358356e7c86c3b12b9643a0f4e454f20b7e00addf04da4", kill_on_drop: false }`
[INFO] running `Command { std: "docker" "inspect" "2c44affcef25d1eff2358356e7c86c3b12b9643a0f4e454f20b7e00addf04da4", kill_on_drop: false }`
[INFO] running `Command { std: "docker" "rm" "-f" "2c44affcef25d1eff2358356e7c86c3b12b9643a0f4e454f20b7e00addf04da4", kill_on_drop: false }`
[INFO] [stdout] 2c44affcef25d1eff2358356e7c86c3b12b9643a0f4e454f20b7e00addf04da4
[INFO] running `Command { std: "docker" "create" "-v" "/var/lib/crater-agent-workspace/builds/worker-5/target:/opt/rustwide/target:rw,Z" "-v" "/var/lib/crater-agent-workspace/builds/worker-5/source:/opt/rustwide/workdir:ro,Z" "-v" "/var/lib/crater-agent-workspace/cargo-home:/opt/rustwide/cargo-home:ro,Z" "-v" "/var/lib/crater-agent-workspace/rustup-home:/opt/rustwide/rustup-home:ro,Z" "-e" "SOURCE_DIR=/opt/rustwide/workdir" "-e" "CARGO_TARGET_DIR=/opt/rustwide/target" "-e" "CARGO_INCREMENTAL=0" "-e" "RUST_BACKTRACE=full" "-e" "RUSTFLAGS=--cap-lints=warn" "-e" "CARGO_HOME=/opt/rustwide/cargo-home" "-e" "RUSTUP_HOME=/opt/rustwide/rustup-home" "-w" "/opt/rustwide/workdir" "-m" "1610612736" "--user" "0:0" "--network" "none" "ghcr.io/rust-lang/crates-build-env/linux@sha256:a89201d6b5b9fd45c15d5952ece0a0129e7e80cb26ec023fd59cf09bc26f1604" "/opt/rustwide/cargo-home/bin/cargo" "+1.55.0" "check" "--frozen" "--all" "--all-targets" "--message-format=json", kill_on_drop: false }`
[INFO] [stdout] 3a42eb746b5ee5a4e33eee90a1eafcfef9932552fc74c0f7b98dee60073c7bd7
[INFO] [stderr] WARNING: Your kernel does not support swap limit capabilities or the cgroup is not mounted. Memory limited without swap.
[INFO] running `Command { std: "docker" "start" "-a" "3a42eb746b5ee5a4e33eee90a1eafcfef9932552fc74c0f7b98dee60073c7bd7", kill_on_drop: false }`
[INFO] [stderr]    Compiling subtle v2.4.1
[INFO] [stderr]    Compiling cpuid-bool v0.2.0
[INFO] [stderr]    Compiling unicode-bidi v0.3.6
[INFO] [stderr]    Compiling cpufeatures v0.2.1
[INFO] [stderr]    Compiling serde v1.0.130
[INFO] [stderr]    Compiling pear_codegen v0.1.4
[INFO] [stderr]    Compiling rocket_codegen v0.4.10
[INFO] [stderr]    Compiling rocket v0.4.10
[INFO] [stderr]    Compiling base64 v0.9.3
[INFO] [stderr]    Compiling typenum v1.14.0
[INFO] [stderr]    Compiling libc v0.2.103
[INFO] [stderr]    Compiling log v0.3.9
[INFO] [stderr]     Checking time v0.1.43
[INFO] [stderr]     Checking num_cpus v1.13.0
[INFO] [stderr]    Compiling indexmap v1.7.0
[INFO] [stderr]     Checking idna v0.1.5
[INFO] [stderr]     Checking cipher v0.2.5
[INFO] [stderr]     Checking aead v0.3.2
[INFO] [stderr]     Checking universal-hash v0.4.1
[INFO] [stderr]     Checking crypto-mac v0.10.1
[INFO] [stderr]    Compiling devise_core v0.2.0
[INFO] [stderr]    Compiling mime v0.2.6
[INFO] [stderr]     Checking polyval v0.4.5
[INFO] [stderr]     Checking hmac v0.10.1
[INFO] [stderr]     Checking aes-soft v0.6.4
[INFO] [stderr]     Checking ctr v0.6.0
[INFO] [stdout] error[E0554]: `#![feature]` may not be used on the stable release channel
[INFO] [stdout]  --> /opt/rustwide/cargo-home/registry/src/github.com-1ecc6299db9ec823/devise_core-0.2.0/src/lib.rs:1:1
[INFO] [stdout]   |
[INFO] [stdout] 1 | #![feature(proc_macro_diagnostic, proc_macro_span)]
[INFO] [stdout]   | ^^^^^^^^^^^^^^^^^^^^^^^^^^^^^^^^^^^^^^^^^^^^^^^^^^^
[INFO] [stdout] 
[INFO] [stdout] 
[INFO] [stderr] error: failed to run custom build command for `rocket v0.4.10`
[INFO] [stderr] 
[INFO] [stderr] Caused by:
[INFO] [stderr]   process didn't exit successfully: `/opt/rustwide/target/debug/build/rocket-dae2ed0503c96695/build-script-build` (exit status: 101)
[INFO] [stderr]   --- stderr
[INFO] [stderr]   [1;31mError:[0m [1mRocket (core) requires a 'dev' or 'nightly' version of rustc.[0m
[INFO] [stderr]   Installed version: [33m1.55.0 (2021-09-06)[0m
[INFO] [stderr]   Minimum required:  [33m1.54.0-nightly (2021-05-18)[0m
[INFO] [stderr]   [34mSee the getting started guide ([0mhttps://rocket.rs/v0.5/guide/getting-started/[34m) for more information.[0m
[INFO] [stderr]   thread 'main' panicked at 'Aborting compilation due to incompatible compiler.', /opt/rustwide/cargo-home/registry/src/github.com-1ecc6299db9ec823/rocket-0.4.10/build.rs:29:13
[INFO] [stderr]   stack backtrace:
[INFO] [stderr]      0:     0x5623a52335b0 - std::backtrace_rs::backtrace::libunwind::trace::ha0ad43e8a952bfe7
[INFO] [stderr]                                  at /rustc/c8dfcfe046a7680554bf4eb612bad840e7631c4b/library/std/src/../../backtrace/src/backtrace/libunwind.rs:90:5
[INFO] [stderr]      1:     0x5623a52335b0 - std::backtrace_rs::backtrace::trace_unsynchronized::h6830419c0c4130dc
[INFO] [stderr]                                  at /rustc/c8dfcfe046a7680554bf4eb612bad840e7631c4b/library/std/src/../../backtrace/src/backtrace/mod.rs:66:5
[INFO] [stderr]      2:     0x5623a52335b0 - std::sys_common::backtrace::_print_fmt::h8f3516631ffa1ef5
[INFO] [stderr]                                  at /rustc/c8dfcfe046a7680554bf4eb612bad840e7631c4b/library/std/src/sys_common/backtrace.rs:67:5
[INFO] [stderr]      3:     0x5623a52335b0 - <std::sys_common::backtrace::_print::DisplayBacktrace as core::fmt::Display>::fmt::he1640d5f0d93f618
[INFO] [stderr]                                  at /rustc/c8dfcfe046a7680554bf4eb612bad840e7631c4b/library/std/src/sys_common/backtrace.rs:46:22
[INFO] [stderr]      4:     0x5623a525058c - core::fmt::write::h88012e1f01caeebf
[INFO] [stderr]                                  at /rustc/c8dfcfe046a7680554bf4eb612bad840e7631c4b/library/core/src/fmt/mod.rs:1115:17
[INFO] [stderr]      5:     0x5623a5231325 - std::io::Write::write_fmt::h360fa85b30182555
[INFO] [stderr]                                  at /rustc/c8dfcfe046a7680554bf4eb612bad840e7631c4b/library/std/src/io/mod.rs:1665:15
[INFO] [stderr]      6:     0x5623a52351eb - std::sys_common::backtrace::_print::ha1f00492f406a015
[INFO] [stderr]                                  at /rustc/c8dfcfe046a7680554bf4eb612bad840e7631c4b/library/std/src/sys_common/backtrace.rs:49:5
[INFO] [stderr]      7:     0x5623a52351eb - std::sys_common::backtrace::print::hd54561b13feb6af3
[INFO] [stderr]                                  at /rustc/c8dfcfe046a7680554bf4eb612bad840e7631c4b/library/std/src/sys_common/backtrace.rs:36:9
[INFO] [stderr]      8:     0x5623a52351eb - std::panicking::default_hook::{{closure}}::h84fe124cd0864662
[INFO] [stderr]                                  at /rustc/c8dfcfe046a7680554bf4eb612bad840e7631c4b/library/std/src/panicking.rs:208:50
[INFO] [stderr]      9:     0x5623a5234cc1 - std::panicking::default_hook::h5a8e74a76ce290a7
[INFO] [stderr]                                  at /rustc/c8dfcfe046a7680554bf4eb612bad840e7631c4b/library/std/src/panicking.rs:225:9
[INFO] [stderr]     10:     0x5623a52358b4 - std::panicking::rust_panic_with_hook::h67c812a4fe9d4c91
[INFO] [stderr]                                  at /rustc/c8dfcfe046a7680554bf4eb612bad840e7631c4b/library/std/src/panicking.rs:622:17
[INFO] [stderr]     11:     0x5623a52046df - std::panicking::begin_panic::{{closure}}::he63ae3db195f26b8
[INFO] [stderr]                                  at /rustc/c8dfcfe046a7680554bf4eb612bad840e7631c4b/library/std/src/panicking.rs:542:9
[INFO] [stderr]     12:     0x5623a52048c8 - std::sys_common::backtrace::__rust_end_short_backtrace::hb0f28b6b4829c064
[INFO] [stderr]                                  at /rustc/c8dfcfe046a7680554bf4eb612bad840e7631c4b/library/std/src/sys_common/backtrace.rs:141:18
[INFO] [stderr]     13:     0x5623a5204625 - std::panicking::begin_panic::h3332035ef5810fbb
[INFO] [stderr]                                  at /rustc/c8dfcfe046a7680554bf4eb612bad840e7631c4b/library/std/src/panicking.rs:541:12
[INFO] [stderr]     14:     0x5623a52038b0 - build_script_build::main::h80695de1f09ae695
[INFO] [stderr]                                  at /opt/rustwide/cargo-home/registry/src/github.com-1ecc6299db9ec823/rocket-0.4.10/build.rs:29:13
[INFO] [stderr]     15:     0x5623a520430b - core::ops::function::FnOnce::call_once::hc7f423ec1043bbce
[INFO] [stderr]                                  at /rustc/c8dfcfe046a7680554bf4eb612bad840e7631c4b/library/core/src/ops/function.rs:227:5
[INFO] [stderr]     16:     0x5623a520490e - std::sys_common::backtrace::__rust_begin_short_backtrace::hd709aff5642073dc
[INFO] [stderr]                                  at /rustc/c8dfcfe046a7680554bf4eb612bad840e7631c4b/library/std/src/sys_common/backtrace.rs:125:18
[INFO] [stderr]     17:     0x5623a5203f11 - std::rt::lang_start::{{closure}}::h1a4e668bdbaf3c81
[INFO] [stderr]                                  at /rustc/c8dfcfe046a7680554bf4eb612bad840e7631c4b/library/std/src/rt.rs:63:18
[INFO] [stderr]     18:     0x5623a5235dba - core::ops::function::impls::<impl core::ops::function::FnOnce<A> for &F>::call_once::ha9408abe89f69dc4
[INFO] [stderr]                                  at /rustc/c8dfcfe046a7680554bf4eb612bad840e7631c4b/library/core/src/ops/function.rs:259:13
[INFO] [stderr]     19:     0x5623a5235dba - std::panicking::try::do_call::h5b0cc9e9102acb65
[INFO] [stderr]                                  at /rustc/c8dfcfe046a7680554bf4eb612bad840e7631c4b/library/std/src/panicking.rs:401:40
[INFO] [stderr]     20:     0x5623a5235dba - std::panicking::try::hddc7f8229138b3ba
[INFO] [stderr]                                  at /rustc/c8dfcfe046a7680554bf4eb612bad840e7631c4b/library/std/src/panicking.rs:365:19
[INFO] [stderr]     21:     0x5623a5235dba - std::panic::catch_unwind::hfa401ff8bab2986e
[INFO] [stderr]                                  at /rustc/c8dfcfe046a7680554bf4eb612bad840e7631c4b/library/std/src/panic.rs:434:14
[INFO] [stderr]     22:     0x5623a5235dba - std::rt::lang_start_internal::{{closure}}::h8163422320d11405
[INFO] [stderr]                                  at /rustc/c8dfcfe046a7680554bf4eb612bad840e7631c4b/library/std/src/rt.rs:45:48
[INFO] [stderr]     23:     0x5623a5235dba - std::panicking::try::do_call::hc742cc7bb4f0fb20
[INFO] [stderr]                                  at /rustc/c8dfcfe046a7680554bf4eb612bad840e7631c4b/library/std/src/panicking.rs:401:40
[INFO] [stderr]     24:     0x5623a5235dba - std::panicking::try::ha37d8d2dd1acf7d3
[INFO] [stderr]                                  at /rustc/c8dfcfe046a7680554bf4eb612bad840e7631c4b/library/std/src/panicking.rs:365:19
[INFO] [stderr]     25:     0x5623a5235dba - std::panic::catch_unwind::h8a5381d5ecf437bc
[INFO] [stderr]                                  at /rustc/c8dfcfe046a7680554bf4eb612bad840e7631c4b/library/std/src/panic.rs:434:14
[INFO] [stderr]     26:     0x5623a5235dba - std::rt::lang_start_internal::h7e2cee8c90d4a4d3
[INFO] [stderr]                                  at /rustc/c8dfcfe046a7680554bf4eb612bad840e7631c4b/library/std/src/rt.rs:45:20
[INFO] [stderr]     27:     0x5623a5203ee0 - std::rt::lang_start::hcb5c6fd07c88b9a3
[INFO] [stderr]                                  at /rustc/c8dfcfe046a7680554bf4eb612bad840e7631c4b/library/std/src/rt.rs:62:5
[INFO] [stderr]     28:     0x5623a5203eac - main
[INFO] [stderr]     29:     0x7fc9add4e0b3 - __libc_start_main
[INFO] [stderr]     30:     0x5623a520293e - _start
[INFO] [stderr]     31:                0x0 - <unknown>
[INFO] [stderr] warning: build failed, waiting for other jobs to finish...
[INFO] [stdout] error[E0554]: `#![feature]` may not be used on the stable release channel
[INFO] [stdout]  --> /opt/rustwide/cargo-home/registry/src/github.com-1ecc6299db9ec823/devise_core-0.2.0/src/lib.rs:2:1
[INFO] [stdout]   |
[INFO] [stdout] 2 | #![feature(crate_visibility_modifier)]
[INFO] [stdout]   | ^^^^^^^^^^^^^^^^^^^^^^^^^^^^^^^^^^^^^^
[INFO] [stdout] 
[INFO] [stdout] 
[INFO] [stdout] error[E0554]: `#![feature]` may not be used on the stable release channel
[INFO] [stdout]  --> /opt/rustwide/cargo-home/registry/src/github.com-1ecc6299db9ec823/devise_core-0.2.0/src/lib.rs:3:1
[INFO] [stdout]   |
[INFO] [stdout] 3 | #![feature(concat_idents)]
[INFO] [stdout]   | ^^^^^^^^^^^^^^^^^^^^^^^^^^
[INFO] [stdout] 
[INFO] [stdout] 
[INFO] [stdout] error: aborting due to 3 previous errors
[INFO] [stdout] 
[INFO] [stdout] 
[INFO] [stdout] For more information about this error, try `rustc --explain E0554`.
[INFO] [stdout] 
[INFO] [stderr] error: build failed
[INFO] running `Command { std: "docker" "inspect" "3a42eb746b5ee5a4e33eee90a1eafcfef9932552fc74c0f7b98dee60073c7bd7", kill_on_drop: false }`
[INFO] running `Command { std: "docker" "rm" "-f" "3a42eb746b5ee5a4e33eee90a1eafcfef9932552fc74c0f7b98dee60073c7bd7", kill_on_drop: false }`
[INFO] [stdout] 3a42eb746b5ee5a4e33eee90a1eafcfef9932552fc74c0f7b98dee60073c7bd7
