[INFO] cloning repository https://github.com/retep998/windump-rs
[INFO] running `Command { std: "git" "-c" "credential.helper=" "-c" "credential.helper=/workspace/cargo-home/bin/git-credential-null" "clone" "--bare" "https://github.com/retep998/windump-rs" "/workspace/cache/git-repos/https%3A%2F%2Fgithub.com%2Fretep998%2Fwindump-rs", kill_on_drop: false }`
[INFO] [stderr] Cloning into bare repository '/workspace/cache/git-repos/https%3A%2F%2Fgithub.com%2Fretep998%2Fwindump-rs'...
[INFO] running `Command { std: "git" "rev-parse" "HEAD", kill_on_drop: false }`
[INFO] [stdout] 166fae712548941b09b0576f87ebde37242fe66f
[INFO] checking retep998/windump-rs against beta-2021-10-15 for beta-1.56-3
[INFO] running `Command { std: "git" "clone" "/workspace/cache/git-repos/https%3A%2F%2Fgithub.com%2Fretep998%2Fwindump-rs" "/workspace/builds/worker-3/source", kill_on_drop: false }`
[INFO] [stderr] Cloning into '/workspace/builds/worker-3/source'...
[INFO] [stderr] done.
[INFO] validating manifest of git repo https://github.com/retep998/windump-rs on toolchain beta-2021-10-15
[INFO] running `Command { std: "/workspace/cargo-home/bin/cargo" "+beta-2021-10-15" "metadata" "--manifest-path" "Cargo.toml" "--no-deps", kill_on_drop: false }`
[INFO] started tweaking git repo https://github.com/retep998/windump-rs
[INFO] finished tweaking git repo https://github.com/retep998/windump-rs
[INFO] tweaked toml for git repo https://github.com/retep998/windump-rs written to /workspace/builds/worker-3/source/Cargo.toml
[INFO] crate git repo https://github.com/retep998/windump-rs already has a lockfile, it will not be regenerated
[INFO] running `Command { std: "/workspace/cargo-home/bin/cargo" "+beta-2021-10-15" "fetch" "--manifest-path" "Cargo.toml", kill_on_drop: false }`
[INFO] [stderr]  Downloading crates ...
[INFO] [stderr]   Downloaded quote v1.0.5
[INFO] [stderr]   Downloaded openssl-sys v0.9.56
[INFO] [stderr]   Downloaded wasm-bindgen-futures v0.4.12
[INFO] [stderr]   Downloaded once_cell v1.3.1
[INFO] [stderr]   Downloaded pin-project-internal v0.4.16
[INFO] [stderr]   Downloaded pin-project v0.4.16
[INFO] [stderr]   Downloaded serde v1.0.110
[INFO] [stderr]   Downloaded hyper v0.13.5
[INFO] [stderr]   Downloaded web-sys v0.3.39
[INFO] [stderr]   Downloaded syn v1.0.21
[INFO] [stderr]   Downloaded encoding_rs v0.8.23
[INFO] running `Command { std: "docker" "create" "-v" "/var/lib/crater-agent-workspace/builds/worker-3/target:/opt/rustwide/target:rw,Z" "-v" "/var/lib/crater-agent-workspace/builds/worker-3/source:/opt/rustwide/workdir:ro,Z" "-v" "/var/lib/crater-agent-workspace/cargo-home:/opt/rustwide/cargo-home:ro,Z" "-v" "/var/lib/crater-agent-workspace/rustup-home:/opt/rustwide/rustup-home:ro,Z" "-e" "SOURCE_DIR=/opt/rustwide/workdir" "-e" "CARGO_TARGET_DIR=/opt/rustwide/target" "-e" "CARGO_HOME=/opt/rustwide/cargo-home" "-e" "RUSTUP_HOME=/opt/rustwide/rustup-home" "-w" "/opt/rustwide/workdir" "-m" "1610612736" "--user" "0:0" "--network" "none" "ghcr.io/rust-lang/crates-build-env/linux@sha256:a89201d6b5b9fd45c15d5952ece0a0129e7e80cb26ec023fd59cf09bc26f1604" "/opt/rustwide/cargo-home/bin/cargo" "+beta-2021-10-15" "metadata" "--no-deps" "--format-version=1", kill_on_drop: false }`
[INFO] [stdout] 1694b904010888929808f505a0960c7078dc18724229bdf38a8ee0f461356479
[INFO] [stderr] WARNING: Your kernel does not support swap limit capabilities or the cgroup is not mounted. Memory limited without swap.
[INFO] running `Command { std: "docker" "start" "-a" "1694b904010888929808f505a0960c7078dc18724229bdf38a8ee0f461356479", kill_on_drop: false }`
[INFO] running `Command { std: "docker" "inspect" "1694b904010888929808f505a0960c7078dc18724229bdf38a8ee0f461356479", kill_on_drop: false }`
[INFO] running `Command { std: "docker" "rm" "-f" "1694b904010888929808f505a0960c7078dc18724229bdf38a8ee0f461356479", kill_on_drop: false }`
[INFO] [stdout] 1694b904010888929808f505a0960c7078dc18724229bdf38a8ee0f461356479
[INFO] running `Command { std: "docker" "create" "-v" "/var/lib/crater-agent-workspace/builds/worker-3/target:/opt/rustwide/target:rw,Z" "-v" "/var/lib/crater-agent-workspace/builds/worker-3/source:/opt/rustwide/workdir:ro,Z" "-v" "/var/lib/crater-agent-workspace/cargo-home:/opt/rustwide/cargo-home:ro,Z" "-v" "/var/lib/crater-agent-workspace/rustup-home:/opt/rustwide/rustup-home:ro,Z" "-e" "SOURCE_DIR=/opt/rustwide/workdir" "-e" "CARGO_TARGET_DIR=/opt/rustwide/target" "-e" "CARGO_INCREMENTAL=0" "-e" "RUST_BACKTRACE=full" "-e" "RUSTFLAGS=--cap-lints=warn" "-e" "CARGO_HOME=/opt/rustwide/cargo-home" "-e" "RUSTUP_HOME=/opt/rustwide/rustup-home" "-w" "/opt/rustwide/workdir" "-m" "1610612736" "--user" "0:0" "--network" "none" "ghcr.io/rust-lang/crates-build-env/linux@sha256:a89201d6b5b9fd45c15d5952ece0a0129e7e80cb26ec023fd59cf09bc26f1604" "/opt/rustwide/cargo-home/bin/cargo" "+beta-2021-10-15" "check" "--frozen" "--all" "--all-targets" "--message-format=json", kill_on_drop: false }`
[INFO] [stdout] 495e9a537536bcf66cd0de298861ccab117ab33966bb5e41f3331d1b9ae7e97e
[INFO] [stderr] WARNING: Your kernel does not support swap limit capabilities or the cgroup is not mounted. Memory limited without swap.
[INFO] running `Command { std: "docker" "start" "-a" "495e9a537536bcf66cd0de298861ccab117ab33966bb5e41f3331d1b9ae7e97e", kill_on_drop: false }`
[INFO] [stderr]    Compiling syn v1.0.21
[INFO] [stderr]     Checking once_cell v1.3.1
[INFO] [stderr]    Compiling serde v1.0.110
[INFO] [stderr]    Compiling openssl-sys v0.9.56
[INFO] [stderr]    Compiling ryu v1.0.4
[INFO] [stderr]    Compiling quote v1.0.5
[INFO] [stderr]     Checking net2 v0.2.34
[INFO] [stderr]     Checking time v0.1.43
[INFO] [stderr]     Checking chrono v0.4.11
[INFO] [stderr]     Checking futures-task v0.3.5
[INFO] [stderr]     Checking mio v0.6.22
[INFO] [stderr]     Checking tokio v0.2.21
[INFO] [stderr]    Compiling openssl v0.10.29
[INFO] [stderr]    Compiling native-tls v0.2.4
[INFO] [stderr]     Checking tokio-util v0.3.1
[INFO] [stderr]     Checking serde_urlencoded v0.6.1
[INFO] [stderr]     Checking serde_json v1.0.53
[INFO] [stderr]     Checking tokio-tls v0.3.1
[INFO] [stderr]    Compiling pin-project-internal v0.4.16
[INFO] [stderr]     Checking pin-project v0.4.16
[INFO] [stderr]     Checking futures-util v0.3.5
[INFO] [stderr]     Checking h2 v0.2.5
[INFO] [stderr]     Checking hyper v0.13.5
[INFO] [stderr]     Checking hyper-tls v0.4.1
[INFO] [stderr]     Checking reqwest v0.10.4
[INFO] [stderr]     Checking windump v0.0.1 (/opt/rustwide/workdir)
[INFO] [stdout] error[E0554]: `#![feature]` may not be used on the beta release channel
[INFO] [stdout]  --> src/bin/cleaner.rs:1:1
[INFO] [stdout]   |
[INFO] [stdout] 1 | #![feature(path_relative_from)]
[INFO] [stdout]   | ^^^^^^^^^^^^^^^^^^^^^^^^^^^^^^^
[INFO] [stdout] 
[INFO] [stdout] 
[INFO] [stdout] warning: unused variable: `reg1`
[INFO] [stdout]   --> src/bin/headers.rs:21:9
[INFO] [stdout]    |
[INFO] [stdout] 21 |     let reg1 = Regex::new(r#"^#include\s+<(.*)>"#).unwrap();
[INFO] [stdout]    |         ^^^^ help: if this is intentional, prefix it with an underscore: `_reg1`
[INFO] [stdout]    |
[INFO] [stdout]    = note: `#[warn(unused_variables)]` on by default
[INFO] [stdout] 
[INFO] [stdout] 
[INFO] [stdout] warning: unused variable: `reg2`
[INFO] [stdout]   --> src/bin/headers.rs:22:9
[INFO] [stdout]    |
[INFO] [stdout] 22 |     let reg2 = Regex::new(r#"^#include\s+"(.*)""#).unwrap();
[INFO] [stdout]    |         ^^^^ help: if this is intentional, prefix it with an underscore: `_reg2`
[INFO] [stdout] 
[INFO] [stdout] 
[INFO] [stdout] error[E0554]: `#![feature]` may not be used on the beta release channel
[INFO] [stdout]  --> src/bin/cleaner.rs:1:1
[INFO] [stdout]   |
[INFO] [stdout] 1 | #![feature(path_relative_from)]
[INFO] [stdout]   | ^^^^^^^^^^^^^^^^^^^^^^^^^^^^^^^
[INFO] [stdout] 
[INFO] [stdout] 
[INFO] [stdout] warning: 2 warnings emitted
[INFO] [stdout] 
[INFO] [stdout] 
[INFO] [stdout] warning: unused variable: `reg1`
[INFO] [stdout]   --> src/bin/headers.rs:21:9
[INFO] [stdout]    |
[INFO] [stdout] 21 |     let reg1 = Regex::new(r#"^#include\s+<(.*)>"#).unwrap();
[INFO] [stdout]    |         ^^^^ help: if this is intentional, prefix it with an underscore: `_reg1`
[INFO] [stdout]    |
[INFO] [stdout]    = note: `#[warn(unused_variables)]` on by default
[INFO] [stdout] 
[INFO] [stdout] 
[INFO] [stdout] warning: unused variable: `reg2`
[INFO] [stdout]   --> src/bin/headers.rs:22:9
[INFO] [stdout]    |
[INFO] [stdout] 22 |     let reg2 = Regex::new(r#"^#include\s+"(.*)""#).unwrap();
[INFO] [stdout]    |         ^^^^ help: if this is intentional, prefix it with an underscore: `_reg2`
[INFO] [stdout] 
[INFO] [stdout] 
[INFO] [stdout] warning: 2 warnings emitted
[INFO] [stdout] 
[INFO] [stdout] 
[INFO] [stdout] error[E0599]: no method named `at` found for struct `regex::Captures` in the current scope
[INFO] [stdout]   --> src/bin/cleaner.rs:66:46
[INFO] [stdout]    |
[INFO] [stdout] 66 |     let ver = reg.captures(&string).unwrap().at(1).unwrap();
[INFO] [stdout]    |                                              ^^ method not found in `regex::Captures<'_>`
[INFO] [stdout] 
[INFO] [stdout] 
[INFO] [stdout] error[E0599]: no method named `at` found for struct `regex::Captures` in the current scope
[INFO] [stdout]   --> src/bin/cleaner.rs:66:46
[INFO] [stdout]    |
[INFO] [stdout] 66 |     let ver = reg.captures(&string).unwrap().at(1).unwrap();
[INFO] [stdout]    |                                              ^^ method not found in `regex::Captures<'_>`
[INFO] [stdout] 
[INFO] [stdout] 
[INFO] [stdout] error[E0599]: no method named `relative_from` found for struct `PathBuf` in the current scope
[INFO] [stdout]   --> src/bin/cleaner.rs:86:31
[INFO] [stdout]    |
[INFO] [stdout] 86 |         let nativename = path.relative_from(lib).unwrap().to_str().unwrap();
[INFO] [stdout]    |                               ^^^^^^^^^^^^^ method not found in `PathBuf`
[INFO] [stdout] 
[INFO] [stdout] 
[INFO] [stdout] error: aborting due to 3 previous errors
[INFO] [stdout] 
[INFO] [stdout] 
[INFO] [stdout] Some errors have detailed explanations: E0554, E0599.
[INFO] [stdout] 
[INFO] [stdout] For more information about an error, try `rustc --explain E0554`.
[INFO] [stdout] 
[INFO] [stderr] error: could not compile `windump` due to 4 previous errors
[INFO] [stderr] warning: build failed, waiting for other jobs to finish...
[INFO] [stdout] error[E0599]: no method named `relative_from` found for struct `PathBuf` in the current scope
[INFO] [stdout]   --> src/bin/cleaner.rs:86:31
[INFO] [stdout]    |
[INFO] [stdout] 86 |         let nativename = path.relative_from(lib).unwrap().to_str().unwrap();
[INFO] [stdout]    |                               ^^^^^^^^^^^^^ method not found in `PathBuf`
[INFO] [stdout] 
[INFO] [stdout] 
[INFO] [stdout] error: aborting due to 3 previous errors
[INFO] [stdout] 
[INFO] [stdout] 
[INFO] [stdout] Some errors have detailed explanations: E0554, E0599.
[INFO] [stdout] 
[INFO] [stdout] For more information about an error, try `rustc --explain E0554`.
[INFO] [stdout] 
[INFO] [stderr] error: build failed
[INFO] running `Command { std: "docker" "inspect" "495e9a537536bcf66cd0de298861ccab117ab33966bb5e41f3331d1b9ae7e97e", kill_on_drop: false }`
[INFO] running `Command { std: "docker" "rm" "-f" "495e9a537536bcf66cd0de298861ccab117ab33966bb5e41f3331d1b9ae7e97e", kill_on_drop: false }`
[INFO] [stdout] 495e9a537536bcf66cd0de298861ccab117ab33966bb5e41f3331d1b9ae7e97e
