[INFO] cloning repository https://github.com/retep007/apache_log_security
[INFO] running `Command { std: "git" "-c" "credential.helper=" "-c" "credential.helper=/workspace/cargo-home/bin/git-credential-null" "clone" "--bare" "https://github.com/retep007/apache_log_security" "/workspace/cache/git-repos/https%3A%2F%2Fgithub.com%2Fretep007%2Fapache_log_security", kill_on_drop: false }`
[INFO] [stderr] Cloning into bare repository '/workspace/cache/git-repos/https%3A%2F%2Fgithub.com%2Fretep007%2Fapache_log_security'...
[INFO] running `Command { std: "git" "rev-parse" "HEAD", kill_on_drop: false }`
[INFO] [stdout] b86b8418d0bf3f429e3f8f19e5950e7a72f97b18
[INFO] checking retep007/apache_log_security against beta-2021-10-15 for beta-1.56-3
[INFO] running `Command { std: "git" "clone" "/workspace/cache/git-repos/https%3A%2F%2Fgithub.com%2Fretep007%2Fapache_log_security" "/workspace/builds/worker-2/source", kill_on_drop: false }`
[INFO] [stderr] Cloning into '/workspace/builds/worker-2/source'...
[INFO] [stderr] done.
[INFO] validating manifest of git repo https://github.com/retep007/apache_log_security on toolchain beta-2021-10-15
[INFO] running `Command { std: "/workspace/cargo-home/bin/cargo" "+beta-2021-10-15" "metadata" "--manifest-path" "Cargo.toml" "--no-deps", kill_on_drop: false }`
[INFO] started tweaking git repo https://github.com/retep007/apache_log_security
[INFO] finished tweaking git repo https://github.com/retep007/apache_log_security
[INFO] tweaked toml for git repo https://github.com/retep007/apache_log_security written to /workspace/builds/worker-2/source/Cargo.toml
[INFO] crate git repo https://github.com/retep007/apache_log_security already has a lockfile, it will not be regenerated
[INFO] running `Command { std: "/workspace/cargo-home/bin/cargo" "+beta-2021-10-15" "fetch" "--manifest-path" "Cargo.toml", kill_on_drop: false }`
[INFO] running `Command { std: "docker" "create" "-v" "/var/lib/crater-agent-workspace/builds/worker-2/target:/opt/rustwide/target:rw,Z" "-v" "/var/lib/crater-agent-workspace/builds/worker-2/source:/opt/rustwide/workdir:ro,Z" "-v" "/var/lib/crater-agent-workspace/cargo-home:/opt/rustwide/cargo-home:ro,Z" "-v" "/var/lib/crater-agent-workspace/rustup-home:/opt/rustwide/rustup-home:ro,Z" "-e" "SOURCE_DIR=/opt/rustwide/workdir" "-e" "CARGO_TARGET_DIR=/opt/rustwide/target" "-e" "CARGO_HOME=/opt/rustwide/cargo-home" "-e" "RUSTUP_HOME=/opt/rustwide/rustup-home" "-w" "/opt/rustwide/workdir" "-m" "1610612736" "--user" "0:0" "--network" "none" "ghcr.io/rust-lang/crates-build-env/linux@sha256:a89201d6b5b9fd45c15d5952ece0a0129e7e80cb26ec023fd59cf09bc26f1604" "/opt/rustwide/cargo-home/bin/cargo" "+beta-2021-10-15" "metadata" "--no-deps" "--format-version=1", kill_on_drop: false }`
[INFO] [stderr] WARNING: Your kernel does not support swap limit capabilities or the cgroup is not mounted. Memory limited without swap.
[INFO] [stdout] 01d47d2518d7f45a9e415b37355abf1e97157ce2caf2326a007ee6b3b8c3d1ba
[INFO] running `Command { std: "docker" "start" "-a" "01d47d2518d7f45a9e415b37355abf1e97157ce2caf2326a007ee6b3b8c3d1ba", kill_on_drop: false }`
[INFO] running `Command { std: "docker" "inspect" "01d47d2518d7f45a9e415b37355abf1e97157ce2caf2326a007ee6b3b8c3d1ba", kill_on_drop: false }`
[INFO] running `Command { std: "docker" "rm" "-f" "01d47d2518d7f45a9e415b37355abf1e97157ce2caf2326a007ee6b3b8c3d1ba", kill_on_drop: false }`
[INFO] [stdout] 01d47d2518d7f45a9e415b37355abf1e97157ce2caf2326a007ee6b3b8c3d1ba
[INFO] running `Command { std: "docker" "create" "-v" "/var/lib/crater-agent-workspace/builds/worker-2/target:/opt/rustwide/target:rw,Z" "-v" "/var/lib/crater-agent-workspace/builds/worker-2/source:/opt/rustwide/workdir:ro,Z" "-v" "/var/lib/crater-agent-workspace/cargo-home:/opt/rustwide/cargo-home:ro,Z" "-v" "/var/lib/crater-agent-workspace/rustup-home:/opt/rustwide/rustup-home:ro,Z" "-e" "SOURCE_DIR=/opt/rustwide/workdir" "-e" "CARGO_TARGET_DIR=/opt/rustwide/target" "-e" "CARGO_INCREMENTAL=0" "-e" "RUST_BACKTRACE=full" "-e" "RUSTFLAGS=--cap-lints=warn" "-e" "CARGO_HOME=/opt/rustwide/cargo-home" "-e" "RUSTUP_HOME=/opt/rustwide/rustup-home" "-w" "/opt/rustwide/workdir" "-m" "1610612736" "--user" "0:0" "--network" "none" "ghcr.io/rust-lang/crates-build-env/linux@sha256:a89201d6b5b9fd45c15d5952ece0a0129e7e80cb26ec023fd59cf09bc26f1604" "/opt/rustwide/cargo-home/bin/cargo" "+beta-2021-10-15" "check" "--frozen" "--all" "--all-targets" "--message-format=json", kill_on_drop: false }`
[INFO] [stdout] 22803255c9dbb620e4e9ba1f2568c42d0c8c388342ffeb93b555fc891a7ebf95
[INFO] [stderr] WARNING: Your kernel does not support swap limit capabilities or the cgroup is not mounted. Memory limited without swap.
[INFO] running `Command { std: "docker" "start" "-a" "22803255c9dbb620e4e9ba1f2568c42d0c8c388342ffeb93b555fc891a7ebf95", kill_on_drop: false }`
[INFO] [stderr]    Compiling libc v0.2.40
[INFO] [stderr]     Checking scoped-tls v0.1.1
[INFO] [stderr]    Compiling num-traits v0.2.2
[INFO] [stderr]    Compiling serde v1.0.37
[INFO] [stderr]    Compiling nom v2.2.1
[INFO] [stderr]     Checking smallvec v0.3.3
[INFO] [stderr]     Checking quick-error v1.2.1
[INFO] [stderr]     Checking elastic_requests v0.20.9
[INFO] [stderr]    Compiling regex v0.2.10
[INFO] [stderr]    Compiling pest v1.0.6
[INFO] [stderr]     Checking thread-scoped v1.0.2
[INFO] [stderr]     Checking iovec v0.1.2
[INFO] [stderr]     Checking memchr v1.0.2
[INFO] [stderr]     Checking atty v0.2.8
[INFO] [stderr]    Compiling proc-macro2 v0.3.5
[INFO] [stderr]     Checking net2 v0.2.32
[INFO] [stderr]     Checking crossbeam-utils v0.3.2
[INFO] [stderr]     Checking encoding_rs v0.7.2
[INFO] [stderr]     Checking term v0.5.1
[INFO] [stderr]    Compiling openssl-sys v0.9.28
[INFO] [stderr]     Checking serde_json v1.0.13
[INFO] [stderr]     Checking base64 v0.9.0
[INFO] [stderr]     Checking base64 v0.7.0
[INFO] [stderr]     Checking xml-rs v0.7.0
[INFO] [stderr]     Checking itertools v0.7.8
[INFO] [stderr]     Checking regex-syntax v0.5.3
[INFO] [stderr]     Checking yaml-rust v0.4.0
[INFO] [stderr]     Checking futures-cpupool v0.1.8
[INFO] [stderr]     Checking bytes v0.4.6
[INFO] [stderr]     Checking crossbeam-epoch v0.3.1
[INFO] [stderr]     Checking tokio-timer v0.2.1
[INFO] [stderr]    Compiling syn v0.11.11
[INFO] [stderr]     Checking itertools-num v0.1.1
[INFO] [stderr]     Checking num-bigint v0.1.43
[INFO] [stderr]     Checking chrono v0.4.1
[INFO] [stderr]     Checking criterion-stats v0.2.2
[INFO] [stderr]     Checking nom v3.2.1
[INFO] [stderr]     Checking crossbeam-epoch v0.4.1
[INFO] [stderr]     Checking mio v0.6.14
[INFO] [stderr]     Checking cgmath v0.16.1
[INFO] [stderr]     Checking clap v2.31.2
[INFO] [stderr]     Checking uuid v0.5.1
[INFO] [stderr]    Compiling rand v0.4.2
[INFO] [stderr]    Compiling time v0.1.39
[INFO] [stderr]    Compiling quote v0.5.1
[INFO] [stderr]    Compiling num-integer v0.1.36
[INFO] [stderr]     Checking tokio-io v0.1.6
[INFO] [stderr]     Checking serde_yaml v0.7.3
[INFO] [stderr]     Checking crossbeam-deque v0.2.0
[INFO] [stderr]     Checking url v1.5.1
[INFO] [stderr]     Checking rust-crypto v0.2.36
[INFO] [stderr]     Checking criterion-plot v0.2.2
[INFO] [stderr]     Checking crossbeam-deque v0.3.0
[INFO] [stderr]    Compiling syn v0.13.1
[INFO] [stderr]     Checking nalgebra v0.14.1
[INFO] [stderr]    Compiling openssl v0.9.24
[INFO] [stderr]     Checking libflate v0.1.14
[INFO] [stderr] error: failed to run custom build command for `openssl v0.9.24`
[INFO] [stderr] 
[INFO] [stderr] Caused by:
[INFO] [stderr]   process didn't exit successfully: `/opt/rustwide/target/debug/build/openssl-4d6ab75776983e89/build-script-build` (exit status: 101)
[INFO] [stderr]   --- stderr
[INFO] [stderr]   thread 'main' panicked at 'Unable to detect OpenSSL version', /opt/rustwide/cargo-home/registry/src/github.com-1ecc6299db9ec823/openssl-0.9.24/build.rs:16:14
[INFO] [stderr]   stack backtrace:
[INFO] [stderr]      0:     0x562412d1e76c - std::backtrace_rs::backtrace::libunwind::trace::h51faa62df48810e4
[INFO] [stderr]                                  at /rustc/58268ff091703ace98c3c2a8c5f2fb2c3aecace2/library/std/src/../../backtrace/src/backtrace/libunwind.rs:90:5
[INFO] [stderr]      1:     0x562412d1e76c - std::backtrace_rs::backtrace::trace_unsynchronized::h91de4d8e16d607e4
[INFO] [stderr]                                  at /rustc/58268ff091703ace98c3c2a8c5f2fb2c3aecace2/library/std/src/../../backtrace/src/backtrace/mod.rs:66:5
[INFO] [stderr]      2:     0x562412d1e76c - std::sys_common::backtrace::_print_fmt::h71b0935f97e4322c
[INFO] [stderr]                                  at /rustc/58268ff091703ace98c3c2a8c5f2fb2c3aecace2/library/std/src/sys_common/backtrace.rs:67:5
[INFO] [stderr]      3:     0x562412d1e76c - <std::sys_common::backtrace::_print::DisplayBacktrace as core::fmt::Display>::fmt::h9a78218788c14e18
[INFO] [stderr]                                  at /rustc/58268ff091703ace98c3c2a8c5f2fb2c3aecace2/library/std/src/sys_common/backtrace.rs:46:22
[INFO] [stderr]      4:     0x562412d390bc - core::fmt::write::h3381b3176fe2b3d3
[INFO] [stderr]                                  at /rustc/58268ff091703ace98c3c2a8c5f2fb2c3aecace2/library/core/src/fmt/mod.rs:1150:17
[INFO] [stderr]      5:     0x562412d1c675 - std::io::Write::write_fmt::h1d5220480c7a2437
[INFO] [stderr]                                  at /rustc/58268ff091703ace98c3c2a8c5f2fb2c3aecace2/library/std/src/io/mod.rs:1667:15
[INFO] [stderr]      6:     0x562412d1fe60 - std::sys_common::backtrace::_print::h4b77abc4d907ed0e
[INFO] [stderr]                                  at /rustc/58268ff091703ace98c3c2a8c5f2fb2c3aecace2/library/std/src/sys_common/backtrace.rs:49:5
[INFO] [stderr]      7:     0x562412d1fe60 - std::sys_common::backtrace::print::hb170c60b542377ad
[INFO] [stderr]                                  at /rustc/58268ff091703ace98c3c2a8c5f2fb2c3aecace2/library/std/src/sys_common/backtrace.rs:36:9
[INFO] [stderr]      8:     0x562412d1fe60 - std::panicking::default_hook::{{closure}}::h12bbda9af8901ee3
[INFO] [stderr]                                  at /rustc/58268ff091703ace98c3c2a8c5f2fb2c3aecace2/library/std/src/panicking.rs:210:50
[INFO] [stderr]      9:     0x562412d1fa17 - std::panicking::default_hook::h8c6c66d3f3ba6768
[INFO] [stderr]                                  at /rustc/58268ff091703ace98c3c2a8c5f2fb2c3aecace2/library/std/src/panicking.rs:227:9
[INFO] [stderr]     10:     0x562412d20514 - std::panicking::rust_panic_with_hook::h36f2fa0bb09f4069
[INFO] [stderr]                                  at /rustc/58268ff091703ace98c3c2a8c5f2fb2c3aecace2/library/std/src/panicking.rs:624:17
[INFO] [stderr]     11:     0x562412d082ce - std::panicking::begin_panic::{{closure}}::h2212d1bcc2ec95f5
[INFO] [stderr]                                  at /rustc/58268ff091703ace98c3c2a8c5f2fb2c3aecace2/library/std/src/panicking.rs:544:9
[INFO] [stderr]     12:     0x562412d08128 - std::sys_common::backtrace::__rust_end_short_backtrace::hd790b7cee0272d58
[INFO] [stderr]                                  at /rustc/58268ff091703ace98c3c2a8c5f2fb2c3aecace2/library/std/src/sys_common/backtrace.rs:141:18
[INFO] [stderr]     13:     0x562412d0820f - std::panicking::begin_panic::h55f33d96d8ba6df3
[INFO] [stderr]                                  at /rustc/58268ff091703ace98c3c2a8c5f2fb2c3aecace2/library/std/src/panicking.rs:543:12
[INFO] [stderr]     14:     0x562412d09596 - build_script_build::main::hac172f6ce00a66ca
[INFO] [stderr]                                  at /opt/rustwide/cargo-home/registry/src/github.com-1ecc6299db9ec823/openssl-0.9.24/build.rs:16:14
[INFO] [stderr]     15:     0x562412d0655b - core::ops::function::FnOnce::call_once::h657ac27ac3944b76
[INFO] [stderr]                                  at /rustc/58268ff091703ace98c3c2a8c5f2fb2c3aecace2/library/core/src/ops/function.rs:227:5
[INFO] [stderr]     16:     0x562412d0816e - std::sys_common::backtrace::__rust_begin_short_backtrace::h5ce3539efee370db
[INFO] [stderr]                                  at /rustc/58268ff091703ace98c3c2a8c5f2fb2c3aecace2/library/std/src/sys_common/backtrace.rs:125:18
[INFO] [stderr]     17:     0x562412d071e1 - std::rt::lang_start::{{closure}}::h5de54de1e3e4efbc
[INFO] [stderr]                                  at /rustc/58268ff091703ace98c3c2a8c5f2fb2c3aecace2/library/std/src/rt.rs:63:18
[INFO] [stderr]     18:     0x562412d20a1a - core::ops::function::impls::<impl core::ops::function::FnOnce<A> for &F>::call_once::hc590b210ed55e22f
[INFO] [stderr]                                  at /rustc/58268ff091703ace98c3c2a8c5f2fb2c3aecace2/library/core/src/ops/function.rs:259:13
[INFO] [stderr]     19:     0x562412d20a1a - std::panicking::try::do_call::h5f0600b7a33ea1af
[INFO] [stderr]                                  at /rustc/58268ff091703ace98c3c2a8c5f2fb2c3aecace2/library/std/src/panicking.rs:403:40
[INFO] [stderr]     20:     0x562412d20a1a - std::panicking::try::he15826df0f376a33
[INFO] [stderr]                                  at /rustc/58268ff091703ace98c3c2a8c5f2fb2c3aecace2/library/std/src/panicking.rs:367:19
[INFO] [stderr]     21:     0x562412d20a1a - std::panic::catch_unwind::hd8af3a578b6b4c86
[INFO] [stderr]                                  at /rustc/58268ff091703ace98c3c2a8c5f2fb2c3aecace2/library/std/src/panic.rs:129:14
[INFO] [stderr]     22:     0x562412d20a1a - std::rt::lang_start_internal::{{closure}}::h301d1329324ae1f0
[INFO] [stderr]                                  at /rustc/58268ff091703ace98c3c2a8c5f2fb2c3aecace2/library/std/src/rt.rs:45:48
[INFO] [stderr]     23:     0x562412d20a1a - std::panicking::try::do_call::h941e8fdb0bd03655
[INFO] [stderr]                                  at /rustc/58268ff091703ace98c3c2a8c5f2fb2c3aecace2/library/std/src/panicking.rs:403:40
[INFO] [stderr]     24:     0x562412d20a1a - std::panicking::try::ha20a77bf65530f63
[INFO] [stderr]                                  at /rustc/58268ff091703ace98c3c2a8c5f2fb2c3aecace2/library/std/src/panicking.rs:367:19
[INFO] [stderr]     25:     0x562412d20a1a - std::panic::catch_unwind::h33afc061cc69ef90
[INFO] [stderr]                                  at /rustc/58268ff091703ace98c3c2a8c5f2fb2c3aecace2/library/std/src/panic.rs:129:14
[INFO] [stderr]     26:     0x562412d20a1a - std::rt::lang_start_internal::hc05c244593147106
[INFO] [stderr]                                  at /rustc/58268ff091703ace98c3c2a8c5f2fb2c3aecace2/library/std/src/rt.rs:45:20
[INFO] [stderr]     27:     0x562412d071b0 - std::rt::lang_start::h78e9f82e4ae4e7f5
[INFO] [stderr]                                  at /rustc/58268ff091703ace98c3c2a8c5f2fb2c3aecace2/library/std/src/rt.rs:62:5
[INFO] [stderr]     28:     0x562412d09ccc - main
[INFO] [stderr]     29:     0x7f01cae560b3 - __libc_start_main
[INFO] [stderr]     30:     0x562412d046be - _start
[INFO] [stderr]     31:                0x0 - <unknown>
[INFO] [stderr] warning: build failed, waiting for other jobs to finish...
[INFO] [stdout] error[E0713]: borrow may still be in use when destructor runs
[INFO] [stdout]    --> /opt/rustwide/cargo-home/registry/src/github.com-1ecc6299db9ec823/url-1.5.1/src/form_urlencoded.rs:251:40
[INFO] [stdout]     |
[INFO] [stdout] 249 | impl<'a> Target for ::UrlQuery<'a> {
[INFO] [stdout]     |      -- lifetime `'a` defined here
[INFO] [stdout] 250 |     fn as_mut_string(&mut self) -> &mut String { &mut self.url.serialization }
[INFO] [stdout] 251 |     fn finish(self) -> &'a mut ::Url { self.url }
[INFO] [stdout]     |                                        ^^^^^^^^ - here, drop of `self` needs exclusive access to `*self.url`, because the type `UrlQuery<'_>` implements the `Drop` trait
[INFO] [stdout]     |                                        |
[INFO] [stdout]     |                                        returning this value requires that `*self.url` is borrowed for `'a`
[INFO] [stdout] 
[INFO] [stdout] 
[INFO] [stdout] error: aborting due to previous error
[INFO] [stdout] 
[INFO] [stdout] 
[INFO] [stdout] For more information about this error, try `rustc --explain E0713`.
[INFO] [stdout] 
[INFO] [stdout] error[E0119]: conflicting implementations of trait `std::ops::Mul<&_>` for type `geometry::translation::Translation<_, _>`
[INFO] [stdout]    --> /opt/rustwide/cargo-home/registry/src/github.com-1ecc6299db9ec823/nalgebra-0.14.1/src/geometry/isometry_ops.rs:67:9
[INFO] [stdout]     |
[INFO] [stdout] 67  | /         impl<$($lives ,)* N: Real, D: DimName, R> $Op<$Rhs> for $Lhs
[INFO] [stdout] 68  | |             where R: AlgaRotation<Point<N, D>>,
[INFO] [stdout] 69  | |                   DefaultAllocator: Allocator<N, D> {
[INFO] [stdout] 70  | |             type Output = $Output;
[INFO] [stdout] ...   |
[INFO] [stdout] 75  | |             }
[INFO] [stdout] 76  | |         }
[INFO] [stdout]     | |         ^
[INFO] [stdout]     | |         |
[INFO] [stdout]     | |_________first implementation here
[INFO] [stdout]     |           conflicting implementation for `geometry::translation::Translation<_, _>`
[INFO] [stdout] ...
[INFO] [stdout] 285 | / isometry_binop_impl_all!(
[INFO] [stdout] 286 | |     Mul, mul;
[INFO] [stdout] 287 | |     self: Translation<N, D>, right: R, Output = Isometry<N, D, R>;
[INFO] [stdout] 288 | |     [val val] => Isometry::from_parts(self, right);
[INFO] [stdout] ...   |
[INFO] [stdout] 291 | |     [ref ref] => Isometry::from_parts(self.clone(), right.clone());
[INFO] [stdout] 292 | | );
[INFO] [stdout]     | |__- in this macro invocation
[INFO] [stdout]     |
[INFO] [stdout]     = note: downstream crates may implement trait `alga::linear::Rotation<geometry::point::Point<_, _>>` for type `&_`
[INFO] [stdout]     = note: this error originates in the macro `isometry_binop_impl` (in Nightly builds, run with -Z macro-backtrace for more info)
[INFO] [stdout] 
[INFO] [stdout] 
[INFO] [stdout] error[E0119]: conflicting implementations of trait `std::ops::Mul<&_>` for type `&geometry::translation::Translation<_, _>`
[INFO] [stdout]    --> /opt/rustwide/cargo-home/registry/src/github.com-1ecc6299db9ec823/nalgebra-0.14.1/src/geometry/isometry_ops.rs:67:9
[INFO] [stdout]     |
[INFO] [stdout] 67  | /         impl<$($lives ,)* N: Real, D: DimName, R> $Op<$Rhs> for $Lhs
[INFO] [stdout] 68  | |             where R: AlgaRotation<Point<N, D>>,
[INFO] [stdout] 69  | |                   DefaultAllocator: Allocator<N, D> {
[INFO] [stdout] 70  | |             type Output = $Output;
[INFO] [stdout] ...   |
[INFO] [stdout] 75  | |             }
[INFO] [stdout] 76  | |         }
[INFO] [stdout]     | |         ^
[INFO] [stdout]     | |         |
[INFO] [stdout]     | |_________first implementation here
[INFO] [stdout]     |           conflicting implementation for `&geometry::translation::Translation<_, _>`
[INFO] [stdout] ...
[INFO] [stdout] 285 | / isometry_binop_impl_all!(
[INFO] [stdout] 286 | |     Mul, mul;
[INFO] [stdout] 287 | |     self: Translation<N, D>, right: R, Output = Isometry<N, D, R>;
[INFO] [stdout] 288 | |     [val val] => Isometry::from_parts(self, right);
[INFO] [stdout] ...   |
[INFO] [stdout] 291 | |     [ref ref] => Isometry::from_parts(self.clone(), right.clone());
[INFO] [stdout] 292 | | );
[INFO] [stdout]     | |__- in this macro invocation
[INFO] [stdout]     |
[INFO] [stdout]     = note: downstream crates may implement trait `alga::linear::Rotation<geometry::point::Point<_, _>>` for type `&_`
[INFO] [stdout]     = note: this error originates in the macro `isometry_binop_impl` (in Nightly builds, run with -Z macro-backtrace for more info)
[INFO] [stdout] 
[INFO] [stdout] 
[INFO] [stdout] error[E0592]: duplicate definitions with name `new`
[INFO] [stdout]    --> /opt/rustwide/cargo-home/registry/src/github.com-1ecc6299db9ec823/nalgebra-0.14.1/src/core/construction.rs:489:13
[INFO] [stdout]     |
[INFO] [stdout] 489 |               pub fn new($($args: N),*) -> Self {
[INFO] [stdout]     |               ^^^^^^^^^^^^^^^^^^^^^^^^^^^^^^^^^ duplicate definitions for `new`
[INFO] [stdout] ...
[INFO] [stdout] 501 | / componentwise_constructors_impl!(
[INFO] [stdout] 502 | |     /*
[INFO] [stdout] 503 | |      * Square matrices 1 .. 6.
[INFO] [stdout] 504 | |      */
[INFO] [stdout] ...   |
[INFO] [stdout] 643 | |     U6, U1, x:(0,0), y:(1,0), z:(2,0), w:(3,0), a:(4,0), b:(5,0);
[INFO] [stdout] 644 | | );
[INFO] [stdout]     | |__- in this macro invocation
[INFO] [stdout]     |
[INFO] [stdout]    ::: /opt/rustwide/cargo-home/registry/src/github.com-1ecc6299db9ec823/nalgebra-0.14.1/src/core/construction_slice.rs:161:13
[INFO] [stdout]     |
[INFO] [stdout] 161 |               pub fn new(data: &'a [N], $($args: usize),*) -> Self {
[INFO] [stdout]     |               ---------------------------------------------------- other definition for `new`
[INFO] [stdout]     |
[INFO] [stdout]     = note: this error originates in the macro `componentwise_constructors_impl` (in Nightly builds, run with -Z macro-backtrace for more info)
[INFO] [stdout] 
[INFO] [stdout] 
[INFO] [stdout] error[E0592]: duplicate definitions with name `new`
[INFO] [stdout]    --> /opt/rustwide/cargo-home/registry/src/github.com-1ecc6299db9ec823/nalgebra-0.14.1/src/core/construction.rs:489:13
[INFO] [stdout]     |
[INFO] [stdout] 489 |               pub fn new($($args: N),*) -> Self {
[INFO] [stdout]     |               ^^^^^^^^^^^^^^^^^^^^^^^^^^^^^^^^^ duplicate definitions for `new`
[INFO] [stdout] ...
[INFO] [stdout] 501 | / componentwise_constructors_impl!(
[INFO] [stdout] 502 | |     /*
[INFO] [stdout] 503 | |      * Square matrices 1 .. 6.
[INFO] [stdout] 504 | |      */
[INFO] [stdout] ...   |
[INFO] [stdout] 643 | |     U6, U1, x:(0,0), y:(1,0), z:(2,0), w:(3,0), a:(4,0), b:(5,0);
[INFO] [stdout] 644 | | );
[INFO] [stdout]     | |__- in this macro invocation
[INFO] [stdout]     |
[INFO] [stdout]    ::: /opt/rustwide/cargo-home/registry/src/github.com-1ecc6299db9ec823/nalgebra-0.14.1/src/core/construction_slice.rs:218:13
[INFO] [stdout]     |
[INFO] [stdout] 218 |               pub fn new(data: &'a mut [N], $($args: usize),*) -> Self {
[INFO] [stdout]     |               -------------------------------------------------------- other definition for `new`
[INFO] [stdout]     |
[INFO] [stdout]     = note: this error originates in the macro `componentwise_constructors_impl` (in Nightly builds, run with -Z macro-backtrace for more info)
[INFO] [stdout] 
[INFO] [stdout] 
[INFO] [stdout] error: aborting due to 4 previous errors
[INFO] [stdout] 
[INFO] [stdout] 
[INFO] [stdout] Some errors have detailed explanations: E0119, E0592.
[INFO] [stdout] 
[INFO] [stdout] For more information about an error, try `rustc --explain E0119`.
[INFO] [stdout] 
[INFO] [stderr] error: build failed
[INFO] running `Command { std: "docker" "inspect" "22803255c9dbb620e4e9ba1f2568c42d0c8c388342ffeb93b555fc891a7ebf95", kill_on_drop: false }`
[INFO] running `Command { std: "docker" "rm" "-f" "22803255c9dbb620e4e9ba1f2568c42d0c8c388342ffeb93b555fc891a7ebf95", kill_on_drop: false }`
[INFO] [stdout] 22803255c9dbb620e4e9ba1f2568c42d0c8c388342ffeb93b555fc891a7ebf95
