[INFO] cloning repository https://github.com/renovate-tests/cargo1
[INFO] running `Command { std: "git" "-c" "credential.helper=" "-c" "credential.helper=/workspace/cargo-home/bin/git-credential-null" "clone" "--bare" "https://github.com/renovate-tests/cargo1" "/workspace/cache/git-repos/https%3A%2F%2Fgithub.com%2Frenovate-tests%2Fcargo1", kill_on_drop: false }`
[INFO] [stderr] Cloning into bare repository '/workspace/cache/git-repos/https%3A%2F%2Fgithub.com%2Frenovate-tests%2Fcargo1'...
[INFO] running `Command { std: "git" "rev-parse" "HEAD", kill_on_drop: false }`
[INFO] [stdout] 17ffd30890f94b890dfa3da7b44b17c2ef712887
[INFO] checking renovate-tests/cargo1 against 1.55.0 for beta-1.56-3
[INFO] running `Command { std: "git" "clone" "/workspace/cache/git-repos/https%3A%2F%2Fgithub.com%2Frenovate-tests%2Fcargo1" "/workspace/builds/worker-13/source", kill_on_drop: false }`
[INFO] [stderr] Cloning into '/workspace/builds/worker-13/source'...
[INFO] [stderr] done.
[INFO] validating manifest of git repo https://github.com/renovate-tests/cargo1 on toolchain 1.55.0
[INFO] running `Command { std: "/workspace/cargo-home/bin/cargo" "+1.55.0" "metadata" "--manifest-path" "Cargo.toml" "--no-deps", kill_on_drop: false }`
[INFO] started tweaking git repo https://github.com/renovate-tests/cargo1
[INFO] finished tweaking git repo https://github.com/renovate-tests/cargo1
[INFO] tweaked toml for git repo https://github.com/renovate-tests/cargo1 written to /workspace/builds/worker-13/source/Cargo.toml
[INFO] crate git repo https://github.com/renovate-tests/cargo1 already has a lockfile, it will not be regenerated
[INFO] running `Command { std: "/workspace/cargo-home/bin/cargo" "+1.55.0" "fetch" "--manifest-path" "Cargo.toml", kill_on_drop: false }`
[INFO] [stderr]     Blocking waiting for file lock on package cache
[INFO] [stderr]     Blocking waiting for file lock on package cache
[INFO] running `Command { std: "docker" "create" "-v" "/var/lib/crater-agent-workspace/builds/worker-13/target:/opt/rustwide/target:rw,Z" "-v" "/var/lib/crater-agent-workspace/builds/worker-13/source:/opt/rustwide/workdir:ro,Z" "-v" "/var/lib/crater-agent-workspace/cargo-home:/opt/rustwide/cargo-home:ro,Z" "-v" "/var/lib/crater-agent-workspace/rustup-home:/opt/rustwide/rustup-home:ro,Z" "-e" "SOURCE_DIR=/opt/rustwide/workdir" "-e" "CARGO_TARGET_DIR=/opt/rustwide/target" "-e" "CARGO_HOME=/opt/rustwide/cargo-home" "-e" "RUSTUP_HOME=/opt/rustwide/rustup-home" "-w" "/opt/rustwide/workdir" "-m" "1610612736" "--user" "0:0" "--network" "none" "ghcr.io/rust-lang/crates-build-env/linux@sha256:a89201d6b5b9fd45c15d5952ece0a0129e7e80cb26ec023fd59cf09bc26f1604" "/opt/rustwide/cargo-home/bin/cargo" "+1.55.0" "metadata" "--no-deps" "--format-version=1", kill_on_drop: false }`
[INFO] [stderr] WARNING: Your kernel does not support swap limit capabilities or the cgroup is not mounted. Memory limited without swap.
[INFO] [stdout] 5fa70d49bde978a9bb2d0be9ee241a248c9ceb54e3424a277f77783a2b5f8216
[INFO] running `Command { std: "docker" "start" "-a" "5fa70d49bde978a9bb2d0be9ee241a248c9ceb54e3424a277f77783a2b5f8216", kill_on_drop: false }`
[INFO] running `Command { std: "docker" "inspect" "5fa70d49bde978a9bb2d0be9ee241a248c9ceb54e3424a277f77783a2b5f8216", kill_on_drop: false }`
[INFO] running `Command { std: "docker" "rm" "-f" "5fa70d49bde978a9bb2d0be9ee241a248c9ceb54e3424a277f77783a2b5f8216", kill_on_drop: false }`
[INFO] [stdout] 5fa70d49bde978a9bb2d0be9ee241a248c9ceb54e3424a277f77783a2b5f8216
[INFO] running `Command { std: "docker" "create" "-v" "/var/lib/crater-agent-workspace/builds/worker-13/target:/opt/rustwide/target:rw,Z" "-v" "/var/lib/crater-agent-workspace/builds/worker-13/source:/opt/rustwide/workdir:ro,Z" "-v" "/var/lib/crater-agent-workspace/cargo-home:/opt/rustwide/cargo-home:ro,Z" "-v" "/var/lib/crater-agent-workspace/rustup-home:/opt/rustwide/rustup-home:ro,Z" "-e" "SOURCE_DIR=/opt/rustwide/workdir" "-e" "CARGO_TARGET_DIR=/opt/rustwide/target" "-e" "CARGO_INCREMENTAL=0" "-e" "RUST_BACKTRACE=full" "-e" "RUSTFLAGS=--cap-lints=warn" "-e" "CARGO_HOME=/opt/rustwide/cargo-home" "-e" "RUSTUP_HOME=/opt/rustwide/rustup-home" "-w" "/opt/rustwide/workdir" "-m" "1610612736" "--user" "0:0" "--network" "none" "ghcr.io/rust-lang/crates-build-env/linux@sha256:a89201d6b5b9fd45c15d5952ece0a0129e7e80cb26ec023fd59cf09bc26f1604" "/opt/rustwide/cargo-home/bin/cargo" "+1.55.0" "check" "--frozen" "--all" "--all-targets" "--message-format=json", kill_on_drop: false }`
[INFO] [stdout] d0d665db76436134ac4491dde6d1bf6f59d57cbfa6e25274fb3406cf08d57e7b
[INFO] [stderr] WARNING: Your kernel does not support swap limit capabilities or the cgroup is not mounted. Memory limited without swap.
[INFO] running `Command { std: "docker" "start" "-a" "d0d665db76436134ac4491dde6d1bf6f59d57cbfa6e25274fb3406cf08d57e7b", kill_on_drop: false }`
[INFO] [stderr]     Checking hound v1.1.0
[INFO] [stderr]    Compiling ogg-sys v0.0.9
[INFO] [stderr]    Compiling vorbis-sys v0.0.8
[INFO] [stderr]    Compiling vorbisfile-sys v0.0.8
[INFO] [stderr]    Compiling ole32-sys v0.2.0
[INFO] [stderr]     Checking draw_state v0.4.0
[INFO] [stderr]     Checking crate3 v0.1.0 (/opt/rustwide/workdir/subdir/crate3)
[INFO] [stderr]     Checking memchr v0.1.11
[INFO] [stderr]     Checking alsa-sys v0.1.2
[INFO] [stderr]     Checking workspace_example v0.1.0 (/opt/rustwide/workdir)
[INFO] [stderr]     Checking thread-id v2.0.0
[INFO] [stderr]     Checking aho-corasick v0.5.3
[INFO] [stderr]     Checking thread_local v0.2.7
[INFO] [stderr]     Checking gfx_core v0.2.1
[INFO] [stderr]     Checking cpal v0.2.12
[INFO] [stderr]     Checking regex v0.1.80
[INFO] [stderr]     Checking vorbis v0.0.14
[INFO] [stderr]     Checking rodio v0.3.3
[INFO] [stderr]     Checking crate5 v0.1.0 (/opt/rustwide/workdir/crate5)
[INFO] [stderr]     Checking env_logger v0.3.5
[INFO] [stderr]     Checking log v0.1.10
[INFO] [stderr]     Checking gfx v0.10.2
[INFO] [stdout] error[E0432]: unresolved import `std::io::LineBufferedWriter`
[INFO] [stdout]    --> /opt/rustwide/cargo-home/registry/src/github.com-1ecc6299db9ec823/log-0.1.10/src/lib.rs:170:5
[INFO] [stdout]     |
[INFO] [stdout] 170 | use std::io::LineBufferedWriter;
[INFO] [stdout]     |     ^^^^^^^^^^^^^^^^^^^^^^^^^^^ no `LineBufferedWriter` in `io`
[INFO] [stdout] 
[INFO] [stdout] 
[INFO] [stdout] error: cannot find derive macro `Show` in this scope
[INFO] [stdout]   --> /opt/rustwide/cargo-home/registry/src/github.com-1ecc6299db9ec823/log-0.1.10/src/directive.rs:15:10
[INFO] [stdout]    |
[INFO] [stdout] 15 | #[derive(Show, Clone)]
[INFO] [stdout]    |          ^^^^
[INFO] [stdout] 
[INFO] [stdout] 
[INFO] [stdout] error: cannot find derive macro `Show` in this scope
[INFO] [stdout]    --> /opt/rustwide/cargo-home/registry/src/github.com-1ecc6299db9ec823/log-0.1.10/src/lib.rs:230:33
[INFO] [stdout]     |
[INFO] [stdout] 230 | #[derive(PartialEq, PartialOrd, Show)]
[INFO] [stdout]     |                                 ^^^^
[INFO] [stdout] 
[INFO] [stdout] 
[INFO] [stdout] error: cannot find derive macro `Show` in this scope
[INFO] [stdout]    --> /opt/rustwide/cargo-home/registry/src/github.com-1ecc6299db9ec823/log-0.1.10/src/lib.rs:319:10
[INFO] [stdout]     |
[INFO] [stdout] 319 | #[derive(Show)]
[INFO] [stdout]     |          ^^^^
[INFO] [stdout] 
[INFO] [stdout] 
[INFO] [stdout] error[E0412]: cannot find type `StdWriter` in `io::stdio`
[INFO] [stdout]    --> /opt/rustwide/cargo-home/registry/src/github.com-1ecc6299db9ec823/log-0.1.10/src/lib.rs:226:43
[INFO] [stdout]     |
[INFO] [stdout] 226 |     handle: LineBufferedWriter<io::stdio::StdWriter>,
[INFO] [stdout]     |                                           ^^^^^^^^^ not found in `io::stdio`
[INFO] [stdout] 
[INFO] [stdout] 
[INFO] [stdout] error[E0425]: cannot find function `getenv` in module `os`
[INFO] [stdout]    --> /opt/rustwide/cargo-home/registry/src/github.com-1ecc6299db9ec823/log-0.1.10/src/lib.rs:390:46
[INFO] [stdout]     |
[INFO] [stdout] 390 |     let (mut directives, filter) = match os::getenv("RUST_LOG") {
[INFO] [stdout]     |                                              ^^^^^^ not found in `os`
[INFO] [stdout] 
[INFO] [stdout] 
[INFO] [stdout] error[E0425]: cannot find function `at_exit` in module `rt`
[INFO] [stdout]    --> /opt/rustwide/cargo-home/registry/src/github.com-1ecc6299db9ec823/log-0.1.10/src/lib.rs:421:13
[INFO] [stdout]     |
[INFO] [stdout] 421 |         rt::at_exit(|| {
[INFO] [stdout]     |             ^^^^^^^ not found in `rt`
[INFO] [stdout] 
[INFO] [stdout] 
[INFO] [stdout] error[E0603]: module `stdio` is private
[INFO] [stdout]    --> /opt/rustwide/cargo-home/registry/src/github.com-1ecc6299db9ec823/log-0.1.10/src/lib.rs:226:36
[INFO] [stdout]     |
[INFO] [stdout] 226 |     handle: LineBufferedWriter<io::stdio::StdWriter>,
[INFO] [stdout]     |                                    ^^^^^ private module
[INFO] [stdout]     |
[INFO] [stdout] note: the module `stdio` is defined here
[INFO] [stdout] 
[INFO] [stdout] 
[INFO] [stdout] error[E0658]: use of unstable library feature 'rt': this public module should not exist and is highly likely to disappear
[INFO] [stdout]    --> /opt/rustwide/cargo-home/registry/src/github.com-1ecc6299db9ec823/log-0.1.10/src/lib.rs:174:5
[INFO] [stdout]     |
[INFO] [stdout] 174 | use std::rt;
[INFO] [stdout]     |     ^^^^^^^
[INFO] [stdout] 
[INFO] [stdout] 
[INFO] [stderr]     Checking crate2 v0.1.0 (/opt/rustwide/workdir/crate2)
[INFO] [stdout] error[E0277]: the trait bound `LogLevel: Clone` is not satisfied
[INFO] [stdout]    --> /opt/rustwide/cargo-home/registry/src/github.com-1ecc6299db9ec823/log-0.1.10/src/lib.rs:233:6
[INFO] [stdout]     |
[INFO] [stdout] 233 | impl Copy for LogLevel {}
[INFO] [stdout]     |      ^^^^ the trait `Clone` is not implemented for `LogLevel`
[INFO] [stdout] 
[INFO] [stdout] 
[INFO] [stdout] error[E0277]: the trait bound `LogLocation: Clone` is not satisfied
[INFO] [stdout]    --> /opt/rustwide/cargo-home/registry/src/github.com-1ecc6299db9ec823/log-0.1.10/src/lib.rs:345:6
[INFO] [stdout]     |
[INFO] [stdout] 345 | impl Copy for LogLocation {}
[INFO] [stdout]     |      ^^^^ the trait `Clone` is not implemented for `LogLocation`
[INFO] [stdout] 
[INFO] [stdout] 
[INFO] [stdout] error: aborting due to 11 previous errors
[INFO] [stdout] 
[INFO] [stdout] 
[INFO] [stdout] Some errors have detailed explanations: E0277, E0412, E0425, E0432, E0603, E0658.
[INFO] [stdout] 
[INFO] [stdout] For more information about an error, try `rustc --explain E0277`.
[INFO] [stdout] 
[INFO] [stderr] error: could not compile `log` due to 12 previous errors
[INFO] [stderr] warning: build failed, waiting for other jobs to finish...
[INFO] [stderr] error: build failed
[INFO] running `Command { std: "docker" "inspect" "d0d665db76436134ac4491dde6d1bf6f59d57cbfa6e25274fb3406cf08d57e7b", kill_on_drop: false }`
[INFO] running `Command { std: "docker" "rm" "-f" "d0d665db76436134ac4491dde6d1bf6f59d57cbfa6e25274fb3406cf08d57e7b", kill_on_drop: false }`
[INFO] [stdout] d0d665db76436134ac4491dde6d1bf6f59d57cbfa6e25274fb3406cf08d57e7b
