[INFO] cloning repository https://github.com/regiontog/sykl
[INFO] running `Command { std: "git" "-c" "credential.helper=" "-c" "credential.helper=/workspace/cargo-home/bin/git-credential-null" "clone" "--bare" "https://github.com/regiontog/sykl" "/workspace/cache/git-repos/https%3A%2F%2Fgithub.com%2Fregiontog%2Fsykl", kill_on_drop: false }`
[INFO] [stderr] Cloning into bare repository '/workspace/cache/git-repos/https%3A%2F%2Fgithub.com%2Fregiontog%2Fsykl'...
[INFO] running `Command { std: "git" "rev-parse" "HEAD", kill_on_drop: false }`
[INFO] [stdout] 318ab8c54922354aa2c3292f52e1b9af0654aed4
[INFO] checking regiontog/sykl against beta-2021-10-15 for beta-1.56-3
[INFO] running `Command { std: "git" "clone" "/workspace/cache/git-repos/https%3A%2F%2Fgithub.com%2Fregiontog%2Fsykl" "/workspace/builds/worker-10/source", kill_on_drop: false }`
[INFO] [stderr] Cloning into '/workspace/builds/worker-10/source'...
[INFO] [stderr] done.
[INFO] validating manifest of git repo https://github.com/regiontog/sykl on toolchain beta-2021-10-15
[INFO] running `Command { std: "/workspace/cargo-home/bin/cargo" "+beta-2021-10-15" "metadata" "--manifest-path" "Cargo.toml" "--no-deps", kill_on_drop: false }`
[INFO] started tweaking git repo https://github.com/regiontog/sykl
[INFO] finished tweaking git repo https://github.com/regiontog/sykl
[INFO] tweaked toml for git repo https://github.com/regiontog/sykl written to /workspace/builds/worker-10/source/Cargo.toml
[INFO] crate git repo https://github.com/regiontog/sykl already has a lockfile, it will not be regenerated
[INFO] running `Command { std: "/workspace/cargo-home/bin/cargo" "+beta-2021-10-15" "fetch" "--manifest-path" "Cargo.toml", kill_on_drop: false }`
[INFO] [stderr]  Downloading crates ...
[INFO] [stderr]   Downloaded encoding_rs_io v0.1.6
[INFO] [stderr]   Downloaded pin-project-lite v0.1.2
[INFO] [stderr]   Downloaded h2 v0.2.1
[INFO] [stderr]   Downloaded async-trait v0.1.22
[INFO] [stderr]   Downloaded tokio v0.2.9
[INFO] [stderr]   Downloaded bytestring v0.1.2
[INFO] [stderr]   Downloaded actix-server v1.0.1
[INFO] [stderr]   Downloaded actix-web-codegen v0.2.0
[INFO] [stderr]   Downloaded actix-connect v1.0.1
[INFO] [stderr]   Downloaded futures-executor v0.3.1
[INFO] [stderr]   Downloaded futures-io v0.3.1
[INFO] [stderr]   Downloaded pin-project v0.4.6
[INFO] [stderr]   Downloaded pin-project-internal v0.4.6
[INFO] [stderr]   Downloaded actix-threadpool v0.3.1
[INFO] [stderr]   Downloaded actix-rt v1.0.0
[INFO] [stderr]   Downloaded futures-task v0.3.1
[INFO] [stderr]   Downloaded derive_more v0.99.2
[INFO] [stderr]   Downloaded futures-channel v0.3.1
[INFO] [stderr]   Downloaded assert-json-diff v1.0.1
[INFO] [stderr]   Downloaded futures v0.3.1
[INFO] [stderr]   Downloaded futures-util v0.3.1
[INFO] [stderr]   Downloaded attohttpc v0.9.0
[INFO] [stderr]   Downloaded enum-as-inner v0.3.0
[INFO] [stderr]   Downloaded ctor v0.1.12
[INFO] [stderr]   Downloaded thread_local v1.0.0
[INFO] [stderr]   Downloaded bytes v0.5.3
[INFO] [stderr]   Downloaded futures-macro v0.3.1
[INFO] [stderr]   Downloaded futures-sink v0.3.1
[INFO] [stderr]   Downloaded actix-service v1.0.2
[INFO] [stderr]   Downloaded actix-testing v1.0.0
[INFO] [stderr]   Downloaded futures-core v0.3.1
[INFO] [stderr]   Downloaded actix-macros v0.1.1
[INFO] [stderr]   Downloaded datatest-derive v0.6.0
[INFO] [stderr]   Downloaded mockito v0.22.0
[INFO] [stderr]   Downloaded datatest v0.6.0
[INFO] running `Command { std: "docker" "create" "-v" "/var/lib/crater-agent-workspace/builds/worker-10/target:/opt/rustwide/target:rw,Z" "-v" "/var/lib/crater-agent-workspace/builds/worker-10/source:/opt/rustwide/workdir:ro,Z" "-v" "/var/lib/crater-agent-workspace/cargo-home:/opt/rustwide/cargo-home:ro,Z" "-v" "/var/lib/crater-agent-workspace/rustup-home:/opt/rustwide/rustup-home:ro,Z" "-e" "SOURCE_DIR=/opt/rustwide/workdir" "-e" "CARGO_TARGET_DIR=/opt/rustwide/target" "-e" "CARGO_HOME=/opt/rustwide/cargo-home" "-e" "RUSTUP_HOME=/opt/rustwide/rustup-home" "-w" "/opt/rustwide/workdir" "-m" "1610612736" "--user" "0:0" "--network" "none" "ghcr.io/rust-lang/crates-build-env/linux@sha256:a89201d6b5b9fd45c15d5952ece0a0129e7e80cb26ec023fd59cf09bc26f1604" "/opt/rustwide/cargo-home/bin/cargo" "+beta-2021-10-15" "metadata" "--no-deps" "--format-version=1", kill_on_drop: false }`
[INFO] [stderr] WARNING: Your kernel does not support swap limit capabilities or the cgroup is not mounted. Memory limited without swap.
[INFO] [stdout] baf3930b98ab1ace6795ee041dec48baab5143abdbcb5ce19b47bd197e9d6c49
[INFO] running `Command { std: "docker" "start" "-a" "baf3930b98ab1ace6795ee041dec48baab5143abdbcb5ce19b47bd197e9d6c49", kill_on_drop: false }`
[INFO] running `Command { std: "docker" "inspect" "baf3930b98ab1ace6795ee041dec48baab5143abdbcb5ce19b47bd197e9d6c49", kill_on_drop: false }`
[INFO] running `Command { std: "docker" "rm" "-f" "baf3930b98ab1ace6795ee041dec48baab5143abdbcb5ce19b47bd197e9d6c49", kill_on_drop: false }`
[INFO] [stdout] baf3930b98ab1ace6795ee041dec48baab5143abdbcb5ce19b47bd197e9d6c49
[INFO] running `Command { std: "docker" "create" "-v" "/var/lib/crater-agent-workspace/builds/worker-10/target:/opt/rustwide/target:rw,Z" "-v" "/var/lib/crater-agent-workspace/builds/worker-10/source:/opt/rustwide/workdir:ro,Z" "-v" "/var/lib/crater-agent-workspace/cargo-home:/opt/rustwide/cargo-home:ro,Z" "-v" "/var/lib/crater-agent-workspace/rustup-home:/opt/rustwide/rustup-home:ro,Z" "-e" "SOURCE_DIR=/opt/rustwide/workdir" "-e" "CARGO_TARGET_DIR=/opt/rustwide/target" "-e" "CARGO_INCREMENTAL=0" "-e" "RUST_BACKTRACE=full" "-e" "RUSTFLAGS=--cap-lints=warn" "-e" "CARGO_HOME=/opt/rustwide/cargo-home" "-e" "RUSTUP_HOME=/opt/rustwide/rustup-home" "-w" "/opt/rustwide/workdir" "-m" "1610612736" "--user" "0:0" "--network" "none" "ghcr.io/rust-lang/crates-build-env/linux@sha256:a89201d6b5b9fd45c15d5952ece0a0129e7e80cb26ec023fd59cf09bc26f1604" "/opt/rustwide/cargo-home/bin/cargo" "+beta-2021-10-15" "check" "--frozen" "--all" "--all-targets" "--message-format=json", kill_on_drop: false }`
[INFO] [stderr] WARNING: Your kernel does not support swap limit capabilities or the cgroup is not mounted. Memory limited without swap.
[INFO] [stdout] 469e7efa70d570df8d7b9bd3756c0feaf3ae208c838a81a7a714053c2d83a45d
[INFO] running `Command { std: "docker" "start" "-a" "469e7efa70d570df8d7b9bd3756c0feaf3ae208c838a81a7a714053c2d83a45d", kill_on_drop: false }`
[INFO] [stderr]    Compiling syn v1.0.13
[INFO] [stderr]    Compiling datatest v0.6.0
[INFO] [stderr]     Checking same-file v1.0.5
[INFO] [stderr]     Checking thread_local v1.0.0
[INFO] [stderr]     Checking encoding_rs_io v0.1.6
[INFO] [stderr]     Checking parking_lot v0.10.0
[INFO] [stderr]     Checking tokio v0.2.9
[INFO] [stderr]     Checking walkdir v2.2.9
[INFO] [stderr]     Checking regex v1.3.3
[INFO] [stderr]     Checking tokio-util v0.2.0
[INFO] [stderr]     Checking actix-codec v0.2.0
[INFO] [stderr]    Compiling synstructure v0.12.3
[INFO] [stderr]    Compiling serde_derive v1.0.104
[INFO] [stderr]    Compiling proc-macro-hack v0.5.11
[INFO] [stderr]    Compiling derive_more v0.99.2
[INFO] [stderr]    Compiling pin-project-internal v0.4.6
[INFO] [stderr]    Compiling actix-macros v0.1.1
[INFO] [stderr]    Compiling async-trait v0.1.22
[INFO] [stderr]    Compiling enum-as-inner v0.3.0
[INFO] [stderr]    Compiling ctor v0.1.12
[INFO] [stderr]    Compiling datatest-derive v0.6.0
[INFO] [stderr]    Compiling actix-web-codegen v0.2.0
[INFO] [stderr]    Compiling failure_derive v0.1.6
[INFO] [stderr]     Checking failure v0.1.6
[INFO] [stderr]    Compiling futures-macro v0.3.1
[INFO] [stderr]     Checking pin-project v0.4.6
[INFO] [stderr]     Checking futures-util v0.3.1
[INFO] [stderr]     Checking actix-threadpool v0.3.1
[INFO] [stderr]     Checking futures-executor v0.3.1
[INFO] [stderr]     Checking actix-service v1.0.2
[INFO] [stderr]     Checking h2 v0.2.1
[INFO] [stderr]     Checking serde v1.0.104
[INFO] [stderr]     Checking futures v0.3.1
[INFO] [stderr]     Checking actix-rt v1.0.0
[INFO] [stderr]     Checking trust-dns-proto v0.18.0-alpha.2
[INFO] [stderr]     Checking actix-utils v1.0.6
[INFO] [stderr]     Checking actix-server v1.0.1
[INFO] [stderr]     Checking actix-tls v1.0.0
[INFO] [stderr]     Checking actix-testing v1.0.0
[INFO] [stderr]     Checking trust-dns-resolver v0.18.0-alpha.2
[INFO] [stderr]     Checking actix-connect v1.0.1
[INFO] [stderr]     Checking serde_json v1.0.44
[INFO] [stderr]     Checking chrono v0.4.10
[INFO] [stderr]     Checking serde_yaml v0.8.11
[INFO] [stderr]     Checking serde_urlencoded v0.6.1
[INFO] [stderr]     Checking actix-router v0.2.4
[INFO] [stdout] error[E0554]: `#![feature]` may not be used on the beta release channel
[INFO] [stdout]  --> /opt/rustwide/cargo-home/registry/src/github.com-1ecc6299db9ec823/datatest-0.6.0/src/lib.rs:1:1
[INFO] [stdout]   |
[INFO] [stdout] 1 | #![feature(test)]
[INFO] [stdout]   | ^^^^^^^^^^^^^^^^^
[INFO] [stdout] 
[INFO] [stdout] 
[INFO] [stdout] error[E0554]: `#![feature]` may not be used on the beta release channel
[INFO] [stdout]  --> /opt/rustwide/cargo-home/registry/src/github.com-1ecc6299db9ec823/datatest-0.6.0/src/lib.rs:2:1
[INFO] [stdout]   |
[INFO] [stdout] 2 | #![feature(specialization)]
[INFO] [stdout]   | ^^^^^^^^^^^^^^^^^^^^^^^^^^^
[INFO] [stdout] 
[INFO] [stdout] 
[INFO] [stdout] error[E0554]: `#![feature]` may not be used on the beta release channel
[INFO] [stdout]  --> /opt/rustwide/cargo-home/registry/src/github.com-1ecc6299db9ec823/datatest-0.6.0/src/lib.rs:3:1
[INFO] [stdout]   |
[INFO] [stdout] 3 | #![feature(termination_trait_lib)]
[INFO] [stdout]   | ^^^^^^^^^^^^^^^^^^^^^^^^^^^^^^^^^^
[INFO] [stdout] 
[INFO] [stdout] 
[INFO] [stdout] error[E0063]: missing fields `compile_fail` and `no_run` in initializer of `TestDesc`
[INFO] [stdout]    --> /opt/rustwide/cargo-home/registry/src/github.com-1ecc6299db9ec823/datatest-0.6.0/src/runner.rs:172:23
[INFO] [stdout]     |
[INFO] [stdout] 172 |                 desc: TestDesc {
[INFO] [stdout]     |                       ^^^^^^^^ missing `compile_fail` and `no_run`
[INFO] [stdout] 
[INFO] [stdout] 
[INFO] [stdout] error[E0063]: missing fields `compile_fail` and `no_run` in initializer of `TestDesc`
[INFO] [stdout]    --> /opt/rustwide/cargo-home/registry/src/github.com-1ecc6299db9ec823/datatest-0.6.0/src/runner.rs:217:19
[INFO] [stdout]     |
[INFO] [stdout] 217 |             desc: TestDesc {
[INFO] [stdout]     |                   ^^^^^^^^ missing `compile_fail` and `no_run`
[INFO] [stdout] 
[INFO] [stdout] 
[INFO] [stdout] error[E0609]: no field `filter` on type `&mut TestOpts`
[INFO] [stdout]    --> /opt/rustwide/cargo-home/registry/src/github.com-1ecc6299db9ec823/datatest-0.6.0/src/runner.rs:256:34
[INFO] [stdout]     |
[INFO] [stdout] 256 |     if opts.filter_exact && opts.filter.as_ref().map_or(false, |s| s == real_test_name) {
[INFO] [stdout]     |                                  ^^^^^^ help: a field with a similar name exists: `filters`
[INFO] [stdout] 
[INFO] [stdout] 
[INFO] [stdout] error[E0609]: no field `filter` on type `&mut TestOpts`
[INFO] [stdout]    --> /opt/rustwide/cargo-home/registry/src/github.com-1ecc6299db9ec823/datatest-0.6.0/src/runner.rs:258:14
[INFO] [stdout]     |
[INFO] [stdout] 258 |         opts.filter = Some(format!("{}::", real_test_name));
[INFO] [stdout]     |              ^^^^^^ help: a field with a similar name exists: `filters`
[INFO] [stdout] 
[INFO] [stdout] 
[INFO] [stdout] error[E0063]: missing fields `compile_fail` and `no_run` in initializer of `TestDesc`
[INFO] [stdout]    --> /opt/rustwide/cargo-home/registry/src/github.com-1ecc6299db9ec823/datatest-0.6.0/src/runner.rs:377:23
[INFO] [stdout]     |
[INFO] [stdout] 377 |                 desc: TestDesc {
[INFO] [stdout]     |                       ^^^^^^^^ missing `compile_fail` and `no_run`
[INFO] [stdout] 
[INFO] [stdout] 
[INFO] [stdout] error: aborting due to 8 previous errors
[INFO] [stdout] 
[INFO] [stdout] 
[INFO] [stdout] Some errors have detailed explanations: E0063, E0554, E0609.
[INFO] [stdout] 
[INFO] [stdout] For more information about an error, try `rustc --explain E0063`.
[INFO] [stdout] 
[INFO] [stderr]     Checking attohttpc v0.9.0
[INFO] [stderr]     Checking actix-http v1.0.1
[INFO] [stderr]     Checking assert-json-diff v1.0.1
[INFO] [stderr] error: could not compile `datatest` due to 9 previous errors
[INFO] [stderr] warning: build failed, waiting for other jobs to finish...
[INFO] [stderr] error: build failed
[INFO] running `Command { std: "docker" "inspect" "469e7efa70d570df8d7b9bd3756c0feaf3ae208c838a81a7a714053c2d83a45d", kill_on_drop: false }`
[INFO] running `Command { std: "docker" "rm" "-f" "469e7efa70d570df8d7b9bd3756c0feaf3ae208c838a81a7a714053c2d83a45d", kill_on_drop: false }`
[INFO] [stdout] 469e7efa70d570df8d7b9bd3756c0feaf3ae208c838a81a7a714053c2d83a45d
