[INFO] cloning repository https://github.com/rebo/simple_seed_comp_state_example
[INFO] running `Command { std: "git" "-c" "credential.helper=" "-c" "credential.helper=/workspace/cargo-home/bin/git-credential-null" "clone" "--bare" "https://github.com/rebo/simple_seed_comp_state_example" "/workspace/cache/git-repos/https%3A%2F%2Fgithub.com%2Frebo%2Fsimple_seed_comp_state_example", kill_on_drop: false }`
[INFO] [stderr] Cloning into bare repository '/workspace/cache/git-repos/https%3A%2F%2Fgithub.com%2Frebo%2Fsimple_seed_comp_state_example'...
[INFO] running `Command { std: "git" "rev-parse" "HEAD", kill_on_drop: false }`
[INFO] [stdout] 43c654ab38680ea1dfbe19a4abae76a8c15b93cb
[INFO] checking rebo/simple_seed_comp_state_example against 1.55.0 for beta-1.56-3
[INFO] running `Command { std: "git" "clone" "/workspace/cache/git-repos/https%3A%2F%2Fgithub.com%2Frebo%2Fsimple_seed_comp_state_example" "/workspace/builds/worker-12/source", kill_on_drop: false }`
[INFO] [stderr] Cloning into '/workspace/builds/worker-12/source'...
[INFO] [stderr] done.
[INFO] validating manifest of git repo https://github.com/rebo/simple_seed_comp_state_example on toolchain 1.55.0
[INFO] running `Command { std: "/workspace/cargo-home/bin/cargo" "+1.55.0" "metadata" "--manifest-path" "Cargo.toml" "--no-deps", kill_on_drop: false }`
[INFO] started tweaking git repo https://github.com/rebo/simple_seed_comp_state_example
[INFO] finished tweaking git repo https://github.com/rebo/simple_seed_comp_state_example
[INFO] tweaked toml for git repo https://github.com/rebo/simple_seed_comp_state_example written to /workspace/builds/worker-12/source/Cargo.toml
[INFO] crate git repo https://github.com/rebo/simple_seed_comp_state_example already has a lockfile, it will not be regenerated
[INFO] running `Command { std: "/workspace/cargo-home/bin/cargo" "+1.55.0" "fetch" "--manifest-path" "Cargo.toml", kill_on_drop: false }`
[INFO] [stderr] warning: profiles for the non root package will be ignored, specify profiles at the workspace root:
[INFO] [stderr] package:   /workspace/builds/worker-12/source/crate/Cargo.toml
[INFO] [stderr] workspace: /workspace/builds/worker-12/source/Cargo.toml
[INFO] [stderr]     Blocking waiting for file lock on package cache
[INFO] running `Command { std: "docker" "create" "-v" "/var/lib/crater-agent-workspace/builds/worker-12/target:/opt/rustwide/target:rw,Z" "-v" "/var/lib/crater-agent-workspace/builds/worker-12/source:/opt/rustwide/workdir:ro,Z" "-v" "/var/lib/crater-agent-workspace/cargo-home:/opt/rustwide/cargo-home:ro,Z" "-v" "/var/lib/crater-agent-workspace/rustup-home:/opt/rustwide/rustup-home:ro,Z" "-e" "SOURCE_DIR=/opt/rustwide/workdir" "-e" "CARGO_TARGET_DIR=/opt/rustwide/target" "-e" "CARGO_HOME=/opt/rustwide/cargo-home" "-e" "RUSTUP_HOME=/opt/rustwide/rustup-home" "-w" "/opt/rustwide/workdir" "-m" "1610612736" "--user" "0:0" "--network" "none" "ghcr.io/rust-lang/crates-build-env/linux@sha256:a89201d6b5b9fd45c15d5952ece0a0129e7e80cb26ec023fd59cf09bc26f1604" "/opt/rustwide/cargo-home/bin/cargo" "+1.55.0" "metadata" "--no-deps" "--format-version=1", kill_on_drop: false }`
[INFO] [stdout] d2c41d9d85b7a75080b9c24e8792904f7c03b2e52e718ea10ddb37de30ee8446
[INFO] [stderr] WARNING: Your kernel does not support swap limit capabilities or the cgroup is not mounted. Memory limited without swap.
[INFO] running `Command { std: "docker" "start" "-a" "d2c41d9d85b7a75080b9c24e8792904f7c03b2e52e718ea10ddb37de30ee8446", kill_on_drop: false }`
[INFO] running `Command { std: "docker" "inspect" "d2c41d9d85b7a75080b9c24e8792904f7c03b2e52e718ea10ddb37de30ee8446", kill_on_drop: false }`
[INFO] running `Command { std: "docker" "rm" "-f" "d2c41d9d85b7a75080b9c24e8792904f7c03b2e52e718ea10ddb37de30ee8446", kill_on_drop: false }`
[INFO] [stdout] d2c41d9d85b7a75080b9c24e8792904f7c03b2e52e718ea10ddb37de30ee8446
[INFO] running `Command { std: "docker" "create" "-v" "/var/lib/crater-agent-workspace/builds/worker-12/target:/opt/rustwide/target:rw,Z" "-v" "/var/lib/crater-agent-workspace/builds/worker-12/source:/opt/rustwide/workdir:ro,Z" "-v" "/var/lib/crater-agent-workspace/cargo-home:/opt/rustwide/cargo-home:ro,Z" "-v" "/var/lib/crater-agent-workspace/rustup-home:/opt/rustwide/rustup-home:ro,Z" "-e" "SOURCE_DIR=/opt/rustwide/workdir" "-e" "CARGO_TARGET_DIR=/opt/rustwide/target" "-e" "CARGO_INCREMENTAL=0" "-e" "RUST_BACKTRACE=full" "-e" "RUSTFLAGS=--cap-lints=warn" "-e" "CARGO_HOME=/opt/rustwide/cargo-home" "-e" "RUSTUP_HOME=/opt/rustwide/rustup-home" "-w" "/opt/rustwide/workdir" "-m" "1610612736" "--user" "0:0" "--network" "none" "ghcr.io/rust-lang/crates-build-env/linux@sha256:a89201d6b5b9fd45c15d5952ece0a0129e7e80cb26ec023fd59cf09bc26f1604" "/opt/rustwide/cargo-home/bin/cargo" "+1.55.0" "check" "--frozen" "--all" "--all-targets" "--message-format=json", kill_on_drop: false }`
[INFO] [stderr] WARNING: Your kernel does not support swap limit capabilities or the cgroup is not mounted. Memory limited without swap.
[INFO] [stdout] 02095fb4445df0deb7d943d2a746a7ded9c445a375cc39a2fbe62c5cb0d47d5e
[INFO] running `Command { std: "docker" "start" "-a" "02095fb4445df0deb7d943d2a746a7ded9c445a375cc39a2fbe62c5cb0d47d5e", kill_on_drop: false }`
[INFO] [stderr] warning: profiles for the non root package will be ignored, specify profiles at the workspace root:
[INFO] [stderr] package:   /opt/rustwide/workdir/crate/Cargo.toml
[INFO] [stderr] workspace: /opt/rustwide/workdir/Cargo.toml
[INFO] [stderr]    Compiling syn v1.0.8
[INFO] [stderr]    Compiling wasm-bindgen-shared v0.2.55
[INFO] [stderr]    Compiling bumpalo v2.6.0
[INFO] [stderr]    Compiling serde v1.0.103
[INFO] [stderr]    Compiling wasm-bindgen v0.2.55
[INFO] [stderr]    Compiling anyhow v1.0.23
[INFO] [stderr]     Checking scopeguard v1.0.0
[INFO] [stderr]     Checking enclose v1.1.8
[INFO] [stderr]    Compiling pulldown-cmark v0.5.3
[INFO] [stderr]     Checking slotmap v0.4.0
[INFO] [stderr]    Compiling dbg v1.0.4
[INFO] [stderr]    Compiling seed v0.4.2
[INFO] [stderr]     Checking idna v0.1.5
[INFO] [stderr]    Compiling nom v4.2.3
[INFO] [stderr]     Checking url v1.7.2
[INFO] [stderr]    Compiling weedle v0.10.0
[INFO] [stderr]     Checking cookie v0.12.0
[INFO] [stderr]    Compiling wasm-bindgen-backend v0.2.55
[INFO] [stderr]    Compiling syn-mid v0.4.0
[INFO] [stderr]    Compiling serde_derive v1.0.103
[INFO] [stderr]    Compiling rustversion v1.0.0
[INFO] [stderr]    Compiling topo-macro v0.8.2
[INFO] [stderr]    Compiling wasm-bindgen-macro-support v0.2.55
[INFO] [stderr]    Compiling wasm-bindgen-webidl v0.2.55
[INFO] [stderr]    Compiling wasm-bindgen-macro v0.2.55
[INFO] [stderr]    Compiling proc-macro-error v0.4.4
[INFO] [stderr]    Compiling proc-macro-error-attr v0.4.3
[INFO] [stderr]    Compiling web-sys v0.3.32
[INFO] [stderr]    Compiling illicit-macro v0.9.0
[INFO] [stderr]     Checking illicit v0.9.1
[INFO] [stderr]     Checking topo v0.9.2
[INFO] [stderr]     Checking comp_state v0.0.1
[INFO] [stderr]     Checking comp_state v0.0.4
[INFO] [stderr]     Checking serde_json v1.0.42
[INFO] [stderr]     Checking js-sys v0.3.32
[INFO] [stderr]     Checking console_error_panic_hook v0.1.6
[INFO] [stderr]     Checking wasm-bindgen-futures v0.3.27
[INFO] [stderr]     Checking wasm-bindgen-test v0.2.50
[INFO] [stderr]     Checking gloo-timers v0.1.0
[INFO] [stderr]     Checking seed_comp_helpers v0.0.1
[INFO] [stderr]     Checking todo_example v0.1.0 (/opt/rustwide/workdir/crate)
[INFO] [stdout] error[E0583]: file not found for module `css_classes`
[INFO] [stdout]  --> crate/src/generated/mod.rs:3:1
[INFO] [stdout]   |
[INFO] [stdout] 3 | pub mod css_classes;
[INFO] [stdout]   | ^^^^^^^^^^^^^^^^^^^^
[INFO] [stdout]   |
[INFO] [stdout]   = help: to create the module `css_classes`, create file "crate/src/generated/css_classes.rs" or "crate/src/generated/css_classes/mod.rs"
[INFO] [stdout] 
[INFO] [stdout] 
[INFO] [stdout] error[E0583]: file not found for module `css_classes`
[INFO] [stdout]  --> crate/src/generated/mod.rs:3:1
[INFO] [stdout]   |
[INFO] [stdout] 3 | pub mod css_classes;
[INFO] [stdout]   | ^^^^^^^^^^^^^^^^^^^^
[INFO] [stdout]   |
[INFO] [stdout]   = help: to create the module `css_classes`, create file "crate/src/generated/css_classes.rs" or "crate/src/generated/css_classes/mod.rs"
[INFO] [stdout] 
[INFO] [stdout] 
[INFO] [stdout] error[E0432]: unresolved import `crate::generated::css_classes::C`
[INFO] [stdout]  --> crate/src/simple.rs:2:5
[INFO] [stdout]   |
[INFO] [stdout] 2 | use crate::generated::css_classes::C;
[INFO] [stdout]   |     ^^^^^^^^^^^^^^^^^^^^^^^^^^^^^^^^ no `C` in `generated::css_classes`
[INFO] [stdout] 
[INFO] [stdout] 
[INFO] [stdout] error: aborting due to 2 previous errors
[INFO] [stdout] 
[INFO] [stdout] 
[INFO] [stdout] Some errors have detailed explanations: E0432, E0583.
[INFO] [stdout] 
[INFO] [stdout] For more information about an error, try `rustc --explain E0432`.
[INFO] [stdout] 
[INFO] [stderr] error: could not compile `todo_example` due to 3 previous errors
[INFO] [stderr] warning: build failed, waiting for other jobs to finish...
[INFO] [stdout] error[E0432]: unresolved import `crate::generated::css_classes::C`
[INFO] [stdout]  --> crate/src/simple.rs:2:5
[INFO] [stdout]   |
[INFO] [stdout] 2 | use crate::generated::css_classes::C;
[INFO] [stdout]   |     ^^^^^^^^^^^^^^^^^^^^^^^^^^^^^^^^ no `C` in `generated::css_classes`
[INFO] [stdout] 
[INFO] [stdout] 
[INFO] [stdout] error: aborting due to 2 previous errors
[INFO] [stdout] 
[INFO] [stdout] 
[INFO] [stdout] Some errors have detailed explanations: E0432, E0583.
[INFO] [stdout] 
[INFO] [stdout] For more information about an error, try `rustc --explain E0432`.
[INFO] [stdout] 
[INFO] [stderr] error: build failed
[INFO] running `Command { std: "docker" "inspect" "02095fb4445df0deb7d943d2a746a7ded9c445a375cc39a2fbe62c5cb0d47d5e", kill_on_drop: false }`
[INFO] running `Command { std: "docker" "rm" "-f" "02095fb4445df0deb7d943d2a746a7ded9c445a375cc39a2fbe62c5cb0d47d5e", kill_on_drop: false }`
[INFO] [stdout] 02095fb4445df0deb7d943d2a746a7ded9c445a375cc39a2fbe62c5cb0d47d5e
