[INFO] cloning repository https://github.com/rdavidson1994/sand
[INFO] running `Command { std: "git" "-c" "credential.helper=" "-c" "credential.helper=/workspace/cargo-home/bin/git-credential-null" "clone" "--bare" "https://github.com/rdavidson1994/sand" "/workspace/cache/git-repos/https%3A%2F%2Fgithub.com%2Frdavidson1994%2Fsand", kill_on_drop: false }`
[INFO] [stderr] Cloning into bare repository '/workspace/cache/git-repos/https%3A%2F%2Fgithub.com%2Frdavidson1994%2Fsand'...
[INFO] running `Command { std: "git" "rev-parse" "HEAD", kill_on_drop: false }`
[INFO] [stdout] c3cca909d1596c457f612c240ab460703f1486c3
[INFO] checking rdavidson1994/sand against 1.55.0 for beta-1.56-3
[INFO] running `Command { std: "git" "clone" "/workspace/cache/git-repos/https%3A%2F%2Fgithub.com%2Frdavidson1994%2Fsand" "/workspace/builds/worker-5/source", kill_on_drop: false }`
[INFO] [stderr] Cloning into '/workspace/builds/worker-5/source'...
[INFO] [stderr] done.
[INFO] validating manifest of git repo https://github.com/rdavidson1994/sand on toolchain 1.55.0
[INFO] running `Command { std: "/workspace/cargo-home/bin/cargo" "+1.55.0" "metadata" "--manifest-path" "Cargo.toml" "--no-deps", kill_on_drop: false }`
[INFO] started tweaking git repo https://github.com/rdavidson1994/sand
[INFO] finished tweaking git repo https://github.com/rdavidson1994/sand
[INFO] tweaked toml for git repo https://github.com/rdavidson1994/sand written to /workspace/builds/worker-5/source/Cargo.toml
[INFO] crate git repo https://github.com/rdavidson1994/sand already has a lockfile, it will not be regenerated
[INFO] running `Command { std: "/workspace/cargo-home/bin/cargo" "+1.55.0" "fetch" "--manifest-path" "Cargo.toml", kill_on_drop: false }`
[INFO] running `Command { std: "docker" "create" "-v" "/var/lib/crater-agent-workspace/builds/worker-5/target:/opt/rustwide/target:rw,Z" "-v" "/var/lib/crater-agent-workspace/builds/worker-5/source:/opt/rustwide/workdir:ro,Z" "-v" "/var/lib/crater-agent-workspace/cargo-home:/opt/rustwide/cargo-home:ro,Z" "-v" "/var/lib/crater-agent-workspace/rustup-home:/opt/rustwide/rustup-home:ro,Z" "-e" "SOURCE_DIR=/opt/rustwide/workdir" "-e" "CARGO_TARGET_DIR=/opt/rustwide/target" "-e" "CARGO_HOME=/opt/rustwide/cargo-home" "-e" "RUSTUP_HOME=/opt/rustwide/rustup-home" "-w" "/opt/rustwide/workdir" "-m" "1610612736" "--user" "0:0" "--network" "none" "ghcr.io/rust-lang/crates-build-env/linux@sha256:a89201d6b5b9fd45c15d5952ece0a0129e7e80cb26ec023fd59cf09bc26f1604" "/opt/rustwide/cargo-home/bin/cargo" "+1.55.0" "metadata" "--no-deps" "--format-version=1", kill_on_drop: false }`
[INFO] [stderr] WARNING: Your kernel does not support swap limit capabilities or the cgroup is not mounted. Memory limited without swap.
[INFO] [stdout] 4f0dd688c45a5ac023b0030d45598c61a5eb64d4ce1ed33da4f81010a7d4d1e3
[INFO] running `Command { std: "docker" "start" "-a" "4f0dd688c45a5ac023b0030d45598c61a5eb64d4ce1ed33da4f81010a7d4d1e3", kill_on_drop: false }`
[INFO] running `Command { std: "docker" "inspect" "4f0dd688c45a5ac023b0030d45598c61a5eb64d4ce1ed33da4f81010a7d4d1e3", kill_on_drop: false }`
[INFO] running `Command { std: "docker" "rm" "-f" "4f0dd688c45a5ac023b0030d45598c61a5eb64d4ce1ed33da4f81010a7d4d1e3", kill_on_drop: false }`
[INFO] [stdout] 4f0dd688c45a5ac023b0030d45598c61a5eb64d4ce1ed33da4f81010a7d4d1e3
[INFO] running `Command { std: "docker" "create" "-v" "/var/lib/crater-agent-workspace/builds/worker-5/target:/opt/rustwide/target:rw,Z" "-v" "/var/lib/crater-agent-workspace/builds/worker-5/source:/opt/rustwide/workdir:ro,Z" "-v" "/var/lib/crater-agent-workspace/cargo-home:/opt/rustwide/cargo-home:ro,Z" "-v" "/var/lib/crater-agent-workspace/rustup-home:/opt/rustwide/rustup-home:ro,Z" "-e" "SOURCE_DIR=/opt/rustwide/workdir" "-e" "CARGO_TARGET_DIR=/opt/rustwide/target" "-e" "CARGO_INCREMENTAL=0" "-e" "RUST_BACKTRACE=full" "-e" "RUSTFLAGS=--cap-lints=warn" "-e" "CARGO_HOME=/opt/rustwide/cargo-home" "-e" "RUSTUP_HOME=/opt/rustwide/rustup-home" "-w" "/opt/rustwide/workdir" "-m" "1610612736" "--user" "0:0" "--network" "none" "ghcr.io/rust-lang/crates-build-env/linux@sha256:a89201d6b5b9fd45c15d5952ece0a0129e7e80cb26ec023fd59cf09bc26f1604" "/opt/rustwide/cargo-home/bin/cargo" "+1.55.0" "check" "--frozen" "--all" "--all-targets" "--message-format=json", kill_on_drop: false }`
[INFO] [stderr] WARNING: Your kernel does not support swap limit capabilities or the cgroup is not mounted. Memory limited without swap.
[INFO] [stdout] cf470209b187eb1724ec3e26d421eb6cbd02c22e3a90fd9729be7bf5b6d14f94
[INFO] running `Command { std: "docker" "start" "-a" "cf470209b187eb1724ec3e26d421eb6cbd02c22e3a90fd9729be7bf5b6d14f94", kill_on_drop: false }`
[INFO] [stderr]    Compiling autocfg v1.0.0
[INFO] [stderr]    Compiling libc v0.2.71
[INFO] [stderr]    Compiling xml-rs v0.8.3
[INFO] [stderr]     Checking lazy_static v1.4.0
[INFO] [stderr]    Compiling log v0.4.8
[INFO] [stderr]    Compiling bitflags v1.2.1
[INFO] [stderr]    Compiling maybe-uninit v2.0.0
[INFO] [stderr]    Compiling byteorder v1.3.4
[INFO] [stderr]    Compiling khronos_api v3.1.0
[INFO] [stderr]    Compiling cfg-if v0.1.10
[INFO] [stderr]     Checking scopeguard v1.1.0
[INFO] [stderr]    Compiling proc-macro2 v0.4.30
[INFO] [stderr]    Compiling libloading v0.6.2
[INFO] [stderr]    Compiling semver-parser v0.7.0
[INFO] [stderr]    Compiling proc-macro2 v1.0.18
[INFO] [stderr]     Checking piston-float v1.0.0
[INFO] [stderr]    Compiling unicode-xid v0.2.1
[INFO] [stderr]    Compiling nix v0.14.1
[INFO] [stderr]     Checking void v1.0.2
[INFO] [stderr]    Compiling syn v1.0.33
[INFO] [stderr]    Compiling serde_derive v1.0.114
[INFO] [stderr]    Compiling rayon-core v1.7.1
[INFO] [stderr]    Compiling pkg-config v0.3.17
[INFO] [stderr]    Compiling serde v1.0.114
[INFO] [stderr]     Checking piston-graphics_api_version v0.2.0
[INFO] [stderr]     Checking same-file v1.0.6
[INFO] [stderr]     Checking downcast-rs v1.2.0
[INFO] [stderr]     Checking adler32 v1.1.0
[INFO] [stderr]    Compiling cc v1.0.58
[INFO] [stderr]    Compiling crc32fast v1.2.0
[INFO] [stderr]    Compiling getrandom v0.1.14
[INFO] [stderr]     Checking either v1.5.3
[INFO] [stderr]     Checking xdg v2.2.0
[INFO] [stderr]     Checking gimli v0.22.0
[INFO] [stderr]     Checking lzw v0.10.0
[INFO] [stderr]     Checking adler v0.2.2
[INFO] [stderr]     Checking object v0.20.0
[INFO] [stderr]     Checking arc-swap v0.4.7
[INFO] [stderr]     Checking color_quant v1.0.1
[INFO] [stderr]     Checking percent-encoding v2.1.0
[INFO] [stderr]     Checking slab v0.4.2
[INFO] [stderr]     Checking rustc-demangle v0.1.16
[INFO] [stderr]     Checking bytemuck v1.2.0
[INFO] [stderr]     Checking scoped_threadpool v0.1.9
[INFO] [stderr]     Checking interpolation v0.2.0
[INFO] [stderr]     Checking fnv v1.0.7
[INFO] [stderr]     Checking piston-texture v0.8.0
[INFO] [stderr]     Checking read_color v1.0.0
[INFO] [stderr]     Checking ppv-lite86 v0.2.8
[INFO] [stderr]     Checking piston-shaders_graphics2d v0.3.1
[INFO] [stderr]     Checking piston-viewport v1.0.0
[INFO] [stderr]     Checking vecmath v1.0.0
[INFO] [stderr]     Checking lock_api v0.3.4
[INFO] [stderr]    Compiling semver v0.9.0
[INFO] [stderr]     Checking shader_version v0.6.0
[INFO] [stderr]    Compiling num-traits v0.2.12
[INFO] [stderr]    Compiling crossbeam-utils v0.7.2
[INFO] [stderr]    Compiling memoffset v0.5.5
[INFO] [stderr]    Compiling num-integer v0.1.43
[INFO] [stderr]    Compiling crossbeam-epoch v0.8.2
[INFO] [stderr]    Compiling num-bigint v0.3.0
[INFO] [stderr]    Compiling rayon v1.3.1
[INFO] [stderr]    Compiling num-rational v0.3.0
[INFO] [stderr]    Compiling num-iter v0.1.41
[INFO] [stderr]     Checking walkdir v2.3.1
[INFO] [stderr]     Checking miniz_oxide v0.3.7
[INFO] [stderr]     Checking miniz_oxide v0.4.0
[INFO] [stderr]     Checking itertools v0.9.0
[INFO] [stderr]     Checking gif v0.10.3
[INFO] [stderr]    Compiling x11-dl v2.18.5
[INFO] [stderr]    Compiling rustc_version v0.2.3
[INFO] [stderr]     Checking dlib v0.4.2
[INFO] [stderr]     Checking smallvec v0.6.13
[INFO] [stderr]    Compiling gl_generator v0.13.1
[INFO] [stderr]    Compiling gl_generator v0.10.0
[INFO] [stderr]     Checking stb_truetype v0.3.1
[INFO] [stderr]     Checking deflate v0.8.6
[INFO] [stderr]     Checking tiff v0.5.0
[INFO] [stderr]    Compiling quote v1.0.7
[INFO] [stderr]    Compiling quote v0.6.13
[INFO] [stderr]    Compiling parking_lot_core v0.6.2
[INFO] [stderr]    Compiling parking_lot v0.9.0
[INFO] [stderr]     Checking num_cpus v1.13.0
[INFO] [stderr]     Checking memmap v0.7.0
[INFO] [stderr]     Checking iovec v0.1.4
[INFO] [stderr]     Checking net2 v0.2.34
[INFO] [stderr]     Checking raw-window-handle v0.3.3
[INFO] [stderr]     Checking shared_library v0.1.9
[INFO] [stderr]     Checking parking_lot_core v0.7.2
[INFO] [stderr]     Checking signal-hook-registry v1.2.0
[INFO] [stderr]     Checking wayland-sys v0.21.13
[INFO] [stderr]    Compiling libloading v0.5.2
[INFO] [stderr]     Checking png v0.16.6
[INFO] [stderr]    Compiling wayland-scanner v0.21.13
[INFO] [stderr]     Checking rand_core v0.5.1
[INFO] [stderr]     Checking osmesa-sys v0.1.2
[INFO] [stderr]     Checking mio v0.6.22
[INFO] [stderr]     Checking parking_lot v0.10.2
[INFO] [stderr]     Checking addr2line v0.13.0
[INFO] [stderr]     Checking rand_chacha v0.2.2
[INFO] [stderr]     Checking crossbeam-queue v0.2.3
[INFO] [stderr]     Checking backtrace v0.3.50
[INFO] [stderr]     Checking rand v0.7.3
[INFO] [stderr]     Checking crossbeam-deque v0.7.3
[INFO] [stderr]     Checking ordered-float v1.1.0
[INFO] [stderr]     Checking approx v0.3.2
[INFO] [stderr]     Checking line_drawing v0.7.0
[INFO] [stderr]     Checking num-complex v0.3.0
[INFO] [stderr]     Checking error-chain v0.10.0
[INFO] [stderr]     Checking signal-hook v0.1.16
[INFO] [stderr]    Compiling glutin_egl_sys v0.1.4
[INFO] [stderr]    Compiling glutin_glx_sys v0.1.6
[INFO] [stderr]    Compiling gl v0.11.0
[INFO] [stderr]     Checking rusttype v0.8.3
[INFO] [stderr]     Checking mem v0.5.0
[INFO] [stderr]     Checking crossterm v0.17.5
[INFO] [stderr]     Checking rusttype v0.7.9
[INFO] [stderr]     Checking piston2d-graphics v0.36.0
[INFO] [stderr]     Checking andrew v0.2.1
[INFO] [stderr]    Compiling wayland-client v0.21.13
[INFO] [stderr]    Compiling wayland-protocols v0.21.13
[INFO] [stderr]     Checking wayland-commons v0.21.13
[INFO] [stderr]     Checking num v0.3.0
[INFO] [stderr]     Checking jpeg-decoder v0.1.20
[INFO] [stderr]     Checking image v0.23.6
[INFO] [stderr]     Checking piston2d-opengl_graphics v0.72.0
[INFO] [stderr]     Checking pistoncore-input v0.28.1
[INFO] [stderr]     Checking pistoncore-window v0.45.0
[INFO] [stderr]     Checking pistoncore-event_loop v0.50.0
[INFO] [stderr]     Checking piston v0.50.0
[INFO] [stderr]     Checking smithay-client-toolkit v0.4.6
[INFO] [stderr]     Checking winit v0.19.5
[INFO] [stderr]     Checking glutin v0.21.2
[INFO] [stderr]     Checking pistoncore-glutin_window v0.64.0
[INFO] [stderr]     Checking sand v0.1.0 (/opt/rustwide/workdir)
[INFO] [stdout] error[E0583]: file not found for module `glue`
[INFO] [stdout]   --> src/lib.rs:14:1
[INFO] [stdout]    |
[INFO] [stdout] 14 | mod glue;
[INFO] [stdout]    | ^^^^^^^^^
[INFO] [stdout]    |
[INFO] [stdout]    = help: to create the module `glue`, create file "src/glue.rs" or "src/glue/mod.rs"
[INFO] [stdout] 
[INFO] [stdout] 
[INFO] [stdout] error[E0583]: file not found for module `glue`
[INFO] [stdout]   --> src/lib.rs:14:1
[INFO] [stdout]    |
[INFO] [stdout] 14 | mod glue;
[INFO] [stdout]    | ^^^^^^^^^
[INFO] [stdout]    |
[INFO] [stdout]    = help: to create the module `glue`, create file "src/glue.rs" or "src/glue/mod.rs"
[INFO] [stdout] 
[INFO] [stdout] 
[INFO] [stdout] error[E0432]: unresolved imports `crate::glue::GlueSetup`, `crate::glue::SOLID_GLUE`
[INFO] [stdout]   --> src/lib.rs:35:19
[INFO] [stdout]    |
[INFO] [stdout] 35 | use crate::glue::{GlueSetup, SOLID_GLUE};
[INFO] [stdout]    |                   ^^^^^^^^^  ^^^^^^^^^^ no `SOLID_GLUE` in `glue`
[INFO] [stdout]    |                   |
[INFO] [stdout]    |                   no `GlueSetup` in `glue`
[INFO] [stdout] 
[INFO] [stdout] 
[INFO] [stdout] error[E0432]: unresolved imports `crate::glue::GlueSetup`, `crate::glue::SOLID_GLUE`
[INFO] [stdout]   --> src/lib.rs:35:19
[INFO] [stdout]    |
[INFO] [stdout] 35 | use crate::glue::{GlueSetup, SOLID_GLUE};
[INFO] [stdout]    |                   ^^^^^^^^^  ^^^^^^^^^^ no `SOLID_GLUE` in `glue`
[INFO] [stdout]    |                   |
[INFO] [stdout]    |                   no `GlueSetup` in `glue`
[INFO] [stdout] 
[INFO] [stdout] 
[INFO] [stdout] error: aborting due to 2 previous errors
[INFO] [stdout] 
[INFO] [stdout] 
[INFO] [stdout] Some errors have detailed explanations: E0432, E0583.
[INFO] [stdout] 
[INFO] [stdout] For more information about an error, try `rustc --explain E0432`.
[INFO] [stdout] 
[INFO] [stderr] error: could not compile `sand` due to 3 previous errors
[INFO] [stderr] warning: build failed, waiting for other jobs to finish...
[INFO] [stdout] error: aborting due to 2 previous errors
[INFO] [stdout] 
[INFO] [stdout] 
[INFO] [stdout] Some errors have detailed explanations: E0432, E0583.
[INFO] [stdout] 
[INFO] [stdout] For more information about an error, try `rustc --explain E0432`.
[INFO] [stdout] 
[INFO] [stderr] error: build failed
[INFO] running `Command { std: "docker" "inspect" "cf470209b187eb1724ec3e26d421eb6cbd02c22e3a90fd9729be7bf5b6d14f94", kill_on_drop: false }`
[INFO] running `Command { std: "docker" "rm" "-f" "cf470209b187eb1724ec3e26d421eb6cbd02c22e3a90fd9729be7bf5b6d14f94", kill_on_drop: false }`
[INFO] [stdout] cf470209b187eb1724ec3e26d421eb6cbd02c22e3a90fd9729be7bf5b6d14f94
