[INFO] cloning repository https://github.com/rconan/asm-im
[INFO] running `Command { std: "git" "-c" "credential.helper=" "-c" "credential.helper=/workspace/cargo-home/bin/git-credential-null" "clone" "--bare" "https://github.com/rconan/asm-im" "/workspace/cache/git-repos/https%3A%2F%2Fgithub.com%2Frconan%2Fasm-im", kill_on_drop: false }`
[INFO] [stderr] Cloning into bare repository '/workspace/cache/git-repos/https%3A%2F%2Fgithub.com%2Frconan%2Fasm-im'...
[INFO] running `Command { std: "git" "rev-parse" "HEAD", kill_on_drop: false }`
[INFO] [stdout] 6388d674f2c38acd1e8ae7acb68e4300b2f2498b
[INFO] checking rconan/asm-im against 1.55.0 for beta-1.56-3
[INFO] running `Command { std: "git" "clone" "/workspace/cache/git-repos/https%3A%2F%2Fgithub.com%2Frconan%2Fasm-im" "/workspace/builds/worker-52/source", kill_on_drop: false }`
[INFO] [stderr] Cloning into '/workspace/builds/worker-52/source'...
[INFO] [stderr] done.
[INFO] validating manifest of git repo https://github.com/rconan/asm-im on toolchain 1.55.0
[INFO] running `Command { std: "/workspace/cargo-home/bin/cargo" "+1.55.0" "metadata" "--manifest-path" "Cargo.toml" "--no-deps", kill_on_drop: false }`
[INFO] started tweaking git repo https://github.com/rconan/asm-im
[INFO] finished tweaking git repo https://github.com/rconan/asm-im
[INFO] tweaked toml for git repo https://github.com/rconan/asm-im written to /workspace/builds/worker-52/source/Cargo.toml
[INFO] crate git repo https://github.com/rconan/asm-im already has a lockfile, it will not be regenerated
[INFO] running `Command { std: "/workspace/cargo-home/bin/cargo" "+1.55.0" "fetch" "--manifest-path" "Cargo.toml", kill_on_drop: false }`
[INFO] [stderr]     Blocking waiting for file lock on package cache
[INFO] [stderr]     Updating git repository `https://github.com/rconan/dosio.git`
[INFO] [stderr]     Updating git repository `https://github.com/rconan/simulink-rs.git`
[INFO] [stderr]     Updating git repository `https://github.com/rconan/complot.git`
[INFO] [stderr]     Updating git repository `https://github.com/rconan/fem.git`
[INFO] [stderr]     Blocking waiting for file lock on package cache
[INFO] [stderr]  Downloading crates ...
[INFO] [stderr]   Downloaded proc-macro2 v1.0.27
[INFO] [stderr]   Downloaded ansi_term v0.11.0
[INFO] [stderr]   Downloaded rayon v1.5.1
[INFO] [stderr]   Downloaded serde v1.0.126
[INFO] [stderr]   Downloaded crossbeam-deque v0.8.0
[INFO] [stderr]   Downloaded pathfinder_simd v0.5.1
[INFO] [stderr]   Downloaded chrono v0.4.19
[INFO] [stderr]   Downloaded terminal_size v0.1.17
[INFO] [stderr]   Downloaded crossbeam-epoch v0.9.5
[INFO] [stderr]   Downloaded crossbeam-channel v0.5.1
[INFO] [stderr]   Downloaded atty v0.2.14
[INFO] [stderr]   Downloaded clap v2.33.3
[INFO] [stderr]   Downloaded rawpointer v0.2.1
[INFO] [stderr]   Downloaded rayon-core v1.9.1
[INFO] [stderr]   Downloaded simba v0.4.0
[INFO] [stderr]   Downloaded num-traits v0.2.14
[INFO] [stderr]   Downloaded web-sys v0.3.51
[INFO] [stderr]   Downloaded nalgebra v0.18.1
[INFO] [stderr]   Downloaded console v0.14.1
[INFO] [stderr]   Downloaded servo-fontconfig v0.5.1
[INFO] [stderr]   Downloaded cgmath v0.17.0
[INFO] [stderr]   Downloaded generic-array v0.12.4
[INFO] [stderr]   Downloaded num-bigint v0.2.6
[INFO] [stderr]   Downloaded semver v0.11.0
[INFO] [stderr]   Downloaded paste v1.0.5
[INFO] [stderr]   Downloaded semver-parser v0.10.2
[INFO] [stderr]   Downloaded num-complex v0.2.4
[INFO] [stderr]   Downloaded plotters-svg v0.3.1
[INFO] [stderr]   Downloaded matrixmultiply v0.3.1
[INFO] [stderr]   Downloaded approx v0.4.0
[INFO] [stderr]   Downloaded clamp v0.1.0
[INFO] [stderr]   Downloaded pdqselect v0.1.0
[INFO] [stderr]   Downloaded colorous v1.0.5
[INFO] [stderr]   Downloaded core-graphics-types v0.1.1
[INFO] [stderr]   Downloaded pathfinder_geometry v0.5.1
[INFO] [stderr]   Downloaded redox_syscall v0.2.9
[INFO] [stderr]   Downloaded plotters-bitmap v0.3.1
[INFO] [stderr]   Downloaded plotters-backend v0.3.2
[INFO] [stderr]   Downloaded number_prefix v0.4.0
[INFO] [stderr]   Downloaded regex-syntax v0.6.25
[INFO] [stderr]   Downloaded indicatif v0.16.2
[INFO] [stderr]   Downloaded alga v0.9.3
[INFO] [stderr]   Downloaded num-bigint v0.3.2
[INFO] [stderr]   Downloaded spade v1.8.2
[INFO] [stderr]   Downloaded num-complex v0.3.1
[INFO] [stderr]   Downloaded num v0.2.1
[INFO] [stderr]   Downloaded bytemuck v1.7.0
[INFO] [stderr]   Downloaded wio v0.2.2
[INFO] [stderr]   Downloaded float-ord v0.2.0
[INFO] [stderr]   Downloaded expat-sys v2.1.6
[INFO] [stderr]   Downloaded num-integer v0.1.44
[INFO] [stderr]   Downloaded libc v0.2.98
[INFO] [stderr]   Downloaded wasm-bindgen-backend v0.2.74
[INFO] [stderr]   Downloaded memoffset v0.6.4
[INFO] [stderr]   Downloaded freetype-sys v0.13.1
[INFO] [stderr]   Downloaded num-rational v0.2.4
[INFO] [stderr]   Downloaded num-complex v0.4.0
[INFO] [stderr]   Downloaded servo-fontconfig-sys v5.1.0
[INFO] [stderr]   Downloaded nalgebra v0.26.2
[INFO] [stderr]   Downloaded wasm-bindgen-macro-support v0.2.74
[INFO] [stderr]   Downloaded colored v1.9.3
[INFO] [stderr]   Downloaded simple_logger v1.11.0
[INFO] [stderr]   Downloaded num-rational v0.3.2
[INFO] [stderr]   Downloaded time v0.1.44
[INFO] [stderr]   Downloaded unicode-width v0.1.8
[INFO] [stderr]   Downloaded libm v0.2.1
[INFO] [stderr]   Downloaded wasi v0.10.0+wasi-snapshot-preview1
[INFO] [stderr]   Downloaded syn v1.0.73
[INFO] [stderr]   Downloaded plotters v0.3.1
[INFO] [stderr]   Downloaded approx v0.3.2
[INFO] [stderr]   Downloaded matrixmultiply v0.2.4
[INFO] [stderr]   Downloaded dwrote v0.11.0
[INFO] [stderr]   Downloaded gif v0.11.2
[INFO] [stderr]   Downloaded hermit-abi v0.1.19
[INFO] [stderr]   Downloaded weezl v0.1.5
[INFO] [stderr]   Downloaded jpeg-decoder v0.1.22
[INFO] [stderr]   Downloaded deflate v0.8.6
[INFO] [stderr]   Downloaded adler32 v1.2.0
[INFO] [stderr]   Downloaded image v0.23.14
[INFO] [stderr]   Downloaded serde-pickle v0.6.2
[INFO] [stderr]   Downloaded structopt-derive v0.4.15
[INFO] [stderr]   Downloaded iter-read v0.3.0
[INFO] [stderr]   Downloaded core-text v19.2.0
[INFO] [stderr]   Downloaded freetype v0.7.0
[INFO] [stderr]   Downloaded color_quant v1.1.0
[INFO] [stderr]   Downloaded png v0.16.8
[INFO] [stderr]   Downloaded ttf-parser v0.12.3
[INFO] [stderr]   Downloaded regex v1.5.4
[INFO] [stderr]   Downloaded num-iter v0.1.42
[INFO] [stderr]   Downloaded encode_unicode v0.3.6
[INFO] [stderr]   Downloaded cmake v0.1.45
[INFO] [stderr]   Downloaded rustc_version v0.3.3
[INFO] [stderr]   Downloaded bumpalo v3.7.0
[INFO] [stderr]   Downloaded strsim v0.8.0
[INFO] [stderr]   Downloaded proc-macro-error v1.0.4
[INFO] [stderr]   Downloaded core-foundation v0.9.1
[INFO] [stderr]   Downloaded pkg-config v0.3.19
[INFO] [stderr]   Downloaded same-file v1.0.6
[INFO] [stderr]   Downloaded winapi-util v0.1.5
[INFO] [stderr]   Downloaded font-kit v0.10.1
[INFO] [stderr]   Downloaded miniz_oxide v0.3.7
[INFO] [stderr]   Downloaded wasm-bindgen-shared v0.2.74
[INFO] [stderr]   Downloaded unicode-segmentation v1.8.0
[INFO] [stderr]   Downloaded textwrap v0.11.0
[INFO] [stderr]   Downloaded vec_map v0.8.2
[INFO] [stderr]   Downloaded structopt v0.3.22
[INFO] [stderr]   Downloaded pest v2.1.3
[INFO] [stderr]   Downloaded typenum v1.13.0
[INFO] [stderr]   Downloaded crossbeam-utils v0.8.5
[INFO] [stderr]   Downloaded dirs-sys-next v0.1.2
[INFO] [stderr]   Downloaded cc v1.0.68
[INFO] [stderr]   Downloaded walkdir v2.3.2
[INFO] [stderr]   Downloaded ucd-trie v0.1.3
[INFO] [stderr]   Downloaded js-sys v0.3.51
[INFO] [stderr]   Downloaded heck v0.3.3
[INFO] [stderr]   Downloaded proc-macro-error-attr v1.0.4
[INFO] [stderr]   Downloaded version_check v0.9.3
[INFO] [stderr]   Downloaded unicode-xid v0.2.2
[INFO] [stderr]   Downloaded core-foundation-sys v0.8.2
[INFO] [stderr]   Downloaded getrandom v0.2.3
[INFO] [stderr]   Downloaded redox_users v0.4.0
[INFO] [stderr]   Downloaded dirs-next v2.0.0
[INFO] [stderr]   Downloaded wasm-bindgen-macro v0.2.74
[INFO] [stderr]   Downloaded wasm-bindgen v0.2.74
[INFO] [stderr]   Downloaded serde_derive v1.0.126
[INFO] [stderr]   Downloaded core-graphics v0.22.2
[INFO] running `Command { std: "docker" "create" "-v" "/var/lib/crater-agent-workspace/builds/worker-52/target:/opt/rustwide/target:rw,Z" "-v" "/var/lib/crater-agent-workspace/builds/worker-52/source:/opt/rustwide/workdir:ro,Z" "-v" "/var/lib/crater-agent-workspace/cargo-home:/opt/rustwide/cargo-home:ro,Z" "-v" "/var/lib/crater-agent-workspace/rustup-home:/opt/rustwide/rustup-home:ro,Z" "-e" "SOURCE_DIR=/opt/rustwide/workdir" "-e" "CARGO_TARGET_DIR=/opt/rustwide/target" "-e" "CARGO_HOME=/opt/rustwide/cargo-home" "-e" "RUSTUP_HOME=/opt/rustwide/rustup-home" "-w" "/opt/rustwide/workdir" "-m" "1610612736" "--user" "0:0" "--network" "none" "ghcr.io/rust-lang/crates-build-env/linux@sha256:a89201d6b5b9fd45c15d5952ece0a0129e7e80cb26ec023fd59cf09bc26f1604" "/opt/rustwide/cargo-home/bin/cargo" "+1.55.0" "metadata" "--no-deps" "--format-version=1", kill_on_drop: false }`
[INFO] [stdout] 686df26d8ac5ec2347cf8e2cbc39d88dac5becf51720471388a36675685feb78
[INFO] running `Command { std: "docker" "start" "-a" "686df26d8ac5ec2347cf8e2cbc39d88dac5becf51720471388a36675685feb78", kill_on_drop: false }`
[INFO] running `Command { std: "docker" "inspect" "686df26d8ac5ec2347cf8e2cbc39d88dac5becf51720471388a36675685feb78", kill_on_drop: false }`
[INFO] running `Command { std: "docker" "rm" "-f" "686df26d8ac5ec2347cf8e2cbc39d88dac5becf51720471388a36675685feb78", kill_on_drop: false }`
[INFO] [stdout] 686df26d8ac5ec2347cf8e2cbc39d88dac5becf51720471388a36675685feb78
[INFO] running `Command { std: "docker" "create" "-v" "/var/lib/crater-agent-workspace/builds/worker-52/target:/opt/rustwide/target:rw,Z" "-v" "/var/lib/crater-agent-workspace/builds/worker-52/source:/opt/rustwide/workdir:ro,Z" "-v" "/var/lib/crater-agent-workspace/cargo-home:/opt/rustwide/cargo-home:ro,Z" "-v" "/var/lib/crater-agent-workspace/rustup-home:/opt/rustwide/rustup-home:ro,Z" "-e" "SOURCE_DIR=/opt/rustwide/workdir" "-e" "CARGO_TARGET_DIR=/opt/rustwide/target" "-e" "CARGO_INCREMENTAL=0" "-e" "RUST_BACKTRACE=full" "-e" "RUSTFLAGS=--cap-lints=warn" "-e" "CARGO_HOME=/opt/rustwide/cargo-home" "-e" "RUSTUP_HOME=/opt/rustwide/rustup-home" "-w" "/opt/rustwide/workdir" "-m" "1610612736" "--user" "0:0" "--network" "none" "ghcr.io/rust-lang/crates-build-env/linux@sha256:a89201d6b5b9fd45c15d5952ece0a0129e7e80cb26ec023fd59cf09bc26f1604" "/opt/rustwide/cargo-home/bin/cargo" "+1.55.0" "check" "--frozen" "--all" "--all-targets" "--message-format=json", kill_on_drop: false }`
[INFO] [stdout] 0db73f1d47f16c414983a34ba705234e8736214d8cbacb795a156bffd9ffb247
[INFO] running `Command { std: "docker" "start" "-a" "0db73f1d47f16c414983a34ba705234e8736214d8cbacb795a156bffd9ffb247", kill_on_drop: false }`
[INFO] [stderr]     Blocking waiting for file lock on package cache
[INFO] [stderr]    Compiling libc v0.2.98
[INFO] [stderr]    Compiling libm v0.2.1
[INFO] [stderr]    Compiling cc v1.0.68
[INFO] [stderr]    Compiling proc-macro2 v1.0.27
[INFO] [stderr]    Compiling pkg-config v0.3.19
[INFO] [stderr]    Compiling autocfg v0.1.7
[INFO] [stderr]    Compiling syn v1.0.73
[INFO] [stderr]    Compiling serde_derive v1.0.126
[INFO] [stderr]    Compiling serde v1.0.126
[INFO] [stderr]    Compiling typenum v1.13.0
[INFO] [stderr]    Compiling crossbeam-utils v0.8.5
[INFO] [stderr]    Compiling crc32fast v1.2.1
[INFO] [stderr]     Checking adler32 v1.2.0
[INFO] [stderr]    Compiling paste v1.0.5
[INFO] [stderr]    Compiling crossbeam-epoch v0.9.5
[INFO] [stderr]     Checking color_quant v1.1.0
[INFO] [stderr]    Compiling rayon-core v1.9.1
[INFO] [stderr]     Checking jpeg-decoder v0.1.22
[INFO] [stderr]    Compiling unicode-segmentation v1.8.0
[INFO] [stderr]     Checking plotters-backend v0.3.2
[INFO] [stderr]     Checking bytemuck v1.7.0
[INFO] [stderr]    Compiling cgmath v0.17.0
[INFO] [stderr]     Checking weezl v0.1.5
[INFO] [stderr]     Checking simulink-rs v0.1.0 (https://github.com/rconan/simulink-rs.git?branch=main#9b88580b)
[INFO] [stderr]     Checking clamp v0.1.0
[INFO] [stderr]     Checking regex-syntax v0.6.25
[INFO] [stderr]     Checking smallvec v1.6.1
[INFO] [stderr]     Checking ttf-parser v0.12.3
[INFO] [stderr]     Checking iter-read v0.3.0
[INFO] [stderr]     Checking pdqselect v0.1.0
[INFO] [stderr]     Checking colorous v1.0.5
[INFO] [stderr]     Checking number_prefix v0.4.0
[INFO] [stderr]    Compiling num-traits v0.2.14
[INFO] [stderr]    Compiling num-integer v0.1.44
[INFO] [stderr]    Compiling num-iter v0.1.42
[INFO] [stderr]    Compiling num-rational v0.3.2
[INFO] [stderr]    Compiling memoffset v0.6.4
[INFO] [stderr]    Compiling num-complex v0.2.4
[INFO] [stderr]    Compiling num-bigint v0.2.6
[INFO] [stderr]    Compiling num-rational v0.2.4
[INFO] [stderr]    Compiling num-bigint v0.3.2
[INFO] [stderr]    Compiling rayon v1.5.1
[INFO] [stderr]    Compiling proc-macro-error-attr v1.0.4
[INFO] [stderr]    Compiling proc-macro-error v1.0.4
[INFO] [stderr]     Checking walkdir v2.3.2
[INFO] [stderr]     Checking matrixmultiply v0.2.4
[INFO] [stderr]     Checking matrixmultiply v0.3.1
[INFO] [stderr]    Compiling semver-parser v0.10.2
[INFO] [stderr]     Checking rand_xorshift v0.1.1
[INFO] [stderr]     Checking rand_hc v0.1.0
[INFO] [stderr]     Checking rand_isaac v0.1.1
[INFO] [stderr]     Checking deflate v0.8.6
[INFO] [stderr]     Checking miniz_oxide v0.3.7
[INFO] [stderr]     Checking gif v0.11.2
[INFO] [stderr]    Compiling servo-fontconfig-sys v5.1.0
[INFO] [stderr]    Compiling cmake v0.1.45
[INFO] [stderr]     Checking plotters-svg v0.3.1
[INFO] [stderr]    Compiling heck v0.3.3
[INFO] [stderr]    Compiling rand_pcg v0.1.2
[INFO] [stderr]    Compiling rand_chacha v0.1.1
[INFO] [stderr]    Compiling rand v0.6.5
[INFO] [stderr]    Compiling semver v0.11.0
[INFO] [stderr]     Checking png v0.16.8
[INFO] [stderr]     Checking crossbeam-channel v0.5.1
[INFO] [stderr]    Compiling freetype-sys v0.13.1
[INFO] [stderr]    Compiling expat-sys v2.1.6
[INFO] [stderr]    Compiling asm-control v0.1.0 (/opt/rustwide/workdir/asm-control)
[INFO] [stderr]    Compiling rustc_version v0.3.3
[INFO] [stderr]     Checking regex v1.5.4
[INFO] [stderr]     Checking atty v0.2.14
[INFO] [stderr]     Checking rand_os v0.1.3
[INFO] [stderr]     Checking time v0.1.44
[INFO] [stderr]     Checking dirs-sys-next v0.1.2
[INFO] [stderr]     Checking num_cpus v1.13.0
[INFO] [stderr]     Checking terminal_size v0.1.17
[INFO] [stderr]    Compiling quote v1.0.9
[INFO] [stderr]     Checking console v0.14.1
[INFO] [stderr]     Checking clap v2.33.3
[INFO] [stderr]     Checking colored v1.9.3
[INFO] [stderr]     Checking dirs-next v2.0.0
[INFO] [stderr]     Checking crossbeam-deque v0.8.0
[INFO] [stderr]    Compiling pathfinder_simd v0.5.1
[INFO] [stderr]     Checking generic-array v0.12.4
[INFO] [stderr]     Checking approx v0.3.2
[INFO] [stderr]     Checking num-complex v0.3.1
[INFO] [stderr]     Checking approx v0.4.0
[INFO] [stderr]     Checking num-complex v0.4.0
[INFO] [stderr]     Checking indicatif v0.16.2
[INFO] [stderr]     Checking freetype v0.7.0
[INFO] [stderr]     Checking servo-fontconfig v0.5.1
[INFO] [stderr]     Checking chrono v0.4.19
[INFO] [stderr]     Checking simba v0.4.0
[INFO] [stderr]     Checking alga v0.9.3
[INFO] [stderr]     Checking image v0.23.14
[INFO] [stderr]     Checking pathfinder_geometry v0.5.1
[INFO] [stderr]     Checking font-kit v0.10.1
[INFO] [stderr]     Checking simple_logger v1.11.0
[INFO] [stderr]     Checking num v0.2.1
[INFO] [stderr]     Checking nalgebra v0.18.1
[INFO] [stderr]     Checking plotters-bitmap v0.3.1
[INFO] [stderr]     Checking plotters v0.3.1
[INFO] [stderr]    Compiling structopt-derive v0.4.15
[INFO] [stderr]     Checking structopt v0.3.22
[INFO] [stderr]     Checking nalgebra v0.26.2
[INFO] [stderr]     Checking spade v1.8.2
[INFO] [stderr]     Checking dosio v0.1.0 (https://github.com/rconan/dosio.git?branch=main#a754390e)
[INFO] [stderr]     Checking serde-pickle v0.6.2
[INFO] [stderr]     Checking complot v0.1.0 (https://github.com/rconan/complot.git#847cd3c0)
[INFO] [stderr]     Checking fem v0.1.0 (https://github.com/rconan/fem.git?branch=dos#3503853e)
[INFO] [stdout] error[E0433]: failed to resolve: use of undeclared type `Segment`
[INFO] [stdout]   --> asm-control/src/segment1/mod.rs:98:44
[INFO] [stdout]    |
[INFO] [stdout] 98 |         let mut asm_ctrl = Controller::new(Segment::One);
[INFO] [stdout]    |                                            ^^^^^^^ use of undeclared type `Segment`
[INFO] [stdout] 
[INFO] [stdout] 
[INFO] [stdout] error[E0433]: failed to resolve: use of undeclared type `Segment`
[INFO] [stdout]   --> asm-control/src/segment2/mod.rs:98:44
[INFO] [stdout]    |
[INFO] [stdout] 98 |         let mut asm_ctrl = Controller::new(Segment::One);
[INFO] [stdout]    |                                            ^^^^^^^ use of undeclared type `Segment`
[INFO] [stdout] 
[INFO] [stdout] 
[INFO] [stdout] error[E0433]: failed to resolve: use of undeclared type `Segment`
[INFO] [stdout]   --> asm-control/src/segment3/mod.rs:98:44
[INFO] [stdout]    |
[INFO] [stdout] 98 |         let mut asm_ctrl = Controller::new(Segment::One);
[INFO] [stdout]    |                                            ^^^^^^^ use of undeclared type `Segment`
[INFO] [stdout] 
[INFO] [stdout] 
[INFO] [stdout] error[E0433]: failed to resolve: use of undeclared type `Segment`
[INFO] [stdout]   --> asm-control/src/segment4/mod.rs:98:44
[INFO] [stdout]    |
[INFO] [stdout] 98 |         let mut asm_ctrl = Controller::new(Segment::One);
[INFO] [stdout]    |                                            ^^^^^^^ use of undeclared type `Segment`
[INFO] [stdout] 
[INFO] [stdout] 
[INFO] [stdout] error[E0433]: failed to resolve: use of undeclared type `Segment`
[INFO] [stdout]   --> asm-control/src/segment5/mod.rs:98:44
[INFO] [stdout]    |
[INFO] [stdout] 98 |         let mut asm_ctrl = Controller::new(Segment::One);
[INFO] [stdout]    |                                            ^^^^^^^ use of undeclared type `Segment`
[INFO] [stdout] 
[INFO] [stdout] 
[INFO] [stdout] error[E0433]: failed to resolve: use of undeclared type `Segment`
[INFO] [stdout]   --> asm-control/src/segment6/mod.rs:98:44
[INFO] [stdout]    |
[INFO] [stdout] 98 |         let mut asm_ctrl = Controller::new(Segment::One);
[INFO] [stdout]    |                                            ^^^^^^^ use of undeclared type `Segment`
[INFO] [stdout] 
[INFO] [stdout] 
[INFO] [stdout] error[E0433]: failed to resolve: use of undeclared type `Segment`
[INFO] [stdout]   --> asm-control/src/segment7/mod.rs:98:44
[INFO] [stdout]    |
[INFO] [stdout] 98 |         let mut asm_ctrl = Controller::new(Segment::One);
[INFO] [stdout]    |                                            ^^^^^^^ use of undeclared type `Segment`
[INFO] [stdout] 
[INFO] [stdout] 
[INFO] [stdout] error[E0061]: this function takes 0 arguments but 1 argument was supplied
[INFO] [stdout]   --> asm-control/src/segment1/mod.rs:98:28
[INFO] [stdout]    |
[INFO] [stdout] 98 |         let mut asm_ctrl = Controller::new(Segment::One);
[INFO] [stdout]    |                            ^^^^^^^^^^^^^^^ ------------ supplied 1 argument
[INFO] [stdout]    |                            |
[INFO] [stdout]    |                            expected 0 arguments
[INFO] [stdout]    |
[INFO] [stdout] note: associated function defined here
[INFO] [stdout]   --> asm-control/src/segment1/mod.rs:7:1
[INFO] [stdout]    |
[INFO] [stdout] 7  | / build_controller!(ASM_modal_controller_S1,
[INFO] [stdout] 8  | |           U : (ASM_cmd -> (ASMCmd, asm_cmd),
[INFO] [stdout] 9  | |                ASM_FB -> (ASMFB, asm_fb)),
[INFO] [stdout] 10 | |           Y : (ASM_modalF -> (ASMModalF, asm_modal_f),
[INFO] [stdout] 11 | |                Mag_modal_vel -> (MagModalVel, mag_modal_vel))
[INFO] [stdout] 12 | | );
[INFO] [stdout]    | |__^
[INFO] [stdout]    = note: this error originates in the macro `build_controller` (in Nightly builds, run with -Z macro-backtrace for more info)
[INFO] [stdout] 
[INFO] [stdout] 
[INFO] [stdout] error[E0061]: this function takes 0 arguments but 1 argument was supplied
[INFO] [stdout]   --> asm-control/src/segment2/mod.rs:98:28
[INFO] [stdout]    |
[INFO] [stdout] 98 |         let mut asm_ctrl = Controller::new(Segment::One);
[INFO] [stdout]    |                            ^^^^^^^^^^^^^^^ ------------ supplied 1 argument
[INFO] [stdout]    |                            |
[INFO] [stdout]    |                            expected 0 arguments
[INFO] [stdout]    |
[INFO] [stdout] note: associated function defined here
[INFO] [stdout]   --> asm-control/src/segment2/mod.rs:7:1
[INFO] [stdout]    |
[INFO] [stdout] 7  | / build_controller!(ASM_modal_controller_S2,
[INFO] [stdout] 8  | |           U : (ASM_cmd -> (ASMCmd, asm_cmd),
[INFO] [stdout] 9  | |                ASM_FB -> (ASMFB, asm_fb)),
[INFO] [stdout] 10 | |           Y : (ASM_modalF -> (ASMModalF, asm_modal_f),
[INFO] [stdout] 11 | |                Mag_modal_vel -> (MagModalVel, mag_modal_vel))
[INFO] [stdout] 12 | | );
[INFO] [stdout]    | |__^
[INFO] [stdout]    = note: this error originates in the macro `build_controller` (in Nightly builds, run with -Z macro-backtrace for more info)
[INFO] [stdout] 
[INFO] [stdout] 
[INFO] [stdout] error[E0061]: this function takes 0 arguments but 1 argument was supplied
[INFO] [stdout]   --> asm-control/src/segment3/mod.rs:98:28
[INFO] [stdout]    |
[INFO] [stdout] 98 |         let mut asm_ctrl = Controller::new(Segment::One);
[INFO] [stdout]    |                            ^^^^^^^^^^^^^^^ ------------ supplied 1 argument
[INFO] [stdout]    |                            |
[INFO] [stdout]    |                            expected 0 arguments
[INFO] [stdout]    |
[INFO] [stdout] note: associated function defined here
[INFO] [stdout]   --> asm-control/src/segment3/mod.rs:7:1
[INFO] [stdout]    |
[INFO] [stdout] 7  | / build_controller!(ASM_modal_controller_S3,
[INFO] [stdout] 8  | |           U : (ASM_cmd -> (ASMCmd, asm_cmd),
[INFO] [stdout] 9  | |                ASM_FB -> (ASMFB, asm_fb)),
[INFO] [stdout] 10 | |           Y : (ASM_modalF -> (ASMModalF, asm_modal_f),
[INFO] [stdout] 11 | |                Mag_modal_vel -> (MagModalVel, mag_modal_vel))
[INFO] [stdout] 12 | | );
[INFO] [stdout]    | |__^
[INFO] [stdout]    = note: this error originates in the macro `build_controller` (in Nightly builds, run with -Z macro-backtrace for more info)
[INFO] [stdout] 
[INFO] [stdout] 
[INFO] [stdout] error[E0061]: this function takes 0 arguments but 1 argument was supplied
[INFO] [stdout]   --> asm-control/src/segment4/mod.rs:98:28
[INFO] [stdout]    |
[INFO] [stdout] 98 |         let mut asm_ctrl = Controller::new(Segment::One);
[INFO] [stdout]    |                            ^^^^^^^^^^^^^^^ ------------ supplied 1 argument
[INFO] [stdout]    |                            |
[INFO] [stdout]    |                            expected 0 arguments
[INFO] [stdout]    |
[INFO] [stdout] note: associated function defined here
[INFO] [stdout]   --> asm-control/src/segment4/mod.rs:7:1
[INFO] [stdout]    |
[INFO] [stdout] 7  | / build_controller!(ASM_modal_controller_S4,
[INFO] [stdout] 8  | |           U : (ASM_cmd -> (ASMCmd, asm_cmd),
[INFO] [stdout] 9  | |                ASM_FB -> (ASMFB, asm_fb)),
[INFO] [stdout] 10 | |           Y : (ASM_modalF -> (ASMModalF, asm_modal_f),
[INFO] [stdout] 11 | |                Mag_modal_vel -> (MagModalVel, mag_modal_vel))
[INFO] [stdout] 12 | | );
[INFO] [stdout]    | |__^
[INFO] [stdout]    = note: this error originates in the macro `build_controller` (in Nightly builds, run with -Z macro-backtrace for more info)
[INFO] [stdout] 
[INFO] [stdout] 
[INFO] [stdout] error[E0061]: this function takes 0 arguments but 1 argument was supplied
[INFO] [stdout]   --> asm-control/src/segment5/mod.rs:98:28
[INFO] [stdout]    |
[INFO] [stdout] 98 |         let mut asm_ctrl = Controller::new(Segment::One);
[INFO] [stdout]    |                            ^^^^^^^^^^^^^^^ ------------ supplied 1 argument
[INFO] [stdout]    |                            |
[INFO] [stdout]    |                            expected 0 arguments
[INFO] [stdout]    |
[INFO] [stdout] note: associated function defined here
[INFO] [stdout]   --> asm-control/src/segment5/mod.rs:7:1
[INFO] [stdout]    |
[INFO] [stdout] 7  | / build_controller!(ASM_modal_controller_S5,
[INFO] [stdout] 8  | |           U : (ASM_cmd -> (ASMCmd, asm_cmd),
[INFO] [stdout] 9  | |                ASM_FB -> (ASMFB, asm_fb)),
[INFO] [stdout] 10 | |           Y : (ASM_modalF -> (ASMModalF, asm_modal_f),
[INFO] [stdout] 11 | |                Mag_modal_vel -> (MagModalVel, mag_modal_vel))
[INFO] [stdout] 12 | | );
[INFO] [stdout]    | |__^
[INFO] [stdout]    = note: this error originates in the macro `build_controller` (in Nightly builds, run with -Z macro-backtrace for more info)
[INFO] [stdout] 
[INFO] [stdout] 
[INFO] [stdout] error[E0061]: this function takes 0 arguments but 1 argument was supplied
[INFO] [stdout]   --> asm-control/src/segment6/mod.rs:98:28
[INFO] [stdout]    |
[INFO] [stdout] 98 |         let mut asm_ctrl = Controller::new(Segment::One);
[INFO] [stdout]    |                            ^^^^^^^^^^^^^^^ ------------ supplied 1 argument
[INFO] [stdout]    |                            |
[INFO] [stdout]    |                            expected 0 arguments
[INFO] [stdout]    |
[INFO] [stdout] note: associated function defined here
[INFO] [stdout]   --> asm-control/src/segment6/mod.rs:7:1
[INFO] [stdout]    |
[INFO] [stdout] 7  | / build_controller!(ASM_modal_controller_S6,
[INFO] [stdout] 8  | |           U : (ASM_cmd -> (ASMCmd, asm_cmd),
[INFO] [stdout] 9  | |                ASM_FB -> (ASMFB, asm_fb)),
[INFO] [stdout] 10 | |           Y : (ASM_modalF -> (ASMModalF, asm_modal_f),
[INFO] [stdout] 11 | |                Mag_modal_vel -> (MagModalVel, mag_modal_vel))
[INFO] [stdout] 12 | | );
[INFO] [stdout]    | |__^
[INFO] [stdout]    = note: this error originates in the macro `build_controller` (in Nightly builds, run with -Z macro-backtrace for more info)
[INFO] [stdout] 
[INFO] [stdout] 
[INFO] [stdout] error[E0061]: this function takes 0 arguments but 1 argument was supplied
[INFO] [stdout]   --> asm-control/src/segment7/mod.rs:98:28
[INFO] [stdout]    |
[INFO] [stdout] 98 |         let mut asm_ctrl = Controller::new(Segment::One);
[INFO] [stdout]    |                            ^^^^^^^^^^^^^^^ ------------ supplied 1 argument
[INFO] [stdout]    |                            |
[INFO] [stdout]    |                            expected 0 arguments
[INFO] [stdout]    |
[INFO] [stdout] note: associated function defined here
[INFO] [stdout]   --> asm-control/src/segment7/mod.rs:7:1
[INFO] [stdout]    |
[INFO] [stdout] 7  | / build_controller!(ASM_modal_controller_S7,
[INFO] [stdout] 8  | |           U : (ASM_cmd -> (ASMCmd, asm_cmd),
[INFO] [stdout] 9  | |                ASM_FB -> (ASMFB, asm_fb)),
[INFO] [stdout] 10 | |           Y : (ASM_modalF -> (ASMModalF, asm_modal_f),
[INFO] [stdout] 11 | |                Mag_modal_vel -> (MagModalVel, mag_modal_vel))
[INFO] [stdout] 12 | | );
[INFO] [stdout]    | |__^
[INFO] [stdout]    = note: this error originates in the macro `build_controller` (in Nightly builds, run with -Z macro-backtrace for more info)
[INFO] [stdout] 
[INFO] [stdout] 
[INFO] [stdout] error: aborting due to 14 previous errors
[INFO] [stdout] 
[INFO] [stdout] 
[INFO] [stdout] Some errors have detailed explanations: E0061, E0433.
[INFO] [stdout] 
[INFO] [stdout] For more information about an error, try `rustc --explain E0061`.
[INFO] [stdout] 
[INFO] [stderr] error: could not compile `asm-control` due to 15 previous errors
[INFO] [stderr] warning: build failed, waiting for other jobs to finish...
[INFO] [stderr] error: build failed
[INFO] running `Command { std: "docker" "inspect" "0db73f1d47f16c414983a34ba705234e8736214d8cbacb795a156bffd9ffb247", kill_on_drop: false }`
[INFO] running `Command { std: "docker" "rm" "-f" "0db73f1d47f16c414983a34ba705234e8736214d8cbacb795a156bffd9ffb247", kill_on_drop: false }`
[INFO] [stdout] 0db73f1d47f16c414983a34ba705234e8736214d8cbacb795a156bffd9ffb247
