[INFO] cloning repository https://github.com/rcbmor/rust-example-tower
[INFO] running `Command { std: "git" "-c" "credential.helper=" "-c" "credential.helper=/workspace/cargo-home/bin/git-credential-null" "clone" "--bare" "https://github.com/rcbmor/rust-example-tower" "/workspace/cache/git-repos/https%3A%2F%2Fgithub.com%2Frcbmor%2Frust-example-tower", kill_on_drop: false }`
[INFO] [stderr] Cloning into bare repository '/workspace/cache/git-repos/https%3A%2F%2Fgithub.com%2Frcbmor%2Frust-example-tower'...
[INFO] running `Command { std: "git" "rev-parse" "HEAD", kill_on_drop: false }`
[INFO] [stdout] 354369848110fc1623b856ff5ff8da4bd84e46d8
[INFO] checking rcbmor/rust-example-tower against beta-2021-10-15 for beta-1.56-3
[INFO] running `Command { std: "git" "clone" "/workspace/cache/git-repos/https%3A%2F%2Fgithub.com%2Frcbmor%2Frust-example-tower" "/workspace/builds/worker-110/source", kill_on_drop: false }`
[INFO] [stderr] Cloning into '/workspace/builds/worker-110/source'...
[INFO] [stderr] done.
[INFO] validating manifest of git repo https://github.com/rcbmor/rust-example-tower on toolchain beta-2021-10-15
[INFO] running `Command { std: "/workspace/cargo-home/bin/cargo" "+beta-2021-10-15" "metadata" "--manifest-path" "Cargo.toml" "--no-deps", kill_on_drop: false }`
[INFO] started tweaking git repo https://github.com/rcbmor/rust-example-tower
[INFO] finished tweaking git repo https://github.com/rcbmor/rust-example-tower
[INFO] tweaked toml for git repo https://github.com/rcbmor/rust-example-tower written to /workspace/builds/worker-110/source/Cargo.toml
[INFO] crate git repo https://github.com/rcbmor/rust-example-tower already has a lockfile, it will not be regenerated
[INFO] running `Command { std: "/workspace/cargo-home/bin/cargo" "+beta-2021-10-15" "fetch" "--manifest-path" "Cargo.toml", kill_on_drop: false }`
[INFO] [stderr]     Blocking waiting for file lock on package cache
[INFO] [stderr]     Blocking waiting for file lock on package cache
[INFO] [stderr]  Downloading crates ...
[INFO] [stderr]   Downloaded futures-sink v0.3.12
[INFO] [stderr]   Downloaded futures-macro v0.3.12
[INFO] [stderr]   Downloaded futures-core v0.3.12
[INFO] [stderr]   Downloaded futures-task v0.3.12
[INFO] [stderr]   Downloaded warp v0.2.5
[INFO] [stderr]   Downloaded rand_core v0.6.1
[INFO] [stderr]   Downloaded multipart v0.17.1
[INFO] [stderr]   Downloaded constant_time_eq v0.1.5
[INFO] [stderr]   Downloaded arrayref v0.3.6
[INFO] [stderr]   Downloaded blake2b_simd v0.5.11
[INFO] [stderr]   Downloaded humantime v2.1.0
[INFO] [stderr]   Downloaded redox_syscall v0.1.57
[INFO] [stderr]   Downloaded futures-executor v0.3.12
[INFO] [stderr]   Downloaded http-body v0.4.0
[INFO] [stderr]   Downloaded env_logger v0.8.2
[INFO] [stderr]   Downloaded headers v0.3.3
[INFO] [stderr]   Downloaded ascii v0.9.3
[INFO] [stderr]   Downloaded subprocess v0.2.6
[INFO] [stderr]   Downloaded security-framework-sys v2.0.0
[INFO] [stderr]   Downloaded vcpkg v0.2.11
[INFO] [stderr]   Downloaded schannel v0.1.19
[INFO] [stderr]   Downloaded cc v1.0.66
[INFO] [stderr]   Downloaded hyper-tls v0.4.3
[INFO] [stderr]   Downloaded dirs v3.0.1
[INFO] [stderr]   Downloaded tokio-macros v1.0.0
[INFO] [stderr]   Downloaded semver v0.10.0
[INFO] [stderr]   Downloaded cargo-edit v0.7.0
[INFO] [stderr]   Downloaded regex v1.4.3
[INFO] [stderr]   Downloaded wasm-bindgen-futures v0.4.20
[INFO] [stderr]   Downloaded wasm-bindgen-backend v0.2.70
[INFO] [stderr]   Downloaded form_urlencoded v1.0.0
[INFO] [stderr]   Downloaded url v2.2.0
[INFO] [stderr]   Downloaded futures v0.3.12
[INFO] [stderr]   Downloaded byteorder v1.4.2
[INFO] [stderr]   Downloaded dtoa v0.4.7
[INFO] [stderr]   Downloaded tower-layer v0.3.1
[INFO] [stderr]   Downloaded error-chain v0.12.4
[INFO] [stderr]   Downloaded wasm-bindgen-macro v0.2.70
[INFO] [stderr]   Downloaded cargo_metadata v0.11.4
[INFO] [stderr]   Downloaded utf-8 v0.7.5
[INFO] [stderr]   Downloaded parking_lot_core v0.8.2
[INFO] [stderr]   Downloaded wasm-bindgen-shared v0.2.70
[INFO] [stderr]   Downloaded combine v3.8.1
[INFO] [stderr]   Downloaded tokio-util v0.6.3
[INFO] [stderr]   Downloaded miow v0.3.6
[INFO] [stderr]   Downloaded jobserver v0.1.21
[INFO] [stderr]   Downloaded urlencoding v1.1.1
[INFO] [stderr]   Downloaded redox_users v0.3.5
[INFO] [stderr]   Downloaded miniz_oxide v0.4.3
[INFO] [stderr]   Downloaded hex v0.4.2
[INFO] [stderr]   Downloaded ntapi v0.3.6
[INFO] [stderr]   Downloaded serde_json v1.0.61
[INFO] [stderr]   Downloaded redox_syscall v0.2.4
[INFO] [stderr]   Downloaded dirs-sys v0.3.5
[INFO] [stderr]   Downloaded adler v0.2.3
[INFO] [stderr]   Downloaded unicode-normalization v0.1.16
[INFO] [stderr]   Downloaded indexmap v1.6.1
[INFO] [stderr]   Downloaded futures-util v0.3.12
[INFO] [stderr]   Downloaded futures-channel v0.3.12
[INFO] [stderr]   Downloaded once_cell v1.5.2
[INFO] [stderr]   Downloaded pin-project-lite v0.1.11
[INFO] [stderr]   Downloaded input_buffer v0.3.1
[INFO] [stderr]   Downloaded sha-1 v0.9.3
[INFO] [stderr]   Downloaded tungstenite v0.11.1
[INFO] [stderr]   Downloaded quote v1.0.8
[INFO] [stderr]   Downloaded tracing-futures v0.2.4
[INFO] [stderr]   Downloaded tokio-tungstenite v0.11.0
[INFO] [stderr]   Downloaded syn v1.0.60
[INFO] [stderr]   Downloaded bumpalo v3.6.0
[INFO] [stderr]   Downloaded pin-project-lite v0.2.4
[INFO] [stderr]   Downloaded tracing v0.1.22
[INFO] [stderr]   Downloaded regex-syntax v0.6.22
[INFO] [stderr]   Downloaded tracing-attributes v0.1.11
[INFO] [stderr]   Downloaded libc v0.2.84
[INFO] [stderr]   Downloaded native-tls v0.2.7
[INFO] [stderr]   Downloaded tower v0.4.4
[INFO] [stderr]   Downloaded hyper v0.13.9
[INFO] [stderr]   Downloaded env_proxy v0.4.1
[INFO] [stderr]   Downloaded security-framework v2.0.0
[INFO] [stderr]   Downloaded crossbeam-utils v0.8.1
[INFO] [stderr]   Downloaded web-sys v0.3.47
[INFO] [stderr]   Downloaded js-sys v0.3.47
[INFO] [stderr]   Downloaded tokio-tls v0.3.1
[INFO] [stderr]   Downloaded libgit2-sys v0.12.18+1.1.0
[INFO] [stderr]   Downloaded wasm-bindgen-macro-support v0.2.70
[INFO] [stderr]   Downloaded hyper v0.14.2
[INFO] [stderr]   Downloaded thread_local v1.1.2
[INFO] [stderr]   Downloaded libz-sys v1.1.2
[INFO] [stderr]   Downloaded h2 v0.3.0
[INFO] [stderr]   Downloaded toml_edit v0.2.0
[INFO] [stderr]   Downloaded wasm-bindgen v0.2.70
[INFO] [stderr]   Downloaded tokio v1.1.1
[INFO] [stderr]   Downloaded headers-core v0.2.0
[INFO] [stderr]   Downloaded rust-argon2 v0.8.3
[INFO] [stderr]   Downloaded buf_redux v0.8.4
[INFO] [stderr]   Downloaded twoway v0.1.8
[INFO] [stderr]   Downloaded futures-io v0.3.12
[INFO] [stderr]   Downloaded openssl v0.10.32
[INFO] [stderr]   Downloaded git2 v0.13.17
[INFO] [stderr]   Downloaded libssh2-sys v0.2.21
[INFO] [stderr]   Downloaded encoding_rs v0.8.26
[INFO] [stderr]   Downloaded mio v0.7.7
[INFO] [stderr]   Downloaded openssl-sys v0.9.60
[INFO] running `Command { std: "docker" "create" "-v" "/var/lib/crater-agent-workspace/builds/worker-110/target:/opt/rustwide/target:rw,Z" "-v" "/var/lib/crater-agent-workspace/builds/worker-110/source:/opt/rustwide/workdir:ro,Z" "-v" "/var/lib/crater-agent-workspace/cargo-home:/opt/rustwide/cargo-home:ro,Z" "-v" "/var/lib/crater-agent-workspace/rustup-home:/opt/rustwide/rustup-home:ro,Z" "-e" "SOURCE_DIR=/opt/rustwide/workdir" "-e" "CARGO_TARGET_DIR=/opt/rustwide/target" "-e" "CARGO_HOME=/opt/rustwide/cargo-home" "-e" "RUSTUP_HOME=/opt/rustwide/rustup-home" "-w" "/opt/rustwide/workdir" "-m" "1610612736" "--user" "0:0" "--network" "none" "ghcr.io/rust-lang/crates-build-env/linux@sha256:a89201d6b5b9fd45c15d5952ece0a0129e7e80cb26ec023fd59cf09bc26f1604" "/opt/rustwide/cargo-home/bin/cargo" "+beta-2021-10-15" "metadata" "--no-deps" "--format-version=1", kill_on_drop: false }`
[INFO] [stdout] b8a99adbd8fd2a0eabad956a4da737c50292d1bb18f68ceaa8106896cb30582c
[INFO] running `Command { std: "docker" "start" "-a" "b8a99adbd8fd2a0eabad956a4da737c50292d1bb18f68ceaa8106896cb30582c", kill_on_drop: false }`
[INFO] running `Command { std: "docker" "inspect" "b8a99adbd8fd2a0eabad956a4da737c50292d1bb18f68ceaa8106896cb30582c", kill_on_drop: false }`
[INFO] running `Command { std: "docker" "rm" "-f" "b8a99adbd8fd2a0eabad956a4da737c50292d1bb18f68ceaa8106896cb30582c", kill_on_drop: false }`
[INFO] [stdout] b8a99adbd8fd2a0eabad956a4da737c50292d1bb18f68ceaa8106896cb30582c
[INFO] running `Command { std: "docker" "create" "-v" "/var/lib/crater-agent-workspace/builds/worker-110/target:/opt/rustwide/target:rw,Z" "-v" "/var/lib/crater-agent-workspace/builds/worker-110/source:/opt/rustwide/workdir:ro,Z" "-v" "/var/lib/crater-agent-workspace/cargo-home:/opt/rustwide/cargo-home:ro,Z" "-v" "/var/lib/crater-agent-workspace/rustup-home:/opt/rustwide/rustup-home:ro,Z" "-e" "SOURCE_DIR=/opt/rustwide/workdir" "-e" "CARGO_TARGET_DIR=/opt/rustwide/target" "-e" "CARGO_INCREMENTAL=0" "-e" "RUST_BACKTRACE=full" "-e" "RUSTFLAGS=--cap-lints=warn" "-e" "CARGO_HOME=/opt/rustwide/cargo-home" "-e" "RUSTUP_HOME=/opt/rustwide/rustup-home" "-w" "/opt/rustwide/workdir" "-m" "1610612736" "--user" "0:0" "--network" "none" "ghcr.io/rust-lang/crates-build-env/linux@sha256:a89201d6b5b9fd45c15d5952ece0a0129e7e80cb26ec023fd59cf09bc26f1604" "/opt/rustwide/cargo-home/bin/cargo" "+beta-2021-10-15" "check" "--frozen" "--all" "--all-targets" "--message-format=json", kill_on_drop: false }`
[INFO] [stdout] 48b3b63a1c881e9cf2fc0c481632c8c1049b912118c57b32529641aec5d23c95
[INFO] running `Command { std: "docker" "start" "-a" "48b3b63a1c881e9cf2fc0c481632c8c1049b912118c57b32529641aec5d23c95", kill_on_drop: false }`
[INFO] [stderr]     Blocking waiting for file lock on package cache
[INFO] [stderr]     Blocking waiting for file lock on package cache
[INFO] [stderr]    Compiling libc v0.2.84
[INFO] [stderr]    Compiling autocfg v1.0.1
[INFO] [stderr]    Compiling syn v1.0.60
[INFO] [stderr]    Compiling pkg-config v0.3.19
[INFO] [stderr]     Checking itoa v0.4.7
[INFO] [stderr]     Checking bytes v1.0.1
[INFO] [stderr]     Checking futures-core v0.3.12
[INFO] [stderr]     Checking fnv v1.0.7
[INFO] [stderr]     Checking pin-project-lite v0.2.4
[INFO] [stderr]     Checking slab v0.4.2
[INFO] [stderr]    Compiling proc-macro-hack v0.5.19
[INFO] [stderr]     Checking futures-sink v0.3.12
[INFO] [stderr]    Compiling proc-macro-nested v0.1.7
[INFO] [stderr]    Compiling typenum v1.12.0
[INFO] [stderr]     Checking bytes v0.5.6
[INFO] [stderr]    Compiling pin-project-internal v0.4.27
[INFO] [stderr]     Checking pin-utils v0.1.0
[INFO] [stderr]     Checking futures-io v0.3.12
[INFO] [stderr]    Compiling httparse v1.3.5
[INFO] [stderr]     Checking pin-project-lite v0.1.11
[INFO] [stderr]     Checking byteorder v1.4.2
[INFO] [stderr]    Compiling getrandom v0.1.16
[INFO] [stderr]     Checking ppv-lite86 v0.2.10
[INFO] [stderr]     Checking hashbrown v0.9.1
[INFO] [stderr]    Compiling getrandom v0.2.2
[INFO] [stderr]     Checking tower-service v0.3.1
[INFO] [stderr]     Checking smallvec v1.6.1
[INFO] [stderr]     Checking foreign-types-shared v0.1.1
[INFO] [stderr]     Checking try-lock v0.2.3
[INFO] [stderr]     Checking scopeguard v1.1.0
[INFO] [stderr]    Compiling openssl v0.10.32
[INFO] [stderr]     Checking httpdate v0.3.2
[INFO] [stderr]     Checking openssl-probe v0.1.2
[INFO] [stderr]    Compiling native-tls v0.2.7
[INFO] [stderr]     Checking mime v0.3.16
[INFO] [stderr]     Checking byte-tools v0.3.1
[INFO] [stderr]    Compiling serde_json v1.0.61
[INFO] [stderr]     Checking adler v0.2.3
[INFO] [stderr]     Checking gimli v0.23.0
[INFO] [stderr]     Checking opaque-debug v0.3.0
[INFO] [stderr]     Checking ucd-trie v0.1.3
[INFO] [stderr]    Compiling failure_derive v0.1.8
[INFO] [stderr]     Checking cpuid-bool v0.1.2
[INFO] [stderr]     Checking object v0.23.0
[INFO] [stderr]    Compiling encoding_rs v0.8.26
[INFO] [stderr]     Checking rustc-demangle v0.1.18
[INFO] [stderr]     Checking semver-parser v0.7.0
[INFO] [stderr]     Checking base64 v0.12.3
[INFO] [stderr]     Checking ascii v0.9.3
[INFO] [stderr]     Checking remove_dir_all v0.5.3
[INFO] [stderr]     Checking utf-8 v0.7.5
[INFO] [stderr]     Checking fake-simd v0.1.2
[INFO] [stderr]     Checking safemem v0.3.3
[INFO] [stderr]     Checking either v1.6.1
[INFO] [stderr]     Checking opaque-debug v0.2.3
[INFO] [stderr]     Checking regex-syntax v0.6.22
[INFO] [stderr]     Checking quick-error v1.2.3
[INFO] [stderr]     Checking ipnet v2.3.0
[INFO] [stderr]     Checking urlencoding v1.1.1
[INFO] [stderr]     Checking tower-layer v0.3.1
[INFO] [stderr]     Checking hex v0.4.2
[INFO] [stderr]     Checking futures-task v0.3.12
[INFO] [stderr]     Checking tracing-core v0.1.17
[INFO] [stderr]     Checking form_urlencoded v1.0.0
[INFO] [stderr]    Compiling unicase v2.6.0
[INFO] [stderr]    Compiling generic-array v0.14.4
[INFO] [stderr]     Checking instant v0.1.9
[INFO] [stderr]     Checking thread_local v1.1.2
[INFO] [stderr]    Compiling error-chain v0.12.4
[INFO] [stderr]     Checking unicode-normalization v0.1.16
[INFO] [stderr]     Checking twoway v0.1.8
[INFO] [stderr]     Checking block-padding v0.1.5
[INFO] [stderr]     Checking lock_api v0.4.2
[INFO] [stderr]     Checking foreign-types v0.3.2
[INFO] [stderr]     Checking futures-channel v0.3.12
[INFO] [stderr]     Checking buf_redux v0.8.4
[INFO] [stderr]     Checking want v0.3.0
[INFO] [stderr]     Checking http v0.2.3
[INFO] [stderr]     Checking pest v2.1.3
[INFO] [stderr]     Checking combine v3.8.1
[INFO] [stderr]     Checking input_buffer v0.3.1
[INFO] [stderr]    Compiling indexmap v1.6.1
[INFO] [stderr]    Compiling num-traits v0.2.14
[INFO] [stderr]    Compiling tokio v1.1.1
[INFO] [stderr]    Compiling miniz_oxide v0.4.3
[INFO] [stderr]    Compiling num-integer v0.1.44
[INFO] [stderr]    Compiling jobserver v0.1.21
[INFO] [stderr]     Checking num_cpus v1.13.0
[INFO] [stderr]     Checking iovec v0.1.4
[INFO] [stderr]     Checking net2 v0.2.37
[INFO] [stderr]     Checking parking_lot_core v0.8.2
[INFO] [stderr]     Checking socket2 v0.3.19
[INFO] [stderr]     Checking time v0.1.43
[INFO] [stderr]     Checking mio v0.7.7
[INFO] [stderr]     Checking signal-hook-registry v1.3.0
[INFO] [stderr]     Checking atty v0.2.14
[INFO] [stderr]     Checking dirs-sys v0.3.5
[INFO] [stderr]     Checking subprocess v0.2.6
[INFO] [stderr]     Checking idna v0.2.0
[INFO] [stderr]    Compiling cc v1.0.66
[INFO] [stderr]     Checking clap v2.33.3
[INFO] [stderr]     Checking dirs v3.0.1
[INFO] [stderr]     Checking rand_core v0.6.1
[INFO] [stderr]     Checking rand_core v0.5.1
[INFO] [stderr]     Checking parking_lot v0.11.1
[INFO] [stderr]    Compiling mime_guess v2.0.3
[INFO] [stderr]     Checking mio v0.6.23
[INFO] [stderr]     Checking rand_chacha v0.3.0
[INFO] [stderr]     Checking rand_chacha v0.2.2
[INFO] [stderr]     Checking generic-array v0.12.3
[INFO] [stderr]     Checking semver-parser v0.10.2
[INFO] [stderr]     Checking url v2.2.0
[INFO] [stderr]     Checking rand v0.7.3
[INFO] [stderr]     Checking rand v0.8.3
[INFO] [stderr]     Checking block-buffer v0.7.3
[INFO] [stderr]     Checking digest v0.8.1
[INFO] [stderr]     Checking block-buffer v0.9.0
[INFO] [stderr]     Checking digest v0.9.0
[INFO] [stderr]     Checking tokio v0.2.25
[INFO] [stderr]     Checking sha-1 v0.8.2
[INFO] [stderr]     Checking regex v1.4.3
[INFO] [stderr]     Checking sha-1 v0.9.3
[INFO] [stderr]     Checking env_proxy v0.4.1
[INFO] [stderr]    Compiling openssl-sys v0.9.60
[INFO] [stderr]    Compiling libz-sys v1.1.2
[INFO] [stderr]    Compiling libssh2-sys v0.2.21
[INFO] [stderr]    Compiling libgit2-sys v0.12.18+1.1.0
[INFO] [stderr]     Checking http-body v0.3.1
[INFO] [stderr]     Checking headers-core v0.2.0
[INFO] [stderr]     Checking http-body v0.4.0
[INFO] [stderr]     Checking tempfile v3.2.0
[INFO] [stderr]     Checking headers v0.3.3
[INFO] [stderr]     Checking tungstenite v0.11.1
[INFO] [stderr]     Checking addr2line v0.14.1
[INFO] [stderr]     Checking chrono v0.4.19
[INFO] [stderr]     Checking multipart v0.17.1
[INFO] [stderr]     Checking backtrace v0.3.56
[INFO] [stderr]     Checking env_logger v0.8.2
[INFO] [stderr]     Checking tokio-util v0.3.1
[INFO] [stderr]     Checking toml_edit v0.2.0
[INFO] [stderr]    Compiling proc-macro-error v1.0.4
[INFO] [stderr]    Compiling synstructure v0.12.4
[INFO] [stderr]     Checking tokio-tls v0.3.1
[INFO] [stderr]     Checking git2 v0.13.17
[INFO] [stderr]    Compiling futures-macro v0.3.12
[INFO] [stderr]    Compiling serde_derive v1.0.123
[INFO] [stderr]    Compiling tracing-attributes v0.1.11
[INFO] [stderr]    Compiling pin-project-internal v1.0.5
[INFO] [stderr]    Compiling tokio-macros v1.0.0
[INFO] [stderr]    Compiling structopt-derive v0.4.14
[INFO] [stderr]     Checking failure v0.1.8
[INFO] [stderr]     Checking futures-util v0.3.12
[INFO] [stderr]     Checking pin-project v1.0.5
[INFO] [stderr]     Checking tracing v0.1.22
[INFO] [stderr]     Checking structopt v0.3.21
[INFO] [stderr]     Checking pin-project v0.4.27
[INFO] [stderr]     Checking tracing-futures v0.2.4
[INFO] [stderr]     Checking futures-executor v0.3.12
[INFO] [stderr]     Checking tokio-tungstenite v0.11.0
[INFO] [stderr]     Checking h2 v0.2.7
[INFO] [stderr]     Checking tokio-util v0.6.3
[INFO] [stderr]     Checking tower v0.4.4
[INFO] [stderr]     Checking futures v0.3.12
[INFO] [stderr]     Checking serde v1.0.123
[INFO] [stderr]     Checking h2 v0.3.0
[INFO] [stderr]     Checking hyper v0.13.9
[INFO] [stderr]     Checking serde_urlencoded v0.7.0
[INFO] [stderr]     Checking semver v0.10.0
[INFO] [stderr]     Checking semver v0.11.0
[INFO] [stderr]     Checking toml v0.5.8
[INFO] [stderr]     Checking serde_urlencoded v0.6.1
[INFO] [stderr]     Checking hyper v0.14.2
[INFO] [stderr]     Checking cargo_metadata v0.11.4
[INFO] [stderr]     Checking hyper-tls v0.4.3
[INFO] [stderr]     Checking warp v0.2.5
[INFO] [stderr]     Checking reqwest v0.10.10
[INFO] [stderr]     Checking cargo-edit v0.7.0
[INFO] [stderr]     Checking rust-example-tower v0.1.0 (/opt/rustwide/workdir)
[INFO] [stdout] error[E0277]: the trait bound `RateLimit<ConcurrencyLimit<hyper::service::util::ServiceFn<fn(Request<Body>) -> impl futures::Future {handle}, Body>>>: Clone` is not satisfied
[INFO] [stdout]    --> src/main.rs:49:44
[INFO] [stdout]     |
[INFO] [stdout] 49  |     let server = Server::bind(&addr).serve(make_service);
[INFO] [stdout]     |                                            ^^^^^^^^^^^^
[INFO] [stdout]     |                                            |
[INFO] [stdout]     |                                            expected an implementor of trait `Clone`
[INFO] [stdout]     |                                            help: consider borrowing here: `&make_service`
[INFO] [stdout]     |
[INFO] [stdout] note: required because of the requirements on the impl of `Clone` for `Timeout<RateLimit<ConcurrencyLimit<hyper::service::util::ServiceFn<fn(Request<Body>) -> impl futures::Future {handle}, Body>>>>`
[INFO] [stdout]    --> src/main.rs:193:10
[INFO] [stdout]     |
[INFO] [stdout] 193 | #[derive(Clone, Copy)]
[INFO] [stdout]     |          ^^^^^
[INFO] [stdout] note: required because of the requirements on the impl of `Service<Request<Body>>` for `Logging<Timeout<RateLimit<ConcurrencyLimit<hyper::service::util::ServiceFn<fn(Request<Body>) -> impl futures::Future {handle}, Body>>>>>`
[INFO] [stdout]    --> src/main.rs:120:12
[INFO] [stdout]     |
[INFO] [stdout] 120 | impl<S, B> Service<Request<B>> for Logging<S>
[INFO] [stdout]     |            ^^^^^^^^^^^^^^^^^^^     ^^^^^^^^^^
[INFO] [stdout]     = note: required because of the requirements on the impl of `hyper::service::http::HttpService<Body>` for `Logging<Timeout<RateLimit<ConcurrencyLimit<hyper::service::util::ServiceFn<fn(Request<Body>) -> impl futures::Future {handle}, Body>>>>>`
[INFO] [stdout]     = note: this error originates in the derive macro `Clone` (in Nightly builds, run with -Z macro-backtrace for more info)
[INFO] [stdout] 
[INFO] [stdout] 
[INFO] [stdout] error[E0277]: the trait bound `RateLimit<ConcurrencyLimit<hyper::service::util::ServiceFn<fn(Request<Body>) -> impl futures::Future {handle}, Body>>>: Clone` is not satisfied
[INFO] [stdout]    --> src/main.rs:49:44
[INFO] [stdout]     |
[INFO] [stdout] 49  |     let server = Server::bind(&addr).serve(make_service);
[INFO] [stdout]     |                                            ^^^^^^^^^^^^
[INFO] [stdout]     |                                            |
[INFO] [stdout]     |                                            expected an implementor of trait `Clone`
[INFO] [stdout]     |                                            help: consider borrowing here: `&make_service`
[INFO] [stdout]     |
[INFO] [stdout] note: required because of the requirements on the impl of `Clone` for `Timeout<RateLimit<ConcurrencyLimit<hyper::service::util::ServiceFn<fn(Request<Body>) -> impl futures::Future {handle}, Body>>>>`
[INFO] [stdout]    --> src/main.rs:193:10
[INFO] [stdout]     |
[INFO] [stdout] 193 | #[derive(Clone, Copy)]
[INFO] [stdout]     |          ^^^^^
[INFO] [stdout] note: required because of the requirements on the impl of `Service<Request<Body>>` for `Logging<Timeout<RateLimit<ConcurrencyLimit<hyper::service::util::ServiceFn<fn(Request<Body>) -> impl futures::Future {handle}, Body>>>>>`
[INFO] [stdout]    --> src/main.rs:120:12
[INFO] [stdout]     |
[INFO] [stdout] 120 | impl<S, B> Service<Request<B>> for Logging<S>
[INFO] [stdout]     |            ^^^^^^^^^^^^^^^^^^^     ^^^^^^^^^^
[INFO] [stdout]     = note: required because of the requirements on the impl of `hyper::service::http::HttpService<Body>` for `Logging<Timeout<RateLimit<ConcurrencyLimit<hyper::service::util::ServiceFn<fn(Request<Body>) -> impl futures::Future {handle}, Body>>>>>`
[INFO] [stdout]     = note: this error originates in the derive macro `Clone` (in Nightly builds, run with -Z macro-backtrace for more info)
[INFO] [stdout] 
[INFO] [stdout] 
[INFO] [stdout] error[E0277]: the trait bound `RateLimit<ConcurrencyLimit<hyper::service::util::ServiceFn<fn(Request<Body>) -> impl futures::Future {handle}, Body>>>: Clone` is not satisfied
[INFO] [stdout]    --> src/main.rs:49:38
[INFO] [stdout]     |
[INFO] [stdout] 49  |     let server = Server::bind(&addr).serve(make_service);
[INFO] [stdout]     |                                      ^^^^^ the trait `Clone` is not implemented for `RateLimit<ConcurrencyLimit<hyper::service::util::ServiceFn<fn(Request<Body>) -> impl futures::Future {handle}, Body>>>`
[INFO] [stdout]     |
[INFO] [stdout] note: required because of the requirements on the impl of `Clone` for `Timeout<RateLimit<ConcurrencyLimit<hyper::service::util::ServiceFn<fn(Request<Body>) -> impl futures::Future {handle}, Body>>>>`
[INFO] [stdout]    --> src/main.rs:193:10
[INFO] [stdout]     |
[INFO] [stdout] 193 | #[derive(Clone, Copy)]
[INFO] [stdout]     |          ^^^^^
[INFO] [stdout] note: required because of the requirements on the impl of `Service<Request<Body>>` for `Logging<Timeout<RateLimit<ConcurrencyLimit<hyper::service::util::ServiceFn<fn(Request<Body>) -> impl futures::Future {handle}, Body>>>>>`
[INFO] [stdout]    --> src/main.rs:120:12
[INFO] [stdout]     |
[INFO] [stdout] 120 | impl<S, B> Service<Request<B>> for Logging<S>
[INFO] [stdout]     |            ^^^^^^^^^^^^^^^^^^^     ^^^^^^^^^^
[INFO] [stdout]     = note: required because of the requirements on the impl of `hyper::service::http::HttpService<Body>` for `Logging<Timeout<RateLimit<ConcurrencyLimit<hyper::service::util::ServiceFn<fn(Request<Body>) -> impl futures::Future {handle}, Body>>>>>`
[INFO] [stdout]     = note: this error originates in the derive macro `Clone` (in Nightly builds, run with -Z macro-backtrace for more info)
[INFO] [stdout] 
[INFO] [stdout] 
[INFO] [stdout] error[E0277]: the trait bound `RateLimit<ConcurrencyLimit<hyper::service::util::ServiceFn<fn(Request<Body>) -> impl futures::Future {handle}, Body>>>: Clone` is not satisfied
[INFO] [stdout]    --> src/main.rs:49:38
[INFO] [stdout]     |
[INFO] [stdout] 49  |     let server = Server::bind(&addr).serve(make_service);
[INFO] [stdout]     |                                      ^^^^^ the trait `Clone` is not implemented for `RateLimit<ConcurrencyLimit<hyper::service::util::ServiceFn<fn(Request<Body>) -> impl futures::Future {handle}, Body>>>`
[INFO] [stdout]     |
[INFO] [stdout] note: required because of the requirements on the impl of `Clone` for `Timeout<RateLimit<ConcurrencyLimit<hyper::service::util::ServiceFn<fn(Request<Body>) -> impl futures::Future {handle}, Body>>>>`
[INFO] [stdout]    --> src/main.rs:193:10
[INFO] [stdout]     |
[INFO] [stdout] 193 | #[derive(Clone, Copy)]
[INFO] [stdout]     |          ^^^^^
[INFO] [stdout] note: required because of the requirements on the impl of `Service<Request<Body>>` for `Logging<Timeout<RateLimit<ConcurrencyLimit<hyper::service::util::ServiceFn<fn(Request<Body>) -> impl futures::Future {handle}, Body>>>>>`
[INFO] [stdout]    --> src/main.rs:120:12
[INFO] [stdout]     |
[INFO] [stdout] 120 | impl<S, B> Service<Request<B>> for Logging<S>
[INFO] [stdout]     |            ^^^^^^^^^^^^^^^^^^^     ^^^^^^^^^^
[INFO] [stdout]     = note: required because of the requirements on the impl of `hyper::service::http::HttpService<Body>` for `Logging<Timeout<RateLimit<ConcurrencyLimit<hyper::service::util::ServiceFn<fn(Request<Body>) -> impl futures::Future {handle}, Body>>>>>`
[INFO] [stdout]     = note: this error originates in the derive macro `Clone` (in Nightly builds, run with -Z macro-backtrace for more info)
[INFO] [stdout] 
[INFO] [stdout] 
[INFO] [stdout] error: aborting due to 2 previous errors
[INFO] [stdout] 
[INFO] [stdout] 
[INFO] [stdout] For more information about this error, try `rustc --explain E0277`.
[INFO] [stdout] 
[INFO] [stdout] error: aborting due to 2 previous errors
[INFO] [stdout] 
[INFO] [stdout] 
[INFO] [stdout] For more information about this error, try `rustc --explain E0277`.
[INFO] [stdout] 
[INFO] [stderr] error: could not compile `rust-example-tower` due to 3 previous errors
[INFO] [stderr] warning: build failed, waiting for other jobs to finish...
[INFO] [stderr] error: build failed
[INFO] running `Command { std: "docker" "inspect" "48b3b63a1c881e9cf2fc0c481632c8c1049b912118c57b32529641aec5d23c95", kill_on_drop: false }`
[INFO] running `Command { std: "docker" "rm" "-f" "48b3b63a1c881e9cf2fc0c481632c8c1049b912118c57b32529641aec5d23c95", kill_on_drop: false }`
[INFO] [stdout] 48b3b63a1c881e9cf2fc0c481632c8c1049b912118c57b32529641aec5d23c95
