[INFO] cloning repository https://github.com/raz-a/msp432_blink
[INFO] running `Command { std: "git" "-c" "credential.helper=" "-c" "credential.helper=/workspace/cargo-home/bin/git-credential-null" "clone" "--bare" "https://github.com/raz-a/msp432_blink" "/workspace/cache/git-repos/https%3A%2F%2Fgithub.com%2Fraz-a%2Fmsp432_blink", kill_on_drop: false }`
[INFO] [stderr] Cloning into bare repository '/workspace/cache/git-repos/https%3A%2F%2Fgithub.com%2Fraz-a%2Fmsp432_blink'...
[INFO] running `Command { std: "git" "rev-parse" "HEAD", kill_on_drop: false }`
[INFO] [stdout] 8f8b092c4f7aaa25f1d300c8bc6540ad5d24cdf2
[INFO] checking raz-a/msp432_blink against 1.55.0 for beta-1.56-3
[INFO] running `Command { std: "git" "clone" "/workspace/cache/git-repos/https%3A%2F%2Fgithub.com%2Fraz-a%2Fmsp432_blink" "/workspace/builds/worker-0/source", kill_on_drop: false }`
[INFO] [stderr] Cloning into '/workspace/builds/worker-0/source'...
[INFO] [stderr] done.
[INFO] validating manifest of git repo https://github.com/raz-a/msp432_blink on toolchain 1.55.0
[INFO] running `Command { std: "/workspace/cargo-home/bin/cargo" "+1.55.0" "metadata" "--manifest-path" "Cargo.toml" "--no-deps", kill_on_drop: false }`
[INFO] removed /workspace/builds/worker-0/source/.cargo/config
[INFO] started tweaking git repo https://github.com/raz-a/msp432_blink
[INFO] finished tweaking git repo https://github.com/raz-a/msp432_blink
[INFO] tweaked toml for git repo https://github.com/raz-a/msp432_blink written to /workspace/builds/worker-0/source/Cargo.toml
[INFO] crate git repo https://github.com/raz-a/msp432_blink already has a lockfile, it will not be regenerated
[INFO] running `Command { std: "/workspace/cargo-home/bin/cargo" "+1.55.0" "fetch" "--manifest-path" "Cargo.toml", kill_on_drop: false }`
[INFO] [stderr]     Blocking waiting for file lock on package cache
[INFO] [stderr]     Blocking waiting for file lock on package cache
[INFO] running `Command { std: "docker" "create" "-v" "/var/lib/crater-agent-workspace/builds/worker-0/target:/opt/rustwide/target:rw,Z" "-v" "/var/lib/crater-agent-workspace/builds/worker-0/source:/opt/rustwide/workdir:ro,Z" "-v" "/var/lib/crater-agent-workspace/cargo-home:/opt/rustwide/cargo-home:ro,Z" "-v" "/var/lib/crater-agent-workspace/rustup-home:/opt/rustwide/rustup-home:ro,Z" "-e" "SOURCE_DIR=/opt/rustwide/workdir" "-e" "CARGO_TARGET_DIR=/opt/rustwide/target" "-e" "CARGO_HOME=/opt/rustwide/cargo-home" "-e" "RUSTUP_HOME=/opt/rustwide/rustup-home" "-w" "/opt/rustwide/workdir" "-m" "1610612736" "--user" "0:0" "--network" "none" "ghcr.io/rust-lang/crates-build-env/linux@sha256:a89201d6b5b9fd45c15d5952ece0a0129e7e80cb26ec023fd59cf09bc26f1604" "/opt/rustwide/cargo-home/bin/cargo" "+1.55.0" "metadata" "--no-deps" "--format-version=1", kill_on_drop: false }`
[INFO] [stdout] eff2360db4befd126d035c9317ce427e7f389ba40cb53f963f1966dbf7679b0e
[INFO] running `Command { std: "docker" "start" "-a" "eff2360db4befd126d035c9317ce427e7f389ba40cb53f963f1966dbf7679b0e", kill_on_drop: false }`
[INFO] running `Command { std: "docker" "inspect" "eff2360db4befd126d035c9317ce427e7f389ba40cb53f963f1966dbf7679b0e", kill_on_drop: false }`
[INFO] running `Command { std: "docker" "rm" "-f" "eff2360db4befd126d035c9317ce427e7f389ba40cb53f963f1966dbf7679b0e", kill_on_drop: false }`
[INFO] [stdout] eff2360db4befd126d035c9317ce427e7f389ba40cb53f963f1966dbf7679b0e
[INFO] running `Command { std: "docker" "create" "-v" "/var/lib/crater-agent-workspace/builds/worker-0/target:/opt/rustwide/target:rw,Z" "-v" "/var/lib/crater-agent-workspace/builds/worker-0/source:/opt/rustwide/workdir:ro,Z" "-v" "/var/lib/crater-agent-workspace/cargo-home:/opt/rustwide/cargo-home:ro,Z" "-v" "/var/lib/crater-agent-workspace/rustup-home:/opt/rustwide/rustup-home:ro,Z" "-e" "SOURCE_DIR=/opt/rustwide/workdir" "-e" "CARGO_TARGET_DIR=/opt/rustwide/target" "-e" "CARGO_INCREMENTAL=0" "-e" "RUST_BACKTRACE=full" "-e" "RUSTFLAGS=--cap-lints=warn" "-e" "CARGO_HOME=/opt/rustwide/cargo-home" "-e" "RUSTUP_HOME=/opt/rustwide/rustup-home" "-w" "/opt/rustwide/workdir" "-m" "1610612736" "--user" "0:0" "--network" "none" "ghcr.io/rust-lang/crates-build-env/linux@sha256:a89201d6b5b9fd45c15d5952ece0a0129e7e80cb26ec023fd59cf09bc26f1604" "/opt/rustwide/cargo-home/bin/cargo" "+1.55.0" "check" "--frozen" "--all" "--all-targets" "--message-format=json", kill_on_drop: false }`
[INFO] [stdout] 5c9263b2259b89a37f2526a24887136367f5c3efb1e94c6eea959d4fd5d9e874
[INFO] running `Command { std: "docker" "start" "-a" "5c9263b2259b89a37f2526a24887136367f5c3efb1e94c6eea959d4fd5d9e874", kill_on_drop: false }`
[INFO] [stderr]    Compiling proc-macro2 v1.0.27
[INFO] [stderr]    Compiling syn v1.0.73
[INFO] [stderr]    Compiling serde_derive v1.0.126
[INFO] [stderr]    Compiling serde v1.0.126
[INFO] [stderr]    Compiling paste v1.0.5
[INFO] [stderr]    Compiling seq-macro v0.2.2
[INFO] [stderr]     Checking vcell v0.1.3
[INFO] [stderr]    Compiling quote v1.0.9
[INFO] [stderr]    Compiling toml v0.5.8
[INFO] [stderr]    Compiling msp432_razcal v0.1.0 (https://github.com/raz-a/msp432_razcal#17f54514)
[INFO] [stdout] error[E0432]: unresolved import `core::asm`
[INFO] [stdout]  --> /opt/rustwide/cargo-home/git/checkouts/msp432_razcal-9ea8a9eb2ca6ac80/17f5451/src/interrupt.rs:5:5
[INFO] [stdout]   |
[INFO] [stdout] 5 |     asm,
[INFO] [stdout]   |     ^^^ no `asm` in the root
[INFO] [stdout] 
[INFO] [stdout] 
[INFO] [stdout] error[E0554]: `#![feature]` may not be used on the stable release channel
[INFO] [stdout]  --> /opt/rustwide/cargo-home/git/checkouts/msp432_razcal-9ea8a9eb2ca6ac80/17f5451/src/lib.rs:2:1
[INFO] [stdout]   |
[INFO] [stdout] 2 | #![feature(asm)]
[INFO] [stdout]   | ^^^^^^^^^^^^^^^^
[INFO] [stdout] 
[INFO] [stdout] 
[INFO] [stdout] error[E0554]: `#![feature]` may not be used on the stable release channel
[INFO] [stdout]  --> /opt/rustwide/cargo-home/git/checkouts/msp432_razcal-9ea8a9eb2ca6ac80/17f5451/src/lib.rs:3:1
[INFO] [stdout]   |
[INFO] [stdout] 3 | #![feature(const_generics)]
[INFO] [stdout]   | ^^^^^^^^^^^^^^^^^^^^^^^^^^^
[INFO] [stdout] 
[INFO] [stdout] 
[INFO] [stdout] error[E0554]: `#![feature]` may not be used on the stable release channel
[INFO] [stdout]  --> /opt/rustwide/cargo-home/git/checkouts/msp432_razcal-9ea8a9eb2ca6ac80/17f5451/src/lib.rs:4:1
[INFO] [stdout]   |
[INFO] [stdout] 4 | #![feature(const_evaluatable_checked)]
[INFO] [stdout]   | ^^^^^^^^^^^^^^^^^^^^^^^^^^^^^^^^^^^^^^
[INFO] [stdout] 
[INFO] [stdout] 
[INFO] [stdout] error: aborting due to 4 previous errors
[INFO] [stdout] 
[INFO] [stdout] 
[INFO] [stdout] Some errors have detailed explanations: E0432, E0554.
[INFO] [stdout] 
[INFO] [stdout] For more information about an error, try `rustc --explain E0432`.
[INFO] [stdout] 
[INFO] [stderr] error: could not compile `msp432_razcal` due to 5 previous errors
[INFO] running `Command { std: "docker" "inspect" "5c9263b2259b89a37f2526a24887136367f5c3efb1e94c6eea959d4fd5d9e874", kill_on_drop: false }`
[INFO] running `Command { std: "docker" "rm" "-f" "5c9263b2259b89a37f2526a24887136367f5c3efb1e94c6eea959d4fd5d9e874", kill_on_drop: false }`
[INFO] [stdout] 5c9263b2259b89a37f2526a24887136367f5c3efb1e94c6eea959d4fd5d9e874
