[INFO] cloning repository https://github.com/rappet/welder
[INFO] running `Command { std: "git" "-c" "credential.helper=" "-c" "credential.helper=/workspace/cargo-home/bin/git-credential-null" "clone" "--bare" "https://github.com/rappet/welder" "/workspace/cache/git-repos/https%3A%2F%2Fgithub.com%2Frappet%2Fwelder", kill_on_drop: false }`
[INFO] [stderr] Cloning into bare repository '/workspace/cache/git-repos/https%3A%2F%2Fgithub.com%2Frappet%2Fwelder'...
[INFO] running `Command { std: "git" "rev-parse" "HEAD", kill_on_drop: false }`
[INFO] [stdout] 830a5e6172a332fcc6dfa87d7f1cc4b53626214e
[INFO] checking rappet/welder against beta-2021-10-15 for beta-1.56-3
[INFO] running `Command { std: "git" "clone" "/workspace/cache/git-repos/https%3A%2F%2Fgithub.com%2Frappet%2Fwelder" "/workspace/builds/worker-81/source", kill_on_drop: false }`
[INFO] [stderr] Cloning into '/workspace/builds/worker-81/source'...
[INFO] [stderr] done.
[INFO] validating manifest of git repo https://github.com/rappet/welder on toolchain beta-2021-10-15
[INFO] running `Command { std: "/workspace/cargo-home/bin/cargo" "+beta-2021-10-15" "metadata" "--manifest-path" "Cargo.toml" "--no-deps", kill_on_drop: false }`
[INFO] started tweaking git repo https://github.com/rappet/welder
[INFO] finished tweaking git repo https://github.com/rappet/welder
[INFO] tweaked toml for git repo https://github.com/rappet/welder written to /workspace/builds/worker-81/source/Cargo.toml
[INFO] crate git repo https://github.com/rappet/welder already has a lockfile, it will not be regenerated
[INFO] running `Command { std: "/workspace/cargo-home/bin/cargo" "+beta-2021-10-15" "fetch" "--manifest-path" "Cargo.toml", kill_on_drop: false }`
[INFO] [stderr]     Blocking waiting for file lock on package cache
[INFO] [stderr]     Blocking waiting for file lock on package cache
[INFO] running `Command { std: "docker" "create" "-v" "/var/lib/crater-agent-workspace/builds/worker-81/target:/opt/rustwide/target:rw,Z" "-v" "/var/lib/crater-agent-workspace/builds/worker-81/source:/opt/rustwide/workdir:ro,Z" "-v" "/var/lib/crater-agent-workspace/cargo-home:/opt/rustwide/cargo-home:ro,Z" "-v" "/var/lib/crater-agent-workspace/rustup-home:/opt/rustwide/rustup-home:ro,Z" "-e" "SOURCE_DIR=/opt/rustwide/workdir" "-e" "CARGO_TARGET_DIR=/opt/rustwide/target" "-e" "CARGO_HOME=/opt/rustwide/cargo-home" "-e" "RUSTUP_HOME=/opt/rustwide/rustup-home" "-w" "/opt/rustwide/workdir" "-m" "1610612736" "--user" "0:0" "--network" "none" "ghcr.io/rust-lang/crates-build-env/linux@sha256:a89201d6b5b9fd45c15d5952ece0a0129e7e80cb26ec023fd59cf09bc26f1604" "/opt/rustwide/cargo-home/bin/cargo" "+beta-2021-10-15" "metadata" "--no-deps" "--format-version=1", kill_on_drop: false }`
[INFO] [stdout] be5e8fcfe14944d5396849e223c1eca2a6d54a04b4158246fb3408ff31a57256
[INFO] running `Command { std: "docker" "start" "-a" "be5e8fcfe14944d5396849e223c1eca2a6d54a04b4158246fb3408ff31a57256", kill_on_drop: false }`
[INFO] running `Command { std: "docker" "inspect" "be5e8fcfe14944d5396849e223c1eca2a6d54a04b4158246fb3408ff31a57256", kill_on_drop: false }`
[INFO] running `Command { std: "docker" "rm" "-f" "be5e8fcfe14944d5396849e223c1eca2a6d54a04b4158246fb3408ff31a57256", kill_on_drop: false }`
[INFO] [stdout] be5e8fcfe14944d5396849e223c1eca2a6d54a04b4158246fb3408ff31a57256
[INFO] running `Command { std: "docker" "create" "-v" "/var/lib/crater-agent-workspace/builds/worker-81/target:/opt/rustwide/target:rw,Z" "-v" "/var/lib/crater-agent-workspace/builds/worker-81/source:/opt/rustwide/workdir:ro,Z" "-v" "/var/lib/crater-agent-workspace/cargo-home:/opt/rustwide/cargo-home:ro,Z" "-v" "/var/lib/crater-agent-workspace/rustup-home:/opt/rustwide/rustup-home:ro,Z" "-e" "SOURCE_DIR=/opt/rustwide/workdir" "-e" "CARGO_TARGET_DIR=/opt/rustwide/target" "-e" "CARGO_INCREMENTAL=0" "-e" "RUST_BACKTRACE=full" "-e" "RUSTFLAGS=--cap-lints=warn" "-e" "CARGO_HOME=/opt/rustwide/cargo-home" "-e" "RUSTUP_HOME=/opt/rustwide/rustup-home" "-w" "/opt/rustwide/workdir" "-m" "1610612736" "--user" "0:0" "--network" "none" "ghcr.io/rust-lang/crates-build-env/linux@sha256:a89201d6b5b9fd45c15d5952ece0a0129e7e80cb26ec023fd59cf09bc26f1604" "/opt/rustwide/cargo-home/bin/cargo" "+beta-2021-10-15" "check" "--frozen" "--all" "--all-targets" "--message-format=json", kill_on_drop: false }`
[INFO] [stdout] 7514a8b5385b371f299be508b85b8aedd3186da725a5a02dcba64bb654820438
[INFO] running `Command { std: "docker" "start" "-a" "7514a8b5385b371f299be508b85b8aedd3186da725a5a02dcba64bb654820438", kill_on_drop: false }`
[INFO] [stderr]     Blocking waiting for file lock on package cache
[INFO] [stderr]    Compiling syn v1.0.75
[INFO] [stderr]    Compiling serde_derive v1.0.129
[INFO] [stderr]    Compiling serde v1.0.129
[INFO] [stderr]    Compiling libc v0.2.101
[INFO] [stderr]    Compiling serde_json v1.0.66
[INFO] [stderr]     Checking dtoa v0.4.8
[INFO] [stderr]     Checking itoa v0.4.8
[INFO] [stderr]     Checking strsim v0.10.0
[INFO] [stderr]     Checking os_str_bytes v3.1.0
[INFO] [stderr]    Compiling indexmap v1.7.0
[INFO] [stderr]    Compiling memchr v2.4.1
[INFO] [stderr]     Checking yaml-rust v0.4.5
[INFO] [stderr]     Checking humantime v1.3.0
[INFO] [stderr]     Checking textwrap v0.14.2
[INFO] [stderr]     Checking aho-corasick v0.7.18
[INFO] [stderr]     Checking atty v0.2.14
[INFO] [stderr]     Checking regex v1.5.4
[INFO] [stderr]    Compiling proc-macro-error v1.0.4
[INFO] [stderr]     Checking env_logger v0.7.1
[INFO] [stderr]    Compiling clap_derive v3.0.0-beta.4
[INFO] [stderr]     Checking clap v3.0.0-beta.4
[INFO] [stderr]     Checking serde_yaml v0.8.20
[INFO] [stderr]     Checking toml v0.5.8
[INFO] [stderr]     Checking welder v0.1.0 (/opt/rustwide/workdir)
[INFO] [stdout] error[E0603]: module `export` is private
[INFO] [stdout]    --> src/types/task_identifier.rs:4:12
[INFO] [stdout]     |
[INFO] [stdout] 4   | use serde::export::Formatter;
[INFO] [stdout]     |            ^^^^^^ private module
[INFO] [stdout]     |
[INFO] [stdout] note: the module `export` is defined here
[INFO] [stdout]    --> /opt/rustwide/cargo-home/registry/src/github.com-1ecc6299db9ec823/serde-1.0.129/src/lib.rs:275:5
[INFO] [stdout]     |
[INFO] [stdout] 275 | use self::__private as export;
[INFO] [stdout]     |     ^^^^^^^^^^^^^^^^^^^^^^^^^
[INFO] [stdout] 
[INFO] [stdout] 
[INFO] [stdout] error[E0603]: module `export` is private
[INFO] [stdout]    --> src/types/task_identifier.rs:5:12
[INFO] [stdout]     |
[INFO] [stdout] 5   | use serde::export::fmt::Error;
[INFO] [stdout]     |            ^^^^^^ private module
[INFO] [stdout]     |
[INFO] [stdout] note: the module `export` is defined here
[INFO] [stdout]    --> /opt/rustwide/cargo-home/registry/src/github.com-1ecc6299db9ec823/serde-1.0.129/src/lib.rs:275:5
[INFO] [stdout]     |
[INFO] [stdout] 275 | use self::__private as export;
[INFO] [stdout]     |     ^^^^^^^^^^^^^^^^^^^^^^^^^
[INFO] [stdout] 
[INFO] [stdout] 
[INFO] [stdout] error[E0603]: module `export` is private
[INFO] [stdout]    --> src/types/task_identifier.rs:4:12
[INFO] [stdout]     |
[INFO] [stdout] 4   | use serde::export::Formatter;
[INFO] [stdout]     |            ^^^^^^ private module
[INFO] [stdout]     |
[INFO] [stdout] note: the module `export` is defined here
[INFO] [stdout]    --> /opt/rustwide/cargo-home/registry/src/github.com-1ecc6299db9ec823/serde-1.0.129/src/lib.rs:275:5
[INFO] [stdout]     |
[INFO] [stdout] 275 | use self::__private as export;
[INFO] [stdout]     |     ^^^^^^^^^^^^^^^^^^^^^^^^^
[INFO] [stdout] 
[INFO] [stdout] 
[INFO] [stdout] error[E0603]: module `export` is private
[INFO] [stdout]    --> src/types/task_identifier.rs:5:12
[INFO] [stdout]     |
[INFO] [stdout] 5   | use serde::export::fmt::Error;
[INFO] [stdout]     |            ^^^^^^ private module
[INFO] [stdout]     |
[INFO] [stdout] note: the module `export` is defined here
[INFO] [stdout]    --> /opt/rustwide/cargo-home/registry/src/github.com-1ecc6299db9ec823/serde-1.0.129/src/lib.rs:275:5
[INFO] [stdout]     |
[INFO] [stdout] 275 | use self::__private as export;
[INFO] [stdout]     |     ^^^^^^^^^^^^^^^^^^^^^^^^^
[INFO] [stdout] 
[INFO] [stdout] 
[INFO] [stdout] warning: unused import: `std::path::Display`
[INFO] [stdout]  --> src/types/task_identifier.rs:2:5
[INFO] [stdout]   |
[INFO] [stdout] 2 | use std::path::Display;
[INFO] [stdout]   |     ^^^^^^^^^^^^^^^^^^
[INFO] [stdout]   |
[INFO] [stdout]   = note: `#[warn(unused_imports)]` on by default
[INFO] [stdout] 
[INFO] [stdout] 
[INFO] [stdout] warning: unused import: `crate::conf::Task`
[INFO] [stdout]  --> src/types/task_identifier.rs:6:5
[INFO] [stdout]   |
[INFO] [stdout] 6 | use crate::conf::Task;
[INFO] [stdout]   |     ^^^^^^^^^^^^^^^^^
[INFO] [stdout] 
[INFO] [stdout] 
[INFO] [stdout] warning: unused import: `std::path::Display`
[INFO] [stdout]  --> src/types/task_identifier.rs:2:5
[INFO] [stdout]   |
[INFO] [stdout] 2 | use std::path::Display;
[INFO] [stdout]   |     ^^^^^^^^^^^^^^^^^^
[INFO] [stdout]   |
[INFO] [stdout]   = note: `#[warn(unused_imports)]` on by default
[INFO] [stdout] 
[INFO] [stdout] 
[INFO] [stdout] warning: unused import: `crate::conf::Task`
[INFO] [stdout]  --> src/types/task_identifier.rs:6:5
[INFO] [stdout]   |
[INFO] [stdout] 6 | use crate::conf::Task;
[INFO] [stdout]   |     ^^^^^^^^^^^^^^^^^
[INFO] [stdout] 
[INFO] [stdout] 
[INFO] [stdout] error[E0308]: mismatched types
[INFO] [stdout]   --> src/main.rs:53:9
[INFO] [stdout]    |
[INFO] [stdout] 52 |     match matches.subcommand() {
[INFO] [stdout]    |           -------------------- this expression has type `std::option::Option<(&str, &ArgMatches)>`
[INFO] [stdout] 53 |         ("version", Some(matches)) => commands::version::version_command(matches),
[INFO] [stdout]    |         ^^^^^^^^^^^^^^^^^^^^^^^^^^ expected enum `std::option::Option`, found tuple
[INFO] [stdout]    |
[INFO] [stdout]    = note: expected enum `std::option::Option<(&str, &ArgMatches)>`
[INFO] [stdout]              found tuple `(_, _)`
[INFO] [stdout] 
[INFO] [stdout] 
[INFO] [stdout] error[E0308]: mismatched types
[INFO] [stdout]   --> src/main.rs:54:9
[INFO] [stdout]    |
[INFO] [stdout] 52 |     match matches.subcommand() {
[INFO] [stdout]    |           -------------------- this expression has type `std::option::Option<(&str, &ArgMatches)>`
[INFO] [stdout] 53 |         ("version", Some(matches)) => commands::version::version_command(matches),
[INFO] [stdout] 54 |         ("check", Some(matches)) => commands::check::check_command(matches)?,
[INFO] [stdout]    |         ^^^^^^^^^^^^^^^^^^^^^^^^ expected enum `std::option::Option`, found tuple
[INFO] [stdout]    |
[INFO] [stdout]    = note: expected enum `std::option::Option<(&str, &ArgMatches)>`
[INFO] [stdout]              found tuple `(_, _)`
[INFO] [stdout] 
[INFO] [stdout] 
[INFO] [stdout] error[E0308]: mismatched types
[INFO] [stdout]   --> src/main.rs:53:9
[INFO] [stdout]    |
[INFO] [stdout] 52 |     match matches.subcommand() {
[INFO] [stdout]    |           -------------------- this expression has type `std::option::Option<(&str, &ArgMatches)>`
[INFO] [stdout] 53 |         ("version", Some(matches)) => commands::version::version_command(matches),
[INFO] [stdout]    |         ^^^^^^^^^^^^^^^^^^^^^^^^^^ expected enum `std::option::Option`, found tuple
[INFO] [stdout]    |
[INFO] [stdout]    = note: expected enum `std::option::Option<(&str, &ArgMatches)>`
[INFO] [stdout]              found tuple `(_, _)`
[INFO] [stdout] 
[INFO] [stdout] 
[INFO] [stdout] error[E0308]: mismatched types
[INFO] [stdout]   --> src/main.rs:54:9
[INFO] [stdout]    |
[INFO] [stdout] 52 |     match matches.subcommand() {
[INFO] [stdout]    |           -------------------- this expression has type `std::option::Option<(&str, &ArgMatches)>`
[INFO] [stdout] 53 |         ("version", Some(matches)) => commands::version::version_command(matches),
[INFO] [stdout] 54 |         ("check", Some(matches)) => commands::check::check_command(matches)?,
[INFO] [stdout]    |         ^^^^^^^^^^^^^^^^^^^^^^^^ expected enum `std::option::Option`, found tuple
[INFO] [stdout]    |
[INFO] [stdout]    = note: expected enum `std::option::Option<(&str, &ArgMatches)>`
[INFO] [stdout]              found tuple `(_, _)`
[INFO] [stdout] 
[INFO] [stdout] 
[INFO] [stdout] error: aborting due to 4 previous errors; 2 warnings emitted
[INFO] [stdout] 
[INFO] [stdout] 
[INFO] [stdout] Some errors have detailed explanations: E0308, E0603.
[INFO] [stdout] 
[INFO] [stdout] For more information about an error, try `rustc --explain E0308`.
[INFO] [stdout] 
[INFO] [stderr] error: could not compile `welder` due to 5 previous errors; 2 warnings emitted
[INFO] [stderr] warning: build failed, waiting for other jobs to finish...
[INFO] [stdout] error: aborting due to 4 previous errors; 2 warnings emitted
[INFO] [stdout] 
[INFO] [stdout] 
[INFO] [stdout] Some errors have detailed explanations: E0308, E0603.
[INFO] [stdout] 
[INFO] [stdout] For more information about an error, try `rustc --explain E0308`.
[INFO] [stdout] 
[INFO] [stderr] error: build failed
[INFO] running `Command { std: "docker" "inspect" "7514a8b5385b371f299be508b85b8aedd3186da725a5a02dcba64bb654820438", kill_on_drop: false }`
[INFO] running `Command { std: "docker" "rm" "-f" "7514a8b5385b371f299be508b85b8aedd3186da725a5a02dcba64bb654820438", kill_on_drop: false }`
[INFO] [stdout] 7514a8b5385b371f299be508b85b8aedd3186da725a5a02dcba64bb654820438
