[INFO] cloning repository https://github.com/raj-maurya/rust-hack
[INFO] running `Command { std: "git" "-c" "credential.helper=" "-c" "credential.helper=/workspace/cargo-home/bin/git-credential-null" "clone" "--bare" "https://github.com/raj-maurya/rust-hack" "/workspace/cache/git-repos/https%3A%2F%2Fgithub.com%2Fraj-maurya%2Frust-hack", kill_on_drop: false }`
[INFO] [stderr] Cloning into bare repository '/workspace/cache/git-repos/https%3A%2F%2Fgithub.com%2Fraj-maurya%2Frust-hack'...
[INFO] running `Command { std: "git" "rev-parse" "HEAD", kill_on_drop: false }`
[INFO] [stdout] 3530a18ba27a752db923301fccfd8b9dc7999b53
[INFO] checking raj-maurya/rust-hack against beta-2021-10-15 for beta-1.56-3
[INFO] running `Command { std: "git" "clone" "/workspace/cache/git-repos/https%3A%2F%2Fgithub.com%2Fraj-maurya%2Frust-hack" "/workspace/builds/worker-46/source", kill_on_drop: false }`
[INFO] [stderr] Cloning into '/workspace/builds/worker-46/source'...
[INFO] [stderr] done.
[INFO] [stderr] Updating files:  75% (120/159)
Updating files:  76% (121/159)
Updating files:  77% (123/159)
Updating files:  77% (124/159)
Updating files:  78% (125/159)
Updating files:  79% (126/159)
Updating files:  80% (128/159)
Updating files:  81% (129/159)
Updating files:  82% (131/159)
Updating files:  83% (132/159)
Updating files:  84% (134/159)
Updating files:  85% (136/159)
Updating files:  86% (137/159)
Updating files:  87% (139/159)
Updating files:  88% (140/159)
Updating files:  89% (142/159)
Updating files:  90% (144/159)
Updating files:  91% (145/159)
Updating files:  92% (147/159)
Updating files:  93% (148/159)
Updating files:  94% (150/159)
Updating files:  95% (152/159)
Updating files:  96% (153/159)
Updating files:  97% (155/159)
Updating files:  98% (156/159)
Updating files:  99% (158/159)
Updating files: 100% (159/159)
Updating files: 100% (159/159), done.
[INFO] validating manifest of git repo https://github.com/raj-maurya/rust-hack on toolchain beta-2021-10-15
[INFO] running `Command { std: "/workspace/cargo-home/bin/cargo" "+beta-2021-10-15" "metadata" "--manifest-path" "Cargo.toml" "--no-deps", kill_on_drop: false }`
[INFO] started tweaking git repo https://github.com/raj-maurya/rust-hack
[INFO] finished tweaking git repo https://github.com/raj-maurya/rust-hack
[INFO] tweaked toml for git repo https://github.com/raj-maurya/rust-hack written to /workspace/builds/worker-46/source/Cargo.toml
[INFO] crate git repo https://github.com/raj-maurya/rust-hack already has a lockfile, it will not be regenerated
[INFO] running `Command { std: "/workspace/cargo-home/bin/cargo" "+beta-2021-10-15" "fetch" "--manifest-path" "Cargo.toml", kill_on_drop: false }`
[INFO] [stderr]     Blocking waiting for file lock on package cache
[INFO] [stderr]     Blocking waiting for file lock on package cache
[INFO] [stderr]  Downloading crates ...
[INFO] [stderr]   Downloaded state v0.2.0
[INFO] [stderr]   Downloaded rocket v0.2.2
[INFO] [stderr]   Downloaded rocket_codegen v0.2.2
[INFO] [stderr]   Downloaded cookie v0.6.1
[INFO] running `Command { std: "docker" "create" "-v" "/var/lib/crater-agent-workspace/builds/worker-46/target:/opt/rustwide/target:rw,Z" "-v" "/var/lib/crater-agent-workspace/builds/worker-46/source:/opt/rustwide/workdir:ro,Z" "-v" "/var/lib/crater-agent-workspace/cargo-home:/opt/rustwide/cargo-home:ro,Z" "-v" "/var/lib/crater-agent-workspace/rustup-home:/opt/rustwide/rustup-home:ro,Z" "-e" "SOURCE_DIR=/opt/rustwide/workdir" "-e" "CARGO_TARGET_DIR=/opt/rustwide/target" "-e" "CARGO_HOME=/opt/rustwide/cargo-home" "-e" "RUSTUP_HOME=/opt/rustwide/rustup-home" "-w" "/opt/rustwide/workdir" "-m" "1610612736" "--user" "0:0" "--network" "none" "ghcr.io/rust-lang/crates-build-env/linux@sha256:a89201d6b5b9fd45c15d5952ece0a0129e7e80cb26ec023fd59cf09bc26f1604" "/opt/rustwide/cargo-home/bin/cargo" "+beta-2021-10-15" "metadata" "--no-deps" "--format-version=1", kill_on_drop: false }`
[INFO] [stdout] 305540f18778882dd8d9f216fd49b0cbe3b80df28444953c44746878bece9c9b
[INFO] running `Command { std: "docker" "start" "-a" "305540f18778882dd8d9f216fd49b0cbe3b80df28444953c44746878bece9c9b", kill_on_drop: false }`
[INFO] running `Command { std: "docker" "inspect" "305540f18778882dd8d9f216fd49b0cbe3b80df28444953c44746878bece9c9b", kill_on_drop: false }`
[INFO] running `Command { std: "docker" "rm" "-f" "305540f18778882dd8d9f216fd49b0cbe3b80df28444953c44746878bece9c9b", kill_on_drop: false }`
[INFO] [stdout] 305540f18778882dd8d9f216fd49b0cbe3b80df28444953c44746878bece9c9b
[INFO] running `Command { std: "docker" "create" "-v" "/var/lib/crater-agent-workspace/builds/worker-46/target:/opt/rustwide/target:rw,Z" "-v" "/var/lib/crater-agent-workspace/builds/worker-46/source:/opt/rustwide/workdir:ro,Z" "-v" "/var/lib/crater-agent-workspace/cargo-home:/opt/rustwide/cargo-home:ro,Z" "-v" "/var/lib/crater-agent-workspace/rustup-home:/opt/rustwide/rustup-home:ro,Z" "-e" "SOURCE_DIR=/opt/rustwide/workdir" "-e" "CARGO_TARGET_DIR=/opt/rustwide/target" "-e" "CARGO_INCREMENTAL=0" "-e" "RUST_BACKTRACE=full" "-e" "RUSTFLAGS=--cap-lints=warn" "-e" "CARGO_HOME=/opt/rustwide/cargo-home" "-e" "RUSTUP_HOME=/opt/rustwide/rustup-home" "-w" "/opt/rustwide/workdir" "-m" "1610612736" "--user" "0:0" "--network" "none" "ghcr.io/rust-lang/crates-build-env/linux@sha256:a89201d6b5b9fd45c15d5952ece0a0129e7e80cb26ec023fd59cf09bc26f1604" "/opt/rustwide/cargo-home/bin/cargo" "+beta-2021-10-15" "check" "--frozen" "--all" "--all-targets" "--message-format=json", kill_on_drop: false }`
[INFO] [stdout] c9b1e0f01b8f6e1d5a98cbcde313494d1a3ffb6d5b4e64964d793c9919878964
[INFO] running `Command { std: "docker" "start" "-a" "c9b1e0f01b8f6e1d5a98cbcde313494d1a3ffb6d5b4e64964d793c9919878964", kill_on_drop: false }`
[INFO] [stderr]     Blocking waiting for file lock on package cache
[INFO] [stderr]    Compiling semver v0.1.20
[INFO] [stderr]    Compiling libc v0.2.21
[INFO] [stderr]    Compiling version_check v0.1.0
[INFO] [stderr]    Compiling matches v0.1.4
[INFO] [stderr]    Compiling unicode-normalization v0.1.4
[INFO] [stderr]    Compiling log v0.3.6
[INFO] [stderr]    Compiling rustc-serialize v0.3.22
[INFO] [stderr]    Compiling httparse v1.2.1
[INFO] [stderr]    Compiling term v0.4.5
[INFO] [stderr]    Compiling state v0.2.0
[INFO] [stderr]    Compiling toml v0.2.1
[INFO] [stderr]    Compiling unicode-bidi v0.2.5
[INFO] [stdout] error[E0557]: feature has been removed
[INFO] [stdout]  --> /opt/rustwide/cargo-home/registry/src/github.com-1ecc6299db9ec823/state-0.2.0/src/lib.rs:1:12
[INFO] [stdout]   |
[INFO] [stdout] 1 | #![feature(const_fn)]
[INFO] [stdout]   |            ^^^^^^^^ feature has been removed
[INFO] [stdout]   |
[INFO] [stdout]   = note: split into finer-grained feature gates
[INFO] [stdout] 
[INFO] [stdout] 
[INFO] [stdout] error[E0554]: `#![feature]` may not be used on the beta release channel
[INFO] [stdout]  --> /opt/rustwide/cargo-home/registry/src/github.com-1ecc6299db9ec823/state-0.2.0/src/lib.rs:1:1
[INFO] [stdout]   |
[INFO] [stdout] 1 | #![feature(const_fn)]
[INFO] [stdout]   | ^^^^^^^^^^^^^^^^^^^^^
[INFO] [stdout] 
[INFO] [stdout] 
[INFO] [stdout] error[E0557]: feature has been removed
[INFO] [stdout]  --> /opt/rustwide/cargo-home/registry/src/github.com-1ecc6299db9ec823/state-0.2.0/src/lib.rs:1:12
[INFO] [stdout]   |
[INFO] [stdout] 1 | #![feature(const_fn)]
[INFO] [stdout]   |            ^^^^^^^^ feature has been removed
[INFO] [stdout]   |
[INFO] [stdout]   = note: split into finer-grained feature gates
[INFO] [stdout] 
[INFO] [stdout] 
[INFO] [stdout] error: aborting due to 2 previous errors
[INFO] [stdout] 
[INFO] [stdout] 
[INFO] [stdout] error[E0554]: `#![feature]` may not be used on the beta release channel
[INFO] [stdout]  --> /opt/rustwide/cargo-home/registry/src/github.com-1ecc6299db9ec823/state-0.2.0/src/lib.rs:1:1
[INFO] [stdout]   |
[INFO] [stdout] 1 | #![feature(const_fn)]
[INFO] [stdout]   | ^^^^^^^^^^^^^^^^^^^^^
[INFO] [stdout] 
[INFO] [stdout] 
[INFO] [stderr] error: could not compile `state` due to 3 previous errors
[INFO] [stdout] Some errors have detailed explanations: E0554, E0557.
[INFO] [stdout] 
[INFO] [stderr] warning: build failed, waiting for other jobs to finish...
[INFO] [stdout] For more information about an error, try `rustc --explain E0554`.
[INFO] [stdout] 
[INFO] [stdout] error: aborting due to 2 previous errors
[INFO] [stdout] 
[INFO] [stdout] 
[INFO] [stdout] Some errors have detailed explanations: E0554, E0557.
[INFO] [stdout] 
[INFO] [stdout] For more information about an error, try `rustc --explain E0554`.
[INFO] [stdout] 
[INFO] [stderr] error: build failed
[INFO] running `Command { std: "docker" "inspect" "c9b1e0f01b8f6e1d5a98cbcde313494d1a3ffb6d5b4e64964d793c9919878964", kill_on_drop: false }`
[INFO] running `Command { std: "docker" "rm" "-f" "c9b1e0f01b8f6e1d5a98cbcde313494d1a3ffb6d5b4e64964d793c9919878964", kill_on_drop: false }`
[INFO] [stdout] c9b1e0f01b8f6e1d5a98cbcde313494d1a3ffb6d5b4e64964d793c9919878964
