[INFO] cloning repository https://github.com/qvantor/fabric.rs
[INFO] running `Command { std: "git" "-c" "credential.helper=" "-c" "credential.helper=/workspace/cargo-home/bin/git-credential-null" "clone" "--bare" "https://github.com/qvantor/fabric.rs" "/workspace/cache/git-repos/https%3A%2F%2Fgithub.com%2Fqvantor%2Ffabric.rs", kill_on_drop: false }`
[INFO] [stderr] Cloning into bare repository '/workspace/cache/git-repos/https%3A%2F%2Fgithub.com%2Fqvantor%2Ffabric.rs'...
[INFO] running `Command { std: "git" "rev-parse" "HEAD", kill_on_drop: false }`
[INFO] [stdout] 21eab3ef1a2cad22cdc42ba08deac1f54807cd1c
[INFO] checking qvantor/fabric.rs against 1.55.0 for beta-1.56-3
[INFO] running `Command { std: "git" "clone" "/workspace/cache/git-repos/https%3A%2F%2Fgithub.com%2Fqvantor%2Ffabric.rs" "/workspace/builds/worker-31/source", kill_on_drop: false }`
[INFO] [stderr] Cloning into '/workspace/builds/worker-31/source'...
[INFO] [stderr] done.
[INFO] validating manifest of git repo https://github.com/qvantor/fabric.rs on toolchain 1.55.0
[INFO] running `Command { std: "/workspace/cargo-home/bin/cargo" "+1.55.0" "metadata" "--manifest-path" "Cargo.toml" "--no-deps", kill_on_drop: false }`
[INFO] started tweaking git repo https://github.com/qvantor/fabric.rs
[INFO] finished tweaking git repo https://github.com/qvantor/fabric.rs
[INFO] tweaked toml for git repo https://github.com/qvantor/fabric.rs written to /workspace/builds/worker-31/source/Cargo.toml
[INFO] crate git repo https://github.com/qvantor/fabric.rs already has a lockfile, it will not be regenerated
[INFO] running `Command { std: "/workspace/cargo-home/bin/cargo" "+1.55.0" "fetch" "--manifest-path" "Cargo.toml", kill_on_drop: false }`
[INFO] [stderr]     Blocking waiting for file lock on package cache
[INFO] [stderr]     Blocking waiting for file lock on package cache
[INFO] [stderr]  Downloading crates ...
[INFO] [stderr]   Downloaded wasm-bindgen-macro-support v0.2.30
[INFO] [stderr]   Downloaded wasm-bindgen-macro v0.2.30
[INFO] [stderr]   Downloaded wasm-bindgen-shared v0.2.30
[INFO] [stderr]   Downloaded wasm-bindgen-webidl v0.2.24
[INFO] [stderr]   Downloaded wasm-bindgen-backend v0.2.30
[INFO] [stderr]   Downloaded js-sys v0.3.7
[INFO] [stderr]   Downloaded wasm-bindgen v0.2.30
[INFO] [stderr]   Downloaded web-sys v0.3.7
[INFO] running `Command { std: "docker" "create" "-v" "/var/lib/crater-agent-workspace/builds/worker-31/target:/opt/rustwide/target:rw,Z" "-v" "/var/lib/crater-agent-workspace/builds/worker-31/source:/opt/rustwide/workdir:ro,Z" "-v" "/var/lib/crater-agent-workspace/cargo-home:/opt/rustwide/cargo-home:ro,Z" "-v" "/var/lib/crater-agent-workspace/rustup-home:/opt/rustwide/rustup-home:ro,Z" "-e" "SOURCE_DIR=/opt/rustwide/workdir" "-e" "CARGO_TARGET_DIR=/opt/rustwide/target" "-e" "CARGO_HOME=/opt/rustwide/cargo-home" "-e" "RUSTUP_HOME=/opt/rustwide/rustup-home" "-w" "/opt/rustwide/workdir" "-m" "1610612736" "--user" "0:0" "--network" "none" "ghcr.io/rust-lang/crates-build-env/linux@sha256:a89201d6b5b9fd45c15d5952ece0a0129e7e80cb26ec023fd59cf09bc26f1604" "/opt/rustwide/cargo-home/bin/cargo" "+1.55.0" "metadata" "--no-deps" "--format-version=1", kill_on_drop: false }`
[INFO] [stdout] bdb81865ac8e86bd9b7a737b0b56bbcd9f8e67ee341ac69651141157a97136cf
[INFO] running `Command { std: "docker" "start" "-a" "bdb81865ac8e86bd9b7a737b0b56bbcd9f8e67ee341ac69651141157a97136cf", kill_on_drop: false }`
[INFO] running `Command { std: "docker" "inspect" "bdb81865ac8e86bd9b7a737b0b56bbcd9f8e67ee341ac69651141157a97136cf", kill_on_drop: false }`
[INFO] running `Command { std: "docker" "rm" "-f" "bdb81865ac8e86bd9b7a737b0b56bbcd9f8e67ee341ac69651141157a97136cf", kill_on_drop: false }`
[INFO] [stdout] bdb81865ac8e86bd9b7a737b0b56bbcd9f8e67ee341ac69651141157a97136cf
[INFO] running `Command { std: "docker" "create" "-v" "/var/lib/crater-agent-workspace/builds/worker-31/target:/opt/rustwide/target:rw,Z" "-v" "/var/lib/crater-agent-workspace/builds/worker-31/source:/opt/rustwide/workdir:ro,Z" "-v" "/var/lib/crater-agent-workspace/cargo-home:/opt/rustwide/cargo-home:ro,Z" "-v" "/var/lib/crater-agent-workspace/rustup-home:/opt/rustwide/rustup-home:ro,Z" "-e" "SOURCE_DIR=/opt/rustwide/workdir" "-e" "CARGO_TARGET_DIR=/opt/rustwide/target" "-e" "CARGO_INCREMENTAL=0" "-e" "RUST_BACKTRACE=full" "-e" "RUSTFLAGS=--cap-lints=warn" "-e" "CARGO_HOME=/opt/rustwide/cargo-home" "-e" "RUSTUP_HOME=/opt/rustwide/rustup-home" "-w" "/opt/rustwide/workdir" "-m" "1610612736" "--user" "0:0" "--network" "none" "ghcr.io/rust-lang/crates-build-env/linux@sha256:a89201d6b5b9fd45c15d5952ece0a0129e7e80cb26ec023fd59cf09bc26f1604" "/opt/rustwide/cargo-home/bin/cargo" "+1.55.0" "check" "--frozen" "--all" "--all-targets" "--message-format=json", kill_on_drop: false }`
[INFO] [stdout] 4f1fef4843eb043d5cd5b458a1018414e590a595650a1a0bb35191ed1cc24b8d
[INFO] running `Command { std: "docker" "start" "-a" "4f1fef4843eb043d5cd5b458a1018414e590a595650a1a0bb35191ed1cc24b8d", kill_on_drop: false }`
[INFO] [stderr]     Blocking waiting for file lock on package cache
[INFO] [stderr]    Compiling cfg-if v0.1.6
[INFO] [stderr]    Compiling libc v0.2.46
[INFO] [stderr]    Compiling lazy_static v1.2.0
[INFO] [stderr]    Compiling wasm-bindgen-shared v0.2.30
[INFO] [stderr]    Compiling cc v1.0.28
[INFO] [stderr]    Compiling autocfg v0.1.1
[INFO] [stderr]    Compiling ucd-util v0.1.3
[INFO] [stderr]    Compiling rustc-demangle v0.1.13
[INFO] [stderr]    Compiling utf8-ranges v1.0.2
[INFO] [stderr]    Compiling quick-error v1.2.2
[INFO] [stderr]    Compiling unicode-segmentation v1.2.1
[INFO] [stderr]    Compiling wasm-bindgen v0.2.30
[INFO] [stderr]    Compiling termcolor v1.0.4
[INFO] [stderr]    Compiling syn v0.15.24
[INFO] [stderr]    Compiling log v0.4.6
[INFO] [stderr]    Compiling humantime v1.2.0
[INFO] [stderr]    Compiling backtrace v0.3.13
[INFO] [stderr]    Compiling heck v0.3.1
[INFO] [stderr]    Compiling regex-syntax v0.6.4
[INFO] [stderr]    Compiling backtrace-sys v0.1.28
[INFO] [stderr]    Compiling thread_local v0.3.6
[INFO] [stderr]    Compiling memchr v2.1.2
[INFO] [stderr]    Compiling atty v0.2.11
[INFO] [stderr]    Compiling wasm-bindgen-backend v0.2.30
[INFO] [stderr]    Compiling synstructure v0.10.1
[INFO] [stderr]    Compiling aho-corasick v0.6.9
[INFO] [stderr]    Compiling nom v4.1.1
[INFO] [stderr]    Compiling regex v1.1.0
[INFO] [stderr]    Compiling weedle v0.8.0
[INFO] [stderr]    Compiling wasm-bindgen-macro-support v0.2.30
[INFO] [stderr]    Compiling failure_derive v0.1.5
[INFO] [stderr]    Compiling env_logger v0.6.0
[INFO] [stderr]    Compiling wasm-bindgen-macro v0.2.30
[INFO] [stderr]    Compiling failure v0.1.5
[INFO] [stderr]    Compiling wasm-bindgen-webidl v0.2.24
[INFO] [stderr]     Checking js-sys v0.3.7
[INFO] [stderr]    Compiling web-sys v0.3.7
[INFO] [stderr]     Checking canvas v0.1.0 (/opt/rustwide/workdir)
[INFO] [stdout] error[E0554]: `#![feature]` may not be used on the stable release channel
[INFO] [stdout]  --> src/lib.rs:1:1
[INFO] [stdout]   |
[INFO] [stdout] 1 | #![feature(vec_remove_item)]
[INFO] [stdout]   | ^^^^^^^^^^^^^^^^^^^^^^^^^^^^
[INFO] [stdout] 
[INFO] [stdout] 
[INFO] [stdout] warning: trait objects without an explicit `dyn` are deprecated
[INFO] [stdout]   --> src/lib.rs:19:32
[INFO] [stdout]    |
[INFO] [stdout] 19 |     fn add(&mut self, obj: Box<ObjectTR>) -> bool {
[INFO] [stdout]    |                                ^^^^^^^^ help: use `dyn`: `dyn ObjectTR`
[INFO] [stdout]    |
[INFO] [stdout]    = note: `#[warn(bare_trait_objects)]` on by default
[INFO] [stdout]    = warning: this is accepted in the current edition (Rust 2018) but is a hard error in Rust 2021!
[INFO] [stdout]    = note: for more information, see issue #80165 <https://github.com/rust-lang/rust/issues/80165>
[INFO] [stdout] 
[INFO] [stdout] 
[INFO] [stdout] warning: trait objects without an explicit `dyn` are deprecated
[INFO] [stdout]   --> src/lib.rs:23:35
[INFO] [stdout]    |
[INFO] [stdout] 23 |     fn remove(&mut self, obj: Box<ObjectTR>) -> bool {
[INFO] [stdout]    |                                   ^^^^^^^^ help: use `dyn`: `dyn ObjectTR`
[INFO] [stdout]    |
[INFO] [stdout]    = warning: this is accepted in the current edition (Rust 2018) but is a hard error in Rust 2021!
[INFO] [stdout]    = note: for more information, see issue #80165 <https://github.com/rust-lang/rust/issues/80165>
[INFO] [stdout] 
[INFO] [stdout] 
[INFO] [stdout] warning: trait objects without an explicit `dyn` are deprecated
[INFO] [stdout]   --> src/lib.rs:38:20
[INFO] [stdout]    |
[INFO] [stdout] 38 | impl PartialEq for ObjectTR {
[INFO] [stdout]    |                    ^^^^^^^^ help: use `dyn`: `dyn ObjectTR`
[INFO] [stdout]    |
[INFO] [stdout]    = warning: this is accepted in the current edition (Rust 2018) but is a hard error in Rust 2021!
[INFO] [stdout]    = note: for more information, see issue #80165 <https://github.com/rust-lang/rust/issues/80165>
[INFO] [stdout] 
[INFO] [stdout] 
[INFO] [stdout] warning: trait objects without an explicit `dyn` are deprecated
[INFO] [stdout]    --> src/lib.rs:115:22
[INFO] [stdout]     |
[INFO] [stdout] 115 |     objects: Vec<Box<ObjectTR>>
[INFO] [stdout]     |                      ^^^^^^^^ help: use `dyn`: `dyn ObjectTR`
[INFO] [stdout]     |
[INFO] [stdout]     = warning: this is accepted in the current edition (Rust 2018) but is a hard error in Rust 2021!
[INFO] [stdout]     = note: for more information, see issue #80165 <https://github.com/rust-lang/rust/issues/80165>
[INFO] [stdout] 
[INFO] [stdout] 
[INFO] [stdout] error[E0554]: `#![feature]` may not be used on the stable release channel
[INFO] [stdout]  --> src/lib.rs:1:1
[INFO] [stdout]   |
[INFO] [stdout] 1 | #![feature(vec_remove_item)]
[INFO] [stdout]   | ^^^^^^^^^^^^^^^^^^^^^^^^^^^^
[INFO] [stdout] 
[INFO] [stdout] 
[INFO] [stdout] warning: trait objects without an explicit `dyn` are deprecated
[INFO] [stdout]   --> src/lib.rs:19:32
[INFO] [stdout]    |
[INFO] [stdout] 19 |     fn add(&mut self, obj: Box<ObjectTR>) -> bool {
[INFO] [stdout]    |                                ^^^^^^^^ help: use `dyn`: `dyn ObjectTR`
[INFO] [stdout]    |
[INFO] [stdout]    = note: `#[warn(bare_trait_objects)]` on by default
[INFO] [stdout]    = warning: this is accepted in the current edition (Rust 2018) but is a hard error in Rust 2021!
[INFO] [stdout]    = note: for more information, see issue #80165 <https://github.com/rust-lang/rust/issues/80165>
[INFO] [stdout] 
[INFO] [stdout] 
[INFO] [stdout] warning: trait objects without an explicit `dyn` are deprecated
[INFO] [stdout]   --> src/lib.rs:23:35
[INFO] [stdout]    |
[INFO] [stdout] 23 |     fn remove(&mut self, obj: Box<ObjectTR>) -> bool {
[INFO] [stdout]    |                                   ^^^^^^^^ help: use `dyn`: `dyn ObjectTR`
[INFO] [stdout]    |
[INFO] [stdout]    = warning: this is accepted in the current edition (Rust 2018) but is a hard error in Rust 2021!
[INFO] [stdout]    = note: for more information, see issue #80165 <https://github.com/rust-lang/rust/issues/80165>
[INFO] [stdout] 
[INFO] [stdout] 
[INFO] [stdout] warning: trait objects without an explicit `dyn` are deprecated
[INFO] [stdout]   --> src/lib.rs:38:20
[INFO] [stdout]    |
[INFO] [stdout] 38 | impl PartialEq for ObjectTR {
[INFO] [stdout]    |                    ^^^^^^^^ help: use `dyn`: `dyn ObjectTR`
[INFO] [stdout]    |
[INFO] [stdout]    = warning: this is accepted in the current edition (Rust 2018) but is a hard error in Rust 2021!
[INFO] [stdout]    = note: for more information, see issue #80165 <https://github.com/rust-lang/rust/issues/80165>
[INFO] [stdout] 
[INFO] [stdout] 
[INFO] [stdout] warning: trait objects without an explicit `dyn` are deprecated
[INFO] [stdout]    --> src/lib.rs:115:22
[INFO] [stdout]     |
[INFO] [stdout] 115 |     objects: Vec<Box<ObjectTR>>
[INFO] [stdout]     |                      ^^^^^^^^ help: use `dyn`: `dyn ObjectTR`
[INFO] [stdout]     |
[INFO] [stdout]     = warning: this is accepted in the current edition (Rust 2018) but is a hard error in Rust 2021!
[INFO] [stdout]     = note: for more information, see issue #80165 <https://github.com/rust-lang/rust/issues/80165>
[INFO] [stdout] 
[INFO] [stdout] 
[INFO] [stdout] error[E0599]: no method named `remove_item` found for struct `Vec<Box<(dyn ObjectTR + 'static)>>` in the current scope
[INFO] [stdout]   --> src/lib.rs:24:43
[INFO] [stdout]    |
[INFO] [stdout] 24 |         self.get_collection_mut().objects.remove_item(&obj);
[INFO] [stdout]    |                                           ^^^^^^^^^^^ method not found in `Vec<Box<(dyn ObjectTR + 'static)>>`
[INFO] [stdout] 
[INFO] [stdout] 
[INFO] [stdout] error[E0599]: no method named `remove_item` found for struct `Vec<Box<(dyn ObjectTR + 'static)>>` in the current scope
[INFO] [stdout]   --> src/lib.rs:24:43
[INFO] [stdout]    |
[INFO] [stdout] 24 |         self.get_collection_mut().objects.remove_item(&obj);
[INFO] [stdout]    |                                           ^^^^^^^^^^^ method not found in `Vec<Box<(dyn ObjectTR + 'static)>>`
[INFO] [stdout] 
[INFO] [stdout] 
[INFO] [stdout] error: aborting due to 2 previous errors; 4 warnings emitted
[INFO] [stdout] 
[INFO] [stdout] 
[INFO] [stdout] Some errors have detailed explanations: E0554, E0599.
[INFO] [stdout] 
[INFO] [stdout] For more information about an error, try `rustc --explain E0554`.
[INFO] [stdout] 
[INFO] [stderr] error: could not compile `canvas` due to 3 previous errors; 4 warnings emitted
[INFO] [stderr] warning: build failed, waiting for other jobs to finish...
[INFO] [stdout] error: aborting due to 2 previous errors; 4 warnings emitted
[INFO] [stdout] 
[INFO] [stdout] 
[INFO] [stdout] Some errors have detailed explanations: E0554, E0599.
[INFO] [stdout] 
[INFO] [stdout] For more information about an error, try `rustc --explain E0554`.
[INFO] [stdout] 
[INFO] [stderr] error: build failed
[INFO] running `Command { std: "docker" "inspect" "4f1fef4843eb043d5cd5b458a1018414e590a595650a1a0bb35191ed1cc24b8d", kill_on_drop: false }`
[INFO] running `Command { std: "docker" "rm" "-f" "4f1fef4843eb043d5cd5b458a1018414e590a595650a1a0bb35191ed1cc24b8d", kill_on_drop: false }`
[INFO] [stdout] 4f1fef4843eb043d5cd5b458a1018414e590a595650a1a0bb35191ed1cc24b8d
