[INFO] cloning repository https://github.com/quasipaas/quasipaa
[INFO] running `Command { std: "git" "-c" "credential.helper=" "-c" "credential.helper=/workspace/cargo-home/bin/git-credential-null" "clone" "--bare" "https://github.com/quasipaas/quasipaa" "/workspace/cache/git-repos/https%3A%2F%2Fgithub.com%2Fquasipaas%2Fquasipaa", kill_on_drop: false }`
[INFO] [stderr] Cloning into bare repository '/workspace/cache/git-repos/https%3A%2F%2Fgithub.com%2Fquasipaas%2Fquasipaa'...
[INFO] running `Command { std: "git" "rev-parse" "HEAD", kill_on_drop: false }`
[INFO] [stdout] 3cbafa418858287c6810d65b07854941bbbf89e4
[INFO] checking quasipaas/quasipaa against beta-2021-10-15 for beta-1.56-3
[INFO] running `Command { std: "git" "clone" "/workspace/cache/git-repos/https%3A%2F%2Fgithub.com%2Fquasipaas%2Fquasipaa" "/workspace/builds/worker-2/source", kill_on_drop: false }`
[INFO] [stderr] Cloning into '/workspace/builds/worker-2/source'...
[INFO] [stderr] done.
[INFO] validating manifest of git repo https://github.com/quasipaas/quasipaa on toolchain beta-2021-10-15
[INFO] running `Command { std: "/workspace/cargo-home/bin/cargo" "+beta-2021-10-15" "metadata" "--manifest-path" "Cargo.toml" "--no-deps", kill_on_drop: false }`
[INFO] started tweaking git repo https://github.com/quasipaas/quasipaa
[INFO] finished tweaking git repo https://github.com/quasipaas/quasipaa
[INFO] tweaked toml for git repo https://github.com/quasipaas/quasipaa written to /workspace/builds/worker-2/source/Cargo.toml
[INFO] running `Command { std: "/workspace/cargo-home/bin/cargo" "+beta-2021-10-15" "generate-lockfile" "--manifest-path" "Cargo.toml" "-Zno-index-update", kill_on_drop: false }`
[INFO] [stderr]     Blocking waiting for file lock on package cache
[INFO] running `Command { std: "/workspace/cargo-home/bin/cargo" "+beta-2021-10-15" "fetch" "--manifest-path" "Cargo.toml", kill_on_drop: false }`
[INFO] [stderr]     Blocking waiting for file lock on package cache
[INFO] [stderr]     Blocking waiting for file lock on package cache
[INFO] running `Command { std: "docker" "create" "-v" "/var/lib/crater-agent-workspace/builds/worker-2/target:/opt/rustwide/target:rw,Z" "-v" "/var/lib/crater-agent-workspace/builds/worker-2/source:/opt/rustwide/workdir:ro,Z" "-v" "/var/lib/crater-agent-workspace/cargo-home:/opt/rustwide/cargo-home:ro,Z" "-v" "/var/lib/crater-agent-workspace/rustup-home:/opt/rustwide/rustup-home:ro,Z" "-e" "SOURCE_DIR=/opt/rustwide/workdir" "-e" "CARGO_TARGET_DIR=/opt/rustwide/target" "-e" "CARGO_HOME=/opt/rustwide/cargo-home" "-e" "RUSTUP_HOME=/opt/rustwide/rustup-home" "-w" "/opt/rustwide/workdir" "-m" "1610612736" "--user" "0:0" "--network" "none" "ghcr.io/rust-lang/crates-build-env/linux@sha256:a89201d6b5b9fd45c15d5952ece0a0129e7e80cb26ec023fd59cf09bc26f1604" "/opt/rustwide/cargo-home/bin/cargo" "+beta-2021-10-15" "metadata" "--no-deps" "--format-version=1", kill_on_drop: false }`
[INFO] [stdout] bd9bac4e783478a98f5bcc43660859171d5903febf7b8fe2b13fc445d037f178
[INFO] running `Command { std: "docker" "start" "-a" "bd9bac4e783478a98f5bcc43660859171d5903febf7b8fe2b13fc445d037f178", kill_on_drop: false }`
[INFO] running `Command { std: "docker" "inspect" "bd9bac4e783478a98f5bcc43660859171d5903febf7b8fe2b13fc445d037f178", kill_on_drop: false }`
[INFO] running `Command { std: "docker" "rm" "-f" "bd9bac4e783478a98f5bcc43660859171d5903febf7b8fe2b13fc445d037f178", kill_on_drop: false }`
[INFO] [stdout] bd9bac4e783478a98f5bcc43660859171d5903febf7b8fe2b13fc445d037f178
[INFO] running `Command { std: "docker" "create" "-v" "/var/lib/crater-agent-workspace/builds/worker-2/target:/opt/rustwide/target:rw,Z" "-v" "/var/lib/crater-agent-workspace/builds/worker-2/source:/opt/rustwide/workdir:ro,Z" "-v" "/var/lib/crater-agent-workspace/cargo-home:/opt/rustwide/cargo-home:ro,Z" "-v" "/var/lib/crater-agent-workspace/rustup-home:/opt/rustwide/rustup-home:ro,Z" "-e" "SOURCE_DIR=/opt/rustwide/workdir" "-e" "CARGO_TARGET_DIR=/opt/rustwide/target" "-e" "CARGO_INCREMENTAL=0" "-e" "RUST_BACKTRACE=full" "-e" "RUSTFLAGS=--cap-lints=warn" "-e" "CARGO_HOME=/opt/rustwide/cargo-home" "-e" "RUSTUP_HOME=/opt/rustwide/rustup-home" "-w" "/opt/rustwide/workdir" "-m" "1610612736" "--user" "0:0" "--network" "none" "ghcr.io/rust-lang/crates-build-env/linux@sha256:a89201d6b5b9fd45c15d5952ece0a0129e7e80cb26ec023fd59cf09bc26f1604" "/opt/rustwide/cargo-home/bin/cargo" "+beta-2021-10-15" "check" "--frozen" "--all" "--all-targets" "--message-format=json", kill_on_drop: false }`
[INFO] [stdout] 4f0016bb7136dd7099f3c9b9e35942eaf5f5b9dac80abfd26868c07facf63695
[INFO] running `Command { std: "docker" "start" "-a" "4f0016bb7136dd7099f3c9b9e35942eaf5f5b9dac80abfd26868c07facf63695", kill_on_drop: false }`
[INFO] [stderr]     Blocking waiting for file lock on package cache
[INFO] [stderr]    Compiling proc-macro2 v1.0.30
[INFO] [stderr]    Compiling syn v1.0.80
[INFO] [stderr]    Compiling libc v0.2.104
[INFO] [stderr]    Compiling version_check v0.9.3
[INFO] [stderr]    Compiling serde_derive v1.0.130
[INFO] [stderr]    Compiling serde v1.0.130
[INFO] [stderr]    Compiling memchr v2.4.1
[INFO] [stderr]    Compiling typenum v1.14.0
[INFO] [stderr]    Compiling cc v1.0.71
[INFO] [stderr]    Compiling anyhow v1.0.44
[INFO] [stderr]     Checking bytes v1.1.0
[INFO] [stderr]    Compiling crossbeam-utils v0.8.5
[INFO] [stderr]     Checking once_cell v1.8.0
[INFO] [stderr]     Checking subtle v2.4.1
[INFO] [stderr]     Checking cpufeatures v0.2.1
[INFO] [stderr]    Compiling semver v1.0.4
[INFO] [stderr]     Checking itoa v0.4.8
[INFO] [stderr]    Compiling parking_lot_core v0.8.5
[INFO] [stderr]     Checking bitflags v1.3.2
[INFO] [stderr]     Checking unicode-width v0.1.9
[INFO] [stderr]     Checking ppv-lite86 v0.2.14
[INFO] [stderr]     Checking regex-syntax v0.6.25
[INFO] [stderr]     Checking smallvec v1.7.0
[INFO] [stderr]     Checking signature v1.3.1
[INFO] [stderr]    Compiling serde_json v1.0.68
[INFO] [stderr]    Compiling crossbeam-epoch v0.9.5
[INFO] [stderr]    Compiling build_const v0.2.2
[INFO] [stderr]    Compiling futures-core v0.3.17
[INFO] [stderr]     Checking pin-project-lite v0.2.7
[INFO] [stderr]    Compiling rayon-core v1.9.1
[INFO] [stderr]    Compiling pkg-config v0.3.20
[INFO] [stderr]     Checking base64 v0.13.0
[INFO] [stderr]     Checking byteorder v1.4.3
[INFO] [stderr]     Checking fastrand v1.5.0
[INFO] [stderr]     Checking cache-padded v1.1.1
[INFO] [stderr]     Checking openssl-probe v0.1.4
[INFO] [stderr]     Checking futures-io v0.3.17
[INFO] [stderr]     Checking data-encoding v2.3.2
[INFO] [stderr]     Checking waker-fn v1.1.0
[INFO] [stderr]    Compiling unicode-segmentation v1.8.0
[INFO] [stderr]     Checking regex-automata v0.1.10
[INFO] [stderr]     Checking plotters-backend v0.3.2
[INFO] [stderr]     Checking parking v2.0.0
[INFO] [stderr]     Checking md5 v0.7.0
[INFO] [stderr]     Checking event-listener v2.5.1
[INFO] [stderr]     Checking half v1.8.0
[INFO] [stderr]     Checking async-task v4.0.3
[INFO] [stderr]     Checking json v0.12.4
[INFO] [stderr]     Checking atomic-waker v1.0.0
[INFO] [stderr]    Compiling openssl v0.10.36
[INFO] [stderr]     Checking oorandom v11.1.3
[INFO] [stderr]     Checking strsim v0.10.0
[INFO] [stderr]     Checking srtcp v0.1.0 (/opt/rustwide/workdir/srtcp)
[INFO] [stderr]     Checking instant v0.1.11
[INFO] [stderr]    Compiling memoffset v0.6.4
[INFO] [stderr]     Checking lock_api v0.4.5
[INFO] [stderr]    Compiling num-traits v0.2.14
[INFO] [stderr]    Compiling tokio v1.12.0
[INFO] [stderr]     Checking itertools v0.10.1
[INFO] [stderr]    Compiling indexmap v1.7.0
[INFO] [stderr]    Compiling rayon v1.5.1
[INFO] [stderr]     Checking walkdir v2.3.2
[INFO] [stderr]     Checking concurrent-queue v1.2.2
[INFO] [stderr]     Checking textwrap v0.11.0
[INFO] [stderr]     Checking textwrap v0.14.2
[INFO] [stderr]    Compiling generic-array v0.14.4
[INFO] [stderr]    Compiling proc-macro-error-attr v1.0.4
[INFO] [stderr]    Compiling proc-macro-error v1.0.4
[INFO] [stderr]    Compiling unicase v2.6.0
[INFO] [stderr]    Compiling rustc_version v0.4.0
[INFO] [stderr]     Checking ed25519 v1.2.0
[INFO] [stderr]     Checking base64-url v1.4.10
[INFO] [stderr]     Checking clap v2.33.3
[INFO] [stderr]     Checking plotters-svg v0.3.1
[INFO] [stderr]    Compiling crc v1.8.1
[INFO] [stderr]    Compiling heck v0.3.3
[INFO] [stderr]     Checking aho-corasick v0.7.18
[INFO] [stderr]     Checking csv-core v0.1.10
[INFO] [stderr]     Checking os_str_bytes v4.2.0
[INFO] [stderr]     Checking getrandom v0.1.16
[INFO] [stderr]     Checking num_cpus v1.13.0
[INFO] [stderr]     Checking atty v0.2.14
[INFO] [stderr]     Checking mio v0.7.14
[INFO] [stderr]     Checking signal-hook-registry v1.4.0
[INFO] [stderr]     Checking rtp v0.1.0 (/opt/rustwide/workdir/rtp)
[INFO] [stderr]     Checking sdp v0.1.0 (/opt/rustwide/workdir/sdp)
[INFO] [stderr]     Checking futures-lite v1.12.0
[INFO] [stderr]     Checking async-channel v1.6.1
[INFO] [stderr]     Checking plotters v0.3.1
[INFO] [stderr]     Checking crossbeam-channel v0.5.1
[INFO] [stderr]    Compiling quote v1.0.10
[INFO] [stderr]     Checking parking_lot v0.11.2
[INFO] [stderr]    Compiling cast v0.2.7
[INFO] [stderr]    Compiling ring v0.16.20
[INFO] [stderr]    Compiling openssl-sys v0.9.67
[INFO] [stderr]     Checking rand_core v0.5.1
[INFO] [stderr]     Checking srtp v0.1.0 (/opt/rustwide/workdir/srtp)
[INFO] [stderr]     Checking regex v1.5.4
[INFO] [stderr]     Checking rand_chacha v0.2.2
[INFO] [stderr]     Checking digest v0.9.0
[INFO] [stderr]     Checking block-buffer v0.9.0
[INFO] [stderr]     Checking crypto-mac v0.10.1
[INFO] [stderr]     Checking crossbeam-deque v0.8.1
[INFO] [stderr]     Checking rand v0.7.3
[INFO] [stderr]     Checking hmac v0.10.1
[INFO] [stderr]     Checking blocking v1.0.2
[INFO] [stderr]     Checking sha2 v0.9.8
[INFO] [stderr]     Checking sha-1 v0.9.8
[INFO] [stderr]     Checking criterion-plot v0.4.4
[INFO] [stderr]     Checking env_logger v0.8.4
[INFO] [stderr]     Checking nuid v0.2.2
[INFO] [stderr]     Checking webpki v0.21.4
[INFO] [stderr]     Checking sct v0.6.1
[INFO] [stderr]     Checking rustls v0.19.1
[INFO] [stderr]    Compiling synstructure v0.12.6
[INFO] [stderr]     Checking rustls-native-certs v0.5.0
[INFO] [stderr]    Compiling thiserror-impl v1.0.30
[INFO] [stderr]    Compiling zeroize_derive v1.2.0
[INFO] [stderr]    Compiling derivative v2.2.0
[INFO] [stderr]    Compiling tokio-macros v1.5.0
[INFO] [stderr]    Compiling clap_derive v3.0.0-beta.5
[INFO] [stderr]     Checking zeroize v1.4.2
[INFO] [stderr]     Checking subtle-encoding v0.5.1
[INFO] [stderr]     Checking curve25519-dalek v3.2.0
[INFO] [stderr]     Checking signatory v0.21.0
[INFO] [stderr]    Compiling thiserror v1.0.30
[INFO] [stderr]     Checking clap v3.0.0-beta.5
[INFO] [stderr]     Checking dtls v0.1.0 (/opt/rustwide/workdir/dtls)
[INFO] [stderr]     Checking ed25519-dalek v1.0.1
[INFO] [stderr]     Checking bstr v0.2.17
[INFO] [stderr]     Checking serde_cbor v0.11.2
[INFO] [stderr]     Checking nkeys v0.0.11
[INFO] [stderr]    Compiling toml v0.5.8
[INFO] [stderr]     Checking nats v0.9.18
[INFO] [stderr]     Checking csv v1.1.6
[INFO] [stderr]     Checking tinytemplate v1.2.1
[INFO] [stderr]     Checking async-nats v0.9.18
[INFO] [stderr]     Checking criterion v0.3.5
[INFO] [stderr]    Compiling proc-macro-crate v1.1.0
[INFO] [stderr]    Compiling num_enum_derive v0.5.4
[INFO] [stderr]     Checking num_enum v0.5.4
[INFO] [stderr]     Checking stun v0.1.0 (/opt/rustwide/workdir/stun)
[INFO] [stderr]     Checking rtcp v0.1.0 (/opt/rustwide/workdir/rtcp)
[INFO] [stdout] error[E0583]: file not found for module `receiver_report`
[INFO] [stdout]  --> rtcp/src/protocol/mod.rs:1:1
[INFO] [stdout]   |
[INFO] [stdout] 1 | pub mod receiver_report;
[INFO] [stdout]   | ^^^^^^^^^^^^^^^^^^^^^^^^
[INFO] [stdout]   |
[INFO] [stdout]   = help: to create the module `receiver_report`, create file "rtcp/src/protocol/receiver_report.rs" or "rtcp/src/protocol/receiver_report/mod.rs"
[INFO] [stdout] 
[INFO] [stdout] 
[INFO] [stdout] error[E0583]: file not found for module `sender_report`
[INFO] [stdout]  --> rtcp/src/protocol/mod.rs:2:1
[INFO] [stdout]   |
[INFO] [stdout] 2 | pub mod sender_report;
[INFO] [stdout]   | ^^^^^^^^^^^^^^^^^^^^^^
[INFO] [stdout]   |
[INFO] [stdout]   = help: to create the module `sender_report`, create file "rtcp/src/protocol/sender_report.rs" or "rtcp/src/protocol/sender_report/mod.rs"
[INFO] [stdout] 
[INFO] [stdout] 
[INFO] [stdout] error[E0583]: file not found for module `receiver_report`
[INFO] [stdout]  --> rtcp/src/protocol/mod.rs:1:1
[INFO] [stdout]   |
[INFO] [stdout] 1 | pub mod receiver_report;
[INFO] [stdout]   | ^^^^^^^^^^^^^^^^^^^^^^^^
[INFO] [stdout]   |
[INFO] [stdout]   = help: to create the module `receiver_report`, create file "rtcp/src/protocol/receiver_report.rs" or "rtcp/src/protocol/receiver_report/mod.rs"
[INFO] [stdout] 
[INFO] [stdout] 
[INFO] [stdout] error[E0583]: file not found for module `sender_report`
[INFO] [stdout]  --> rtcp/src/protocol/mod.rs:2:1
[INFO] [stdout]   |
[INFO] [stdout] 2 | pub mod sender_report;
[INFO] [stdout]   | ^^^^^^^^^^^^^^^^^^^^^^
[INFO] [stdout]   |
[INFO] [stdout]   = help: to create the module `sender_report`, create file "rtcp/src/protocol/sender_report.rs" or "rtcp/src/protocol/sender_report/mod.rs"
[INFO] [stdout] 
[INFO] [stdout] 
[INFO] [stdout] error[E0433]: failed to resolve: use of undeclared crate or module `report`
[INFO] [stdout]  --> rtcp/src/protocol/mod.rs:5:5
[INFO] [stdout]   |
[INFO] [stdout] 5 | use report::receiver::ReceiverReport;
[INFO] [stdout]   |     ^^^^^^ use of undeclared crate or module `report`
[INFO] [stdout] 
[INFO] [stdout] 
[INFO] [stdout] error[E0433]: failed to resolve: use of undeclared crate or module `report`
[INFO] [stdout]  --> rtcp/src/protocol/mod.rs:6:5
[INFO] [stdout]   |
[INFO] [stdout] 6 | use report::sender::SenderReport;
[INFO] [stdout]   |     ^^^^^^ use of undeclared crate or module `report`
[INFO] [stdout] 
[INFO] [stdout] 
[INFO] [stdout] error[E0433]: failed to resolve: use of undeclared crate or module `report`
[INFO] [stdout]  --> rtcp/src/protocol/mod.rs:5:5
[INFO] [stdout]   |
[INFO] [stdout] 5 | use report::receiver::ReceiverReport;
[INFO] [stdout]   |     ^^^^^^ use of undeclared crate or module `report`
[INFO] [stdout] 
[INFO] [stdout] 
[INFO] [stdout] error[E0433]: failed to resolve: use of undeclared crate or module `report`
[INFO] [stdout]  --> rtcp/src/protocol/mod.rs:6:5
[INFO] [stdout]   |
[INFO] [stdout] 6 | use report::sender::SenderReport;
[INFO] [stdout]   |     ^^^^^^ use of undeclared crate or module `report`
[INFO] [stdout] 
[INFO] [stdout] 
[INFO] [stdout] error[E0433]: failed to resolve: use of undeclared type `SenderReport`
[INFO] [stdout]    --> rtcp/src/protocol/mod.rs:128:42
[INFO] [stdout]     |
[INFO] [stdout] 128 |             PacketKind::SR => Packet::SR(SenderReport::try_from(&body[..])?),
[INFO] [stdout]     |                                          ^^^^^^^^^^^^ use of undeclared type `SenderReport`
[INFO] [stdout] 
[INFO] [stdout] 
[INFO] [stdout] error[E0412]: cannot find type `SenderReport` in this scope
[INFO] [stdout]   --> rtcp/src/protocol/mod.rs:28:8
[INFO] [stdout]    |
[INFO] [stdout] 28 |     SR(SenderReport),
[INFO] [stdout]    |        ^^^^^^^^^^^^ not found in this scope
[INFO] [stdout] 
[INFO] [stdout] 
[INFO] [stdout] error[E0412]: cannot find type `ReceiverReport` in this scope
[INFO] [stdout]   --> rtcp/src/protocol/mod.rs:29:8
[INFO] [stdout]    |
[INFO] [stdout] 29 |     RR(ReceiverReport),
[INFO] [stdout]    |        ^^^^^^^^^^^^^^ not found in this scope
[INFO] [stdout] 
[INFO] [stdout] 
[INFO] [stdout] error[E0433]: failed to resolve: use of undeclared type `SenderReport`
[INFO] [stdout]    --> rtcp/src/protocol/mod.rs:128:42
[INFO] [stdout]     |
[INFO] [stdout] 128 |             PacketKind::SR => Packet::SR(SenderReport::try_from(&body[..])?),
[INFO] [stdout]     |                                          ^^^^^^^^^^^^ use of undeclared type `SenderReport`
[INFO] [stdout] 
[INFO] [stdout] 
[INFO] [stdout] error[E0412]: cannot find type `SenderReport` in this scope
[INFO] [stdout]   --> rtcp/src/protocol/mod.rs:28:8
[INFO] [stdout]    |
[INFO] [stdout] 28 |     SR(SenderReport),
[INFO] [stdout]    |        ^^^^^^^^^^^^ not found in this scope
[INFO] [stdout] 
[INFO] [stdout] 
[INFO] [stdout] error[E0412]: cannot find type `ReceiverReport` in this scope
[INFO] [stdout]   --> rtcp/src/protocol/mod.rs:29:8
[INFO] [stdout]    |
[INFO] [stdout] 29 |     RR(ReceiverReport),
[INFO] [stdout]    |        ^^^^^^^^^^^^^^ not found in this scope
[INFO] [stdout] 
[INFO] [stdout] 
[INFO] [stdout] error: aborting due to 7 previous errors
[INFO] [stdout] 
[INFO] [stdout] 
[INFO] [stdout] Some errors have detailed explanations: E0412, E0433, E0583.
[INFO] [stdout] 
[INFO] [stdout] For more information about an error, try `rustc --explain E0412`.
[INFO] [stdout] 
[INFO] [stderr] error: could not compile `rtcp` due to 8 previous errors
[INFO] [stderr] warning: build failed, waiting for other jobs to finish...
[INFO] [stdout] error: aborting due to 7 previous errors
[INFO] [stdout] 
[INFO] [stdout] 
[INFO] [stdout] Some errors have detailed explanations: E0412, E0433, E0583.
[INFO] [stdout] 
[INFO] [stdout] For more information about an error, try `rustc --explain E0412`.
[INFO] [stdout] 
[INFO] [stderr] error: build failed
[INFO] running `Command { std: "docker" "inspect" "4f0016bb7136dd7099f3c9b9e35942eaf5f5b9dac80abfd26868c07facf63695", kill_on_drop: false }`
[INFO] running `Command { std: "docker" "rm" "-f" "4f0016bb7136dd7099f3c9b9e35942eaf5f5b9dac80abfd26868c07facf63695", kill_on_drop: false }`
[INFO] [stdout] 4f0016bb7136dd7099f3c9b9e35942eaf5f5b9dac80abfd26868c07facf63695
