[INFO] cloning repository https://github.com/qbx2/sse-mod-skyrim-search-se
[INFO] running `Command { std: "git" "-c" "credential.helper=" "-c" "credential.helper=/workspace/cargo-home/bin/git-credential-null" "clone" "--bare" "https://github.com/qbx2/sse-mod-skyrim-search-se" "/workspace/cache/git-repos/https%3A%2F%2Fgithub.com%2Fqbx2%2Fsse-mod-skyrim-search-se", kill_on_drop: false }`
[INFO] [stderr] Cloning into bare repository '/workspace/cache/git-repos/https%3A%2F%2Fgithub.com%2Fqbx2%2Fsse-mod-skyrim-search-se'...
[INFO] running `Command { std: "git" "rev-parse" "HEAD", kill_on_drop: false }`
[INFO] [stdout] 394a6df6ded8d1c7ab5a0de76c680326fde6ffa2
[INFO] checking qbx2/sse-mod-skyrim-search-se against 1.55.0 for beta-1.56-3
[INFO] running `Command { std: "git" "clone" "/workspace/cache/git-repos/https%3A%2F%2Fgithub.com%2Fqbx2%2Fsse-mod-skyrim-search-se" "/workspace/builds/worker-31/source", kill_on_drop: false }`
[INFO] [stderr] Cloning into '/workspace/builds/worker-31/source'...
[INFO] [stderr] done.
[INFO] validating manifest of git repo https://github.com/qbx2/sse-mod-skyrim-search-se on toolchain 1.55.0
[INFO] running `Command { std: "/workspace/cargo-home/bin/cargo" "+1.55.0" "metadata" "--manifest-path" "Cargo.toml" "--no-deps", kill_on_drop: false }`
[INFO] removed /workspace/builds/worker-31/source/.cargo/config
[INFO] started tweaking git repo https://github.com/qbx2/sse-mod-skyrim-search-se
[INFO] finished tweaking git repo https://github.com/qbx2/sse-mod-skyrim-search-se
[INFO] tweaked toml for git repo https://github.com/qbx2/sse-mod-skyrim-search-se written to /workspace/builds/worker-31/source/Cargo.toml
[INFO] crate git repo https://github.com/qbx2/sse-mod-skyrim-search-se already has a lockfile, it will not be regenerated
[INFO] running `Command { std: "/workspace/cargo-home/bin/cargo" "+1.55.0" "fetch" "--manifest-path" "Cargo.toml", kill_on_drop: false }`
[INFO] [stderr]     Blocking waiting for file lock on package cache
[INFO] [stderr]     Blocking waiting for file lock on package cache
[INFO] [stderr]  Downloading crates ...
[INFO] [stderr]   Downloaded detour v0.7.1
[INFO] [stderr]   Downloaded win_dbg_logger v0.1.0
[INFO] [stderr]   Downloaded late-static v0.4.0
[INFO] running `Command { std: "docker" "create" "-v" "/var/lib/crater-agent-workspace/builds/worker-31/target:/opt/rustwide/target:rw,Z" "-v" "/var/lib/crater-agent-workspace/builds/worker-31/source:/opt/rustwide/workdir:ro,Z" "-v" "/var/lib/crater-agent-workspace/cargo-home:/opt/rustwide/cargo-home:ro,Z" "-v" "/var/lib/crater-agent-workspace/rustup-home:/opt/rustwide/rustup-home:ro,Z" "-e" "SOURCE_DIR=/opt/rustwide/workdir" "-e" "CARGO_TARGET_DIR=/opt/rustwide/target" "-e" "CARGO_HOME=/opt/rustwide/cargo-home" "-e" "RUSTUP_HOME=/opt/rustwide/rustup-home" "-w" "/opt/rustwide/workdir" "-m" "1610612736" "--user" "0:0" "--network" "none" "ghcr.io/rust-lang/crates-build-env/linux@sha256:a89201d6b5b9fd45c15d5952ece0a0129e7e80cb26ec023fd59cf09bc26f1604" "/opt/rustwide/cargo-home/bin/cargo" "+1.55.0" "metadata" "--no-deps" "--format-version=1", kill_on_drop: false }`
[INFO] [stdout] 3e2e832387e7b73a96488263a9c7a86b9ebb899ed9a24e1e14f1adc5896c9133
[INFO] running `Command { std: "docker" "start" "-a" "3e2e832387e7b73a96488263a9c7a86b9ebb899ed9a24e1e14f1adc5896c9133", kill_on_drop: false }`
[INFO] running `Command { std: "docker" "inspect" "3e2e832387e7b73a96488263a9c7a86b9ebb899ed9a24e1e14f1adc5896c9133", kill_on_drop: false }`
[INFO] running `Command { std: "docker" "rm" "-f" "3e2e832387e7b73a96488263a9c7a86b9ebb899ed9a24e1e14f1adc5896c9133", kill_on_drop: false }`
[INFO] [stdout] 3e2e832387e7b73a96488263a9c7a86b9ebb899ed9a24e1e14f1adc5896c9133
[INFO] running `Command { std: "docker" "create" "-v" "/var/lib/crater-agent-workspace/builds/worker-31/target:/opt/rustwide/target:rw,Z" "-v" "/var/lib/crater-agent-workspace/builds/worker-31/source:/opt/rustwide/workdir:ro,Z" "-v" "/var/lib/crater-agent-workspace/cargo-home:/opt/rustwide/cargo-home:ro,Z" "-v" "/var/lib/crater-agent-workspace/rustup-home:/opt/rustwide/rustup-home:ro,Z" "-e" "SOURCE_DIR=/opt/rustwide/workdir" "-e" "CARGO_TARGET_DIR=/opt/rustwide/target" "-e" "CARGO_INCREMENTAL=0" "-e" "RUST_BACKTRACE=full" "-e" "RUSTFLAGS=--cap-lints=warn" "-e" "CARGO_HOME=/opt/rustwide/cargo-home" "-e" "RUSTUP_HOME=/opt/rustwide/rustup-home" "-w" "/opt/rustwide/workdir" "-m" "1610612736" "--user" "0:0" "--network" "none" "ghcr.io/rust-lang/crates-build-env/linux@sha256:a89201d6b5b9fd45c15d5952ece0a0129e7e80cb26ec023fd59cf09bc26f1604" "/opt/rustwide/cargo-home/bin/cargo" "+1.55.0" "check" "--frozen" "--all" "--all-targets" "--message-format=json", kill_on_drop: false }`
[INFO] [stdout] 18f8d2ca7b37029a444c87e3153aa7ecbb0b24f21474319807b8c9ab764acfeb
[INFO] running `Command { std: "docker" "start" "-a" "18f8d2ca7b37029a444c87e3153aa7ecbb0b24f21474319807b8c9ab764acfeb", kill_on_drop: false }`
[INFO] [stderr]     Blocking waiting for file lock on package cache
[INFO] [stderr]    Compiling libc v0.2.86
[INFO] [stderr]    Compiling memchr v2.3.4
[INFO] [stderr]    Compiling cc v1.0.66
[INFO] [stderr]    Compiling serde v1.0.123
[INFO] [stderr]    Compiling typenum v1.12.0
[INFO] [stderr]     Checking byteorder v1.4.2
[INFO] [stderr]    Compiling anyhow v1.0.38
[INFO] [stderr]    Compiling winapi v0.3.9
[INFO] [stderr]     Checking lazy_static v1.4.0
[INFO] [stderr]     Checking unicode-width v0.1.8
[INFO] [stderr]     Checking ahash v0.4.7
[INFO] [stderr]     Checking itoa v0.4.7
[INFO] [stderr]     Checking cfg-if v1.0.0
[INFO] [stderr]     Checking slice-pool v0.4.1
[INFO] [stderr]     Checking vec_map v0.8.2
[INFO] [stderr]     Checking encode_unicode v0.3.6
[INFO] [stderr]     Checking fallible-streaming-iterator v0.1.9
[INFO] [stderr]     Checking cfg-if v0.1.10
[INFO] [stderr]     Checking ansi_term v0.11.0
[INFO] [stderr]     Checking fallible-iterator v0.2.0
[INFO] [stderr]     Checking strsim v0.8.0
[INFO] [stderr]     Checking smallvec v1.6.1
[INFO] [stderr]     Checking shlex v1.0.0
[INFO] [stderr]     Checking late-static v0.4.0
[INFO] [stderr]     Checking bitflags v1.2.1
[INFO] [stderr]     Checking ryu v1.0.5
[INFO] [stderr]     Checking hashlink v0.6.0
[INFO] [stderr]     Checking win_dbg_logger v0.1.0
[INFO] [stderr]     Checking textwrap v0.11.0
[INFO] [stderr]     Checking regex-automata v0.1.9
[INFO] [stderr]     Checking log v0.4.14
[INFO] [stderr]     Checking hashbrown v0.9.1
[INFO] [stderr]    Compiling libsqlite3-sys v0.20.1
[INFO] [stderr]    Compiling libudis86-sys v0.2.1
[INFO] [stderr]     Checking csv-core v0.1.10
[INFO] [stderr]     Checking atty v0.2.14
[INFO] [stderr]     Checking dirs v1.0.5
[INFO] [stderr]     Checking mmap-fixed v0.1.5
[INFO] [stderr]     Checking region v2.2.0
[INFO] [stderr]     Checking generic-array v0.13.2
[INFO] [stderr]     Checking clap v2.33.3
[INFO] [stderr]     Checking term v0.5.2
[INFO] [stderr]     Checking detour v0.7.1
[INFO] [stdout] error[E0557]: feature has been removed
[INFO] [stdout]  --> /opt/rustwide/cargo-home/registry/src/github.com-1ecc6299db9ec823/detour-0.7.1/src/lib.rs:2:42
[INFO] [stdout]   |
[INFO] [stdout] 2 | #![cfg_attr(feature = "nightly", feature(const_fn, unboxed_closures, abi_thiscall))]
[INFO] [stdout]   |                                          ^^^^^^^^ feature has been removed
[INFO] [stdout]   |
[INFO] [stdout]   = note: split into finer-grained feature gates
[INFO] [stdout] 
[INFO] [stdout] 
[INFO] [stdout] error[E0554]: `#![feature]` may not be used on the stable release channel
[INFO] [stdout]  --> /opt/rustwide/cargo-home/registry/src/github.com-1ecc6299db9ec823/detour-0.7.1/src/lib.rs:2:34
[INFO] [stdout]   |
[INFO] [stdout] 2 | #![cfg_attr(feature = "nightly", feature(const_fn, unboxed_closures, abi_thiscall))]
[INFO] [stdout]   |                                  ^^^^^^^^^^^^^^^^^^^^^^^^^^^^^^^^^^^^^^^^^^^^^^^^^
[INFO] [stdout] 
[INFO] [stdout] 
[INFO] [stdout] error[E0557]: feature has been removed
[INFO] [stdout]  --> /opt/rustwide/cargo-home/registry/src/github.com-1ecc6299db9ec823/detour-0.7.1/src/lib.rs:2:42
[INFO] [stdout]   |
[INFO] [stdout] 2 | #![cfg_attr(feature = "nightly", feature(const_fn, unboxed_closures, abi_thiscall))]
[INFO] [stdout]   |                                          ^^^^^^^^ feature has been removed
[INFO] [stdout]   |
[INFO] [stdout]   = note: split into finer-grained feature gates
[INFO] [stdout] 
[INFO] [stdout] 
[INFO] [stdout] error[E0554]: `#![feature]` may not be used on the stable release channel
[INFO] [stdout]  --> /opt/rustwide/cargo-home/registry/src/github.com-1ecc6299db9ec823/detour-0.7.1/src/lib.rs:2:34
[INFO] [stdout]   |
[INFO] [stdout] 2 | #![cfg_attr(feature = "nightly", feature(const_fn, unboxed_closures, abi_thiscall))]
[INFO] [stdout]   |                                  ^^^^^^^^^^^^^^^^^^^^^^^^^^^^^^^^^^^^^^^^^^^^^^^^^
[INFO] [stdout] 
[INFO] [stdout] 
[INFO] [stderr]     Checking bstr v0.2.15
[INFO] [stdout] error: aborting due to 2 previous errors
[INFO] [stdout] 
[INFO] [stdout] 
[INFO] [stdout] Some errors have detailed explanations: E0554, E0557.
[INFO] [stdout] 
[INFO] [stderr] error: could not compile `detour` due to 3 previous errors
[INFO] [stdout] For more information about an error, try `rustc --explain E0554`.
[INFO] [stdout] 
[INFO] [stderr] warning: build failed, waiting for other jobs to finish...
[INFO] [stdout] error: aborting due to 2 previous errors
[INFO] [stdout] 
[INFO] [stdout] 
[INFO] [stdout] Some errors have detailed explanations: E0554, E0557.
[INFO] [stdout] 
[INFO] [stdout] For more information about an error, try `rustc --explain E0554`.
[INFO] [stdout] 
[INFO] [stderr] error: build failed
[INFO] running `Command { std: "docker" "inspect" "18f8d2ca7b37029a444c87e3153aa7ecbb0b24f21474319807b8c9ab764acfeb", kill_on_drop: false }`
[INFO] running `Command { std: "docker" "rm" "-f" "18f8d2ca7b37029a444c87e3153aa7ecbb0b24f21474319807b8c9ab764acfeb", kill_on_drop: false }`
[INFO] [stdout] 18f8d2ca7b37029a444c87e3153aa7ecbb0b24f21474319807b8c9ab764acfeb
