[INFO] cloning repository https://github.com/qbarrand/quba.fr-server-rs
[INFO] running `Command { std: "git" "-c" "credential.helper=" "-c" "credential.helper=/workspace/cargo-home/bin/git-credential-null" "clone" "--bare" "https://github.com/qbarrand/quba.fr-server-rs" "/workspace/cache/git-repos/https%3A%2F%2Fgithub.com%2Fqbarrand%2Fquba.fr-server-rs", kill_on_drop: false }`
[INFO] [stderr] Cloning into bare repository '/workspace/cache/git-repos/https%3A%2F%2Fgithub.com%2Fqbarrand%2Fquba.fr-server-rs'...
[INFO] running `Command { std: "git" "rev-parse" "HEAD", kill_on_drop: false }`
[INFO] [stdout] 1190e6ba84628eaa85bd21495c98b77242787e8c
[INFO] checking qbarrand/quba.fr-server-rs against 1.55.0 for beta-1.56-3
[INFO] running `Command { std: "git" "clone" "/workspace/cache/git-repos/https%3A%2F%2Fgithub.com%2Fqbarrand%2Fquba.fr-server-rs" "/workspace/builds/worker-70/source", kill_on_drop: false }`
[INFO] [stderr] Cloning into '/workspace/builds/worker-70/source'...
[INFO] [stderr] done.
[INFO] validating manifest of git repo https://github.com/qbarrand/quba.fr-server-rs on toolchain 1.55.0
[INFO] running `Command { std: "/workspace/cargo-home/bin/cargo" "+1.55.0" "metadata" "--manifest-path" "Cargo.toml" "--no-deps", kill_on_drop: false }`
[INFO] started tweaking git repo https://github.com/qbarrand/quba.fr-server-rs
[INFO] finished tweaking git repo https://github.com/qbarrand/quba.fr-server-rs
[INFO] tweaked toml for git repo https://github.com/qbarrand/quba.fr-server-rs written to /workspace/builds/worker-70/source/Cargo.toml
[INFO] crate git repo https://github.com/qbarrand/quba.fr-server-rs already has a lockfile, it will not be regenerated
[INFO] running `Command { std: "/workspace/cargo-home/bin/cargo" "+1.55.0" "fetch" "--manifest-path" "Cargo.toml", kill_on_drop: false }`
[INFO] [stderr]     Blocking waiting for file lock on package cache
[INFO] [stderr]     Blocking waiting for file lock on package cache
[INFO] [stderr]  Downloading crates ...
[INFO] [stderr]   Downloaded tokio v0.2.10
[INFO] [stderr]   Downloaded bstr v0.2.10
[INFO] [stderr]   Downloaded tera v1.0.2
[INFO] [stderr]   Downloaded domain v0.4.0
[INFO] [stderr]   Downloaded globwalk v0.7.1
[INFO] [stderr]   Downloaded domain-resolv v0.4.0
[INFO] [stderr]   Downloaded domain-core v0.4.0
[INFO] [stderr]   Downloaded magick_rust v0.12.0
[INFO] running `Command { std: "docker" "create" "-v" "/var/lib/crater-agent-workspace/builds/worker-70/target:/opt/rustwide/target:rw,Z" "-v" "/var/lib/crater-agent-workspace/builds/worker-70/source:/opt/rustwide/workdir:ro,Z" "-v" "/var/lib/crater-agent-workspace/cargo-home:/opt/rustwide/cargo-home:ro,Z" "-v" "/var/lib/crater-agent-workspace/rustup-home:/opt/rustwide/rustup-home:ro,Z" "-e" "SOURCE_DIR=/opt/rustwide/workdir" "-e" "CARGO_TARGET_DIR=/opt/rustwide/target" "-e" "CARGO_HOME=/opt/rustwide/cargo-home" "-e" "RUSTUP_HOME=/opt/rustwide/rustup-home" "-w" "/opt/rustwide/workdir" "-m" "1610612736" "--user" "0:0" "--network" "none" "ghcr.io/rust-lang/crates-build-env/linux@sha256:a89201d6b5b9fd45c15d5952ece0a0129e7e80cb26ec023fd59cf09bc26f1604" "/opt/rustwide/cargo-home/bin/cargo" "+1.55.0" "metadata" "--no-deps" "--format-version=1", kill_on_drop: false }`
[INFO] [stdout] eb19c3ede4b8c66a5d390f826166ec150c6f99fe67b4103df42ef36f2df754f5
[INFO] running `Command { std: "docker" "start" "-a" "eb19c3ede4b8c66a5d390f826166ec150c6f99fe67b4103df42ef36f2df754f5", kill_on_drop: false }`
[INFO] running `Command { std: "docker" "inspect" "eb19c3ede4b8c66a5d390f826166ec150c6f99fe67b4103df42ef36f2df754f5", kill_on_drop: false }`
[INFO] running `Command { std: "docker" "rm" "-f" "eb19c3ede4b8c66a5d390f826166ec150c6f99fe67b4103df42ef36f2df754f5", kill_on_drop: false }`
[INFO] [stdout] eb19c3ede4b8c66a5d390f826166ec150c6f99fe67b4103df42ef36f2df754f5
[INFO] running `Command { std: "docker" "create" "-v" "/var/lib/crater-agent-workspace/builds/worker-70/target:/opt/rustwide/target:rw,Z" "-v" "/var/lib/crater-agent-workspace/builds/worker-70/source:/opt/rustwide/workdir:ro,Z" "-v" "/var/lib/crater-agent-workspace/cargo-home:/opt/rustwide/cargo-home:ro,Z" "-v" "/var/lib/crater-agent-workspace/rustup-home:/opt/rustwide/rustup-home:ro,Z" "-e" "SOURCE_DIR=/opt/rustwide/workdir" "-e" "CARGO_TARGET_DIR=/opt/rustwide/target" "-e" "CARGO_INCREMENTAL=0" "-e" "RUST_BACKTRACE=full" "-e" "RUSTFLAGS=--cap-lints=warn" "-e" "CARGO_HOME=/opt/rustwide/cargo-home" "-e" "RUSTUP_HOME=/opt/rustwide/rustup-home" "-w" "/opt/rustwide/workdir" "-m" "1610612736" "--user" "0:0" "--network" "none" "ghcr.io/rust-lang/crates-build-env/linux@sha256:a89201d6b5b9fd45c15d5952ece0a0129e7e80cb26ec023fd59cf09bc26f1604" "/opt/rustwide/cargo-home/bin/cargo" "+1.55.0" "check" "--frozen" "--all" "--all-targets" "--message-format=json", kill_on_drop: false }`
[INFO] [stdout] dcdd6cc0af000062cd71a22baca3712a4f2b45f7d3f2d0e9fccb195b24dec82e
[INFO] running `Command { std: "docker" "start" "-a" "dcdd6cc0af000062cd71a22baca3712a4f2b45f7d3f2d0e9fccb195b24dec82e", kill_on_drop: false }`
[INFO] [stderr]     Blocking waiting for file lock on package cache
[INFO] [stderr]    Compiling libc v0.2.66
[INFO] [stderr]     Checking cfg-if v0.1.10
[INFO] [stderr]    Compiling log v0.4.8
[INFO] [stderr]    Compiling autocfg v0.1.7
[INFO] [stderr]    Compiling semver-parser v0.7.0
[INFO] [stderr]    Compiling memchr v2.3.0
[INFO] [stderr]    Compiling proc-macro2 v1.0.8
[INFO] [stderr]    Compiling unicode-xid v0.2.0
[INFO] [stderr]     Checking fnv v1.0.6
[INFO] [stderr]    Compiling syn v1.0.14
[INFO] [stderr]     Checking slab v0.4.2
[INFO] [stderr]     Checking futures v0.1.29
[INFO] [stderr]    Compiling byteorder v1.3.2
[INFO] [stderr]    Compiling autocfg v1.0.0
[INFO] [stderr]     Checking scopeguard v1.0.0
[INFO] [stderr]    Compiling maybe-uninit v2.0.0
[INFO] [stderr]     Checking rand_core v0.4.2
[INFO] [stderr]    Compiling bitflags v1.2.1
[INFO] [stderr]    Compiling glob v0.2.11
[INFO] [stderr]    Compiling cc v1.0.50
[INFO] [stderr]    Compiling ucd-util v0.1.7
[INFO] [stderr]    Compiling libloading v0.4.3
[INFO] [stderr]    Compiling regex v0.2.11
[INFO] [stderr]    Compiling utf8-ranges v1.0.4
[INFO] [stderr]     Checking itoa v0.4.4
[INFO] [stderr]    Compiling unicode-width v0.1.7
[INFO] [stderr]    Compiling failure_derive v0.1.6
[INFO] [stderr]     Checking bytes v0.5.3
[INFO] [stderr]     Checking futures-core v0.3.1
[INFO] [stderr]     Checking regex-syntax v0.6.14
[INFO] [stderr]    Compiling vec_map v0.8.1
[INFO] [stderr]    Compiling ansi_term v0.11.0
[INFO] [stderr]     Checking arc-swap v0.4.4
[INFO] [stderr]    Compiling strsim v0.8.0
[INFO] [stderr]     Checking rustc-demangle v0.1.16
[INFO] [stderr]    Compiling ucd-trie v0.1.2
[INFO] [stderr]    Compiling bindgen v0.31.3
[INFO] [stderr]     Checking pin-project-lite v0.1.4
[INFO] [stderr]    Compiling quote v0.3.15
[INFO] [stderr]     Checking same-file v1.0.6
[INFO] [stderr]    Compiling serde v1.0.104
[INFO] [stderr]    Compiling maplit v1.0.2
[INFO] [stderr]    Compiling lazy_static v0.2.11
[INFO] [stderr]    Compiling peeking_take_while v0.1.2
[INFO] [stderr]    Compiling ryu v1.0.2
[INFO] [stderr]     Checking pin-utils v0.1.0-alpha.4
[INFO] [stderr]    Compiling httparse v1.3.4
[INFO] [stderr]    Compiling pkg-config v0.3.17
[INFO] [stderr]     Checking futures-sink v0.3.1
[INFO] [stderr]     Checking futures-task v0.3.1
[INFO] [stderr]     Checking void v1.0.2
[INFO] [stderr]     Checking quick-error v1.2.3
[INFO] [stderr]     Checking try-lock v0.2.2
[INFO] [stderr]     Checking termcolor v1.1.0
[INFO] [stderr]     Checking tower-service v0.3.0
[INFO] [stderr]     Checking scoped-tls v0.1.2
[INFO] [stderr]     Checking thread_local v1.0.1
[INFO] [stderr]    Compiling thread_local v0.3.6
[INFO] [stderr]     Checking crossbeam-utils v0.6.6
[INFO] [stderr]     Checking walkdir v2.3.1
[INFO] [stderr]     Checking textwrap v0.11.0
[INFO] [stderr]    Compiling crossbeam-utils v0.7.0
[INFO] [stderr]    Compiling crossbeam-epoch v0.8.0
[INFO] [stderr]    Compiling rand_chacha v0.1.1
[INFO] [stderr]    Compiling rand_pcg v0.1.2
[INFO] [stderr]    Compiling rand v0.6.5
[INFO] [stderr]     Checking futures-channel v0.3.1
[INFO] [stderr]     Checking humantime v1.3.0
[INFO] [stderr]     Checking rand_core v0.3.1
[INFO] [stderr]     Checking rand_jitter v0.1.4
[INFO] [stderr]     Checking futures-util v0.3.1
[INFO] [stderr]    Compiling regex-syntax v0.5.6
[INFO] [stderr]     Checking lock_api v0.3.3
[INFO] [stderr]    Compiling pest v2.1.2
[INFO] [stderr]     Checking tokio-sync v0.1.7
[INFO] [stderr]    Compiling semver v0.9.0
[INFO] [stderr]     Checking http v0.2.0
[INFO] [stderr]    Compiling log v0.3.9
[INFO] [stderr]     Checking aho-corasick v0.7.7
[INFO] [stderr]     Checking bstr v0.2.10
[INFO] [stderr]    Compiling num-traits v0.2.11
[INFO] [stderr]    Compiling num-integer v0.1.42
[INFO] [stderr]    Compiling indexmap v1.3.1
[INFO] [stderr]     Checking tokio-executor v0.1.9
[INFO] [stderr]     Checking crossbeam-queue v0.1.2
[INFO] [stderr]     Checking want v0.3.0
[INFO] [stderr]    Compiling aho-corasick v0.6.10
[INFO] [stderr]     Checking rand_xorshift v0.1.1
[INFO] [stderr]     Checking rand_hc v0.1.0
[INFO] [stderr]     Checking rand_isaac v0.1.1
[INFO] [stderr]     Checking smallvec v0.6.13
[INFO] [stderr]    Compiling clang-sys v0.21.2
[INFO] [stderr]    Compiling rustc_version v0.2.3
[INFO] [stderr]     Checking iovec v0.1.4
[INFO] [stderr]     Checking num_cpus v1.12.0
[INFO] [stderr]     Checking net2 v0.2.33
[INFO] [stderr]     Checking time v0.1.42
[INFO] [stderr]     Checking signal-hook-registry v1.2.0
[INFO] [stderr]     Checking rand_os v0.1.3
[INFO] [stderr]     Checking atty v0.2.14
[INFO] [stderr]     Checking tokio-current-thread v0.1.6
[INFO] [stderr]     Checking tokio-timer v0.2.12
[INFO] [stderr]     Checking clap v2.33.0
[INFO] [stderr]    Compiling backtrace-sys v0.1.32
[INFO] [stderr]     Checking bytes v0.4.12
[INFO] [stderr]    Compiling quote v1.0.2
[INFO] [stderr]     Checking crossbeam-channel v0.4.0
[INFO] [stderr]    Compiling memchr v1.0.2
[INFO] [stderr]    Compiling which v1.0.5
[INFO] [stderr]     Checking mio v0.6.21
[INFO] [stderr]     Checking tokio-io v0.1.12
[INFO] [stderr]    Compiling pest_meta v2.1.2
[INFO] [stderr]    Compiling parking_lot_core v0.6.2
[INFO] [stderr]    Compiling memoffset v0.5.3
[INFO] [stderr]    Compiling parking_lot v0.9.0
[INFO] [stderr]    Compiling nom v3.2.1
[INFO] [stderr]     Checking tokio-codec v0.1.1
[INFO] [stderr]     Checking mio-uds v0.6.7
[INFO] [stderr]     Checking regex v1.3.4
[INFO] [stderr]     Checking backtrace v0.3.42
[INFO] [stderr]     Checking chrono v0.4.10
[INFO] [stderr]     Checking http-body v0.3.1
[INFO] [stderr]    Compiling cexpr v0.2.3
[INFO] [stderr]    Compiling env_logger v0.4.3
[INFO] [stderr]     Checking crossbeam-deque v0.7.2
[INFO] [stderr]     Checking tokio-reactor v0.1.11
[INFO] [stderr]     Checking tokio-threadpool v0.1.17
[INFO] [stderr]     Checking globset v0.4.4
[INFO] [stderr]     Checking env_logger v0.7.1
[INFO] [stderr]     Checking tokio-udp v0.1.5
[INFO] [stderr]     Checking tokio-uds v0.2.5
[INFO] [stderr]     Checking tokio-tcp v0.1.3
[INFO] [stderr]     Checking tokio-fs v0.1.6
[INFO] [stderr]     Checking ignore v0.4.11
[INFO] [stderr]     Checking serde_json v1.0.45
[INFO] [stderr]    Compiling synstructure v0.12.3
[INFO] [stderr]    Compiling pest_generator v2.1.1
[INFO] [stderr]     Checking tokio v0.1.22
[INFO] [stderr]     Checking globwalk v0.7.1
[INFO] [stderr]    Compiling tokio-macros v0.2.3
[INFO] [stderr]    Compiling pin-project-internal v0.4.7
[INFO] [stderr]     Checking tokio-core v0.1.17
[INFO] [stderr]     Checking tokio v0.2.10
[INFO] [stderr]    Compiling pest_derive v2.1.0
[INFO] [stderr]     Checking pin-project v0.4.7
[INFO] [stderr]     Checking tera v1.0.2
[INFO] [stderr]    Compiling magick_rust v0.12.0
[INFO] [stderr]     Checking failure v0.1.6
[INFO] [stderr]     Checking domain-core v0.4.0
[INFO] [stdout] error: expected `>`
[INFO] [stdout]    --> /opt/rustwide/cargo-home/registry/src/github.com-1ecc6299db9ec823/domain-core-0.4.0/src/rdata/macros.rs:571:27
[INFO] [stdout]     |
[INFO] [stdout] 571 |                   $t(<$t $( <$gen> )* as ::bits::rdata::ParseRecordData>::Err),
[INFO] [stdout]     |                             ^
[INFO] [stdout]     | 
[INFO] [stdout]    ::: /opt/rustwide/cargo-home/registry/src/github.com-1ecc6299db9ec823/domain-core-0.4.0/src/rdata/mod.rs:43:1
[INFO] [stdout]     |
[INFO] [stdout] 43  | / rdata_types!{
[INFO] [stdout] 44  | |     rfc1035::{
[INFO] [stdout] 45  | |         master {
[INFO] [stdout] 46  | |             A,
[INFO] [stdout] ...   |
[INFO] [stdout] 88  | |     }
[INFO] [stdout] 89  | | }
[INFO] [stdout]     | |_- in this macro invocation
[INFO] [stdout]     |
[INFO] [stdout]     = note: this error originates in the macro `parse_err` (in Nightly builds, run with -Z macro-backtrace for more info)
[INFO] [stdout] 
[INFO] [stdout] 
[INFO] [stdout] error: expected `>`
[INFO] [stdout]    --> /opt/rustwide/cargo-home/registry/src/github.com-1ecc6299db9ec823/domain-core-0.4.0/src/rdata/macros.rs:571:27
[INFO] [stdout]     |
[INFO] [stdout] 571 |                   $t(<$t $( <$gen> )* as ::bits::rdata::ParseRecordData>::Err),
[INFO] [stdout]     |                             ^
[INFO] [stdout]     | 
[INFO] [stdout]    ::: /opt/rustwide/cargo-home/registry/src/github.com-1ecc6299db9ec823/domain-core-0.4.0/src/rdata/mod.rs:43:1
[INFO] [stdout]     |
[INFO] [stdout] 43  | / rdata_types!{
[INFO] [stdout] 44  | |     rfc1035::{
[INFO] [stdout] 45  | |         master {
[INFO] [stdout] 46  | |             A,
[INFO] [stdout] ...   |
[INFO] [stdout] 88  | |     }
[INFO] [stdout] 89  | | }
[INFO] [stdout]     | |_- in this macro invocation
[INFO] [stdout]     |
[INFO] [stdout]     = note: this error originates in the macro `parse_err` (in Nightly builds, run with -Z macro-backtrace for more info)
[INFO] [stdout] 
[INFO] [stdout] 
[INFO] [stdout] error[E0277]: the trait bound `MasterDataParseError: std::error::Error` is not satisfied
[INFO] [stdout]    --> /opt/rustwide/cargo-home/registry/src/github.com-1ecc6299db9ec823/domain-core-0.4.0/src/rdata/macros.rs:182:13
[INFO] [stdout]     |
[INFO] [stdout] 182 |               type Err = MasterDataParseError;
[INFO] [stdout]     |               ^^^^^^^^^^^^^^^^^^^^^^^^^^^^^^^^ the trait `std::error::Error` is not implemented for `MasterDataParseError`
[INFO] [stdout]     | 
[INFO] [stdout]    ::: /opt/rustwide/cargo-home/registry/src/github.com-1ecc6299db9ec823/domain-core-0.4.0/src/bits/rdata.rs:74:15
[INFO] [stdout]     |
[INFO] [stdout] 74  |       type Err: Fail;
[INFO] [stdout]     |                 ---- required by this bound in `ParseRecordData::Err`
[INFO] [stdout]     | 
[INFO] [stdout]    ::: /opt/rustwide/cargo-home/registry/src/github.com-1ecc6299db9ec823/domain-core-0.4.0/src/rdata/mod.rs:43:1
[INFO] [stdout]     |
[INFO] [stdout] 43  | / rdata_types!{
[INFO] [stdout] 44  | |     rfc1035::{
[INFO] [stdout] 45  | |         master {
[INFO] [stdout] 46  | |             A,
[INFO] [stdout] ...   |
[INFO] [stdout] 88  | |     }
[INFO] [stdout] 89  | | }
[INFO] [stdout]     | |_- in this macro invocation
[INFO] [stdout]     |
[INFO] [stdout]     = note: required because of the requirements on the impl of `Fail` for `MasterDataParseError`
[INFO] [stdout]     = note: this error originates in the macro `rdata_types` (in Nightly builds, run with -Z macro-backtrace for more info)
[INFO] [stdout] 
[INFO] [stdout] 
[INFO] [stdout] error[E0277]: the trait bound `AllDataParseError: std::error::Error` is not satisfied
[INFO] [stdout]    --> /opt/rustwide/cargo-home/registry/src/github.com-1ecc6299db9ec823/domain-core-0.4.0/src/rdata/macros.rs:476:13
[INFO] [stdout]     |
[INFO] [stdout] 476 |               type Err = AllDataParseError;
[INFO] [stdout]     |               ^^^^^^^^^^^^^^^^^^^^^^^^^^^^^ the trait `std::error::Error` is not implemented for `AllDataParseError`
[INFO] [stdout]     | 
[INFO] [stdout]    ::: /opt/rustwide/cargo-home/registry/src/github.com-1ecc6299db9ec823/domain-core-0.4.0/src/bits/rdata.rs:74:15
[INFO] [stdout]     |
[INFO] [stdout] 74  |       type Err: Fail;
[INFO] [stdout]     |                 ---- required by this bound in `ParseRecordData::Err`
[INFO] [stdout]     | 
[INFO] [stdout]    ::: /opt/rustwide/cargo-home/registry/src/github.com-1ecc6299db9ec823/domain-core-0.4.0/src/rdata/mod.rs:43:1
[INFO] [stdout]     |
[INFO] [stdout] 43  | / rdata_types!{
[INFO] [stdout] 44  | |     rfc1035::{
[INFO] [stdout] 45  | |         master {
[INFO] [stdout] 46  | |             A,
[INFO] [stdout] ...   |
[INFO] [stdout] 88  | |     }
[INFO] [stdout] 89  | | }
[INFO] [stdout]     | |_- in this macro invocation
[INFO] [stdout]     |
[INFO] [stdout]     = note: required because of the requirements on the impl of `Fail` for `AllDataParseError`
[INFO] [stdout]     = note: this error originates in the macro `rdata_types` (in Nightly builds, run with -Z macro-backtrace for more info)
[INFO] [stdout] 
[INFO] [stdout] 
[INFO] [stderr]     Checking tokio-util v0.2.0
[INFO] [stderr]     Checking h2 v0.2.1
[INFO] [stderr] error: failed to run custom build command for `magick_rust v0.12.0`
[INFO] [stderr] 
[INFO] [stderr] Caused by:
[INFO] [stderr]   process didn't exit successfully: `/opt/rustwide/target/debug/build/magick_rust-192585536df5c2f0/build-script-build` (exit status: 101)
[INFO] [stderr]   --- stdout
[INFO] [stderr]   cargo:rerun-if-env-changed=IMAGE_MAGICK_LIB_DIRS
[INFO] [stderr]   cargo:rerun-if-env-changed=IMAGE_MAGICK_DIR
[INFO] [stderr] 
[INFO] [stderr]   --- stderr
[INFO] [stderr]   thread 'main' panicked at 'called `Result::unwrap()` on an `Err` value: Failure { command: "\"pkg-config\" \"--libs\" \"--cflags\" \"MagickWand\" \"MagickWand >= 7.0\"", output: Output { status: ExitStatus(ExitStatus(256)), stdout: "", stderr: "Package MagickWand was not found in the pkg-config search path.\nPerhaps you should add the directory containing `MagickWand.pc'\nto the PKG_CONFIG_PATH environment variable\nNo package 'MagickWand' found\nPackage MagickWand was not found in the pkg-config search path.\nPerhaps you should add the directory containing `MagickWand.pc'\nto the PKG_CONFIG_PATH environment variable\nNo package 'MagickWand' found\n" } }', /opt/rustwide/cargo-home/registry/src/github.com-1ecc6299db9ec823/magick_rust-0.12.0/build.rs:216:10
[INFO] [stderr]   stack backtrace:
[INFO] [stderr]      0:     0x56431baf9620 - std::backtrace_rs::backtrace::libunwind::trace::ha0ad43e8a952bfe7
[INFO] [stderr]                                  at /rustc/c8dfcfe046a7680554bf4eb612bad840e7631c4b/library/std/src/../../backtrace/src/backtrace/libunwind.rs:90:5
[INFO] [stderr]      1:     0x56431baf9620 - std::backtrace_rs::backtrace::trace_unsynchronized::h6830419c0c4130dc
[INFO] [stderr]                                  at /rustc/c8dfcfe046a7680554bf4eb612bad840e7631c4b/library/std/src/../../backtrace/src/backtrace/mod.rs:66:5
[INFO] [stderr]      2:     0x56431baf9620 - std::sys_common::backtrace::_print_fmt::h8f3516631ffa1ef5
[INFO] [stderr]                                  at /rustc/c8dfcfe046a7680554bf4eb612bad840e7631c4b/library/std/src/sys_common/backtrace.rs:67:5
[INFO] [stderr]      3:     0x56431baf9620 - <std::sys_common::backtrace::_print::DisplayBacktrace as core::fmt::Display>::fmt::he1640d5f0d93f618
[INFO] [stderr]                                  at /rustc/c8dfcfe046a7680554bf4eb612bad840e7631c4b/library/std/src/sys_common/backtrace.rs:46:22
[INFO] [stderr]      4:     0x56431bb1ddcc - core::fmt::write::h88012e1f01caeebf
[INFO] [stderr]                                  at /rustc/c8dfcfe046a7680554bf4eb612bad840e7631c4b/library/core/src/fmt/mod.rs:1115:17
[INFO] [stderr]      5:     0x56431baf6135 - std::io::Write::write_fmt::h360fa85b30182555
[INFO] [stderr]                                  at /rustc/c8dfcfe046a7680554bf4eb612bad840e7631c4b/library/std/src/io/mod.rs:1665:15
[INFO] [stderr]      6:     0x56431bafb8eb - std::sys_common::backtrace::_print::ha1f00492f406a015
[INFO] [stderr]                                  at /rustc/c8dfcfe046a7680554bf4eb612bad840e7631c4b/library/std/src/sys_common/backtrace.rs:49:5
[INFO] [stderr]      7:     0x56431bafb8eb - std::sys_common::backtrace::print::hd54561b13feb6af3
[INFO] [stderr]                                  at /rustc/c8dfcfe046a7680554bf4eb612bad840e7631c4b/library/std/src/sys_common/backtrace.rs:36:9
[INFO] [stderr]      8:     0x56431bafb8eb - std::panicking::default_hook::{{closure}}::h84fe124cd0864662
[INFO] [stderr]                                  at /rustc/c8dfcfe046a7680554bf4eb612bad840e7631c4b/library/std/src/panicking.rs:208:50
[INFO] [stderr]      9:     0x56431bafb3c1 - std::panicking::default_hook::h5a8e74a76ce290a7
[INFO] [stderr]                                  at /rustc/c8dfcfe046a7680554bf4eb612bad840e7631c4b/library/std/src/panicking.rs:225:9
[INFO] [stderr]     10:     0x56431bafbfb4 - std::panicking::rust_panic_with_hook::h67c812a4fe9d4c91
[INFO] [stderr]                                  at /rustc/c8dfcfe046a7680554bf4eb612bad840e7631c4b/library/std/src/panicking.rs:622:17
[INFO] [stderr]     11:     0x56431bafba97 - std::panicking::begin_panic_handler::{{closure}}::h33f9c1b96af300d7
[INFO] [stderr]                                  at /rustc/c8dfcfe046a7680554bf4eb612bad840e7631c4b/library/std/src/panicking.rs:519:13
[INFO] [stderr]     12:     0x56431baf9b1c - std::sys_common::backtrace::__rust_end_short_backtrace::h51bae64be5921f0e
[INFO] [stderr]                                  at /rustc/c8dfcfe046a7680554bf4eb612bad840e7631c4b/library/std/src/sys_common/backtrace.rs:141:18
[INFO] [stderr]     13:     0x56431bafb9f9 - rust_begin_unwind
[INFO] [stderr]                                  at /rustc/c8dfcfe046a7680554bf4eb612bad840e7631c4b/library/std/src/panicking.rs:515:5
[INFO] [stderr]     14:     0x56431b677861 - core::panicking::panic_fmt::h12a3a3c256485fca
[INFO] [stderr]                                  at /rustc/c8dfcfe046a7680554bf4eb612bad840e7631c4b/library/core/src/panicking.rs:92:14
[INFO] [stderr]     15:     0x56431b677953 - core::result::unwrap_failed::h2d8d0952e3250de9
[INFO] [stderr]                                  at /rustc/c8dfcfe046a7680554bf4eb612bad840e7631c4b/library/core/src/result.rs:1599:5
[INFO] [stderr]     16:     0x56431b67f46e - core::result::Result<T,E>::unwrap::hc2ab33a07ac93d23
[INFO] [stderr]                                  at /rustc/c8dfcfe046a7680554bf4eb612bad840e7631c4b/library/core/src/result.rs:1281:23
[INFO] [stderr]     17:     0x56431b67bbb4 - build_script_build::run_pkg_config::h0fc3bf54554d4c1d
[INFO] [stderr]                                  at /opt/rustwide/cargo-home/registry/src/github.com-1ecc6299db9ec823/magick_rust-0.12.0/build.rs:212:5
[INFO] [stderr]     18:     0x56431b67a480 - build_script_build::find_image_magick_lib_dirs::{{closure}}::h09f6d48308053d40
[INFO] [stderr]                                  at /opt/rustwide/cargo-home/registry/src/github.com-1ecc6299db9ec823/magick_rust-0.12.0/build.rs:144:70
[INFO] [stderr]     19:     0x56431b67fa53 - core::result::Result<T,E>::or_else::hfba7b608cd3426c2
[INFO] [stderr]                                  at /rustc/c8dfcfe046a7680554bf4eb612bad840e7631c4b/library/core/src/result.rs:1014:23
[INFO] [stderr]     20:     0x56431b67a0be - build_script_build::find_image_magick_lib_dirs::h767f79a1525ff1d4
[INFO] [stderr]                                  at /opt/rustwide/cargo-home/registry/src/github.com-1ecc6299db9ec823/magick_rust-0.12.0/build.rs:141:5
[INFO] [stderr]     21:     0x56431b6781b2 - build_script_build::main::he350d9c7d145d8c2
[INFO] [stderr]                                  at /opt/rustwide/cargo-home/registry/src/github.com-1ecc6299db9ec823/magick_rust-0.12.0/build.rs:44:20
[INFO] [stderr]     22:     0x56431b67db2b - core::ops::function::FnOnce::call_once::hd9b7cb6259afbc98
[INFO] [stderr]                                  at /rustc/c8dfcfe046a7680554bf4eb612bad840e7631c4b/library/core/src/ops/function.rs:227:5
[INFO] [stderr]     23:     0x56431b68238e - std::sys_common::backtrace::__rust_begin_short_backtrace::h84abcb80395fd9d3
[INFO] [stderr]                                  at /rustc/c8dfcfe046a7680554bf4eb612bad840e7631c4b/library/std/src/sys_common/backtrace.rs:125:18
[INFO] [stderr]     24:     0x56431b67e081 - std::rt::lang_start::{{closure}}::hf596d444b8d745a7
[INFO] [stderr]                                  at /rustc/c8dfcfe046a7680554bf4eb612bad840e7631c4b/library/std/src/rt.rs:63:18
[INFO] [stderr]     25:     0x56431bafc4ba - core::ops::function::impls::<impl core::ops::function::FnOnce<A> for &F>::call_once::ha9408abe89f69dc4
[INFO] [stderr]                                  at /rustc/c8dfcfe046a7680554bf4eb612bad840e7631c4b/library/core/src/ops/function.rs:259:13
[INFO] [stderr]     26:     0x56431bafc4ba - std::panicking::try::do_call::h5b0cc9e9102acb65
[INFO] [stderr]                                  at /rustc/c8dfcfe046a7680554bf4eb612bad840e7631c4b/library/std/src/panicking.rs:401:40
[INFO] [stderr]     27:     0x56431bafc4ba - std::panicking::try::hddc7f8229138b3ba
[INFO] [stderr]                                  at /rustc/c8dfcfe046a7680554bf4eb612bad840e7631c4b/library/std/src/panicking.rs:365:19
[INFO] [stderr]     28:     0x56431bafc4ba - std::panic::catch_unwind::hfa401ff8bab2986e
[INFO] [stderr]                                  at /rustc/c8dfcfe046a7680554bf4eb612bad840e7631c4b/library/std/src/panic.rs:434:14
[INFO] [stderr]     29:     0x56431bafc4ba - std::rt::lang_start_internal::{{closure}}::h8163422320d11405
[INFO] [stderr]                                  at /rustc/c8dfcfe046a7680554bf4eb612bad840e7631c4b/library/std/src/rt.rs:45:48
[INFO] [stderr]     30:     0x56431bafc4ba - std::panicking::try::do_call::hc742cc7bb4f0fb20
[INFO] [stderr]                                  at /rustc/c8dfcfe046a7680554bf4eb612bad840e7631c4b/library/std/src/panicking.rs:401:40
[INFO] [stderr]     31:     0x56431bafc4ba - std::panicking::try::ha37d8d2dd1acf7d3
[INFO] [stderr]                                  at /rustc/c8dfcfe046a7680554bf4eb612bad840e7631c4b/library/std/src/panicking.rs:365:19
[INFO] [stderr]     32:     0x56431bafc4ba - std::panic::catch_unwind::h8a5381d5ecf437bc
[INFO] [stderr]                                  at /rustc/c8dfcfe046a7680554bf4eb612bad840e7631c4b/library/std/src/panic.rs:434:14
[INFO] [stderr]     33:     0x56431bafc4ba - std::rt::lang_start_internal::h7e2cee8c90d4a4d3
[INFO] [stderr]                                  at /rustc/c8dfcfe046a7680554bf4eb612bad840e7631c4b/library/std/src/rt.rs:45:20
[INFO] [stderr]     34:     0x56431b67e050 - std::rt::lang_start::hf31ce40da85f4c81
[INFO] [stderr]                                  at /rustc/c8dfcfe046a7680554bf4eb612bad840e7631c4b/library/std/src/rt.rs:62:5
[INFO] [stderr]     35:     0x56431b67bf3c - main
[INFO] [stderr]     36:     0x7f59445e60b3 - __libc_start_main
[INFO] [stderr]     37:     0x56431b67805e - _start
[INFO] [stderr]     38:                0x0 - <unknown>
[INFO] [stderr] warning: build failed, waiting for other jobs to finish...
[INFO] [stdout] error: aborting due to 4 previous errors
[INFO] [stdout] 
[INFO] [stdout] 
[INFO] [stdout] For more information about this error, try `rustc --explain E0277`.
[INFO] [stdout] 
[INFO] [stderr] error: build failed
[INFO] running `Command { std: "docker" "inspect" "dcdd6cc0af000062cd71a22baca3712a4f2b45f7d3f2d0e9fccb195b24dec82e", kill_on_drop: false }`
[INFO] running `Command { std: "docker" "rm" "-f" "dcdd6cc0af000062cd71a22baca3712a4f2b45f7d3f2d0e9fccb195b24dec82e", kill_on_drop: false }`
[INFO] [stdout] dcdd6cc0af000062cd71a22baca3712a4f2b45f7d3f2d0e9fccb195b24dec82e
