[INFO] cloning repository https://github.com/pypypypypypypypypyp/roguelike_ccg
[INFO] running `Command { std: "git" "-c" "credential.helper=" "-c" "credential.helper=/workspace/cargo-home/bin/git-credential-null" "clone" "--bare" "https://github.com/pypypypypypypypypyp/roguelike_ccg" "/workspace/cache/git-repos/https%3A%2F%2Fgithub.com%2Fpypypypypypypypypyp%2Froguelike_ccg", kill_on_drop: false }`
[INFO] [stderr] Cloning into bare repository '/workspace/cache/git-repos/https%3A%2F%2Fgithub.com%2Fpypypypypypypypypyp%2Froguelike_ccg'...
[INFO] running `Command { std: "git" "rev-parse" "HEAD", kill_on_drop: false }`
[INFO] [stdout] 8222df69f8199a261cc5b5f036829207744a41bd
[INFO] checking pypypypypypypypypyp/roguelike_ccg against 1.55.0 for beta-1.56-3
[INFO] running `Command { std: "git" "clone" "/workspace/cache/git-repos/https%3A%2F%2Fgithub.com%2Fpypypypypypypypypyp%2Froguelike_ccg" "/workspace/builds/worker-23/source", kill_on_drop: false }`
[INFO] [stderr] Cloning into '/workspace/builds/worker-23/source'...
[INFO] [stderr] done.
[INFO] validating manifest of git repo https://github.com/pypypypypypypypypyp/roguelike_ccg on toolchain 1.55.0
[INFO] running `Command { std: "/workspace/cargo-home/bin/cargo" "+1.55.0" "metadata" "--manifest-path" "Cargo.toml" "--no-deps", kill_on_drop: false }`
[INFO] started tweaking git repo https://github.com/pypypypypypypypypyp/roguelike_ccg
[INFO] finished tweaking git repo https://github.com/pypypypypypypypypyp/roguelike_ccg
[INFO] tweaked toml for git repo https://github.com/pypypypypypypypypyp/roguelike_ccg written to /workspace/builds/worker-23/source/Cargo.toml
[INFO] crate git repo https://github.com/pypypypypypypypypyp/roguelike_ccg already has a lockfile, it will not be regenerated
[INFO] running `Command { std: "/workspace/cargo-home/bin/cargo" "+1.55.0" "fetch" "--manifest-path" "Cargo.toml", kill_on_drop: false }`
[INFO] [stderr]     Blocking waiting for file lock on package cache
[INFO] [stderr]     Blocking waiting for file lock on package cache
[INFO] [stderr]  Downloading crates ...
[INFO] [stderr]   Downloaded rusttype v0.7.6
[INFO] [stderr]   Downloaded half v1.3.0
[INFO] [stderr]   Downloaded shaderc v0.3.16
[INFO] [stderr]   Downloaded build_id v0.1.2
[INFO] [stderr]   Downloaded vulkano-win v0.11.1
[INFO] [stderr]   Downloaded metatype v0.1.1
[INFO] [stderr]   Downloaded proc_self v0.1.0
[INFO] [stderr]   Downloaded serde_traitobject v0.1.3
[INFO] [stderr]   Downloaded vulkano-shaders v0.11.1
[INFO] [stderr]   Downloaded metal v0.13.1
[INFO] [stderr]   Downloaded vk-sys v0.4.0
[INFO] [stderr]   Downloaded vulkano v0.11.1
[INFO] [stderr]   Downloaded relative v0.1.3
[INFO] running `Command { std: "docker" "create" "-v" "/var/lib/crater-agent-workspace/builds/worker-23/target:/opt/rustwide/target:rw,Z" "-v" "/var/lib/crater-agent-workspace/builds/worker-23/source:/opt/rustwide/workdir:ro,Z" "-v" "/var/lib/crater-agent-workspace/cargo-home:/opt/rustwide/cargo-home:ro,Z" "-v" "/var/lib/crater-agent-workspace/rustup-home:/opt/rustwide/rustup-home:ro,Z" "-e" "SOURCE_DIR=/opt/rustwide/workdir" "-e" "CARGO_TARGET_DIR=/opt/rustwide/target" "-e" "CARGO_HOME=/opt/rustwide/cargo-home" "-e" "RUSTUP_HOME=/opt/rustwide/rustup-home" "-w" "/opt/rustwide/workdir" "-m" "1610612736" "--user" "0:0" "--network" "none" "ghcr.io/rust-lang/crates-build-env/linux@sha256:a89201d6b5b9fd45c15d5952ece0a0129e7e80cb26ec023fd59cf09bc26f1604" "/opt/rustwide/cargo-home/bin/cargo" "+1.55.0" "metadata" "--no-deps" "--format-version=1", kill_on_drop: false }`
[INFO] [stdout] 69bd6ad5119d2fdb9db9231791acaf8dc6624eaa55f28504ad3ddd5059b67b89
[INFO] running `Command { std: "docker" "start" "-a" "69bd6ad5119d2fdb9db9231791acaf8dc6624eaa55f28504ad3ddd5059b67b89", kill_on_drop: false }`
[INFO] running `Command { std: "docker" "inspect" "69bd6ad5119d2fdb9db9231791acaf8dc6624eaa55f28504ad3ddd5059b67b89", kill_on_drop: false }`
[INFO] running `Command { std: "docker" "rm" "-f" "69bd6ad5119d2fdb9db9231791acaf8dc6624eaa55f28504ad3ddd5059b67b89", kill_on_drop: false }`
[INFO] [stdout] 69bd6ad5119d2fdb9db9231791acaf8dc6624eaa55f28504ad3ddd5059b67b89
[INFO] running `Command { std: "docker" "create" "-v" "/var/lib/crater-agent-workspace/builds/worker-23/target:/opt/rustwide/target:rw,Z" "-v" "/var/lib/crater-agent-workspace/builds/worker-23/source:/opt/rustwide/workdir:ro,Z" "-v" "/var/lib/crater-agent-workspace/cargo-home:/opt/rustwide/cargo-home:ro,Z" "-v" "/var/lib/crater-agent-workspace/rustup-home:/opt/rustwide/rustup-home:ro,Z" "-e" "SOURCE_DIR=/opt/rustwide/workdir" "-e" "CARGO_TARGET_DIR=/opt/rustwide/target" "-e" "CARGO_INCREMENTAL=0" "-e" "RUST_BACKTRACE=full" "-e" "RUSTFLAGS=--cap-lints=warn" "-e" "CARGO_HOME=/opt/rustwide/cargo-home" "-e" "RUSTUP_HOME=/opt/rustwide/rustup-home" "-w" "/opt/rustwide/workdir" "-m" "1610612736" "--user" "0:0" "--network" "none" "ghcr.io/rust-lang/crates-build-env/linux@sha256:a89201d6b5b9fd45c15d5952ece0a0129e7e80cb26ec023fd59cf09bc26f1604" "/opt/rustwide/cargo-home/bin/cargo" "+1.55.0" "check" "--frozen" "--all" "--all-targets" "--message-format=json", kill_on_drop: false }`
[INFO] [stdout] 2bd5184569da517ce35f9094cffb635363e4af474eb2229a0a8451136baf1b4e
[INFO] running `Command { std: "docker" "start" "-a" "2bd5184569da517ce35f9094cffb635363e4af474eb2229a0a8451136baf1b4e", kill_on_drop: false }`
[INFO] [stderr]     Blocking waiting for file lock on package cache
[INFO] [stderr]    Compiling autocfg v0.1.4
[INFO] [stderr]    Compiling libc v0.2.55
[INFO] [stderr]     Checking cfg-if v0.1.9
[INFO] [stderr]    Compiling proc-macro2 v0.4.30
[INFO] [stderr]    Compiling unicode-xid v0.1.0
[INFO] [stderr]     Checking lazy_static v1.3.0
[INFO] [stderr]     Checking rand_core v0.4.0
[INFO] [stderr]    Compiling arrayvec v0.4.10
[INFO] [stderr]     Checking nodrop v0.1.13
[INFO] [stderr]    Compiling byteorder v1.3.1
[INFO] [stderr]     Checking scopeguard v0.3.3
[INFO] [stderr]    Compiling cc v1.0.37
[INFO] [stderr]     Checking bitflags v1.0.4
[INFO] [stderr]    Compiling syn v0.15.34
[INFO] [stderr]    Compiling semver-parser v0.7.0
[INFO] [stderr]     Checking void v1.0.2
[INFO] [stderr]     Checking memoffset v0.2.1
[INFO] [stderr]    Compiling xml-rs v0.8.0
[INFO] [stderr]    Compiling serde v1.0.91
[INFO] [stderr]     Checking smallvec v0.6.9
[INFO] [stderr]     Checking stable_deref_trait v1.1.1
[INFO] [stderr]    Compiling nix v0.13.0
[INFO] [stderr]    Compiling nix v0.11.0
[INFO] [stderr]     Checking same-file v1.0.4
[INFO] [stderr]     Checking downcast-rs v1.0.4
[INFO] [stderr]    Compiling rayon-core v1.4.1
[INFO] [stderr]    Compiling pkg-config v0.3.14
[INFO] [stderr]     Checking xdg v2.2.0
[INFO] [stderr]    Compiling memchr v2.2.0
[INFO] [stderr]     Checking adler32 v1.0.3
[INFO] [stderr]    Compiling num-derive v0.2.5
[INFO] [stderr]    Compiling rayon v1.0.3
[INFO] [stderr]    Compiling vulkano v0.11.1
[INFO] [stderr]     Checking ucd-util v0.1.3
[INFO] [stderr]     Checking either v1.5.2
[INFO] [stderr]    Compiling num-rational v0.2.1
[INFO] [stderr]    Compiling regex v1.1.6
[INFO] [stderr]     Checking percent-encoding v1.0.1
[INFO] [stderr]     Checking utf8-ranges v1.0.2
[INFO] [stderr]     Checking half v1.3.0
[INFO] [stderr]     Checking vk-sys v0.4.0
[INFO] [stderr]     Checking fnv v1.0.6
[INFO] [stderr]     Checking quick-error v1.2.2
[INFO] [stderr]     Checking color_quant v1.0.1
[INFO] [stderr]     Checking metatype v0.1.1
[INFO] [stderr]     Checking array_tuple v0.1.0 (https://github.com/pypypypypypypypypyp/array_tuple#a75ae591)
[INFO] [stderr]     Checking scoped_threadpool v0.1.9
[INFO] [stderr]     Checking termcolor v1.0.4
[INFO] [stderr]     Checking limiter v0.1.0 (https://github.com/pypypypypypypypypyp/limiter#f812738f)
[INFO] [stderr]     Checking terminal v0.1.0 (https://github.com/pypypypypypypypypyp/terminal#c64dda7e)
[INFO] [stdout] error[E0432]: unresolved import `std::raw`
[INFO] [stdout]   --> /opt/rustwide/cargo-home/registry/src/github.com-1ecc6299db9ec823/metatype-0.1.1/src/lib.rs:36:21
[INFO] [stdout]    |
[INFO] [stdout] 36 | use std::{any, mem, raw};
[INFO] [stdout]    |                     ^^^ no `raw` in the root
[INFO] [stdout] 
[INFO] [stdout] 
[INFO] [stdout] error[E0554]: `#![feature]` may not be used on the stable release channel
[INFO] [stdout]   --> /opt/rustwide/cargo-home/registry/src/github.com-1ecc6299db9ec823/metatype-0.1.1/src/lib.rs:33:1
[INFO] [stdout]    |
[INFO] [stdout] 33 | #![feature(raw, box_syntax, specialization)]
[INFO] [stdout]    | ^^^^^^^^^^^^^^^^^^^^^^^^^^^^^^^^^^^^^^^^^^^^
[INFO] [stdout] 
[INFO] [stdout] 
[INFO] [stdout] error: aborting due to 2 previous errors
[INFO] [stdout] 
[INFO] [stdout] 
[INFO] [stdout] Some errors have detailed explanations: E0432, E0554.
[INFO] [stdout] 
[INFO] [stdout] For more information about an error, try `rustc --explain E0432`.
[INFO] [stdout] 
[INFO] [stderr] error: could not compile `metatype` due to 3 previous errors
[INFO] [stderr] warning: build failed, waiting for other jobs to finish...
[INFO] [stdout] error[E0554]: `#![feature]` may not be used on the stable release channel
[INFO] [stdout]  --> /opt/rustwide/cargo-home/git/checkouts/array_tuple-50bd20982362b952/a75ae59/src/lib.rs:1:1
[INFO] [stdout]   |
[INFO] [stdout] 1 | #![feature(nll)]
[INFO] [stdout]   | ^^^^^^^^^^^^^^^^
[INFO] [stdout] 
[INFO] [stdout] 
[INFO] [stdout] error: aborting due to previous error
[INFO] [stdout] 
[INFO] [stdout] 
[INFO] [stdout] For more information about this error, try `rustc --explain E0554`.
[INFO] [stdout] 
[INFO] [stderr] error: build failed
[INFO] running `Command { std: "docker" "inspect" "2bd5184569da517ce35f9094cffb635363e4af474eb2229a0a8451136baf1b4e", kill_on_drop: false }`
[INFO] running `Command { std: "docker" "rm" "-f" "2bd5184569da517ce35f9094cffb635363e4af474eb2229a0a8451136baf1b4e", kill_on_drop: false }`
[INFO] [stdout] 2bd5184569da517ce35f9094cffb635363e4af474eb2229a0a8451136baf1b4e
