[INFO] cloning repository https://github.com/pulpdrew/heatmap
[INFO] running `Command { std: "git" "-c" "credential.helper=" "-c" "credential.helper=/workspace/cargo-home/bin/git-credential-null" "clone" "--bare" "https://github.com/pulpdrew/heatmap" "/workspace/cache/git-repos/https%3A%2F%2Fgithub.com%2Fpulpdrew%2Fheatmap", kill_on_drop: false }`
[INFO] [stderr] Cloning into bare repository '/workspace/cache/git-repos/https%3A%2F%2Fgithub.com%2Fpulpdrew%2Fheatmap'...
[INFO] running `Command { std: "git" "rev-parse" "HEAD", kill_on_drop: false }`
[INFO] [stdout] b9ad2ce8ebfcca59f51dbc95e21e28f0a54797f5
[INFO] checking pulpdrew/heatmap against beta-2021-10-15 for beta-1.56-3
[INFO] running `Command { std: "git" "clone" "/workspace/cache/git-repos/https%3A%2F%2Fgithub.com%2Fpulpdrew%2Fheatmap" "/workspace/builds/worker-42/source", kill_on_drop: false }`
[INFO] [stderr] Cloning into '/workspace/builds/worker-42/source'...
[INFO] [stderr] done.
[INFO] validating manifest of git repo https://github.com/pulpdrew/heatmap on toolchain beta-2021-10-15
[INFO] running `Command { std: "/workspace/cargo-home/bin/cargo" "+beta-2021-10-15" "metadata" "--manifest-path" "Cargo.toml" "--no-deps", kill_on_drop: false }`
[INFO] started tweaking git repo https://github.com/pulpdrew/heatmap
[INFO] finished tweaking git repo https://github.com/pulpdrew/heatmap
[INFO] tweaked toml for git repo https://github.com/pulpdrew/heatmap written to /workspace/builds/worker-42/source/Cargo.toml
[INFO] crate git repo https://github.com/pulpdrew/heatmap already has a lockfile, it will not be regenerated
[INFO] running `Command { std: "/workspace/cargo-home/bin/cargo" "+beta-2021-10-15" "fetch" "--manifest-path" "Cargo.toml", kill_on_drop: false }`
[INFO] [stderr]     Blocking waiting for file lock on package cache
[INFO] [stderr]     Blocking waiting for file lock on package cache
[INFO] running `Command { std: "docker" "create" "-v" "/var/lib/crater-agent-workspace/builds/worker-42/target:/opt/rustwide/target:rw,Z" "-v" "/var/lib/crater-agent-workspace/builds/worker-42/source:/opt/rustwide/workdir:ro,Z" "-v" "/var/lib/crater-agent-workspace/cargo-home:/opt/rustwide/cargo-home:ro,Z" "-v" "/var/lib/crater-agent-workspace/rustup-home:/opt/rustwide/rustup-home:ro,Z" "-e" "SOURCE_DIR=/opt/rustwide/workdir" "-e" "CARGO_TARGET_DIR=/opt/rustwide/target" "-e" "CARGO_HOME=/opt/rustwide/cargo-home" "-e" "RUSTUP_HOME=/opt/rustwide/rustup-home" "-w" "/opt/rustwide/workdir" "-m" "1610612736" "--user" "0:0" "--network" "none" "ghcr.io/rust-lang/crates-build-env/linux@sha256:a89201d6b5b9fd45c15d5952ece0a0129e7e80cb26ec023fd59cf09bc26f1604" "/opt/rustwide/cargo-home/bin/cargo" "+beta-2021-10-15" "metadata" "--no-deps" "--format-version=1", kill_on_drop: false }`
[INFO] [stdout] 909c1fb1c3fa07a61e48cefc08829241f9ee1488ab35f6623f81bd9223c068c9
[INFO] running `Command { std: "docker" "start" "-a" "909c1fb1c3fa07a61e48cefc08829241f9ee1488ab35f6623f81bd9223c068c9", kill_on_drop: false }`
[INFO] running `Command { std: "docker" "inspect" "909c1fb1c3fa07a61e48cefc08829241f9ee1488ab35f6623f81bd9223c068c9", kill_on_drop: false }`
[INFO] running `Command { std: "docker" "rm" "-f" "909c1fb1c3fa07a61e48cefc08829241f9ee1488ab35f6623f81bd9223c068c9", kill_on_drop: false }`
[INFO] [stdout] 909c1fb1c3fa07a61e48cefc08829241f9ee1488ab35f6623f81bd9223c068c9
[INFO] running `Command { std: "docker" "create" "-v" "/var/lib/crater-agent-workspace/builds/worker-42/target:/opt/rustwide/target:rw,Z" "-v" "/var/lib/crater-agent-workspace/builds/worker-42/source:/opt/rustwide/workdir:ro,Z" "-v" "/var/lib/crater-agent-workspace/cargo-home:/opt/rustwide/cargo-home:ro,Z" "-v" "/var/lib/crater-agent-workspace/rustup-home:/opt/rustwide/rustup-home:ro,Z" "-e" "SOURCE_DIR=/opt/rustwide/workdir" "-e" "CARGO_TARGET_DIR=/opt/rustwide/target" "-e" "CARGO_INCREMENTAL=0" "-e" "RUST_BACKTRACE=full" "-e" "RUSTFLAGS=--cap-lints=warn" "-e" "CARGO_HOME=/opt/rustwide/cargo-home" "-e" "RUSTUP_HOME=/opt/rustwide/rustup-home" "-w" "/opt/rustwide/workdir" "-m" "1610612736" "--user" "0:0" "--network" "none" "ghcr.io/rust-lang/crates-build-env/linux@sha256:a89201d6b5b9fd45c15d5952ece0a0129e7e80cb26ec023fd59cf09bc26f1604" "/opt/rustwide/cargo-home/bin/cargo" "+beta-2021-10-15" "check" "--frozen" "--all" "--all-targets" "--message-format=json", kill_on_drop: false }`
[INFO] [stdout] 6d6b8ffd5c3e9c2bbc4466758b5f15fea5b50a82caa30426846810839ecbe6e7
[INFO] running `Command { std: "docker" "start" "-a" "6d6b8ffd5c3e9c2bbc4466758b5f15fea5b50a82caa30426846810839ecbe6e7", kill_on_drop: false }`
[INFO] [stderr]     Blocking waiting for file lock on package cache
[INFO] [stderr]    Compiling memchr v2.3.4
[INFO] [stderr]     Checking quick-xml v0.20.0
[INFO] [stderr]     Checking heatmap v1.0.0 (/opt/rustwide/workdir)
[INFO] [stdout] error[E0554]: `#![feature]` may not be used on the beta release channel
[INFO] [stdout]  --> src/lib.rs:1:1
[INFO] [stdout]   |
[INFO] [stdout] 1 | #![feature(iterator_fold_self)]
[INFO] [stdout]   | ^^^^^^^^^^^^^^^^^^^^^^^^^^^^^^^
[INFO] [stdout] 
[INFO] [stdout] 
[INFO] [stdout] error[E0554]: `#![feature]` may not be used on the beta release channel
[INFO] [stdout]  --> src/lib.rs:1:1
[INFO] [stdout]   |
[INFO] [stdout] 1 | #![feature(iterator_fold_self)]
[INFO] [stdout]   | ^^^^^^^^^^^^^^^^^^^^^^^^^^^^^^^
[INFO] [stdout] 
[INFO] [stdout] 
[INFO] [stdout] error[E0599]: no method named `fold_first` found for struct `Map` in the current scope
[INFO] [stdout]    --> src/path.rs:131:18
[INFO] [stdout]     |
[INFO] [stdout] 131 |                 .fold_first(|array, next| array + "," + &next)
[INFO] [stdout]     |                  ^^^^^^^^^^ method not found in `Map<std::slice::Iter<'_, Point>, [closure@src/path.rs:130:22: 130:58]>`
[INFO] [stdout] 
[INFO] [stdout] 
[INFO] [stdout] error: aborting due to 2 previous errors
[INFO] [stdout] 
[INFO] [stdout] 
[INFO] [stdout] Some errors have detailed explanations: E0554, E0599.
[INFO] [stdout] 
[INFO] [stdout] For more information about an error, try `rustc --explain E0554`.
[INFO] [stdout] 
[INFO] [stdout] error[E0599]: no method named `fold_first` found for struct `Map` in the current scope
[INFO] [stdout]    --> src/path.rs:131:18
[INFO] [stdout]     |
[INFO] [stdout] 131 |                 .fold_first(|array, next| array + "," + &next)
[INFO] [stdout]     |                  ^^^^^^^^^^ method not found in `Map<std::slice::Iter<'_, Point>, [closure@src/path.rs:130:22: 130:58]>`
[INFO] [stdout] 
[INFO] [stdout] 
[INFO] [stderr] error: could not compile `heatmap` due to 3 previous errors
[INFO] [stderr] warning: build failed, waiting for other jobs to finish...
[INFO] [stdout] error: aborting due to 2 previous errors
[INFO] [stdout] 
[INFO] [stdout] 
[INFO] [stdout] Some errors have detailed explanations: E0554, E0599.
[INFO] [stdout] 
[INFO] [stdout] For more information about an error, try `rustc --explain E0554`.
[INFO] [stdout] 
[INFO] [stderr] error: build failed
[INFO] running `Command { std: "docker" "inspect" "6d6b8ffd5c3e9c2bbc4466758b5f15fea5b50a82caa30426846810839ecbe6e7", kill_on_drop: false }`
[INFO] running `Command { std: "docker" "rm" "-f" "6d6b8ffd5c3e9c2bbc4466758b5f15fea5b50a82caa30426846810839ecbe6e7", kill_on_drop: false }`
[INFO] [stdout] 6d6b8ffd5c3e9c2bbc4466758b5f15fea5b50a82caa30426846810839ecbe6e7
