[INFO] cloning repository https://github.com/pub-solar/psos
[INFO] running `Command { std: "git" "-c" "credential.helper=" "-c" "credential.helper=/workspace/cargo-home/bin/git-credential-null" "clone" "--bare" "https://github.com/pub-solar/psos" "/workspace/cache/git-repos/https%3A%2F%2Fgithub.com%2Fpub-solar%2Fpsos", kill_on_drop: false }`
[INFO] [stderr] Cloning into bare repository '/workspace/cache/git-repos/https%3A%2F%2Fgithub.com%2Fpub-solar%2Fpsos'...
[INFO] running `Command { std: "git" "rev-parse" "HEAD", kill_on_drop: false }`
[INFO] [stdout] b498c057a9c74d25ec228304cca5019e75ca15f0
[INFO] checking pub-solar/psos against 1.55.0 for beta-1.56-3
[INFO] running `Command { std: "git" "clone" "/workspace/cache/git-repos/https%3A%2F%2Fgithub.com%2Fpub-solar%2Fpsos" "/workspace/builds/worker-112/source", kill_on_drop: false }`
[INFO] [stderr] Cloning into '/workspace/builds/worker-112/source'...
[INFO] [stderr] done.
[INFO] validating manifest of git repo https://github.com/pub-solar/psos on toolchain 1.55.0
[INFO] running `Command { std: "/workspace/cargo-home/bin/cargo" "+1.55.0" "metadata" "--manifest-path" "Cargo.toml" "--no-deps", kill_on_drop: false }`
[INFO] started tweaking git repo https://github.com/pub-solar/psos
[INFO] finished tweaking git repo https://github.com/pub-solar/psos
[INFO] tweaked toml for git repo https://github.com/pub-solar/psos written to /workspace/builds/worker-112/source/Cargo.toml
[INFO] crate git repo https://github.com/pub-solar/psos already has a lockfile, it will not be regenerated
[INFO] running `Command { std: "/workspace/cargo-home/bin/cargo" "+1.55.0" "fetch" "--manifest-path" "Cargo.toml", kill_on_drop: false }`
[INFO] [stderr]     Blocking waiting for file lock on package cache
[INFO] [stderr]     Blocking waiting for file lock on package cache
[INFO] running `Command { std: "docker" "create" "-v" "/var/lib/crater-agent-workspace/builds/worker-112/target:/opt/rustwide/target:rw,Z" "-v" "/var/lib/crater-agent-workspace/builds/worker-112/source:/opt/rustwide/workdir:ro,Z" "-v" "/var/lib/crater-agent-workspace/cargo-home:/opt/rustwide/cargo-home:ro,Z" "-v" "/var/lib/crater-agent-workspace/rustup-home:/opt/rustwide/rustup-home:ro,Z" "-e" "SOURCE_DIR=/opt/rustwide/workdir" "-e" "CARGO_TARGET_DIR=/opt/rustwide/target" "-e" "CARGO_HOME=/opt/rustwide/cargo-home" "-e" "RUSTUP_HOME=/opt/rustwide/rustup-home" "-w" "/opt/rustwide/workdir" "-m" "1610612736" "--user" "0:0" "--network" "none" "ghcr.io/rust-lang/crates-build-env/linux@sha256:a89201d6b5b9fd45c15d5952ece0a0129e7e80cb26ec023fd59cf09bc26f1604" "/opt/rustwide/cargo-home/bin/cargo" "+1.55.0" "metadata" "--no-deps" "--format-version=1", kill_on_drop: false }`
[INFO] [stdout] 6b77d4f5a46c4a1aa60dad3080c26939fb0e7efb9784bc8e850960d7e2317034
[INFO] running `Command { std: "docker" "start" "-a" "6b77d4f5a46c4a1aa60dad3080c26939fb0e7efb9784bc8e850960d7e2317034", kill_on_drop: false }`
[INFO] running `Command { std: "docker" "inspect" "6b77d4f5a46c4a1aa60dad3080c26939fb0e7efb9784bc8e850960d7e2317034", kill_on_drop: false }`
[INFO] running `Command { std: "docker" "rm" "-f" "6b77d4f5a46c4a1aa60dad3080c26939fb0e7efb9784bc8e850960d7e2317034", kill_on_drop: false }`
[INFO] [stdout] 6b77d4f5a46c4a1aa60dad3080c26939fb0e7efb9784bc8e850960d7e2317034
[INFO] running `Command { std: "docker" "create" "-v" "/var/lib/crater-agent-workspace/builds/worker-112/target:/opt/rustwide/target:rw,Z" "-v" "/var/lib/crater-agent-workspace/builds/worker-112/source:/opt/rustwide/workdir:ro,Z" "-v" "/var/lib/crater-agent-workspace/cargo-home:/opt/rustwide/cargo-home:ro,Z" "-v" "/var/lib/crater-agent-workspace/rustup-home:/opt/rustwide/rustup-home:ro,Z" "-e" "SOURCE_DIR=/opt/rustwide/workdir" "-e" "CARGO_TARGET_DIR=/opt/rustwide/target" "-e" "CARGO_INCREMENTAL=0" "-e" "RUST_BACKTRACE=full" "-e" "RUSTFLAGS=--cap-lints=warn" "-e" "CARGO_HOME=/opt/rustwide/cargo-home" "-e" "RUSTUP_HOME=/opt/rustwide/rustup-home" "-w" "/opt/rustwide/workdir" "-m" "1610612736" "--user" "0:0" "--network" "none" "ghcr.io/rust-lang/crates-build-env/linux@sha256:a89201d6b5b9fd45c15d5952ece0a0129e7e80cb26ec023fd59cf09bc26f1604" "/opt/rustwide/cargo-home/bin/cargo" "+1.55.0" "check" "--frozen" "--all" "--all-targets" "--message-format=json", kill_on_drop: false }`
[INFO] [stdout] 1fb6782271bd07cbfccfab8647f401470bf50626401c8f5134a20dbd28cf1cb8
[INFO] running `Command { std: "docker" "start" "-a" "1fb6782271bd07cbfccfab8647f401470bf50626401c8f5134a20dbd28cf1cb8", kill_on_drop: false }`
[INFO] [stderr]     Blocking waiting for file lock on package cache
[INFO] [stderr]    Compiling proc-macro2 v1.0.26
[INFO] [stderr]    Compiling libc v0.2.93
[INFO] [stderr]    Compiling syn v1.0.70
[INFO] [stderr]    Compiling fnv v1.0.7
[INFO] [stderr]    Compiling strsim v0.9.3
[INFO] [stderr]    Compiling ident_case v1.0.1
[INFO] [stderr]     Checking unicode-xid v0.2.1
[INFO] [stderr]    Compiling getrandom v0.2.2
[INFO] [stderr]    Compiling version_check v0.9.3
[INFO] [stderr]    Compiling cc v1.0.67
[INFO] [stderr]     Checking stable_deref_trait v1.2.0
[INFO] [stderr]    Compiling signal-hook v0.3.8
[INFO] [stderr]     Checking array-macro v1.0.5
[INFO] [stderr]     Checking once_cell v1.7.2
[INFO] [stderr]     Checking maplit v1.0.2
[INFO] [stderr]    Compiling num-traits v0.2.14
[INFO] [stderr]    Compiling num-integer v0.1.44
[INFO] [stderr]    Compiling crossbeam-utils v0.8.3
[INFO] [stderr]    Compiling num-iter v0.1.42
[INFO] [stderr]    Compiling num-rational v0.3.2
[INFO] [stderr]     Checking owning_ref v0.4.1
[INFO] [stderr]     Checking num-complex v0.3.1
[INFO] [stderr]    Compiling ahash v0.6.3
[INFO] [stderr]    Compiling ncurses v5.101.0
[INFO] [stderr]     Checking crossbeam-channel v0.5.1
[INFO] [stderr]     Checking time v0.1.43
[INFO] [stderr]     Checking signal-hook-registry v1.3.0
[INFO] [stderr]     Checking term_size v0.3.2
[INFO] [stderr]    Compiling quote v1.0.9
[INFO] [stderr]     Checking chrono v0.4.19
[INFO] [stderr]     Checking num v0.3.1
[INFO] [stderr]    Compiling darling_core v0.10.2
[INFO] [stderr]    Compiling enum-map-derive v0.4.6
[INFO] [stderr]    Compiling darling_macro v0.10.2
[INFO] [stderr]     Checking enum-map v0.6.4
[INFO] [stderr]    Compiling darling v0.10.2
[INFO] [stderr]    Compiling wasmer_enumset_derive v0.5.0
[INFO] [stderr]     Checking wasmer_enumset v1.0.1
[INFO] [stderr]     Checking cursive_core v0.2.2
[INFO] [stderr]     Checking cursive v0.16.3
[INFO] [stderr]     Checking psos v0.1.0 (/opt/rustwide/workdir)
[INFO] [stdout] error[E0310]: the parameter type `F` may not live long enough
[INFO] [stdout]   --> src/text_input.rs:28:18
[INFO] [stdout]    |
[INFO] [stdout] 7  | pub fn create<F>(
[INFO] [stdout]    |               - help: consider adding an explicit lifetime bound...: `F: 'static`
[INFO] [stdout] ...
[INFO] [stdout] 28 |                 .on_submit(|s, _| {
[INFO] [stdout]    |                  ^^^^^^^^^ ...so that the type `[closure@src/text_input.rs:28:28: 30:18]` will meet its required lifetime bounds
[INFO] [stdout] 
[INFO] [stdout] 
[INFO] [stdout] error[E0310]: the parameter type `F` may not live long enough
[INFO] [stdout]   --> src/text_input.rs:38:10
[INFO] [stdout]    |
[INFO] [stdout] 7  | pub fn create<F>(
[INFO] [stdout]    |               - help: consider adding an explicit lifetime bound...: `F: 'static`
[INFO] [stdout] ...
[INFO] [stdout] 38 |         .button("Ok", |s| {
[INFO] [stdout]    |          ^^^^^^ ...so that the type `[closure@src/text_input.rs:38:23: 43:10]` will meet its required lifetime bounds
[INFO] [stdout] 
[INFO] [stdout] 
[INFO] [stdout] error[E0310]: the parameter type `F` may not live long enough
[INFO] [stdout]   --> src/text_input.rs:28:18
[INFO] [stdout]    |
[INFO] [stdout] 7  | pub fn create<F>(
[INFO] [stdout]    |               - help: consider adding an explicit lifetime bound...: `F: 'static`
[INFO] [stdout] ...
[INFO] [stdout] 28 |                 .on_submit(|s, _| {
[INFO] [stdout]    |                  ^^^^^^^^^ ...so that the type `[closure@src/text_input.rs:28:28: 30:18]` will meet its required lifetime bounds
[INFO] [stdout] 
[INFO] [stdout] 
[INFO] [stdout] error[E0310]: the parameter type `F` may not live long enough
[INFO] [stdout]   --> src/text_input.rs:38:10
[INFO] [stdout]    |
[INFO] [stdout] 7  | pub fn create<F>(
[INFO] [stdout]    |               - help: consider adding an explicit lifetime bound...: `F: 'static`
[INFO] [stdout] ...
[INFO] [stdout] 38 |         .button("Ok", |s| {
[INFO] [stdout]    |          ^^^^^^ ...so that the type `[closure@src/text_input.rs:38:23: 43:10]` will meet its required lifetime bounds
[INFO] [stdout] 
[INFO] [stdout] 
[INFO] [stdout] error: aborting due to 2 previous errors
[INFO] [stdout] 
[INFO] [stdout] 
[INFO] [stdout] For more information about this error, try `rustc --explain E0310`.
[INFO] [stdout] 
[INFO] [stdout] error: aborting due to 2 previous errors
[INFO] [stdout] 
[INFO] [stdout] 
[INFO] [stdout] For more information about this error, try `rustc --explain E0310`.
[INFO] [stdout] 
[INFO] [stderr] error: could not compile `psos` due to 3 previous errors
[INFO] [stderr] warning: build failed, waiting for other jobs to finish...
[INFO] [stderr] error: build failed
[INFO] running `Command { std: "docker" "inspect" "1fb6782271bd07cbfccfab8647f401470bf50626401c8f5134a20dbd28cf1cb8", kill_on_drop: false }`
[INFO] running `Command { std: "docker" "rm" "-f" "1fb6782271bd07cbfccfab8647f401470bf50626401c8f5134a20dbd28cf1cb8", kill_on_drop: false }`
[INFO] [stdout] 1fb6782271bd07cbfccfab8647f401470bf50626401c8f5134a20dbd28cf1cb8
