[INFO] cloning repository https://github.com/psobczak/sun_time_calculator
[INFO] running `Command { std: "git" "-c" "credential.helper=" "-c" "credential.helper=/workspace/cargo-home/bin/git-credential-null" "clone" "--bare" "https://github.com/psobczak/sun_time_calculator" "/workspace/cache/git-repos/https%3A%2F%2Fgithub.com%2Fpsobczak%2Fsun_time_calculator", kill_on_drop: false }`
[INFO] [stderr] Cloning into bare repository '/workspace/cache/git-repos/https%3A%2F%2Fgithub.com%2Fpsobczak%2Fsun_time_calculator'...
[INFO] running `Command { std: "git" "rev-parse" "HEAD", kill_on_drop: false }`
[INFO] [stdout] e385552b8be20eeb63863ea8440dfc3b0c11e628
[INFO] checking psobczak/sun_time_calculator against 1.55.0 for beta-1.56-3
[INFO] running `Command { std: "git" "clone" "/workspace/cache/git-repos/https%3A%2F%2Fgithub.com%2Fpsobczak%2Fsun_time_calculator" "/workspace/builds/worker-5/source", kill_on_drop: false }`
[INFO] [stderr] Cloning into '/workspace/builds/worker-5/source'...
[INFO] [stderr] done.
[INFO] validating manifest of git repo https://github.com/psobczak/sun_time_calculator on toolchain 1.55.0
[INFO] running `Command { std: "/workspace/cargo-home/bin/cargo" "+1.55.0" "metadata" "--manifest-path" "Cargo.toml" "--no-deps", kill_on_drop: false }`
[INFO] started tweaking git repo https://github.com/psobczak/sun_time_calculator
[INFO] finished tweaking git repo https://github.com/psobczak/sun_time_calculator
[INFO] tweaked toml for git repo https://github.com/psobczak/sun_time_calculator written to /workspace/builds/worker-5/source/Cargo.toml
[INFO] crate git repo https://github.com/psobczak/sun_time_calculator already has a lockfile, it will not be regenerated
[INFO] running `Command { std: "/workspace/cargo-home/bin/cargo" "+1.55.0" "fetch" "--manifest-path" "Cargo.toml", kill_on_drop: false }`
[INFO] [stderr]     Blocking waiting for file lock on package cache
[INFO] [stderr]     Blocking waiting for file lock on package cache
[INFO] running `Command { std: "docker" "create" "-v" "/var/lib/crater-agent-workspace/builds/worker-5/target:/opt/rustwide/target:rw,Z" "-v" "/var/lib/crater-agent-workspace/builds/worker-5/source:/opt/rustwide/workdir:ro,Z" "-v" "/var/lib/crater-agent-workspace/cargo-home:/opt/rustwide/cargo-home:ro,Z" "-v" "/var/lib/crater-agent-workspace/rustup-home:/opt/rustwide/rustup-home:ro,Z" "-e" "SOURCE_DIR=/opt/rustwide/workdir" "-e" "CARGO_TARGET_DIR=/opt/rustwide/target" "-e" "CARGO_HOME=/opt/rustwide/cargo-home" "-e" "RUSTUP_HOME=/opt/rustwide/rustup-home" "-w" "/opt/rustwide/workdir" "-m" "1610612736" "--user" "0:0" "--network" "none" "ghcr.io/rust-lang/crates-build-env/linux@sha256:a89201d6b5b9fd45c15d5952ece0a0129e7e80cb26ec023fd59cf09bc26f1604" "/opt/rustwide/cargo-home/bin/cargo" "+1.55.0" "metadata" "--no-deps" "--format-version=1", kill_on_drop: false }`
[INFO] [stdout] 98dc401faa5b0600437c2b9c2e67f9d3ebcbabdd44b47ca88937c68a3000749b
[INFO] running `Command { std: "docker" "start" "-a" "98dc401faa5b0600437c2b9c2e67f9d3ebcbabdd44b47ca88937c68a3000749b", kill_on_drop: false }`
[INFO] running `Command { std: "docker" "inspect" "98dc401faa5b0600437c2b9c2e67f9d3ebcbabdd44b47ca88937c68a3000749b", kill_on_drop: false }`
[INFO] running `Command { std: "docker" "rm" "-f" "98dc401faa5b0600437c2b9c2e67f9d3ebcbabdd44b47ca88937c68a3000749b", kill_on_drop: false }`
[INFO] [stdout] 98dc401faa5b0600437c2b9c2e67f9d3ebcbabdd44b47ca88937c68a3000749b
[INFO] running `Command { std: "docker" "create" "-v" "/var/lib/crater-agent-workspace/builds/worker-5/target:/opt/rustwide/target:rw,Z" "-v" "/var/lib/crater-agent-workspace/builds/worker-5/source:/opt/rustwide/workdir:ro,Z" "-v" "/var/lib/crater-agent-workspace/cargo-home:/opt/rustwide/cargo-home:ro,Z" "-v" "/var/lib/crater-agent-workspace/rustup-home:/opt/rustwide/rustup-home:ro,Z" "-e" "SOURCE_DIR=/opt/rustwide/workdir" "-e" "CARGO_TARGET_DIR=/opt/rustwide/target" "-e" "CARGO_INCREMENTAL=0" "-e" "RUST_BACKTRACE=full" "-e" "RUSTFLAGS=--cap-lints=warn" "-e" "CARGO_HOME=/opt/rustwide/cargo-home" "-e" "RUSTUP_HOME=/opt/rustwide/rustup-home" "-w" "/opt/rustwide/workdir" "-m" "1610612736" "--user" "0:0" "--network" "none" "ghcr.io/rust-lang/crates-build-env/linux@sha256:a89201d6b5b9fd45c15d5952ece0a0129e7e80cb26ec023fd59cf09bc26f1604" "/opt/rustwide/cargo-home/bin/cargo" "+1.55.0" "check" "--frozen" "--all" "--all-targets" "--message-format=json", kill_on_drop: false }`
[INFO] [stdout] 56cc96a09f4fc5aab507bbc39a25e3be83ae317d18304b04df91370ac19f9473
[INFO] running `Command { std: "docker" "start" "-a" "56cc96a09f4fc5aab507bbc39a25e3be83ae317d18304b04df91370ac19f9473", kill_on_drop: false }`
[INFO] [stderr]     Blocking waiting for file lock on package cache
[INFO] [stderr]    Compiling proc-macro2 v1.0.29
[INFO] [stderr]    Compiling syn v1.0.77
[INFO] [stderr]    Compiling memchr v2.4.1
[INFO] [stderr]    Compiling serde_derive v1.0.130
[INFO] [stderr]    Compiling serde v1.0.130
[INFO] [stderr]    Compiling libc v0.2.102
[INFO] [stderr]     Checking regex-automata v0.1.10
[INFO] [stderr]    Compiling test-case v1.2.0
[INFO] [stderr]     Checking csv-core v0.1.10
[INFO] [stderr]    Compiling quote v1.0.9
[INFO] [stderr]     Checking time v0.1.44
[INFO] [stderr]     Checking chrono v0.4.19
[INFO] [stderr]     Checking bstr v0.2.17
[INFO] [stderr]     Checking csv v1.1.6
[INFO] [stderr]     Checking sun_time_calculator v0.1.0 (/opt/rustwide/workdir)
[INFO] [stdout] warning: unused import: `std::str::FromStr`
[INFO] [stdout]  --> src/time_calculator.rs:5:5
[INFO] [stdout]   |
[INFO] [stdout] 5 | use std::str::FromStr;
[INFO] [stdout]   |     ^^^^^^^^^^^^^^^^^
[INFO] [stdout]   |
[INFO] [stdout]   = note: `#[warn(unused_imports)]` on by default
[INFO] [stdout] 
[INFO] [stdout] 
[INFO] [stdout] warning: unused import: `DateTime`
[INFO] [stdout]  --> src/main.rs:4:14
[INFO] [stdout]   |
[INFO] [stdout] 4 | use chrono::{DateTime, Utc};
[INFO] [stdout]   |              ^^^^^^^^
[INFO] [stdout] 
[INFO] [stdout] 
[INFO] [stdout] warning: unused import: `DateTime`
[INFO] [stdout]  --> src/main.rs:4:14
[INFO] [stdout]   |
[INFO] [stdout] 4 | use chrono::{DateTime, Utc};
[INFO] [stdout]   |              ^^^^^^^^
[INFO] [stdout]   |
[INFO] [stdout]   = note: `#[warn(unused_imports)]` on by default
[INFO] [stdout] 
[INFO] [stdout] 
[INFO] [stdout] error[E0308]: mismatched types
[INFO] [stdout]   --> src/time_calculator.rs:38:61
[INFO] [stdout]    |
[INFO] [stdout] 38 |     pub fn sun_time_diff(&self, coordinate: &Coordinate) -> DateTime<Utc> {
[INFO] [stdout]    |            -------------                                    ^^^^^^^^^^^^^ expected struct `DateTime`, found `()`
[INFO] [stdout]    |            |
[INFO] [stdout]    |            implicitly returns `()` as its body has no tail or `return` expression
[INFO] [stdout]    |
[INFO] [stdout]    = note: expected struct `DateTime<Utc>`
[INFO] [stdout]            found unit type `()`
[INFO] [stdout] 
[INFO] [stdout] 
[INFO] [stdout] error: aborting due to previous error; 2 warnings emitted
[INFO] [stdout] 
[INFO] [stdout] 
[INFO] [stdout] For more information about this error, try `rustc --explain E0308`.
[INFO] [stdout] 
[INFO] [stderr] error: could not compile `sun_time_calculator` due to 2 previous errors; 2 warnings emitted
[INFO] [stderr] warning: build failed, waiting for other jobs to finish...
[INFO] [stdout] error[E0308]: mismatched types
[INFO] [stdout]   --> src/time_calculator.rs:38:61
[INFO] [stdout]    |
[INFO] [stdout] 38 |     pub fn sun_time_diff(&self, coordinate: &Coordinate) -> DateTime<Utc> {
[INFO] [stdout]    |            -------------                                    ^^^^^^^^^^^^^ expected struct `chrono::DateTime`, found `()`
[INFO] [stdout]    |            |
[INFO] [stdout]    |            implicitly returns `()` as its body has no tail or `return` expression
[INFO] [stdout]    |
[INFO] [stdout]    = note: expected struct `chrono::DateTime<chrono::Utc>`
[INFO] [stdout]            found unit type `()`
[INFO] [stdout] 
[INFO] [stdout] 
[INFO] [stdout] error[E0308]: mismatched types
[INFO] [stdout]   --> src/time_calculator.rs:97:9
[INFO] [stdout]    |
[INFO] [stdout] 97 |         assert_eq!(actual, DateTime::from_str("2021-09-01:02:16:00"))
[INFO] [stdout]    |         ^^^^^^^^^^^^^^^^^^^^^^^^^^^^^^^^^^^^^^^^^^^^^^^^^^^^^^^^^^^^^ expected struct `chrono::DateTime`, found enum `Result`
[INFO] [stdout]    |
[INFO] [stdout]    = note: expected struct `chrono::DateTime<_>`
[INFO] [stdout]                 found enum `Result<chrono::DateTime<_>, _>`
[INFO] [stdout]    = note: this error originates in the macro `assert_eq` (in Nightly builds, run with -Z macro-backtrace for more info)
[INFO] [stdout] 
[INFO] [stdout] 
[INFO] [stdout] error: aborting due to 2 previous errors; 1 warning emitted
[INFO] [stdout] 
[INFO] [stdout] 
[INFO] [stdout] For more information about this error, try `rustc --explain E0308`.
[INFO] [stdout] 
[INFO] [stderr] error: build failed
[INFO] running `Command { std: "docker" "inspect" "56cc96a09f4fc5aab507bbc39a25e3be83ae317d18304b04df91370ac19f9473", kill_on_drop: false }`
[INFO] running `Command { std: "docker" "rm" "-f" "56cc96a09f4fc5aab507bbc39a25e3be83ae317d18304b04df91370ac19f9473", kill_on_drop: false }`
[INFO] [stdout] 56cc96a09f4fc5aab507bbc39a25e3be83ae317d18304b04df91370ac19f9473
