[INFO] cloning repository https://github.com/progre/ausettings
[INFO] running `Command { std: "git" "-c" "credential.helper=" "-c" "credential.helper=/workspace/cargo-home/bin/git-credential-null" "clone" "--bare" "https://github.com/progre/ausettings" "/workspace/cache/git-repos/https%3A%2F%2Fgithub.com%2Fprogre%2Fausettings", kill_on_drop: false }`
[INFO] [stderr] Cloning into bare repository '/workspace/cache/git-repos/https%3A%2F%2Fgithub.com%2Fprogre%2Fausettings'...
[INFO] running `Command { std: "git" "rev-parse" "HEAD", kill_on_drop: false }`
[INFO] [stdout] 4ace7cd5fdf0958c6be70227afff84433aa000fb
[INFO] checking progre/ausettings against beta-2021-10-15 for beta-1.56-3
[INFO] running `Command { std: "git" "clone" "/workspace/cache/git-repos/https%3A%2F%2Fgithub.com%2Fprogre%2Fausettings" "/workspace/builds/worker-10/source", kill_on_drop: false }`
[INFO] [stderr] Cloning into '/workspace/builds/worker-10/source'...
[INFO] [stderr] done.
[INFO] validating manifest of git repo https://github.com/progre/ausettings on toolchain beta-2021-10-15
[INFO] running `Command { std: "/workspace/cargo-home/bin/cargo" "+beta-2021-10-15" "metadata" "--manifest-path" "Cargo.toml" "--no-deps", kill_on_drop: false }`
[INFO] started tweaking git repo https://github.com/progre/ausettings
[INFO] finished tweaking git repo https://github.com/progre/ausettings
[INFO] tweaked toml for git repo https://github.com/progre/ausettings written to /workspace/builds/worker-10/source/Cargo.toml
[INFO] crate git repo https://github.com/progre/ausettings already has a lockfile, it will not be regenerated
[INFO] running `Command { std: "/workspace/cargo-home/bin/cargo" "+beta-2021-10-15" "fetch" "--manifest-path" "Cargo.toml", kill_on_drop: false }`
[INFO] [stderr]     Blocking waiting for file lock on package cache
[INFO] [stderr]     Blocking waiting for file lock on package cache
[INFO] running `Command { std: "docker" "create" "-v" "/var/lib/crater-agent-workspace/builds/worker-10/target:/opt/rustwide/target:rw,Z" "-v" "/var/lib/crater-agent-workspace/builds/worker-10/source:/opt/rustwide/workdir:ro,Z" "-v" "/var/lib/crater-agent-workspace/cargo-home:/opt/rustwide/cargo-home:ro,Z" "-v" "/var/lib/crater-agent-workspace/rustup-home:/opt/rustwide/rustup-home:ro,Z" "-e" "SOURCE_DIR=/opt/rustwide/workdir" "-e" "CARGO_TARGET_DIR=/opt/rustwide/target" "-e" "CARGO_HOME=/opt/rustwide/cargo-home" "-e" "RUSTUP_HOME=/opt/rustwide/rustup-home" "-w" "/opt/rustwide/workdir" "-m" "1610612736" "--user" "0:0" "--network" "none" "ghcr.io/rust-lang/crates-build-env/linux@sha256:a89201d6b5b9fd45c15d5952ece0a0129e7e80cb26ec023fd59cf09bc26f1604" "/opt/rustwide/cargo-home/bin/cargo" "+beta-2021-10-15" "metadata" "--no-deps" "--format-version=1", kill_on_drop: false }`
[INFO] [stdout] e1057ce47f3a1ac88a0b2f7c0f9307f75d783982ba179ea50510b2423c90ffa1
[INFO] running `Command { std: "docker" "start" "-a" "e1057ce47f3a1ac88a0b2f7c0f9307f75d783982ba179ea50510b2423c90ffa1", kill_on_drop: false }`
[INFO] running `Command { std: "docker" "inspect" "e1057ce47f3a1ac88a0b2f7c0f9307f75d783982ba179ea50510b2423c90ffa1", kill_on_drop: false }`
[INFO] running `Command { std: "docker" "rm" "-f" "e1057ce47f3a1ac88a0b2f7c0f9307f75d783982ba179ea50510b2423c90ffa1", kill_on_drop: false }`
[INFO] [stdout] e1057ce47f3a1ac88a0b2f7c0f9307f75d783982ba179ea50510b2423c90ffa1
[INFO] running `Command { std: "docker" "create" "-v" "/var/lib/crater-agent-workspace/builds/worker-10/target:/opt/rustwide/target:rw,Z" "-v" "/var/lib/crater-agent-workspace/builds/worker-10/source:/opt/rustwide/workdir:ro,Z" "-v" "/var/lib/crater-agent-workspace/cargo-home:/opt/rustwide/cargo-home:ro,Z" "-v" "/var/lib/crater-agent-workspace/rustup-home:/opt/rustwide/rustup-home:ro,Z" "-e" "SOURCE_DIR=/opt/rustwide/workdir" "-e" "CARGO_TARGET_DIR=/opt/rustwide/target" "-e" "CARGO_INCREMENTAL=0" "-e" "RUST_BACKTRACE=full" "-e" "RUSTFLAGS=--cap-lints=warn" "-e" "CARGO_HOME=/opt/rustwide/cargo-home" "-e" "RUSTUP_HOME=/opt/rustwide/rustup-home" "-w" "/opt/rustwide/workdir" "-m" "1610612736" "--user" "0:0" "--network" "none" "ghcr.io/rust-lang/crates-build-env/linux@sha256:a89201d6b5b9fd45c15d5952ece0a0129e7e80cb26ec023fd59cf09bc26f1604" "/opt/rustwide/cargo-home/bin/cargo" "+beta-2021-10-15" "check" "--frozen" "--all" "--all-targets" "--message-format=json", kill_on_drop: false }`
[INFO] [stdout] ffa2acc172b4c236aef2fb6f8205e40f8152cdfa461e60e5028a3d848e6b2829
[INFO] running `Command { std: "docker" "start" "-a" "ffa2acc172b4c236aef2fb6f8205e40f8152cdfa461e60e5028a3d848e6b2829", kill_on_drop: false }`
[INFO] [stderr]     Blocking waiting for file lock on package cache
[INFO] [stderr]    Compiling proc-macro2 v1.0.24
[INFO] [stderr]    Compiling unicode-xid v0.2.1
[INFO] [stderr]    Compiling syn v1.0.57
[INFO] [stderr]    Compiling serde_derive v1.0.118
[INFO] [stderr]    Compiling serde v1.0.118
[INFO] [stderr]    Compiling libc v0.2.81
[INFO] [stderr]    Compiling unicode-segmentation v1.7.1
[INFO] [stderr]    Compiling version-compare v0.0.10
[INFO] [stderr]    Compiling strum v0.18.0
[INFO] [stderr]    Compiling cc v1.0.66
[INFO] [stderr]    Compiling version_check v0.9.2
[INFO] [stderr]    Compiling memchr v2.3.4
[INFO] [stderr]     Checking futures-core v0.3.8
[INFO] [stderr]     Checking bytes v0.5.6
[INFO] [stderr]    Compiling pin-project-internal v0.4.27
[INFO] [stderr]     Checking pin-project-lite v0.1.11
[INFO] [stderr]     Checking pin-project-lite v0.2.0
[INFO] [stderr]     Checking once_cell v1.5.2
[INFO] [stderr]    Compiling openssl v0.10.32
[INFO] [stderr]     Checking futures-sink v0.3.8
[INFO] [stderr]     Checking futures-io v0.3.8
[INFO] [stderr]     Checking hashbrown v0.9.1
[INFO] [stderr]    Compiling encoding_rs v0.8.26
[INFO] [stderr]     Checking smallvec v1.6.0
[INFO] [stderr]     Checking httpdate v0.3.2
[INFO] [stderr]    Compiling serde_json v1.0.61
[INFO] [stderr]    Compiling anyhow v1.0.37
[INFO] [stderr]     Checking bytes v1.0.0
[INFO] [stderr]     Checking cpuid-bool v0.1.2
[INFO] [stderr]     Checking boxfnonce v0.1.1
[INFO] [stderr]     Checking ipnet v2.3.0
[INFO] [stderr]    Compiling ausettings v0.5.1 (/opt/rustwide/workdir)
[INFO] [stderr]     Checking urlencoding v1.1.1
[INFO] [stderr]     Checking hex v0.4.2
[INFO] [stderr]     Checking webbrowser v0.5.5
[INFO] [stderr]     Checking tracing-core v0.1.17
[INFO] [stderr]    Compiling indexmap v1.6.1
[INFO] [stderr]    Compiling webkit2gtk-sys v0.12.0
[INFO] [stderr]    Compiling typenum v1.12.0
[INFO] [stderr]     Checking tinyvec v1.1.0
[INFO] [stderr]    Compiling pest v2.1.3
[INFO] [stderr]     Checking instant v0.1.9
[INFO] [stderr]     Checking form_urlencoded v1.0.0
[INFO] [stderr]     Checking lock_api v0.4.2
[INFO] [stderr]    Compiling tokio v1.0.1
[INFO] [stderr]     Checking want v0.3.0
[INFO] [stderr]     Checking futures-channel v0.3.8
[INFO] [stderr]     Checking http v0.2.2
[INFO] [stderr]    Compiling heck v0.3.2
[INFO] [stderr]     Checking futures-task v0.3.8
[INFO] [stderr]     Checking tracing v0.1.22
[INFO] [stderr]     Checking unicode-normalization v0.1.16
[INFO] [stderr]    Compiling pest_meta v2.1.3
[INFO] [stderr]    Compiling unicase v2.6.0
[INFO] [stderr]    Compiling generic-array v0.14.4
[INFO] [stderr]    Compiling openssl-sys v0.9.60
[INFO] [stderr]    Compiling webview-sys v0.6.1 (https://github.com/progre/web-view?branch=revert-218-master#3982acc5)
[INFO] [stderr]    Compiling tinyfiledialogs v3.3.10
[INFO] [stderr]     Checking idna v0.2.0
[INFO] [stderr]    Compiling quote v1.0.8
[INFO] [stderr]     Checking num_cpus v1.13.0
[INFO] [stderr]     Checking net2 v0.2.37
[INFO] [stderr]     Checking iovec v0.1.4
[INFO] [stderr]     Checking javascriptcore-rs-sys v0.2.0
[INFO] [stderr]     Checking socket2 v0.3.19
[INFO] [stderr]     Checking parking_lot_core v0.8.2
[INFO] [stderr]     Checking signal-hook-registry v1.3.0
[INFO] [stderr]     Checking mio v0.7.7
[INFO] [stderr]     Checking dirs-sys-next v0.1.1
[INFO] [stderr]     Checking directories-next v2.0.0
[INFO] [stderr]    Compiling native-tls v0.2.7
[INFO] [stderr]     Checking parking_lot v0.11.1
[INFO] [stderr]     Checking url v2.2.0
[INFO] [stderr]     Checking mio v0.6.23
[INFO] [stderr]     Checking block-buffer v0.9.0
[INFO] [stderr]     Checking digest v0.9.0
[INFO] [stderr]    Compiling mime_guess v2.0.3
[INFO] [stderr]     Checking sha2 v0.9.2
[INFO] [stderr]     Checking http-body v0.3.1
[INFO] [stderr]     Checking tokio v0.2.24
[INFO] [stderr]     Checking tokio-util v0.3.1
[INFO] [stderr]     Checking tokio-tls v0.3.1
[INFO] [stderr]    Compiling pest_generator v2.1.3
[INFO] [stderr]    Compiling thiserror-impl v1.0.23
[INFO] [stderr]    Compiling strum_macros v0.18.0
[INFO] [stderr]    Compiling pin-project-internal v1.0.2
[INFO] [stderr]    Compiling tokio-macros v1.0.0
[INFO] [stderr]    Compiling pest_derive v2.1.0
[INFO] [stderr]    Compiling thiserror v1.0.23
[INFO] [stderr]     Checking pin-project v1.0.2
[INFO] [stderr]     Checking pin-project v0.4.27
[INFO] [stderr]     Checking futures-util v0.3.8
[INFO] [stderr]     Checking tracing-futures v0.2.4
[INFO] [stderr]     Checking h2 v0.2.7
[INFO] [stderr]     Checking hyper v0.13.9
[INFO] [stderr]    Compiling toml v0.5.8
[INFO] [stderr]     Checking serde_urlencoded v0.7.0
[INFO] [stderr]     Checking json5 v0.3.0
[INFO] [stderr]    Compiling system-deps v1.3.2
[INFO] [stderr]    Compiling glib-sys v0.10.1
[INFO] [stderr]    Compiling gobject-sys v0.10.0
[INFO] [stderr]    Compiling gio-sys v0.10.1
[INFO] [stderr]    Compiling pango-sys v0.10.0
[INFO] [stderr]    Compiling gdk-pixbuf-sys v0.10.0
[INFO] [stderr]    Compiling cairo-sys-rs v0.10.0
[INFO] [stderr]    Compiling gdk-sys v0.10.0
[INFO] [stderr]    Compiling atk-sys v0.10.0
[INFO] [stderr]    Compiling soup-sys v0.10.0
[INFO] [stderr]    Compiling gtk-sys v0.10.0
[INFO] [stderr]     Checking hyper-tls v0.4.3
[INFO] [stderr]     Checking reqwest v0.10.10
[INFO] [stderr]     Checking web-view v0.7.2 (https://github.com/progre/web-view?branch=revert-218-master#3982acc5)
[INFO] [stdout] error: couldn't read src/../dist/index.html: No such file or directory (os error 2)
[INFO] [stdout]   --> src/main.rs:20:32
[INFO] [stdout]    |
[INFO] [stdout] 20 |         .content(Content::Html(include_str!("../dist/index.html")))
[INFO] [stdout]    |                                ^^^^^^^^^^^^^^^^^^^^^^^^^^^^^^^^^^
[INFO] [stdout]    |
[INFO] [stdout]    = note: this error originates in the macro `include_str` (in Nightly builds, run with -Z macro-backtrace for more info)
[INFO] [stdout] 
[INFO] [stdout] 
[INFO] [stdout] error: couldn't read src/../dist/index.html: No such file or directory (os error 2)
[INFO] [stdout]   --> src/main.rs:20:32
[INFO] [stdout]    |
[INFO] [stdout] 20 |         .content(Content::Html(include_str!("../dist/index.html")))
[INFO] [stdout]    |                                ^^^^^^^^^^^^^^^^^^^^^^^^^^^^^^^^^^
[INFO] [stdout]    |
[INFO] [stdout]    = note: this error originates in the macro `include_str` (in Nightly builds, run with -Z macro-backtrace for more info)
[INFO] [stdout] 
[INFO] [stdout] 
[INFO] [stdout] error[E0599]: no method named `is_active` found for reference `&Process` in the current scope
[INFO] [stdout]   --> src/core/app.rs:63:37
[INFO] [stdout]    |
[INFO] [stdout] 63 |             if au_process.process().is_active() {
[INFO] [stdout]    |                                     ^^^^^^^^^ method not found in `&Process`
[INFO] [stdout] 
[INFO] [stdout] 
[INFO] [stdout] error[E0599]: no method named `is_active` found for reference `&Process` in the current scope
[INFO] [stdout]   --> src/core/app.rs:63:37
[INFO] [stdout]    |
[INFO] [stdout] 63 |             if au_process.process().is_active() {
[INFO] [stdout]    |                                     ^^^^^^^^^ method not found in `&Process`
[INFO] [stdout] 
[INFO] [stdout] 
[INFO] [stdout] error[E0599]: no method named `base_addr_of_module_name` found for reference `&Process` in the current scope
[INFO] [stdout]   --> src/core/auprocessreadwrite.rs:61:14
[INFO] [stdout]    |
[INFO] [stdout] 61 |             .base_addr_of_module_name("GameAssembly.dll")
[INFO] [stdout]    |              ^^^^^^^^^^^^^^^^^^^^^^^^ method not found in `&Process`
[INFO] [stdout] 
[INFO] [stdout] 
[INFO] [stdout] error[E0599]: no method named `base_addr_of_module_name` found for reference `&Process` in the current scope
[INFO] [stdout]   --> src/core/auprocessreadwrite.rs:61:14
[INFO] [stdout]    |
[INFO] [stdout] 61 |             .base_addr_of_module_name("GameAssembly.dll")
[INFO] [stdout]    |              ^^^^^^^^^^^^^^^^^^^^^^^^ method not found in `&Process`
[INFO] [stdout] 
[INFO] [stdout] 
[INFO] [stdout] error[E0599]: no method named `base_addr_of_module_name` found for reference `&Process` in the current scope
[INFO] [stdout]   --> src/core/auprocessreadwrite.rs:73:14
[INFO] [stdout]    |
[INFO] [stdout] 73 |             .base_addr_of_module_name("GameAssembly.dll")
[INFO] [stdout]    |              ^^^^^^^^^^^^^^^^^^^^^^^^ method not found in `&Process`
[INFO] [stdout] 
[INFO] [stdout] 
[INFO] [stdout] error[E0599]: no method named `base_addr_of_module_name` found for reference `&Process` in the current scope
[INFO] [stdout]   --> src/core/auprocessreadwrite.rs:73:14
[INFO] [stdout]    |
[INFO] [stdout] 73 |             .base_addr_of_module_name("GameAssembly.dll")
[INFO] [stdout]    |              ^^^^^^^^^^^^^^^^^^^^^^^^ method not found in `&Process`
[INFO] [stdout] 
[INFO] [stdout] 
[INFO] [stdout] error: aborting due to 4 previous errors
[INFO] [stdout] 
[INFO] [stdout] 
[INFO] [stdout] For more information about this error, try `rustc --explain E0599`.
[INFO] [stdout] 
[INFO] [stdout] error: aborting due to 4 previous errors
[INFO] [stdout] 
[INFO] [stdout] 
[INFO] [stderr] error: could not compile `ausettings` due to 5 previous errors
[INFO] [stdout] For more information about this error, try `rustc --explain E0599`.
[INFO] [stdout] 
[INFO] [stderr] warning: build failed, waiting for other jobs to finish...
[INFO] [stderr] error: build failed
[INFO] running `Command { std: "docker" "inspect" "ffa2acc172b4c236aef2fb6f8205e40f8152cdfa461e60e5028a3d848e6b2829", kill_on_drop: false }`
[INFO] running `Command { std: "docker" "rm" "-f" "ffa2acc172b4c236aef2fb6f8205e40f8152cdfa461e60e5028a3d848e6b2829", kill_on_drop: false }`
[INFO] [stdout] ffa2acc172b4c236aef2fb6f8205e40f8152cdfa461e60e5028a3d848e6b2829
