[INFO] cloning repository https://github.com/prasad-kumkar/near-ft-staking
[INFO] running `Command { std: "git" "-c" "credential.helper=" "-c" "credential.helper=/workspace/cargo-home/bin/git-credential-null" "clone" "--bare" "https://github.com/prasad-kumkar/near-ft-staking" "/workspace/cache/git-repos/https%3A%2F%2Fgithub.com%2Fprasad-kumkar%2Fnear-ft-staking", kill_on_drop: false }`
[INFO] [stderr] Cloning into bare repository '/workspace/cache/git-repos/https%3A%2F%2Fgithub.com%2Fprasad-kumkar%2Fnear-ft-staking'...
[INFO] running `Command { std: "git" "rev-parse" "HEAD", kill_on_drop: false }`
[INFO] [stdout] d6024120bf512c91bcc46a55305afdee780c8cf5
[INFO] checking prasad-kumkar/near-ft-staking against 1.55.0 for beta-1.56-3
[INFO] running `Command { std: "git" "clone" "/workspace/cache/git-repos/https%3A%2F%2Fgithub.com%2Fprasad-kumkar%2Fnear-ft-staking" "/workspace/builds/worker-14/source", kill_on_drop: false }`
[INFO] [stderr] Cloning into '/workspace/builds/worker-14/source'...
[INFO] [stderr] done.
[INFO] validating manifest of git repo https://github.com/prasad-kumkar/near-ft-staking on toolchain 1.55.0
[INFO] running `Command { std: "/workspace/cargo-home/bin/cargo" "+1.55.0" "metadata" "--manifest-path" "Cargo.toml" "--no-deps", kill_on_drop: false }`
[INFO] started tweaking git repo https://github.com/prasad-kumkar/near-ft-staking
[INFO] finished tweaking git repo https://github.com/prasad-kumkar/near-ft-staking
[INFO] tweaked toml for git repo https://github.com/prasad-kumkar/near-ft-staking written to /workspace/builds/worker-14/source/Cargo.toml
[INFO] crate git repo https://github.com/prasad-kumkar/near-ft-staking already has a lockfile, it will not be regenerated
[INFO] running `Command { std: "/workspace/cargo-home/bin/cargo" "+1.55.0" "fetch" "--manifest-path" "Cargo.toml", kill_on_drop: false }`
[INFO] [stderr]     Blocking waiting for file lock on package cache
[INFO] running `Command { std: "docker" "create" "-v" "/var/lib/crater-agent-workspace/builds/worker-14/target:/opt/rustwide/target:rw,Z" "-v" "/var/lib/crater-agent-workspace/builds/worker-14/source:/opt/rustwide/workdir:ro,Z" "-v" "/var/lib/crater-agent-workspace/cargo-home:/opt/rustwide/cargo-home:ro,Z" "-v" "/var/lib/crater-agent-workspace/rustup-home:/opt/rustwide/rustup-home:ro,Z" "-e" "SOURCE_DIR=/opt/rustwide/workdir" "-e" "CARGO_TARGET_DIR=/opt/rustwide/target" "-e" "CARGO_HOME=/opt/rustwide/cargo-home" "-e" "RUSTUP_HOME=/opt/rustwide/rustup-home" "-w" "/opt/rustwide/workdir" "-m" "1610612736" "--user" "0:0" "--network" "none" "ghcr.io/rust-lang/crates-build-env/linux@sha256:a89201d6b5b9fd45c15d5952ece0a0129e7e80cb26ec023fd59cf09bc26f1604" "/opt/rustwide/cargo-home/bin/cargo" "+1.55.0" "metadata" "--no-deps" "--format-version=1", kill_on_drop: false }`
[INFO] [stdout] 8ed388f227f8d1f11a1a69987b909c4fb87f68b50c7489310f6e0df360b3f405
[INFO] [stderr] WARNING: Your kernel does not support swap limit capabilities or the cgroup is not mounted. Memory limited without swap.
[INFO] running `Command { std: "docker" "start" "-a" "8ed388f227f8d1f11a1a69987b909c4fb87f68b50c7489310f6e0df360b3f405", kill_on_drop: false }`
[INFO] running `Command { std: "docker" "inspect" "8ed388f227f8d1f11a1a69987b909c4fb87f68b50c7489310f6e0df360b3f405", kill_on_drop: false }`
[INFO] running `Command { std: "docker" "rm" "-f" "8ed388f227f8d1f11a1a69987b909c4fb87f68b50c7489310f6e0df360b3f405", kill_on_drop: false }`
[INFO] [stdout] 8ed388f227f8d1f11a1a69987b909c4fb87f68b50c7489310f6e0df360b3f405
[INFO] running `Command { std: "docker" "create" "-v" "/var/lib/crater-agent-workspace/builds/worker-14/target:/opt/rustwide/target:rw,Z" "-v" "/var/lib/crater-agent-workspace/builds/worker-14/source:/opt/rustwide/workdir:ro,Z" "-v" "/var/lib/crater-agent-workspace/cargo-home:/opt/rustwide/cargo-home:ro,Z" "-v" "/var/lib/crater-agent-workspace/rustup-home:/opt/rustwide/rustup-home:ro,Z" "-e" "SOURCE_DIR=/opt/rustwide/workdir" "-e" "CARGO_TARGET_DIR=/opt/rustwide/target" "-e" "CARGO_INCREMENTAL=0" "-e" "RUST_BACKTRACE=full" "-e" "RUSTFLAGS=--cap-lints=warn" "-e" "CARGO_HOME=/opt/rustwide/cargo-home" "-e" "RUSTUP_HOME=/opt/rustwide/rustup-home" "-w" "/opt/rustwide/workdir" "-m" "1610612736" "--user" "0:0" "--network" "none" "ghcr.io/rust-lang/crates-build-env/linux@sha256:a89201d6b5b9fd45c15d5952ece0a0129e7e80cb26ec023fd59cf09bc26f1604" "/opt/rustwide/cargo-home/bin/cargo" "+1.55.0" "check" "--frozen" "--all" "--all-targets" "--message-format=json", kill_on_drop: false }`
[INFO] [stdout] fd5d10fc04b1a2131034b3dd6e47443d52a3a8f4721a5476161980c4532a9701
[INFO] [stderr] WARNING: Your kernel does not support swap limit capabilities or the cgroup is not mounted. Memory limited without swap.
[INFO] running `Command { std: "docker" "start" "-a" "fd5d10fc04b1a2131034b3dd6e47443d52a3a8f4721a5476161980c4532a9701", kill_on_drop: false }`
[INFO] [stderr]    Compiling syn v1.0.57
[INFO] [stderr]    Compiling serde_json v1.0.68
[INFO] [stderr]    Compiling itoa v0.4.8
[INFO] [stderr]     Checking bs58 v0.4.0
[INFO] [stderr]    Compiling wee_alloc v0.4.5
[INFO] [stderr]    Compiling num-rational v0.3.2
[INFO] [stderr]     Checking num-bigint v0.3.3
[INFO] [stderr]     Checking sha3 v0.9.1
[INFO] [stderr]     Checking near-runtime-utils v4.0.0-pre.1
[INFO] [stderr]    Compiling borsh-derive-internal v0.8.2
[INFO] [stderr]    Compiling borsh-schema-derive-internal v0.8.2
[INFO] [stderr]    Compiling near-sdk-core v3.1.0
[INFO] [stderr]    Compiling serde_derive v1.0.118
[INFO] [stderr]    Compiling derive_more v0.99.16
[INFO] [stderr]    Compiling near-sdk-macros v3.1.0
[INFO] [stderr]    Compiling serde v1.0.118
[INFO] [stderr]    Compiling toml v0.5.8
[INFO] [stderr]    Compiling near-rpc-error-core v0.1.0
[INFO] [stderr]    Compiling proc-macro-crate v0.1.5
[INFO] [stderr]    Compiling near-rpc-error-macro v0.1.0
[INFO] [stderr]    Compiling borsh-derive v0.8.2
[INFO] [stderr]     Checking borsh v0.8.2
[INFO] [stderr]     Checking near-primitives-core v0.4.0
[INFO] [stderr]     Checking near-vm-errors v4.0.0-pre.1
[INFO] [stderr]     Checking near-vm-logic v4.0.0-pre.1
[INFO] [stderr]     Checking near-sdk v3.1.0
[INFO] [stderr]     Checking near-contract-standards v3.2.0
[INFO] [stderr]     Checking staking v0.1.0 (/opt/rustwide/workdir)
[INFO] [stdout] error[E0432]: unresolved imports `near_sdk::borsh::AccountId`, `near_sdk::borsh::Balance`, `near_sdk::borsh::PromiseOrValue`
[INFO] [stdout]  --> src/lib.rs:8:63
[INFO] [stdout]   |
[INFO] [stdout] 8 | use near_sdk::borsh::{self, BorshDeserialize, BorshSerialize, AccountId, Balance, PromiseOrValue};
[INFO] [stdout]   |                                                               ^^^^^^^^^  ^^^^^^^  ^^^^^^^^^^^^^^ no `PromiseOrValue` in `borsh`
[INFO] [stdout]   |                                                               |          |
[INFO] [stdout]   |                                                               |          no `Balance` in `borsh`
[INFO] [stdout]   |                                                               no `AccountId` in `borsh`
[INFO] [stdout] 
[INFO] [stdout] 
[INFO] [stdout] warning: unused import: `FungibleTokenMetadataProvider`
[INFO] [stdout]  --> src/lib.rs:2:28
[INFO] [stdout]   |
[INFO] [stdout] 2 |     FungibleTokenMetadata, FungibleTokenMetadataProvider, FT_METADATA_SPEC,
[INFO] [stdout]   |                            ^^^^^^^^^^^^^^^^^^^^^^^^^^^^^
[INFO] [stdout]   |
[INFO] [stdout]   = note: `#[warn(unused_imports)]` on by default
[INFO] [stdout] 
[INFO] [stdout] 
[INFO] [stdout] warning: unused import: `LookupMap`
[INFO] [stdout]  --> src/lib.rs:5:41
[INFO] [stdout]   |
[INFO] [stdout] 5 | use near_sdk::collections::{LazyOption, LookupMap, UnorderedMap};
[INFO] [stdout]   |                                         ^^^^^^^^^
[INFO] [stdout] 
[INFO] [stdout] 
[INFO] [stdout] error[E0432]: unresolved imports `near_sdk::borsh::AccountId`, `near_sdk::borsh::Balance`, `near_sdk::borsh::PromiseOrValue`
[INFO] [stdout]  --> src/lib.rs:8:63
[INFO] [stdout]   |
[INFO] [stdout] 8 | use near_sdk::borsh::{self, BorshDeserialize, BorshSerialize, AccountId, Balance, PromiseOrValue};
[INFO] [stdout]   |                                                               ^^^^^^^^^  ^^^^^^^  ^^^^^^^^^^^^^^ no `PromiseOrValue` in `borsh`
[INFO] [stdout]   |                                                               |          |
[INFO] [stdout]   |                                                               |          no `Balance` in `borsh`
[INFO] [stdout]   |                                                               no `AccountId` in `borsh`
[INFO] [stdout] 
[INFO] [stdout] 
[INFO] [stdout] error[E0107]: this struct takes 2 generic arguments but 1 generic argument was supplied
[INFO] [stdout]   --> src/lib.rs:22:19
[INFO] [stdout]    |
[INFO] [stdout] 22 |     allowance_of: UnorderedMap<AccountId>
[INFO] [stdout]    |                   ^^^^^^^^^^^^ --------- supplied 1 generic argument
[INFO] [stdout]    |                   |
[INFO] [stdout]    |                   expected 2 generic arguments
[INFO] [stdout]    |
[INFO] [stdout] note: struct defined here, with 2 generic parameters: `K`, `V`
[INFO] [stdout]   --> /opt/rustwide/cargo-home/registry/src/github.com-1ecc6299db9ec823/near-sdk-3.1.0/src/collections/unordered_map.rs:15:12
[INFO] [stdout]    |
[INFO] [stdout] 15 | pub struct UnorderedMap<K, V> {
[INFO] [stdout]    |            ^^^^^^^^^^^^ -  -
[INFO] [stdout] help: add missing generic argument
[INFO] [stdout]    |
[INFO] [stdout] 22 |     allowance_of: UnorderedMap<AccountId, V>
[INFO] [stdout]    |                                         ^^^
[INFO] [stdout] 
[INFO] [stdout] 
[INFO] [stdout] error: aborting due to 2 previous errors; 2 warnings emitted
[INFO] [stdout] 
[INFO] [stdout] 
[INFO] [stdout] Some errors have detailed explanations: E0107, E0432.
[INFO] [stdout] 
[INFO] [stdout] For more information about an error, try `rustc --explain E0107`.
[INFO] [stdout] 
[INFO] [stdout] error[E0433]: failed to resolve: use of undeclared type `Contract`
[INFO] [stdout]   --> src/lib.rs:98:24
[INFO] [stdout]    |
[INFO] [stdout] 98 |         let contract = Contract::new_default_meta(accounts(1).into(), TOTAL_SUPPLY.into());
[INFO] [stdout]    |                        ^^^^^^^^ use of undeclared type `Contract`
[INFO] [stdout] 
[INFO] [stdout] 
[INFO] [stderr] error: could not compile `staking` due to 3 previous errors; 2 warnings emitted
[INFO] [stderr] warning: build failed, waiting for other jobs to finish...
[INFO] [stdout] error[E0433]: failed to resolve: use of undeclared type `Contract`
[INFO] [stdout]    --> src/lib.rs:109:25
[INFO] [stdout]     |
[INFO] [stdout] 109 |         let _contract = Contract::default();
[INFO] [stdout]     |                         ^^^^^^^^ use of undeclared type `Contract`
[INFO] [stdout] 
[INFO] [stdout] 
[INFO] [stdout] error[E0433]: failed to resolve: use of undeclared type `Contract`
[INFO] [stdout]    --> src/lib.rs:116:28
[INFO] [stdout]     |
[INFO] [stdout] 116 |         let mut contract = Contract::new_default_meta(accounts(2).into(), TOTAL_SUPPLY.into());
[INFO] [stdout]     |                            ^^^^^^^^ use of undeclared type `Contract`
[INFO] [stdout] 
[INFO] [stdout] 
[INFO] [stdout] warning: unused import: `FungibleTokenMetadataProvider`
[INFO] [stdout]  --> src/lib.rs:2:28
[INFO] [stdout]   |
[INFO] [stdout] 2 |     FungibleTokenMetadata, FungibleTokenMetadataProvider, FT_METADATA_SPEC,
[INFO] [stdout]   |                            ^^^^^^^^^^^^^^^^^^^^^^^^^^^^^
[INFO] [stdout]   |
[INFO] [stdout]   = note: `#[warn(unused_imports)]` on by default
[INFO] [stdout] 
[INFO] [stdout] 
[INFO] [stdout] warning: unused import: `LookupMap`
[INFO] [stdout]  --> src/lib.rs:5:41
[INFO] [stdout]   |
[INFO] [stdout] 5 | use near_sdk::collections::{LazyOption, LookupMap, UnorderedMap};
[INFO] [stdout]   |                                         ^^^^^^^^^
[INFO] [stdout] 
[INFO] [stdout] 
[INFO] [stdout] error[E0107]: this struct takes 2 generic arguments but 1 generic argument was supplied
[INFO] [stdout]   --> src/lib.rs:22:19
[INFO] [stdout]    |
[INFO] [stdout] 22 |     allowance_of: UnorderedMap<AccountId>
[INFO] [stdout]    |                   ^^^^^^^^^^^^ --------- supplied 1 generic argument
[INFO] [stdout]    |                   |
[INFO] [stdout]    |                   expected 2 generic arguments
[INFO] [stdout]    |
[INFO] [stdout] note: struct defined here, with 2 generic parameters: `K`, `V`
[INFO] [stdout]   --> /opt/rustwide/cargo-home/registry/src/github.com-1ecc6299db9ec823/near-sdk-3.1.0/src/collections/unordered_map.rs:15:12
[INFO] [stdout]    |
[INFO] [stdout] 15 | pub struct UnorderedMap<K, V> {
[INFO] [stdout]    |            ^^^^^^^^^^^^ -  -
[INFO] [stdout] help: add missing generic argument
[INFO] [stdout]    |
[INFO] [stdout] 22 |     allowance_of: UnorderedMap<AccountId, V>
[INFO] [stdout]    |                                         ^^^
[INFO] [stdout] 
[INFO] [stdout] 
[INFO] [stdout] error: aborting due to 5 previous errors; 2 warnings emitted
[INFO] [stdout] 
[INFO] [stdout] 
[INFO] [stdout] Some errors have detailed explanations: E0107, E0432, E0433.
[INFO] [stdout] 
[INFO] [stdout] For more information about an error, try `rustc --explain E0107`.
[INFO] [stdout] 
[INFO] [stderr] error: build failed
[INFO] running `Command { std: "docker" "inspect" "fd5d10fc04b1a2131034b3dd6e47443d52a3a8f4721a5476161980c4532a9701", kill_on_drop: false }`
[INFO] running `Command { std: "docker" "rm" "-f" "fd5d10fc04b1a2131034b3dd6e47443d52a3a8f4721a5476161980c4532a9701", kill_on_drop: false }`
[INFO] [stdout] fd5d10fc04b1a2131034b3dd6e47443d52a3a8f4721a5476161980c4532a9701
