[INFO] cloning repository https://github.com/pp-qq/rust-http-server
[INFO] running `Command { std: "git" "-c" "credential.helper=" "-c" "credential.helper=/workspace/cargo-home/bin/git-credential-null" "clone" "--bare" "https://github.com/pp-qq/rust-http-server" "/workspace/cache/git-repos/https%3A%2F%2Fgithub.com%2Fpp-qq%2Frust-http-server", kill_on_drop: false }`
[INFO] [stderr] Cloning into bare repository '/workspace/cache/git-repos/https%3A%2F%2Fgithub.com%2Fpp-qq%2Frust-http-server'...
[INFO] running `Command { std: "git" "rev-parse" "HEAD", kill_on_drop: false }`
[INFO] [stdout] 87ddd70278e8a23702c46917db5e1cb2edb2c5e1
[INFO] checking pp-qq/rust-http-server against beta-2021-10-15 for beta-1.56-3
[INFO] running `Command { std: "git" "clone" "/workspace/cache/git-repos/https%3A%2F%2Fgithub.com%2Fpp-qq%2Frust-http-server" "/workspace/builds/worker-1/source", kill_on_drop: false }`
[INFO] [stderr] Cloning into '/workspace/builds/worker-1/source'...
[INFO] [stderr] done.
[INFO] validating manifest of git repo https://github.com/pp-qq/rust-http-server on toolchain beta-2021-10-15
[INFO] running `Command { std: "/workspace/cargo-home/bin/cargo" "+beta-2021-10-15" "metadata" "--manifest-path" "Cargo.toml" "--no-deps", kill_on_drop: false }`
[INFO] started tweaking git repo https://github.com/pp-qq/rust-http-server
[INFO] finished tweaking git repo https://github.com/pp-qq/rust-http-server
[INFO] tweaked toml for git repo https://github.com/pp-qq/rust-http-server written to /workspace/builds/worker-1/source/Cargo.toml
[INFO] crate git repo https://github.com/pp-qq/rust-http-server already has a lockfile, it will not be regenerated
[INFO] running `Command { std: "/workspace/cargo-home/bin/cargo" "+beta-2021-10-15" "fetch" "--manifest-path" "Cargo.toml", kill_on_drop: false }`
[INFO] [stderr] warning: unused manifest key: package.author
[INFO] [stderr]  Downloading crates ...
[INFO] [stderr]   Downloaded humansize v1.1.1
[INFO] [stderr]   Downloaded globwalk v0.8.1
[INFO] [stderr]   Downloaded rusqlite v0.25.3
[INFO] [stderr]   Downloaded socket2 v0.4.2
[INFO] [stderr]   Downloaded fallible-streaming-iterator v0.1.9
[INFO] [stderr]   Downloaded unic-char-property v0.9.0
[INFO] [stderr]   Downloaded unic-ucd-segment v0.9.0
[INFO] [stderr]   Downloaded tracing v0.1.27
[INFO] [stderr]   Downloaded unic-char-range v0.9.0
[INFO] [stderr]   Downloaded hyper v0.14.13
[INFO] [stderr]   Downloaded ignore v0.4.18
[INFO] [stderr]   Downloaded tracing-core v0.1.20
[INFO] [stderr]   Downloaded unic-segment v0.9.0
[INFO] [stderr]   Downloaded deunicode v0.4.3
[INFO] [stderr]   Downloaded chrono-tz v0.5.3
[INFO] [stderr]   Downloaded libsqlite3-sys v0.22.2
[INFO] [stderr]   Downloaded hashlink v0.7.0
[INFO] [stderr]   Downloaded tera v1.12.1
[INFO] [stderr]   Downloaded slug v0.1.4
[INFO] [stderr]   Downloaded unic-common v0.9.0
[INFO] [stderr]   Downloaded unic-ucd-version v0.9.0
[INFO] [stderr]   Downloaded parse-zoneinfo v0.3.0
[INFO] running `Command { std: "docker" "create" "-v" "/var/lib/crater-agent-workspace/builds/worker-1/target:/opt/rustwide/target:rw,Z" "-v" "/var/lib/crater-agent-workspace/builds/worker-1/source:/opt/rustwide/workdir:ro,Z" "-v" "/var/lib/crater-agent-workspace/cargo-home:/opt/rustwide/cargo-home:ro,Z" "-v" "/var/lib/crater-agent-workspace/rustup-home:/opt/rustwide/rustup-home:ro,Z" "-e" "SOURCE_DIR=/opt/rustwide/workdir" "-e" "CARGO_TARGET_DIR=/opt/rustwide/target" "-e" "CARGO_HOME=/opt/rustwide/cargo-home" "-e" "RUSTUP_HOME=/opt/rustwide/rustup-home" "-w" "/opt/rustwide/workdir" "-m" "1610612736" "--user" "0:0" "--network" "none" "ghcr.io/rust-lang/crates-build-env/linux@sha256:a89201d6b5b9fd45c15d5952ece0a0129e7e80cb26ec023fd59cf09bc26f1604" "/opt/rustwide/cargo-home/bin/cargo" "+beta-2021-10-15" "metadata" "--no-deps" "--format-version=1", kill_on_drop: false }`
[INFO] [stdout] b62a3cde0a900fd933177ba1aa8faf89025f6206868ea00dc39ca68af0050d07
[INFO] [stderr] WARNING: Your kernel does not support swap limit capabilities or the cgroup is not mounted. Memory limited without swap.
[INFO] running `Command { std: "docker" "start" "-a" "b62a3cde0a900fd933177ba1aa8faf89025f6206868ea00dc39ca68af0050d07", kill_on_drop: false }`
[INFO] running `Command { std: "docker" "inspect" "b62a3cde0a900fd933177ba1aa8faf89025f6206868ea00dc39ca68af0050d07", kill_on_drop: false }`
[INFO] running `Command { std: "docker" "rm" "-f" "b62a3cde0a900fd933177ba1aa8faf89025f6206868ea00dc39ca68af0050d07", kill_on_drop: false }`
[INFO] [stdout] b62a3cde0a900fd933177ba1aa8faf89025f6206868ea00dc39ca68af0050d07
[INFO] running `Command { std: "docker" "create" "-v" "/var/lib/crater-agent-workspace/builds/worker-1/target:/opt/rustwide/target:rw,Z" "-v" "/var/lib/crater-agent-workspace/builds/worker-1/source:/opt/rustwide/workdir:ro,Z" "-v" "/var/lib/crater-agent-workspace/cargo-home:/opt/rustwide/cargo-home:ro,Z" "-v" "/var/lib/crater-agent-workspace/rustup-home:/opt/rustwide/rustup-home:ro,Z" "-e" "SOURCE_DIR=/opt/rustwide/workdir" "-e" "CARGO_TARGET_DIR=/opt/rustwide/target" "-e" "CARGO_INCREMENTAL=0" "-e" "RUST_BACKTRACE=full" "-e" "RUSTFLAGS=--cap-lints=warn" "-e" "CARGO_HOME=/opt/rustwide/cargo-home" "-e" "RUSTUP_HOME=/opt/rustwide/rustup-home" "-w" "/opt/rustwide/workdir" "-m" "1610612736" "--user" "0:0" "--network" "none" "ghcr.io/rust-lang/crates-build-env/linux@sha256:a89201d6b5b9fd45c15d5952ece0a0129e7e80cb26ec023fd59cf09bc26f1604" "/opt/rustwide/cargo-home/bin/cargo" "+beta-2021-10-15" "check" "--frozen" "--all" "--all-targets" "--message-format=json", kill_on_drop: false }`
[INFO] [stdout] c5f83a8f1440d8309a838836ab7947540c616bebf8dc25726bd21d5808231a9f
[INFO] [stderr] WARNING: Your kernel does not support swap limit capabilities or the cgroup is not mounted. Memory limited without swap.
[INFO] running `Command { std: "docker" "start" "-a" "c5f83a8f1440d8309a838836ab7947540c616bebf8dc25726bd21d5808231a9f", kill_on_drop: false }`
[INFO] [stderr] warning: unused manifest key: package.author
[INFO] [stderr]    Compiling libc v0.2.102
[INFO] [stderr]    Compiling syn v1.0.76
[INFO] [stderr]    Compiling futures-task v0.3.17
[INFO] [stderr]     Checking unic-common v0.9.0
[INFO] [stderr]     Checking unic-char-range v0.9.0
[INFO] [stderr]    Compiling futures-channel v0.3.17
[INFO] [stderr]     Checking humansize v1.1.1
[INFO] [stderr]    Compiling tokio v1.11.0
[INFO] [stderr]    Compiling futures-util v0.3.17
[INFO] [stderr]     Checking tracing-core v0.1.20
[INFO] [stderr]     Checking bstr v0.2.16
[INFO] [stderr]    Compiling parse-zoneinfo v0.3.0
[INFO] [stderr]     Checking unic-char-property v0.9.0
[INFO] [stderr]     Checking unic-ucd-version v0.9.0
[INFO] [stderr]     Checking unic-ucd-segment v0.9.0
[INFO] [stderr]     Checking tracing v0.1.27
[INFO] [stderr]     Checking globset v0.4.8
[INFO] [stderr]     Checking unic-segment v0.9.0
[INFO] [stderr]    Compiling chrono-tz v0.5.3
[INFO] [stderr]     Checking ignore v0.4.18
[INFO] [stderr]     Checking getrandom v0.2.3
[INFO] [stderr]     Checking num_cpus v1.13.0
[INFO] [stderr]     Checking mio v0.7.13
[INFO] [stderr]     Checking chrono v0.4.19
[INFO] [stderr]     Checking socket2 v0.4.2
[INFO] [stderr]     Checking ahash v0.7.4
[INFO] [stderr]     Checking rand_core v0.6.3
[INFO] [stderr]     Checking rand_chacha v0.3.1
[INFO] [stderr]     Checking globwalk v0.8.1
[INFO] [stderr]     Checking hashbrown v0.11.2
[INFO] [stderr]     Checking rand v0.8.4
[INFO] [stderr]     Checking indexmap v1.7.0
[INFO] [stderr]     Checking hashlink v0.7.0
[INFO] [stderr]    Compiling pest_generator v2.1.3
[INFO] [stderr]    Compiling serde_derive v1.0.130
[INFO] [stderr]    Compiling tokio-macros v1.3.0
[INFO] [stderr]    Compiling pest_derive v2.1.0
[INFO] [stderr]     Checking serde v1.0.130
[INFO] [stderr]     Checking tokio-util v0.6.8
[INFO] [stderr]     Checking h2 v0.3.4
[INFO] [stderr]     Checking serde_json v1.0.68
[INFO] [stderr]     Checking uuid v0.8.2
[INFO] [stderr]     Checking serde_urlencoded v0.7.0
[INFO] [stderr]     Checking rusqlite v0.25.3
[INFO] [stderr]     Checking tera v1.12.1
[INFO] [stderr]     Checking hyper v0.14.13
[INFO] [stderr]     Checking web-memory v0.1.0 (/opt/rustwide/workdir)
[INFO] [stdout] error[E0308]: mismatched types
[INFO] [stdout]   --> src/main.rs:92:25
[INFO] [stdout]    |
[INFO] [stdout] 92 |         ("/", "GET") => handle_with_body(req, tera).await,
[INFO] [stdout]    |                         ^^^^^^^^^^^^^^^^^^^^^^^^^^^^^^^^^ expected `()`, found enum `Result`
[INFO] [stdout]    |
[INFO] [stdout]    = note: expected unit type `()`
[INFO] [stdout]                    found enum `Result<Response<Body>, hyper::Error>`
[INFO] [stdout] 
[INFO] [stdout] 
[INFO] [stdout] error[E0308]: mismatched types
[INFO] [stdout]   --> src/main.rs:92:25
[INFO] [stdout]    |
[INFO] [stdout] 92 |         ("/", "GET") => handle_with_body(req, tera).await,
[INFO] [stdout]    |                         ^^^^^^^^^^^^^^^^^^^^^^^^^^^^^^^^^ expected `()`, found enum `Result`
[INFO] [stdout]    |
[INFO] [stdout]    = note: expected unit type `()`
[INFO] [stdout]                    found enum `Result<Response<Body>, hyper::Error>`
[INFO] [stdout] 
[INFO] [stdout] 
[INFO] [stdout] error[E0308]: mismatched types
[INFO] [stdout]   --> src/main.rs:94:31
[INFO] [stdout]    |
[INFO] [stdout] 94 |         ("/posts", "POST") => create_post(req, tera, conn).await,
[INFO] [stdout]    |                               ^^^^^^^^^^^^^^^^^^^^^^^^^^^^^^^^^^ expected `()`, found enum `Result`
[INFO] [stdout]    |
[INFO] [stdout]    = note: expected unit type `()`
[INFO] [stdout]                    found enum `Result<Response<Body>, hyper::Error>`
[INFO] [stdout] 
[INFO] [stdout] 
[INFO] [stdout] error[E0308]: mismatched types
[INFO] [stdout]   --> src/main.rs:94:31
[INFO] [stdout]    |
[INFO] [stdout] 94 |         ("/posts", "POST") => create_post(req, tera, conn).await,
[INFO] [stdout]    |                               ^^^^^^^^^^^^^^^^^^^^^^^^^^^^^^^^^^ expected `()`, found enum `Result`
[INFO] [stdout]    |
[INFO] [stdout]    = note: expected unit type `()`
[INFO] [stdout]                    found enum `Result<Response<Body>, hyper::Error>`
[INFO] [stdout] 
[INFO] [stdout] 
[INFO] [stdout] error[E0599]: no method named `status_with` found for reference `&str` in the current scope
[INFO] [stdout]   --> src/main.rs:95:31
[INFO] [stdout]    |
[INFO] [stdout] 95 |         (path, "GET") if path.status_with("/posts/") => find_post(req, tera, conn).await,
[INFO] [stdout]    |                               ^^^^^^^^^^^ help: there is an associated function with a similar name: `starts_with`
[INFO] [stdout] 
[INFO] [stdout] 
[INFO] [stdout] error[E0599]: no method named `status_with` found for reference `&str` in the current scope
[INFO] [stdout]   --> src/main.rs:95:31
[INFO] [stdout]    |
[INFO] [stdout] 95 |         (path, "GET") if path.status_with("/posts/") => find_post(req, tera, conn).await,
[INFO] [stdout]    |                               ^^^^^^^^^^^ help: there is an associated function with a similar name: `starts_with`
[INFO] [stdout] 
[INFO] [stdout] 
[INFO] [stdout] error[E0308]: mismatched types
[INFO] [stdout]   --> src/main.rs:95:57
[INFO] [stdout]    |
[INFO] [stdout] 95 |         (path, "GET") if path.status_with("/posts/") => find_post(req, tera, conn).await,
[INFO] [stdout]    |                                                         ^^^^^^^^^^^^^^^^^^^^^^^^^^^^^^^^ expected `()`, found enum `Result`
[INFO] [stdout]    |
[INFO] [stdout]    = note: expected unit type `()`
[INFO] [stdout]                    found enum `Result<Response<Body>, hyper::Error>`
[INFO] [stdout] 
[INFO] [stdout] 
[INFO] [stdout] error[E0308]: mismatched types
[INFO] [stdout]   --> src/main.rs:95:57
[INFO] [stdout]    |
[INFO] [stdout] 95 |         (path, "GET") if path.status_with("/posts/") => find_post(req, tera, conn).await,
[INFO] [stdout]    |                                                         ^^^^^^^^^^^^^^^^^^^^^^^^^^^^^^^^ expected `()`, found enum `Result`
[INFO] [stdout]    |
[INFO] [stdout]    = note: expected unit type `()`
[INFO] [stdout]                    found enum `Result<Response<Body>, hyper::Error>`
[INFO] [stdout] 
[INFO] [stdout] 
[INFO] [stdout] error[E0308]: mismatched types
[INFO] [stdout]   --> src/main.rs:41:42
[INFO] [stdout]    |
[INFO] [stdout] 41 |     fn render(&self, tera: Arc<Tera>) -> String {
[INFO] [stdout]    |        ------                            ^^^^^^ expected struct `std::string::String`, found `()`
[INFO] [stdout]    |        |
[INFO] [stdout]    |        implicitly returns `()` as its body has no tail or `return` expression
[INFO] [stdout] 
[INFO] [stdout] 
[INFO] [stdout] error[E0308]: mismatched types
[INFO] [stdout]   --> src/main.rs:47:35
[INFO] [stdout]    |
[INFO] [stdout] 47 | fn get_id(req: &Request<Body>) -> Uuid {
[INFO] [stdout]    |    ------                         ^^^^ expected struct `Uuid`, found `()`
[INFO] [stdout]    |    |
[INFO] [stdout]    |    implicitly returns `()` as its body has no tail or `return` expression
[INFO] [stdout] 
[INFO] [stdout] 
[INFO] [stdout] error[E0308]: mismatched types
[INFO] [stdout]   --> src/main.rs:41:42
[INFO] [stdout]    |
[INFO] [stdout] 41 |     fn render(&self, tera: Arc<Tera>) -> String {
[INFO] [stdout]    |        ------                            ^^^^^^ expected struct `std::string::String`, found `()`
[INFO] [stdout]    |        |
[INFO] [stdout]    |        implicitly returns `()` as its body has no tail or `return` expression
[INFO] [stdout] 
[INFO] [stdout] 
[INFO] [stdout] error[E0308]: mismatched types
[INFO] [stdout]   --> src/main.rs:47:35
[INFO] [stdout]    |
[INFO] [stdout] 47 | fn get_id(req: &Request<Body>) -> Uuid {
[INFO] [stdout]    |    ------                         ^^^^ expected struct `Uuid`, found `()`
[INFO] [stdout]    |    |
[INFO] [stdout]    |    implicitly returns `()` as its body has no tail or `return` expression
[INFO] [stdout] 
[INFO] [stdout] 
[INFO] [stdout] error: aborting due to 6 previous errors
[INFO] [stdout] 
[INFO] [stdout] 
[INFO] [stdout] Some errors have detailed explanations: E0308, E0599.
[INFO] [stdout] 
[INFO] [stdout] For more information about an error, try `rustc --explain E0308`.
[INFO] [stdout] 
[INFO] [stdout] error: aborting due to 6 previous errors
[INFO] [stdout] 
[INFO] [stdout] 
[INFO] [stdout] Some errors have detailed explanations: E0308, E0599.
[INFO] [stdout] 
[INFO] [stdout] For more information about an error, try `rustc --explain E0308`.
[INFO] [stdout] 
[INFO] [stderr] error: could not compile `web-memory` due to 7 previous errors
[INFO] [stderr] warning: build failed, waiting for other jobs to finish...
[INFO] [stderr] error: build failed
[INFO] running `Command { std: "docker" "inspect" "c5f83a8f1440d8309a838836ab7947540c616bebf8dc25726bd21d5808231a9f", kill_on_drop: false }`
[INFO] running `Command { std: "docker" "rm" "-f" "c5f83a8f1440d8309a838836ab7947540c616bebf8dc25726bd21d5808231a9f", kill_on_drop: false }`
[INFO] [stdout] c5f83a8f1440d8309a838836ab7947540c616bebf8dc25726bd21d5808231a9f
