[INFO] cloning repository https://github.com/portaloffreedom/remote-music
[INFO] running `Command { std: "git" "-c" "credential.helper=" "-c" "credential.helper=/workspace/cargo-home/bin/git-credential-null" "clone" "--bare" "https://github.com/portaloffreedom/remote-music" "/workspace/cache/git-repos/https%3A%2F%2Fgithub.com%2Fportaloffreedom%2Fremote-music", kill_on_drop: false }`
[INFO] [stderr] Cloning into bare repository '/workspace/cache/git-repos/https%3A%2F%2Fgithub.com%2Fportaloffreedom%2Fremote-music'...
[INFO] running `Command { std: "git" "rev-parse" "HEAD", kill_on_drop: false }`
[INFO] [stdout] 94867f8d5f42ab604c02ab357eec3150b63ae01a
[INFO] checking portaloffreedom/remote-music against beta-2021-10-15 for beta-1.56-3
[INFO] running `Command { std: "git" "clone" "/workspace/cache/git-repos/https%3A%2F%2Fgithub.com%2Fportaloffreedom%2Fremote-music" "/workspace/builds/worker-12/source", kill_on_drop: false }`
[INFO] [stderr] Cloning into '/workspace/builds/worker-12/source'...
[INFO] [stderr] done.
[INFO] validating manifest of git repo https://github.com/portaloffreedom/remote-music on toolchain beta-2021-10-15
[INFO] running `Command { std: "/workspace/cargo-home/bin/cargo" "+beta-2021-10-15" "metadata" "--manifest-path" "Cargo.toml" "--no-deps", kill_on_drop: false }`
[INFO] started tweaking git repo https://github.com/portaloffreedom/remote-music
[INFO] finished tweaking git repo https://github.com/portaloffreedom/remote-music
[INFO] tweaked toml for git repo https://github.com/portaloffreedom/remote-music written to /workspace/builds/worker-12/source/Cargo.toml
[INFO] crate git repo https://github.com/portaloffreedom/remote-music already has a lockfile, it will not be regenerated
[INFO] running `Command { std: "/workspace/cargo-home/bin/cargo" "+beta-2021-10-15" "fetch" "--manifest-path" "Cargo.toml", kill_on_drop: false }`
[INFO] [stderr]  Downloading crates ...
[INFO] [stderr]   Downloaded serde_json v0.6.0
[INFO] [stderr]   Downloaded gcc v0.3.21
[INFO] [stderr]   Downloaded lazy_static v0.1.15
[INFO] [stderr]   Downloaded openssl v0.6.7
[INFO] [stderr]   Downloaded memchr v0.1.7
[INFO] [stderr]   Downloaded httparse v1.1.1
[INFO] [stderr]   Downloaded pnacl-build-helper v1.4.10
[INFO] [stderr]   Downloaded matches v0.1.2
[INFO] [stderr]   Downloaded rust-crypto v0.2.34
[INFO] [stderr]   Downloaded traitobject v0.0.1
[INFO] [stderr]   Downloaded pkg-config v0.3.6
[INFO] [stderr]   Downloaded anymap v0.11.2
[INFO] [stderr]   Downloaded cookie v0.1.21
[INFO] [stderr]   Downloaded serde v0.6.11
[INFO] [stderr]   Downloaded num_cpus v0.2.10
[INFO] [stderr]   Downloaded mime v0.1.1
[INFO] [stderr]   Downloaded url v0.2.38
[INFO] [stderr]   Downloaded quasi v0.4.0
[INFO] [stderr]   Downloaded libressl-pnacl-sys v2.1.6
[INFO] [stderr]   Downloaded mime_guess v1.4.0
[INFO] [stderr]   Downloaded phf_generator v0.7.12
[INFO] [stderr]   Downloaded syntex v0.26.0
[INFO] [stderr]   Downloaded phf v0.7.12
[INFO] [stderr]   Downloaded phf_codegen v0.7.12
[INFO] [stderr]   Downloaded aster v0.10.1
[INFO] [stderr]   Downloaded aho-corasick v0.4.1
[INFO] [stderr]   Downloaded syntex_syntax v0.26.0
[INFO] [stderr]   Downloaded phf_shared v0.7.12
[INFO] [stderr]   Downloaded serde_codegen v0.6.11
[INFO] [stderr]   Downloaded rand v0.3.13
[INFO] [stderr]   Downloaded term v0.2.14
[INFO] [stderr]   Downloaded quasi_codegen v0.4.0
[INFO] [stderr]   Downloaded time v0.1.34
[INFO] [stderr]   Downloaded advapi32-sys v0.1.2
[INFO] [stderr]   Downloaded num v0.1.30
[INFO] [stderr]   Downloaded rustc-serialize v0.3.16
[INFO] [stderr]   Downloaded libc v0.2.6
[INFO] [stderr]   Downloaded log v0.3.5
[INFO] [stderr]   Downloaded language-tags v0.0.7
[INFO] [stderr]   Downloaded env_logger v0.3.2
[INFO] [stderr]   Downloaded unicase v1.1.1
[INFO] [stderr]   Downloaded kernel32-sys v0.2.1
[INFO] [stderr]   Downloaded rustc_version v0.1.6
[INFO] [stderr]   Downloaded winapi v0.2.5
[INFO] [stderr]   Downloaded uuid v0.1.18
[INFO] [stderr]   Downloaded hyper v0.6.16
[INFO] [stderr]   Downloaded openssl-sys v0.6.7
[INFO] [stderr]   Downloaded multipart v0.3.1
[INFO] [stderr]   Downloaded solicit v0.4.4
[INFO] [stderr]   Downloaded regex-syntax v0.2.2
[INFO] [stderr]   Downloaded regex v0.1.48
[INFO] [stderr]   Downloaded rustful v0.6.1
[INFO] running `Command { std: "docker" "create" "-v" "/var/lib/crater-agent-workspace/builds/worker-12/target:/opt/rustwide/target:rw,Z" "-v" "/var/lib/crater-agent-workspace/builds/worker-12/source:/opt/rustwide/workdir:ro,Z" "-v" "/var/lib/crater-agent-workspace/cargo-home:/opt/rustwide/cargo-home:ro,Z" "-v" "/var/lib/crater-agent-workspace/rustup-home:/opt/rustwide/rustup-home:ro,Z" "-e" "SOURCE_DIR=/opt/rustwide/workdir" "-e" "CARGO_TARGET_DIR=/opt/rustwide/target" "-e" "CARGO_HOME=/opt/rustwide/cargo-home" "-e" "RUSTUP_HOME=/opt/rustwide/rustup-home" "-w" "/opt/rustwide/workdir" "-m" "1610612736" "--user" "0:0" "--network" "none" "ghcr.io/rust-lang/crates-build-env/linux@sha256:a89201d6b5b9fd45c15d5952ece0a0129e7e80cb26ec023fd59cf09bc26f1604" "/opt/rustwide/cargo-home/bin/cargo" "+beta-2021-10-15" "metadata" "--no-deps" "--format-version=1", kill_on_drop: false }`
[INFO] [stdout] 17c85680bc6ca92d622c7a396e1d221203c91f6ad021d96c27dd5bbdd1b0c354
[INFO] [stderr] WARNING: Your kernel does not support swap limit capabilities or the cgroup is not mounted. Memory limited without swap.
[INFO] running `Command { std: "docker" "start" "-a" "17c85680bc6ca92d622c7a396e1d221203c91f6ad021d96c27dd5bbdd1b0c354", kill_on_drop: false }`
[INFO] running `Command { std: "docker" "inspect" "17c85680bc6ca92d622c7a396e1d221203c91f6ad021d96c27dd5bbdd1b0c354", kill_on_drop: false }`
[INFO] running `Command { std: "docker" "rm" "-f" "17c85680bc6ca92d622c7a396e1d221203c91f6ad021d96c27dd5bbdd1b0c354", kill_on_drop: false }`
[INFO] [stdout] 17c85680bc6ca92d622c7a396e1d221203c91f6ad021d96c27dd5bbdd1b0c354
[INFO] running `Command { std: "docker" "create" "-v" "/var/lib/crater-agent-workspace/builds/worker-12/target:/opt/rustwide/target:rw,Z" "-v" "/var/lib/crater-agent-workspace/builds/worker-12/source:/opt/rustwide/workdir:ro,Z" "-v" "/var/lib/crater-agent-workspace/cargo-home:/opt/rustwide/cargo-home:ro,Z" "-v" "/var/lib/crater-agent-workspace/rustup-home:/opt/rustwide/rustup-home:ro,Z" "-e" "SOURCE_DIR=/opt/rustwide/workdir" "-e" "CARGO_TARGET_DIR=/opt/rustwide/target" "-e" "CARGO_INCREMENTAL=0" "-e" "RUST_BACKTRACE=full" "-e" "RUSTFLAGS=--cap-lints=warn" "-e" "CARGO_HOME=/opt/rustwide/cargo-home" "-e" "RUSTUP_HOME=/opt/rustwide/rustup-home" "-w" "/opt/rustwide/workdir" "-m" "1610612736" "--user" "0:0" "--network" "none" "ghcr.io/rust-lang/crates-build-env/linux@sha256:a89201d6b5b9fd45c15d5952ece0a0129e7e80cb26ec023fd59cf09bc26f1604" "/opt/rustwide/cargo-home/bin/cargo" "+beta-2021-10-15" "check" "--frozen" "--all" "--all-targets" "--message-format=json", kill_on_drop: false }`
[INFO] [stdout] c5b25808309ebb3956fef1b46d09f63737e59f4092521d8e85a887b3c80b3a61
[INFO] [stderr] WARNING: Your kernel does not support swap limit capabilities or the cgroup is not mounted. Memory limited without swap.
[INFO] running `Command { std: "docker" "start" "-a" "c5b25808309ebb3956fef1b46d09f63737e59f4092521d8e85a887b3c80b3a61", kill_on_drop: false }`
[INFO] [stderr]     Checking libc v0.2.6
[INFO] [stderr]    Compiling winapi v0.2.5
[INFO] [stderr]     Checking rustc-serialize v0.3.16
[INFO] [stderr]    Compiling gcc v0.3.21
[INFO] [stderr]    Compiling bitflags v0.3.3
[INFO] [stderr]    Compiling pkg-config v0.3.6
[INFO] [stderr]    Compiling phf_shared v0.7.12
[INFO] [stderr]     Checking regex-syntax v0.2.2
[INFO] [stderr]     Checking lazy_static v0.1.15
[INFO] [stderr]     Checking httparse v1.1.1
[INFO] [stderr]     Checking anymap v0.11.2
[INFO] [stderr]    Compiling advapi32-sys v0.1.2
[INFO] [stderr]    Compiling kernel32-sys v0.2.1
[INFO] [stderr]    Compiling rustc_version v0.1.6
[INFO] [stderr]     Checking phf v0.7.12
[INFO] [stdout] error[E0642]: patterns aren't allowed in functions without bodies
[INFO] [stdout]    --> /opt/rustwide/cargo-home/registry/src/github.com-1ecc6299db9ec823/rustc-serialize-0.3.16/src/serialize.rs:145:45
[INFO] [stdout]     |
[INFO] [stdout] 145 | ...                   &f_name: &str,
[INFO] [stdout]     |                       ^^^^^^^ pattern not allowed in function without body
[INFO] [stdout] 
[INFO] [stdout] 
[INFO] [stdout] error[E0642]: patterns aren't allowed in functions without bodies
[INFO] [stdout]    --> /opt/rustwide/cargo-home/registry/src/github.com-1ecc6299db9ec823/rustc-serialize-0.3.16/src/serialize.rs:145:45
[INFO] [stdout]     |
[INFO] [stdout] 145 | ...                   &f_name: &str,
[INFO] [stdout]     |                       ^^^^^^^ pattern not allowed in function without body
[INFO] [stdout] 
[INFO] [stdout] 
[INFO] [stderr]    Compiling log v0.3.5
[INFO] [stderr]     Checking memchr v0.1.7
[INFO] [stderr]    Compiling unicase v1.1.1
[INFO] [stderr]     Checking aho-corasick v0.4.1
[INFO] [stderr]    Compiling openssl-sys v0.6.7
[INFO] [stderr]    Compiling rust-crypto v0.2.34
[INFO] [stderr]     Checking rand v0.3.13
[INFO] [stderr]     Checking hpack v0.2.0
[INFO] [stderr]    Compiling term v0.2.14
[INFO] [stderr]     Checking time v0.1.34
[INFO] [stderr]     Checking num_cpus v0.2.10
[INFO] [stderr]     Checking regex v0.1.48
[INFO] [stderr]     Checking solicit v0.4.4
[INFO] [stderr] error: failed to run custom build command for `unicase v1.1.1`
[INFO] [stderr] 
[INFO] [stderr] Caused by:
[INFO] [stderr]   process didn't exit successfully: `/opt/rustwide/target/debug/build/unicase-2aceea4607d1acae/build-script-build` (exit status: 101)
[INFO] [stderr]   --- stderr
[INFO] [stderr]   thread 'main' panicked at 'unexpected -vV format', /opt/rustwide/cargo-home/registry/src/github.com-1ecc6299db9ec823/rustc_version-0.1.6/src/lib.rs:123:5
[INFO] [stderr]   stack backtrace:
[INFO] [stderr]      0:     0x558e652ff0dc - std::backtrace_rs::backtrace::libunwind::trace::h51faa62df48810e4
[INFO] [stderr]                                  at /rustc/58268ff091703ace98c3c2a8c5f2fb2c3aecace2/library/std/src/../../backtrace/src/backtrace/libunwind.rs:90:5
[INFO] [stderr]      1:     0x558e652ff0dc - std::backtrace_rs::backtrace::trace_unsynchronized::h91de4d8e16d607e4
[INFO] [stderr]                                  at /rustc/58268ff091703ace98c3c2a8c5f2fb2c3aecace2/library/std/src/../../backtrace/src/backtrace/mod.rs:66:5
[INFO] [stderr]      2:     0x558e652ff0dc - std::sys_common::backtrace::_print_fmt::h71b0935f97e4322c
[INFO] [stderr]                                  at /rustc/58268ff091703ace98c3c2a8c5f2fb2c3aecace2/library/std/src/sys_common/backtrace.rs:67:5
[INFO] [stderr]      3:     0x558e652ff0dc - <std::sys_common::backtrace::_print::DisplayBacktrace as core::fmt::Display>::fmt::h9a78218788c14e18
[INFO] [stderr]                                  at /rustc/58268ff091703ace98c3c2a8c5f2fb2c3aecace2/library/std/src/sys_common/backtrace.rs:46:22
[INFO] [stderr]      4:     0x558e6531c9bc - core::fmt::write::h3381b3176fe2b3d3
[INFO] [stderr]                                  at /rustc/58268ff091703ace98c3c2a8c5f2fb2c3aecace2/library/core/src/fmt/mod.rs:1150:17
[INFO] [stderr]      5:     0x558e652fc6b5 - std::io::Write::write_fmt::h1d5220480c7a2437
[INFO] [stderr]                                  at /rustc/58268ff091703ace98c3c2a8c5f2fb2c3aecace2/library/std/src/io/mod.rs:1667:15
[INFO] [stderr]      6:     0x558e653007d0 - std::sys_common::backtrace::_print::h4b77abc4d907ed0e
[INFO] [stderr]                                  at /rustc/58268ff091703ace98c3c2a8c5f2fb2c3aecace2/library/std/src/sys_common/backtrace.rs:49:5
[INFO] [stderr]      7:     0x558e653007d0 - std::sys_common::backtrace::print::hb170c60b542377ad
[INFO] [stderr]                                  at /rustc/58268ff091703ace98c3c2a8c5f2fb2c3aecace2/library/std/src/sys_common/backtrace.rs:36:9
[INFO] [stderr]      8:     0x558e653007d0 - std::panicking::default_hook::{{closure}}::h12bbda9af8901ee3
[INFO] [stderr]                                  at /rustc/58268ff091703ace98c3c2a8c5f2fb2c3aecace2/library/std/src/panicking.rs:210:50
[INFO] [stderr]      9:     0x558e65300387 - std::panicking::default_hook::h8c6c66d3f3ba6768
[INFO] [stderr]                                  at /rustc/58268ff091703ace98c3c2a8c5f2fb2c3aecace2/library/std/src/panicking.rs:227:9
[INFO] [stderr]     10:     0x558e65300e84 - std::panicking::rust_panic_with_hook::h36f2fa0bb09f4069
[INFO] [stderr]                                  at /rustc/58268ff091703ace98c3c2a8c5f2fb2c3aecace2/library/std/src/panicking.rs:624:17
[INFO] [stderr]     11:     0x558e652d06b2 - std::panicking::begin_panic::{{closure}}::h98fe1a91158e489e
[INFO] [stderr]                                  at /rustc/58268ff091703ace98c3c2a8c5f2fb2c3aecace2/library/std/src/panicking.rs:544:9
[INFO] [stderr]     12:     0x558e652cc559 - std::sys_common::backtrace::__rust_end_short_backtrace::h5f81c7a18feb88e7
[INFO] [stderr]                                  at /rustc/58268ff091703ace98c3c2a8c5f2fb2c3aecace2/library/std/src/sys_common/backtrace.rs:141:18
[INFO] [stderr]     13:     0x558e652d05f3 - std::panicking::begin_panic::h53ae8323a8e375ab
[INFO] [stderr]                                  at /rustc/58268ff091703ace98c3c2a8c5f2fb2c3aecace2/library/std/src/panicking.rs:543:12
[INFO] [stderr]     14:     0x558e652cba5f - rustc_version::version_meta_for::h04577a984360ae76
[INFO] [stderr]                                  at /opt/rustwide/cargo-home/registry/src/github.com-1ecc6299db9ec823/rustc_version-0.1.6/src/lib.rs:123:5
[INFO] [stderr]     15:     0x558e652cb7af - rustc_version::version_meta::hcbf2f9819907e1f1
[INFO] [stderr]                                  at /opt/rustwide/cargo-home/registry/src/github.com-1ecc6299db9ec823/rustc_version-0.1.6/src/lib.rs:112:5
[INFO] [stderr]     16:     0x558e652cb4ac - rustc_version::version::h766a8c1645d8b418
[INFO] [stderr]                                  at /opt/rustwide/cargo-home/registry/src/github.com-1ecc6299db9ec823/rustc_version-0.1.6/src/lib.rs:95:5
[INFO] [stderr]     17:     0x558e652cc42d - rustc_version::version_matches::h83bc802d8f42305d
[INFO] [stderr]                                  at /opt/rustwide/cargo-home/registry/src/github.com-1ecc6299db9ec823/rustc_version-0.1.6/src/lib.rs:174:46
[INFO] [stderr]     18:     0x558e652cac16 - build_script_build::main::h4104a910ecf84ea6
[INFO] [stderr]                                  at /opt/rustwide/cargo-home/registry/src/github.com-1ecc6299db9ec823/unicase-1.1.1/build.rs:4:8
[INFO] [stderr]     19:     0x558e652caaeb - core::ops::function::FnOnce::call_once::h61995908529da4a8
[INFO] [stderr]                                  at /rustc/58268ff091703ace98c3c2a8c5f2fb2c3aecace2/library/core/src/ops/function.rs:227:5
[INFO] [stderr]     20:     0x558e652cab9e - std::sys_common::backtrace::__rust_begin_short_backtrace::h8f34477f4892dfa3
[INFO] [stderr]                                  at /rustc/58268ff091703ace98c3c2a8c5f2fb2c3aecace2/library/std/src/sys_common/backtrace.rs:125:18
[INFO] [stderr]     21:     0x558e652cad21 - std::rt::lang_start::{{closure}}::h4be09340cee5fd6e
[INFO] [stderr]                                  at /rustc/58268ff091703ace98c3c2a8c5f2fb2c3aecace2/library/std/src/rt.rs:63:18
[INFO] [stderr]     22:     0x558e6530138a - core::ops::function::impls::<impl core::ops::function::FnOnce<A> for &F>::call_once::hc590b210ed55e22f
[INFO] [stderr]                                  at /rustc/58268ff091703ace98c3c2a8c5f2fb2c3aecace2/library/core/src/ops/function.rs:259:13
[INFO] [stderr]     23:     0x558e6530138a - std::panicking::try::do_call::h5f0600b7a33ea1af
[INFO] [stderr]                                  at /rustc/58268ff091703ace98c3c2a8c5f2fb2c3aecace2/library/std/src/panicking.rs:403:40
[INFO] [stderr]     24:     0x558e6530138a - std::panicking::try::he15826df0f376a33
[INFO] [stderr]                                  at /rustc/58268ff091703ace98c3c2a8c5f2fb2c3aecace2/library/std/src/panicking.rs:367:19
[INFO] [stderr]     25:     0x558e6530138a - std::panic::catch_unwind::hd8af3a578b6b4c86
[INFO] [stderr]                                  at /rustc/58268ff091703ace98c3c2a8c5f2fb2c3aecace2/library/std/src/panic.rs:129:14
[INFO] [stderr]     26:     0x558e6530138a - std::rt::lang_start_internal::{{closure}}::h301d1329324ae1f0
[INFO] [stderr]                                  at /rustc/58268ff091703ace98c3c2a8c5f2fb2c3aecace2/library/std/src/rt.rs:45:48
[INFO] [stderr]     27:     0x558e6530138a - std::panicking::try::do_call::h941e8fdb0bd03655
[INFO] [stderr]                                  at /rustc/58268ff091703ace98c3c2a8c5f2fb2c3aecace2/library/std/src/panicking.rs:403:40
[INFO] [stderr]     28:     0x558e6530138a - std::panicking::try::ha20a77bf65530f63
[INFO] [stderr]                                  at /rustc/58268ff091703ace98c3c2a8c5f2fb2c3aecace2/library/std/src/panicking.rs:367:19
[INFO] [stderr]     29:     0x558e6530138a - std::panic::catch_unwind::h33afc061cc69ef90
[INFO] [stderr]                                  at /rustc/58268ff091703ace98c3c2a8c5f2fb2c3aecace2/library/std/src/panic.rs:129:14
[INFO] [stderr]     30:     0x558e6530138a - std::rt::lang_start_internal::hc05c244593147106
[INFO] [stderr]                                  at /rustc/58268ff091703ace98c3c2a8c5f2fb2c3aecace2/library/std/src/rt.rs:45:20
[INFO] [stderr]     31:     0x558e652cacf0 - std::rt::lang_start::hacdfdd8bda476927
[INFO] [stderr]                                  at /rustc/58268ff091703ace98c3c2a8c5f2fb2c3aecace2/library/std/src/rt.rs:62:5
[INFO] [stderr]     32:     0x558e652cac8c - main
[INFO] [stderr]     33:     0x7f96036ff0b3 - __libc_start_main
[INFO] [stderr]     34:     0x558e652ca92e - _start
[INFO] [stderr]     35:                0x0 - <unknown>
[INFO] [stderr] warning: build failed, waiting for other jobs to finish...
[INFO] [stdout] error: aborting due to previous error
[INFO] [stdout] 
[INFO] [stdout] 
[INFO] [stdout] For more information about this error, try `rustc --explain E0642`.
[INFO] [stdout] 
[INFO] [stdout] error: aborting due to previous error
[INFO] [stdout] 
[INFO] [stdout] 
[INFO] [stdout] For more information about this error, try `rustc --explain E0642`.
[INFO] [stdout] 
[INFO] [stderr] error: build failed
[INFO] running `Command { std: "docker" "inspect" "c5b25808309ebb3956fef1b46d09f63737e59f4092521d8e85a887b3c80b3a61", kill_on_drop: false }`
[INFO] running `Command { std: "docker" "rm" "-f" "c5b25808309ebb3956fef1b46d09f63737e59f4092521d8e85a887b3c80b3a61", kill_on_drop: false }`
[INFO] [stdout] c5b25808309ebb3956fef1b46d09f63737e59f4092521d8e85a887b3c80b3a61
