[INFO] cloning repository https://github.com/pop-os/distinst
[INFO] running `Command { std: "git" "-c" "credential.helper=" "-c" "credential.helper=/workspace/cargo-home/bin/git-credential-null" "clone" "--bare" "https://github.com/pop-os/distinst" "/workspace/cache/git-repos/https%3A%2F%2Fgithub.com%2Fpop-os%2Fdistinst", kill_on_drop: false }`
[INFO] [stderr] Cloning into bare repository '/workspace/cache/git-repos/https%3A%2F%2Fgithub.com%2Fpop-os%2Fdistinst'...
[INFO] running `Command { std: "git" "rev-parse" "HEAD", kill_on_drop: false }`
[INFO] [stdout] 853428eb486eaa350c1ea5f6da569a8377cc663a
[INFO] checking pop-os/distinst against 1.55.0 for beta-1.56-3
[INFO] running `Command { std: "git" "clone" "/workspace/cache/git-repos/https%3A%2F%2Fgithub.com%2Fpop-os%2Fdistinst" "/workspace/builds/worker-5/source", kill_on_drop: false }`
[INFO] [stderr] Cloning into '/workspace/builds/worker-5/source'...
[INFO] [stderr] done.
[INFO] validating manifest of git repo https://github.com/pop-os/distinst on toolchain 1.55.0
[INFO] running `Command { std: "/workspace/cargo-home/bin/cargo" "+1.55.0" "metadata" "--manifest-path" "Cargo.toml" "--no-deps", kill_on_drop: false }`
[INFO] removed /workspace/builds/worker-5/source/rust-toolchain
[INFO] started tweaking git repo https://github.com/pop-os/distinst
[INFO] finished tweaking git repo https://github.com/pop-os/distinst
[INFO] tweaked toml for git repo https://github.com/pop-os/distinst written to /workspace/builds/worker-5/source/Cargo.toml
[INFO] crate git repo https://github.com/pop-os/distinst already has a lockfile, it will not be regenerated
[INFO] running `Command { std: "/workspace/cargo-home/bin/cargo" "+1.55.0" "fetch" "--manifest-path" "Cargo.toml", kill_on_drop: false }`
[INFO] running `Command { std: "docker" "create" "-v" "/var/lib/crater-agent-workspace/builds/worker-5/target:/opt/rustwide/target:rw,Z" "-v" "/var/lib/crater-agent-workspace/builds/worker-5/source:/opt/rustwide/workdir:ro,Z" "-v" "/var/lib/crater-agent-workspace/cargo-home:/opt/rustwide/cargo-home:ro,Z" "-v" "/var/lib/crater-agent-workspace/rustup-home:/opt/rustwide/rustup-home:ro,Z" "-e" "SOURCE_DIR=/opt/rustwide/workdir" "-e" "CARGO_TARGET_DIR=/opt/rustwide/target" "-e" "CARGO_HOME=/opt/rustwide/cargo-home" "-e" "RUSTUP_HOME=/opt/rustwide/rustup-home" "-w" "/opt/rustwide/workdir" "-m" "1610612736" "--user" "0:0" "--network" "none" "ghcr.io/rust-lang/crates-build-env/linux@sha256:a89201d6b5b9fd45c15d5952ece0a0129e7e80cb26ec023fd59cf09bc26f1604" "/opt/rustwide/cargo-home/bin/cargo" "+1.55.0" "metadata" "--no-deps" "--format-version=1", kill_on_drop: false }`
[INFO] [stdout] 06f3878ddaf6c2ade667f25b42bed1b6d04281b840591d6315d9e2dc109b54c8
[INFO] [stderr] WARNING: Your kernel does not support swap limit capabilities or the cgroup is not mounted. Memory limited without swap.
[INFO] running `Command { std: "docker" "start" "-a" "06f3878ddaf6c2ade667f25b42bed1b6d04281b840591d6315d9e2dc109b54c8", kill_on_drop: false }`
[INFO] running `Command { std: "docker" "inspect" "06f3878ddaf6c2ade667f25b42bed1b6d04281b840591d6315d9e2dc109b54c8", kill_on_drop: false }`
[INFO] running `Command { std: "docker" "rm" "-f" "06f3878ddaf6c2ade667f25b42bed1b6d04281b840591d6315d9e2dc109b54c8", kill_on_drop: false }`
[INFO] [stdout] 06f3878ddaf6c2ade667f25b42bed1b6d04281b840591d6315d9e2dc109b54c8
[INFO] running `Command { std: "docker" "create" "-v" "/var/lib/crater-agent-workspace/builds/worker-5/target:/opt/rustwide/target:rw,Z" "-v" "/var/lib/crater-agent-workspace/builds/worker-5/source:/opt/rustwide/workdir:ro,Z" "-v" "/var/lib/crater-agent-workspace/cargo-home:/opt/rustwide/cargo-home:ro,Z" "-v" "/var/lib/crater-agent-workspace/rustup-home:/opt/rustwide/rustup-home:ro,Z" "-e" "SOURCE_DIR=/opt/rustwide/workdir" "-e" "CARGO_TARGET_DIR=/opt/rustwide/target" "-e" "CARGO_INCREMENTAL=0" "-e" "RUST_BACKTRACE=full" "-e" "RUSTFLAGS=--cap-lints=warn" "-e" "CARGO_HOME=/opt/rustwide/cargo-home" "-e" "RUSTUP_HOME=/opt/rustwide/rustup-home" "-w" "/opt/rustwide/workdir" "-m" "1610612736" "--user" "0:0" "--network" "none" "ghcr.io/rust-lang/crates-build-env/linux@sha256:a89201d6b5b9fd45c15d5952ece0a0129e7e80cb26ec023fd59cf09bc26f1604" "/opt/rustwide/cargo-home/bin/cargo" "+1.55.0" "check" "--frozen" "--all" "--all-targets" "--message-format=json", kill_on_drop: false }`
[INFO] [stderr] WARNING: Your kernel does not support swap limit capabilities or the cgroup is not mounted. Memory limited without swap.
[INFO] [stdout] 86b3d3b108c5c8c914dbb574e5468b034e6698cf3b1743f19b1824bf7a2850ad
[INFO] running `Command { std: "docker" "start" "-a" "86b3d3b108c5c8c914dbb574e5468b034e6698cf3b1743f19b1824bf7a2850ad", kill_on_drop: false }`
[INFO] [stderr]    Compiling libc v0.2.88
[INFO] [stderr]    Compiling syn v1.0.63
[INFO] [stderr]    Compiling rustversion v1.0.4
[INFO] [stderr]    Compiling once_cell v1.7.2
[INFO] [stderr]    Compiling bindgen v0.53.3
[INFO] [stderr]     Checking numtoa v0.2.3
[INFO] [stderr]     Checking distinst-bootloader v0.1.0 (/opt/rustwide/workdir/crates/bootloader)
[INFO] [stderr]     Checking cascade v1.0.0
[INFO] [stderr]     Checking proc-modules v0.1.0
[INFO] [stderr]     Checking cascade v0.1.4
[INFO] [stderr]     Checking exit-status-ext v0.1.0 (https://github.com/pop-os/exit-status-ext#46700735)
[INFO] [stderr]     Checking distinst-timezones v0.1.0 (/opt/rustwide/workdir/crates/timezones)
[INFO] [stderr]     Checking fomat-macros v0.3.1
[INFO] [stderr]     Checking hostname-validator v1.0.0
[INFO] [stderr]    Compiling itoa v0.4.7
[INFO] [stderr]    Compiling cbindgen v0.14.3
[INFO] [stderr]    Compiling libloading v0.5.2
[INFO] [stderr]     Checking os-release v0.1.0
[INFO] [stderr]    Compiling gettext-sys v0.19.9
[INFO] [stderr]    Compiling libdbus-sys v0.2.1
[INFO] [stderr]     Checking snailquote v0.2.0
[INFO] [stderr]     Checking fern v0.6.0
[INFO] [stderr]     Checking raw-cpuid v9.0.0
[INFO] [stderr]    Compiling nom v5.1.2
[INFO] [stderr]     Checking libflate v0.1.27
[INFO] [stderr]    Compiling thread_local v1.1.3
[INFO] [stderr]     Checking sysfs-class v0.1.3
[INFO] [stderr]     Checking crossbeam-channel v0.5.0
[INFO] [stderr]     Checking crossbeam-epoch v0.9.3
[INFO] [stderr]     Checking sedregex v0.2.4
[INFO] [stderr]     Checking locale_config v0.2.3
[INFO] [stderr]     Checking envfile v0.2.1
[INFO] [stderr]    Compiling regex v1.4.3
[INFO] [stderr]     Checking distinst-utils v0.1.0 (/opt/rustwide/workdir/crates/utils)
[INFO] [stderr]     Checking crossbeam-deque v0.8.0
[INFO] [stderr]     Checking errno v0.2.7
[INFO] [stderr]     Checking rand v0.4.6
[INFO] [stderr]     Checking getrandom v0.1.16
[INFO] [stderr]     Checking num_cpus v1.13.0
[INFO] [stderr]     Checking time v0.1.43
[INFO] [stderr]     Checking backtrace v0.3.56
[INFO] [stderr]     Checking dbus v0.9.2
[INFO] [stderr]     Checking dbus v0.6.5
[INFO] [stderr]     Checking dirs-sys v0.3.5
[INFO] [stderr]     Checking distinst-squashfs v0.1.0 (/opt/rustwide/workdir/crates/squashfs)
[INFO] [stderr]     Checking dbus v0.8.4
[INFO] [stderr]     Checking atty v0.2.14
[INFO] [stderr]    Compiling err-derive v0.2.4
[INFO] [stderr]    Compiling err-derive v0.3.0
[INFO] [stderr]    Compiling clang-sys v0.29.3
[INFO] [stderr]    Compiling which v3.1.1
[INFO] [stderr]    Compiling getrandom v0.2.2
[INFO] [stderr]     Checking rayon-core v1.9.0
[INFO] [stderr]     Checking dirs v3.0.1
[INFO] [stderr]     Checking loopdev v0.2.1
[INFO] [stderr]     Checking rand_core v0.5.1
[INFO] [stderr]     Checking clap v2.33.3
[INFO] [stderr]     Checking chrono v0.4.19
[INFO] [stderr]     Checking pbr v1.0.4
[INFO] [stderr]    Compiling rand_core v0.6.2
[INFO] [stderr]    Compiling env_logger v0.7.1
[INFO] [stderr]     Checking tempdir v0.3.7
[INFO] [stderr]     Checking sys-mount v1.2.1
[INFO] [stderr]     Checking rand_chacha v0.2.2
[INFO] [stderr]    Compiling cexpr v0.4.0
[INFO] [stderr]     Checking rayon v1.5.0
[INFO] [stderr]    Compiling rand_chacha v0.3.0
[INFO] [stderr]     Checking distinst-chroot v0.1.0 (/opt/rustwide/workdir/crates/chroot)
[INFO] [stderr]     Checking rand v0.7.3
[INFO] [stdout] warning: field is never read: `clear_envs`
[INFO] [stdout]   --> crates/chroot/src/sd_nspawn.rs:12:5
[INFO] [stdout]    |
[INFO] [stdout] 12 |     clear_envs: bool,
[INFO] [stdout]    |     ^^^^^^^^^^^^^^^^
[INFO] [stdout]    |
[INFO] [stdout]    = note: `#[warn(dead_code)]` on by default
[INFO] [stdout] 
[INFO] [stdout] 
[INFO] [stdout] warning: field is never read: `clear_envs`
[INFO] [stdout]   --> crates/chroot/src/sd_nspawn.rs:12:5
[INFO] [stdout]    |
[INFO] [stdout] 12 |     clear_envs: bool,
[INFO] [stdout]    |     ^^^^^^^^^^^^^^^^
[INFO] [stdout]    |
[INFO] [stdout]    = note: `#[warn(dead_code)]` on by default
[INFO] [stdout] 
[INFO] [stdout] 
[INFO] [stdout] warning: 1 warning emitted
[INFO] [stdout] 
[INFO] [stdout] 
[INFO] [stderr]     Checking procfs v0.5.4
[INFO] [stdout] warning: 1 warning emitted
[INFO] [stdout] 
[INFO] [stdout] 
[INFO] [stderr]    Compiling rand v0.8.3
[INFO] [stderr]     Checking distinst-hardware-support v0.1.0 (/opt/rustwide/workdir/crates/hardware)
[INFO] [stderr]     Checking logind-dbus v0.1.1
[INFO] [stderr]    Compiling tempfile v3.2.0
[INFO] [stderr]     Checking apt-cli-wrappers v0.1.0 (https://github.com/pop-os/apt-cli-wrappers#8eb24ae0)
[INFO] [stderr]    Compiling synstructure v0.12.4
[INFO] [stderr]    Compiling proc-macro-error v1.0.4
[INFO] [stderr]    Compiling serde_derive v1.0.124
[INFO] [stderr]    Compiling smart-default v0.6.0
[INFO] [stderr]    Compiling thiserror-impl v1.0.24
[INFO] [stderr]    Compiling derive-new v0.5.9
[INFO] [stderr]    Compiling failure_derive v0.1.8
[INFO] [stderr]    Compiling derive_more v0.99.11
[INFO] [stderr]     Checking partition-identity v0.2.8
[INFO] [stderr]     Checking failure v0.1.8
[INFO] [stderr]     Checking os-detect v0.2.2 (/opt/rustwide/workdir/crates/os-detect)
[INFO] [stderr]     Checking proc-mounts v0.2.4
[INFO] [stderr]     Checking thiserror v1.0.24
[INFO] [stderr]     Checking systemd-boot-conf v0.2.1
[INFO] [stderr]    Compiling libparted-sys v0.3.0
[INFO] [stderr]     Checking serde v1.0.124
[INFO] [stderr]     Checking serde_json v1.0.64
[INFO] [stderr]     Checking serde-xml-rs v0.4.1
[INFO] [stderr]    Compiling toml v0.5.8
[INFO] [stderr]     Checking libparted v0.1.4
[INFO] [stderr]     Checking disk-types v0.1.5 (/opt/rustwide/workdir/crates/disk-types)
[INFO] [stdout] warning: unused imports: `fmt::Debug`, `fs`, `io`
[INFO] [stdout]  --> crates/disk-types/src/device.rs:1:11
[INFO] [stdout]   |
[INFO] [stdout] 1 | use std::{io, fs, fmt::Debug};
[INFO] [stdout]   |           ^^  ^^  ^^^^^^^^^^
[INFO] [stdout]   |
[INFO] [stdout]   = note: `#[warn(unused_imports)]` on by default
[INFO] [stdout] 
[INFO] [stdout] 
[INFO] [stdout] warning: unused import: `std::str::FromStr`
[INFO] [stdout]  --> crates/disk-types/src/device.rs:3:5
[INFO] [stdout]   |
[INFO] [stdout] 3 | use std::str::FromStr;
[INFO] [stdout]   |     ^^^^^^^^^^^^^^^^^
[INFO] [stdout] 
[INFO] [stdout] 
[INFO] [stdout] error[E0407]: method `get_sectors` is not a member of trait `BlockDeviceExt`
[INFO] [stdout]    --> crates/disk-types/src/sector.rs:142:9
[INFO] [stdout]     |
[INFO] [stdout] 142 |         fn get_sectors(&self) -> u64 { self.0 }
[INFO] [stdout]     |         ^^^^^^^^^^^^^^^^^^^^^^^^^^^^^^^^^^^^^^^ not a member of trait `BlockDeviceExt`
[INFO] [stdout] 
[INFO] [stdout] 
[INFO] [stdout] error[E0407]: method `get_logical_block_size` is not a member of trait `BlockDeviceExt`
[INFO] [stdout]    --> crates/disk-types/src/sector.rs:143:9
[INFO] [stdout]     |
[INFO] [stdout] 143 |         fn get_logical_block_size(&self) -> u64 { 512 }
[INFO] [stdout]     |         ^^^^^^^^^^^^^^^^^^^^^^^^^^^^^^^^^^^^^^^^^^^^^^^ not a member of trait `BlockDeviceExt`
[INFO] [stdout] 
[INFO] [stdout] 
[INFO] [stdout] warning: unused imports: `fmt::Debug`, `fs`, `io`
[INFO] [stdout]  --> crates/disk-types/src/device.rs:1:11
[INFO] [stdout]   |
[INFO] [stdout] 1 | use std::{io, fs, fmt::Debug};
[INFO] [stdout]   |           ^^  ^^  ^^^^^^^^^^
[INFO] [stdout]   |
[INFO] [stdout]   = note: `#[warn(unused_imports)]` on by default
[INFO] [stdout] 
[INFO] [stdout] 
[INFO] [stdout] warning: unused import: `std::str::FromStr`
[INFO] [stdout]  --> crates/disk-types/src/device.rs:3:5
[INFO] [stdout]   |
[INFO] [stdout] 3 | use std::str::FromStr;
[INFO] [stdout]   |     ^^^^^^^^^^^^^^^^^
[INFO] [stdout] 
[INFO] [stdout] 
[INFO] [stdout] warning: 2 warnings emitted
[INFO] [stdout] 
[INFO] [stdout] 
[INFO] [stderr]     Checking distinst-external-commands v0.1.0 (/opt/rustwide/workdir/crates/external)
[INFO] [stderr]     Checking fstab-generate v0.1.2 (/opt/rustwide/workdir/crates/fstab-generate)
[INFO] [stdout] error[E0277]: the trait bound `Fake: sector::SectorExt` is not satisfied
[INFO] [stdout]    --> crates/disk-types/src/partition.rs:166:10
[INFO] [stdout]     |
[INFO] [stdout] 14  | pub trait PartitionExt: BlockDeviceExt + SectorExt {
[INFO] [stdout]     |                                          --------- required by this bound in `partition::PartitionExt`
[INFO] [stdout] ...
[INFO] [stdout] 166 |     impl PartitionExt for Fake {
[INFO] [stdout]     |          ^^^^^^^^^^^^ the trait `sector::SectorExt` is not implemented for `Fake`
[INFO] [stdout] 
[INFO] [stdout] 
[INFO] [stdout] error: aborting due to 3 previous errors; 2 warnings emitted
[INFO] [stdout] 
[INFO] [stdout] 
[INFO] [stdout] Some errors have detailed explanations: E0277, E0407.
[INFO] [stdout] 
[INFO] [stdout] For more information about an error, try `rustc --explain E0277`.
[INFO] [stdout] 
[INFO] [stderr] error: could not compile `disk-types` due to 4 previous errors; 2 warnings emitted
[INFO] [stderr] warning: build failed, waiting for other jobs to finish...
[ERROR] error running command: no output for 300 seconds
[INFO] running `Command { std: "docker" "inspect" "86b3d3b108c5c8c914dbb574e5468b034e6698cf3b1743f19b1824bf7a2850ad", kill_on_drop: false }`
[INFO] running `Command { std: "docker" "rm" "-f" "86b3d3b108c5c8c914dbb574e5468b034e6698cf3b1743f19b1824bf7a2850ad", kill_on_drop: false }`
[INFO] [stdout] 86b3d3b108c5c8c914dbb574e5468b034e6698cf3b1743f19b1824bf7a2850ad
