[INFO] cloning repository https://github.com/pnotequalnp/cube
[INFO] running `Command { std: "git" "-c" "credential.helper=" "-c" "credential.helper=/workspace/cargo-home/bin/git-credential-null" "clone" "--bare" "https://github.com/pnotequalnp/cube" "/workspace/cache/git-repos/https%3A%2F%2Fgithub.com%2Fpnotequalnp%2Fcube", kill_on_drop: false }`
[INFO] [stderr] Cloning into bare repository '/workspace/cache/git-repos/https%3A%2F%2Fgithub.com%2Fpnotequalnp%2Fcube'...
[INFO] running `Command { std: "git" "rev-parse" "HEAD", kill_on_drop: false }`
[INFO] [stdout] 5a914e7919e09d22e6dcf37f016069906762f941
[INFO] checking pnotequalnp/cube against beta-2021-10-15 for beta-1.56-3
[INFO] running `Command { std: "git" "clone" "/workspace/cache/git-repos/https%3A%2F%2Fgithub.com%2Fpnotequalnp%2Fcube" "/workspace/builds/worker-11/source", kill_on_drop: false }`
[INFO] [stderr] Cloning into '/workspace/builds/worker-11/source'...
[INFO] [stderr] done.
[INFO] validating manifest of git repo https://github.com/pnotequalnp/cube on toolchain beta-2021-10-15
[INFO] running `Command { std: "/workspace/cargo-home/bin/cargo" "+beta-2021-10-15" "metadata" "--manifest-path" "Cargo.toml" "--no-deps", kill_on_drop: false }`
[INFO] started tweaking git repo https://github.com/pnotequalnp/cube
[INFO] finished tweaking git repo https://github.com/pnotequalnp/cube
[INFO] tweaked toml for git repo https://github.com/pnotequalnp/cube written to /workspace/builds/worker-11/source/Cargo.toml
[INFO] crate git repo https://github.com/pnotequalnp/cube already has a lockfile, it will not be regenerated
[INFO] running `Command { std: "/workspace/cargo-home/bin/cargo" "+beta-2021-10-15" "fetch" "--manifest-path" "Cargo.toml", kill_on_drop: false }`
[INFO] [stderr]  Downloading crates ...
[INFO] [stderr]   Downloaded wasm-bindgen-shared v0.2.72
[INFO] [stderr]   Downloaded wasm-bindgen-backend v0.2.72
[INFO] [stderr]   Downloaded js-sys v0.3.49
[INFO] [stderr]   Downloaded wasm-bindgen v0.2.72
[INFO] [stderr]   Downloaded wasm-bindgen-macro-support v0.2.72
[INFO] [stderr]   Downloaded libc v0.2.90
[INFO] [stderr]   Downloaded web-sys v0.3.49
[INFO] running `Command { std: "docker" "create" "-v" "/var/lib/crater-agent-workspace/builds/worker-11/target:/opt/rustwide/target:rw,Z" "-v" "/var/lib/crater-agent-workspace/builds/worker-11/source:/opt/rustwide/workdir:ro,Z" "-v" "/var/lib/crater-agent-workspace/cargo-home:/opt/rustwide/cargo-home:ro,Z" "-v" "/var/lib/crater-agent-workspace/rustup-home:/opt/rustwide/rustup-home:ro,Z" "-e" "SOURCE_DIR=/opt/rustwide/workdir" "-e" "CARGO_TARGET_DIR=/opt/rustwide/target" "-e" "CARGO_HOME=/opt/rustwide/cargo-home" "-e" "RUSTUP_HOME=/opt/rustwide/rustup-home" "-w" "/opt/rustwide/workdir" "-m" "1610612736" "--user" "0:0" "--network" "none" "ghcr.io/rust-lang/crates-build-env/linux@sha256:a89201d6b5b9fd45c15d5952ece0a0129e7e80cb26ec023fd59cf09bc26f1604" "/opt/rustwide/cargo-home/bin/cargo" "+beta-2021-10-15" "metadata" "--no-deps" "--format-version=1", kill_on_drop: false }`
[INFO] [stderr] WARNING: Your kernel does not support swap limit capabilities or the cgroup is not mounted. Memory limited without swap.
[INFO] [stdout] 224cb1e463ea8c864af92f6c59b627e48a0d17dbd2def5300732f286f2b90326
[INFO] running `Command { std: "docker" "start" "-a" "224cb1e463ea8c864af92f6c59b627e48a0d17dbd2def5300732f286f2b90326", kill_on_drop: false }`
[INFO] running `Command { std: "docker" "inspect" "224cb1e463ea8c864af92f6c59b627e48a0d17dbd2def5300732f286f2b90326", kill_on_drop: false }`
[INFO] running `Command { std: "docker" "rm" "-f" "224cb1e463ea8c864af92f6c59b627e48a0d17dbd2def5300732f286f2b90326", kill_on_drop: false }`
[INFO] [stdout] 224cb1e463ea8c864af92f6c59b627e48a0d17dbd2def5300732f286f2b90326
[INFO] running `Command { std: "docker" "create" "-v" "/var/lib/crater-agent-workspace/builds/worker-11/target:/opt/rustwide/target:rw,Z" "-v" "/var/lib/crater-agent-workspace/builds/worker-11/source:/opt/rustwide/workdir:ro,Z" "-v" "/var/lib/crater-agent-workspace/cargo-home:/opt/rustwide/cargo-home:ro,Z" "-v" "/var/lib/crater-agent-workspace/rustup-home:/opt/rustwide/rustup-home:ro,Z" "-e" "SOURCE_DIR=/opt/rustwide/workdir" "-e" "CARGO_TARGET_DIR=/opt/rustwide/target" "-e" "CARGO_INCREMENTAL=0" "-e" "RUST_BACKTRACE=full" "-e" "RUSTFLAGS=--cap-lints=warn" "-e" "CARGO_HOME=/opt/rustwide/cargo-home" "-e" "RUSTUP_HOME=/opt/rustwide/rustup-home" "-w" "/opt/rustwide/workdir" "-m" "1610612736" "--user" "0:0" "--network" "none" "ghcr.io/rust-lang/crates-build-env/linux@sha256:a89201d6b5b9fd45c15d5952ece0a0129e7e80cb26ec023fd59cf09bc26f1604" "/opt/rustwide/cargo-home/bin/cargo" "+beta-2021-10-15" "check" "--frozen" "--all" "--all-targets" "--message-format=json", kill_on_drop: false }`
[INFO] [stdout] 886bba5ef4f20154840b35bd5629a00a10bf01baed639abd63f5742d6ac235fc
[INFO] [stderr] WARNING: Your kernel does not support swap limit capabilities or the cgroup is not mounted. Memory limited without swap.
[INFO] running `Command { std: "docker" "start" "-a" "886bba5ef4f20154840b35bd5629a00a10bf01baed639abd63f5742d6ac235fc", kill_on_drop: false }`
[INFO] [stderr]    Compiling syn v1.0.64
[INFO] [stderr]    Compiling wasm-bindgen-shared v0.2.72
[INFO] [stderr]    Compiling getrandom v0.2.2
[INFO] [stderr]    Compiling bumpalo v3.6.1
[INFO] [stderr]    Compiling memchr v2.3.4
[INFO] [stderr]    Compiling wasm-bindgen v0.2.72
[INFO] [stderr]     Checking regex-syntax v0.6.23
[INFO] [stderr]     Checking regex-automata v0.1.9
[INFO] [stderr]     Checking serde_json v1.0.64
[INFO] [stderr]     Checking serde_cbor v0.11.1
[INFO] [stderr]     Checking rand_core v0.6.2
[INFO] [stderr]     Checking bstr v0.2.15
[INFO] [stderr]     Checking csv-core v0.1.10
[INFO] [stderr]     Checking rand_chacha v0.3.0
[INFO] [stderr]     Checking tinytemplate v1.2.1
[INFO] [stderr]     Checking rand v0.8.3
[INFO] [stderr]     Checking regex v1.4.5
[INFO] [stderr]     Checking csv v1.1.6
[INFO] [stderr]    Compiling wasm-bindgen-backend v0.2.72
[INFO] [stderr]    Compiling wasm-bindgen-macro-support v0.2.72
[INFO] [stderr]    Compiling serde_derive v1.0.124
[INFO] [stderr]    Compiling wasm-bindgen-macro v0.2.72
[INFO] [stderr]     Checking cubing v0.1.0 (/opt/rustwide/workdir)
[INFO] [stdout] error[E0557]: feature has been removed
[INFO] [stdout]  --> src/lib.rs:4:12
[INFO] [stdout]   |
[INFO] [stdout] 4 | #![feature(const_evaluatable_checked)]
[INFO] [stdout]   |            ^^^^^^^^^^^^^^^^^^^^^^^^^ feature has been removed
[INFO] [stdout]   |
[INFO] [stdout]   = note: renamed to `generic_const_exprs`
[INFO] [stdout] 
[INFO] [stdout] 
[INFO] [stdout] error[E0557]: feature has been removed
[INFO] [stdout]  --> src/lib.rs:5:12
[INFO] [stdout]   |
[INFO] [stdout] 5 | #![feature(const_generics)]
[INFO] [stdout]   |            ^^^^^^^^^^^^^^ feature has been removed
[INFO] [stdout]   |
[INFO] [stdout]   = note: removed in favor of `#![feature(adt_const_params]` and `#![feature(generic_const_exprs)]`
[INFO] [stdout] 
[INFO] [stdout] 
[INFO] [stdout] error: generic parameters may not be used in const operations
[INFO] [stdout]  --> src/core/transition.rs:6:9
[INFO] [stdout]   |
[INFO] [stdout] 6 |     [T; SIZE * G]: Sized;
[INFO] [stdout]   |         ^^^^ cannot perform const operation using `SIZE`
[INFO] [stdout]   |
[INFO] [stdout]   = help: const parameters may only be used as standalone arguments, i.e. `SIZE`
[INFO] [stdout] 
[INFO] [stdout] 
[INFO] [stdout] error: generic parameters may not be used in const operations
[INFO] [stdout]  --> src/core/transition.rs:6:16
[INFO] [stdout]   |
[INFO] [stdout] 6 |     [T; SIZE * G]: Sized;
[INFO] [stdout]   |                ^ cannot perform const operation using `G`
[INFO] [stdout]   |
[INFO] [stdout]   = help: const parameters may only be used as standalone arguments, i.e. `G`
[INFO] [stdout] 
[INFO] [stdout] 
[INFO] [stdout] error: generic parameters may not be used in const operations
[INFO] [stdout]  --> src/core/transition.rs:4:84
[INFO] [stdout]   |
[INFO] [stdout] 4 | pub struct Table<T: Copy + Into<usize>, const SIZE: usize, const G: usize>(Box<[T; SIZE * G]>)
[INFO] [stdout]   |                                                                                    ^^^^ cannot perform const operation using `SIZE`
[INFO] [stdout]   |
[INFO] [stdout]   = help: const parameters may only be used as standalone arguments, i.e. `SIZE`
[INFO] [stdout] 
[INFO] [stdout] 
[INFO] [stdout] error: generic parameters may not be used in const operations
[INFO] [stdout]  --> src/core/transition.rs:4:91
[INFO] [stdout]   |
[INFO] [stdout] 4 | pub struct Table<T: Copy + Into<usize>, const SIZE: usize, const G: usize>(Box<[T; SIZE * G]>)
[INFO] [stdout]   |                                                                                           ^ cannot perform const operation using `G`
[INFO] [stdout]   |
[INFO] [stdout]   = help: const parameters may only be used as standalone arguments, i.e. `G`
[INFO] [stdout] 
[INFO] [stdout] 
[INFO] [stdout] error: generic parameters may not be used in const operations
[INFO] [stdout]   --> src/core/transition.rs:10:9
[INFO] [stdout]    |
[INFO] [stdout] 10 |     [T; SIZE * G]: Sized,
[INFO] [stdout]    |         ^^^^ cannot perform const operation using `SIZE`
[INFO] [stdout]    |
[INFO] [stdout]    = help: const parameters may only be used as standalone arguments, i.e. `SIZE`
[INFO] [stdout] 
[INFO] [stdout] 
[INFO] [stdout] error: generic parameters may not be used in const operations
[INFO] [stdout]   --> src/core/transition.rs:10:16
[INFO] [stdout]    |
[INFO] [stdout] 10 |     [T; SIZE * G]: Sized,
[INFO] [stdout]    |                ^ cannot perform const operation using `G`
[INFO] [stdout]    |
[INFO] [stdout]    = help: const parameters may only be used as standalone arguments, i.e. `G`
[INFO] [stdout] 
[INFO] [stdout] 
[INFO] [stdout] error: generic parameters may not be used in const operations
[INFO] [stdout]   --> src/core/transition.rs:26:13
[INFO] [stdout]    |
[INFO] [stdout] 26 |         [T; SIZE * G]: Sized,
[INFO] [stdout]    |             ^^^^ cannot perform const operation using `SIZE`
[INFO] [stdout]    |
[INFO] [stdout]    = help: const parameters may only be used as standalone arguments, i.e. `SIZE`
[INFO] [stdout] 
[INFO] [stdout] 
[INFO] [stdout] error: generic parameters may not be used in const operations
[INFO] [stdout]   --> src/core/transition.rs:26:20
[INFO] [stdout]    |
[INFO] [stdout] 26 |         [T; SIZE * G]: Sized,
[INFO] [stdout]    |                    ^ cannot perform const operation using `G`
[INFO] [stdout]    |
[INFO] [stdout]    = help: const parameters may only be used as standalone arguments, i.e. `G`
[INFO] [stdout] 
[INFO] [stdout] 
[INFO] [stdout] error: generic parameters may not be used in const operations
[INFO] [stdout]   --> src/core/transition.rs:28:32
[INFO] [stdout]    |
[INFO] [stdout] 28 |         let mut table: Box<[T; SIZE * G]> = vec![T::default(); SIZE * G]
[INFO] [stdout]    |                                ^^^^ cannot perform const operation using `SIZE`
[INFO] [stdout]    |
[INFO] [stdout]    = help: const parameters may only be used as standalone arguments, i.e. `SIZE`
[INFO] [stdout] 
[INFO] [stdout] 
[INFO] [stdout] error: generic parameters may not be used in const operations
[INFO] [stdout]   --> src/core/transition.rs:28:39
[INFO] [stdout]    |
[INFO] [stdout] 28 |         let mut table: Box<[T; SIZE * G]> = vec![T::default(); SIZE * G]
[INFO] [stdout]    |                                       ^ cannot perform const operation using `G`
[INFO] [stdout]    |
[INFO] [stdout]    = help: const parameters may only be used as standalone arguments, i.e. `G`
[INFO] [stdout] 
[INFO] [stdout] 
[INFO] [stdout] error[E0554]: `#![feature]` may not be used on the beta release channel
[INFO] [stdout]  --> src/lib.rs:2:1
[INFO] [stdout]   |
[INFO] [stdout] 2 | #![feature(array_map)]
[INFO] [stdout]   | ^^^^^^^^^^^^^^^^^^^^^^
[INFO] [stdout] 
[INFO] [stdout] 
[INFO] [stdout] error[E0554]: `#![feature]` may not be used on the beta release channel
[INFO] [stdout]  --> src/lib.rs:3:1
[INFO] [stdout]   |
[INFO] [stdout] 3 | #![feature(array_zip)]
[INFO] [stdout]   | ^^^^^^^^^^^^^^^^^^^^^^
[INFO] [stdout] 
[INFO] [stdout] 
[INFO] [stdout] error[E0554]: `#![feature]` may not be used on the beta release channel
[INFO] [stdout]  --> src/lib.rs:4:1
[INFO] [stdout]   |
[INFO] [stdout] 4 | #![feature(const_evaluatable_checked)]
[INFO] [stdout]   | ^^^^^^^^^^^^^^^^^^^^^^^^^^^^^^^^^^^^^^
[INFO] [stdout] 
[INFO] [stdout] 
[INFO] [stdout] error[E0554]: `#![feature]` may not be used on the beta release channel
[INFO] [stdout]  --> src/lib.rs:5:1
[INFO] [stdout]   |
[INFO] [stdout] 5 | #![feature(const_generics)]
[INFO] [stdout]   | ^^^^^^^^^^^^^^^^^^^^^^^^^^^
[INFO] [stdout] 
[INFO] [stdout] 
[INFO] [stdout] error[E0554]: `#![feature]` may not be used on the beta release channel
[INFO] [stdout]  --> src/lib.rs:6:1
[INFO] [stdout]   |
[INFO] [stdout] 6 | #![feature(const_panic)]
[INFO] [stdout]   | ^^^^^^^^^^^^^^^^^^^^^^^^
[INFO] [stdout] 
[INFO] [stdout] 
[INFO] [stdout] error[E0554]: `#![feature]` may not be used on the beta release channel
[INFO] [stdout]  --> src/lib.rs:7:1
[INFO] [stdout]   |
[INFO] [stdout] 7 | #![feature(iter_intersperse)]
[INFO] [stdout]   | ^^^^^^^^^^^^^^^^^^^^^^^^^^^^^
[INFO] [stdout] 
[INFO] [stdout] 
[INFO] [stdout] error: aborting due to 18 previous errors
[INFO] [stdout] 
[INFO] [stdout] 
[INFO] [stdout] Some errors have detailed explanations: E0554, E0557.
[INFO] [stdout] 
[INFO] [stdout] For more information about an error, try `rustc --explain E0554`.
[INFO] [stdout] 
[INFO] [stderr] error: could not compile `cubing` due to 19 previous errors
[INFO] [stderr] warning: build failed, waiting for other jobs to finish...
[INFO] [stderr] error: build failed
[INFO] running `Command { std: "docker" "inspect" "886bba5ef4f20154840b35bd5629a00a10bf01baed639abd63f5742d6ac235fc", kill_on_drop: false }`
[INFO] running `Command { std: "docker" "rm" "-f" "886bba5ef4f20154840b35bd5629a00a10bf01baed639abd63f5742d6ac235fc", kill_on_drop: false }`
[INFO] [stdout] 886bba5ef4f20154840b35bd5629a00a10bf01baed639abd63f5742d6ac235fc
