[INFO] cloning repository https://github.com/plistig/blindkopie
[INFO] running `Command { std: "git" "-c" "credential.helper=" "-c" "credential.helper=/workspace/cargo-home/bin/git-credential-null" "clone" "--bare" "https://github.com/plistig/blindkopie" "/workspace/cache/git-repos/https%3A%2F%2Fgithub.com%2Fplistig%2Fblindkopie", kill_on_drop: false }`
[INFO] [stderr] Cloning into bare repository '/workspace/cache/git-repos/https%3A%2F%2Fgithub.com%2Fplistig%2Fblindkopie'...
[INFO] running `Command { std: "git" "rev-parse" "HEAD", kill_on_drop: false }`
[INFO] [stdout] 3e0d1c8505bf7068c6b3df0304650831c28d8074
[INFO] checking plistig/blindkopie against beta-2021-10-15 for beta-1.56-3
[INFO] running `Command { std: "git" "clone" "/workspace/cache/git-repos/https%3A%2F%2Fgithub.com%2Fplistig%2Fblindkopie" "/workspace/builds/worker-7/source", kill_on_drop: false }`
[INFO] [stderr] Cloning into '/workspace/builds/worker-7/source'...
[INFO] [stderr] done.
[INFO] validating manifest of git repo https://github.com/plistig/blindkopie on toolchain beta-2021-10-15
[INFO] running `Command { std: "/workspace/cargo-home/bin/cargo" "+beta-2021-10-15" "metadata" "--manifest-path" "Cargo.toml" "--no-deps", kill_on_drop: false }`
[INFO] started tweaking git repo https://github.com/plistig/blindkopie
[INFO] finished tweaking git repo https://github.com/plistig/blindkopie
[INFO] tweaked toml for git repo https://github.com/plistig/blindkopie written to /workspace/builds/worker-7/source/Cargo.toml
[INFO] crate git repo https://github.com/plistig/blindkopie already has a lockfile, it will not be regenerated
[INFO] running `Command { std: "/workspace/cargo-home/bin/cargo" "+beta-2021-10-15" "fetch" "--manifest-path" "Cargo.toml", kill_on_drop: false }`
[INFO] [stderr]     Blocking waiting for file lock on package cache
[INFO] running `Command { std: "docker" "create" "-v" "/var/lib/crater-agent-workspace/builds/worker-7/target:/opt/rustwide/target:rw,Z" "-v" "/var/lib/crater-agent-workspace/builds/worker-7/source:/opt/rustwide/workdir:ro,Z" "-v" "/var/lib/crater-agent-workspace/cargo-home:/opt/rustwide/cargo-home:ro,Z" "-v" "/var/lib/crater-agent-workspace/rustup-home:/opt/rustwide/rustup-home:ro,Z" "-e" "SOURCE_DIR=/opt/rustwide/workdir" "-e" "CARGO_TARGET_DIR=/opt/rustwide/target" "-e" "CARGO_HOME=/opt/rustwide/cargo-home" "-e" "RUSTUP_HOME=/opt/rustwide/rustup-home" "-w" "/opt/rustwide/workdir" "-m" "1610612736" "--user" "0:0" "--network" "none" "ghcr.io/rust-lang/crates-build-env/linux@sha256:a89201d6b5b9fd45c15d5952ece0a0129e7e80cb26ec023fd59cf09bc26f1604" "/opt/rustwide/cargo-home/bin/cargo" "+beta-2021-10-15" "metadata" "--no-deps" "--format-version=1", kill_on_drop: false }`
[INFO] [stdout] 3541f5c50abcacedeea6858d362004c89896a1f2998533c686ad41c552a537b6
[INFO] [stderr] WARNING: Your kernel does not support swap limit capabilities or the cgroup is not mounted. Memory limited without swap.
[INFO] running `Command { std: "docker" "start" "-a" "3541f5c50abcacedeea6858d362004c89896a1f2998533c686ad41c552a537b6", kill_on_drop: false }`
[INFO] running `Command { std: "docker" "inspect" "3541f5c50abcacedeea6858d362004c89896a1f2998533c686ad41c552a537b6", kill_on_drop: false }`
[INFO] running `Command { std: "docker" "rm" "-f" "3541f5c50abcacedeea6858d362004c89896a1f2998533c686ad41c552a537b6", kill_on_drop: false }`
[INFO] [stdout] 3541f5c50abcacedeea6858d362004c89896a1f2998533c686ad41c552a537b6
[INFO] running `Command { std: "docker" "create" "-v" "/var/lib/crater-agent-workspace/builds/worker-7/target:/opt/rustwide/target:rw,Z" "-v" "/var/lib/crater-agent-workspace/builds/worker-7/source:/opt/rustwide/workdir:ro,Z" "-v" "/var/lib/crater-agent-workspace/cargo-home:/opt/rustwide/cargo-home:ro,Z" "-v" "/var/lib/crater-agent-workspace/rustup-home:/opt/rustwide/rustup-home:ro,Z" "-e" "SOURCE_DIR=/opt/rustwide/workdir" "-e" "CARGO_TARGET_DIR=/opt/rustwide/target" "-e" "CARGO_INCREMENTAL=0" "-e" "RUST_BACKTRACE=full" "-e" "RUSTFLAGS=--cap-lints=warn" "-e" "CARGO_HOME=/opt/rustwide/cargo-home" "-e" "RUSTUP_HOME=/opt/rustwide/rustup-home" "-w" "/opt/rustwide/workdir" "-m" "1610612736" "--user" "0:0" "--network" "none" "ghcr.io/rust-lang/crates-build-env/linux@sha256:a89201d6b5b9fd45c15d5952ece0a0129e7e80cb26ec023fd59cf09bc26f1604" "/opt/rustwide/cargo-home/bin/cargo" "+beta-2021-10-15" "check" "--frozen" "--all" "--all-targets" "--message-format=json", kill_on_drop: false }`
[INFO] [stdout] c348cee0fe8c1ad0373eaa00f80d11cb982d88fb4807160c717facc9a137a823
[INFO] [stderr] WARNING: Your kernel does not support swap limit capabilities or the cgroup is not mounted. Memory limited without swap.
[INFO] running `Command { std: "docker" "start" "-a" "c348cee0fe8c1ad0373eaa00f80d11cb982d88fb4807160c717facc9a137a823", kill_on_drop: false }`
[INFO] [stderr]    Compiling libc v0.2.97
[INFO] [stderr]    Compiling syn v1.0.73
[INFO] [stderr]    Compiling tinystr-raw v0.1.1
[INFO] [stderr]     Checking utf8parse v0.2.0
[INFO] [stderr]    Compiling tokio v1.8.0
[INFO] [stderr]     Checking nibble_vec v0.1.0
[INFO] [stderr]    Compiling ring v0.16.20
[INFO] [stderr]     Checking anyhow v1.0.41
[INFO] [stderr]     Checking sha-1 v0.9.6
[INFO] [stderr]    Compiling tinystr-macros v0.2.0
[INFO] [stderr]     Checking radix_trie v0.2.1
[INFO] [stderr]     Checking parking_lot_core v0.8.3
[INFO] [stderr]     Checking num_cpus v1.13.0
[INFO] [stderr]     Checking mio v0.7.13
[INFO] [stderr]     Checking signal-hook-registry v1.4.0
[INFO] [stderr]     Checking getrandom v0.2.3
[INFO] [stderr]     Checking socket2 v0.4.0
[INFO] [stderr]     Checking iovec v0.1.4
[INFO] [stderr]     Checking atty v0.2.14
[INFO] [stderr]     Checking hostname v0.3.1
[INFO] [stderr]     Checking nix v0.20.0
[INFO] [stderr]     Checking dirs-sys-next v0.1.2
[INFO] [stderr]     Checking fd-lock v2.0.0
[INFO] [stderr]     Checking time v0.1.43
[INFO] [stderr]     Checking memmap v0.7.0
[INFO] [stderr]     Checking memfd v0.4.0
[INFO] [stderr]     Checking nix v0.21.0
[INFO] [stderr]     Checking env_logger v0.7.1
[INFO] [stderr]     Checking clap v2.33.3
[INFO] [stderr]     Checking dirs-next v2.0.0
[INFO] [stderr]     Checking resolv-conf v0.7.0
[INFO] [stderr]     Checking bytes v0.4.12
[INFO] [stderr]     Checking rand_core v0.6.3
[INFO] [stderr]     Checking parking_lot v0.11.1
[INFO] [stderr]     Checking tokio-io v0.1.13
[INFO] [stderr]     Checking rand_chacha v0.3.1
[INFO] [stderr]     Checking pretty_env_logger v0.4.0
[INFO] [stderr]     Checking tokio-codec v0.1.2
[INFO] [stderr]     Checking rand v0.8.4
[INFO] [stderr]     Checking sct v0.6.1
[INFO] [stderr]     Checking webpki v0.21.4
[INFO] [stderr]     Checking ct-logs v0.8.0
[INFO] [stderr]     Checking rustls v0.19.1
[INFO] [stderr]     Checking webpki-roots v0.21.1
[INFO] [stderr]    Compiling futures-macro v0.3.15
[INFO] [stderr]    Compiling tokio-macros v1.2.0
[INFO] [stderr]    Compiling thiserror-impl v1.0.26
[INFO] [stderr]    Compiling serde_derive v1.0.126
[INFO] [stderr]    Compiling async-trait v0.1.50
[INFO] [stderr]    Compiling enum-as-inner v0.3.3
[INFO] [stderr]    Compiling pin-project-internal v1.0.7
[INFO] [stderr]     Checking rustyline v8.2.0
[INFO] [stderr]     Checking ctrlc v3.1.9
[INFO] [stderr]     Checking futures-util v0.3.15
[INFO] [stderr]     Checking pin-project v1.0.7
[INFO] [stderr]     Checking thiserror v1.0.26
[INFO] [stderr]     Checking tungstenite v0.13.0
[INFO] [stderr]     Checking serde v1.0.126
[INFO] [stderr]     Checking futures-executor v0.3.15
[INFO] [stderr]     Checking tokio-util v0.6.7
[INFO] [stderr]     Checking tokio-rustls v0.22.0
[INFO] [stderr]     Checking trust-dns-proto v0.20.3
[INFO] [stderr]     Checking futures v0.3.15
[INFO] [stderr]     Checking common-multipart-rfc7578 v0.3.0
[INFO] [stderr]     Checking tokio-tungstenite v0.14.0
[INFO] [stderr]     Checking async-tungstenite v0.13.1
[INFO] [stderr]     Checking h2 v0.3.3
[INFO] [stderr]     Checking trust-dns-rustls v0.20.3
[INFO] [stderr]     Checking serde_json v1.0.64
[INFO] [stderr]     Checking serde_qs v0.8.4
[INFO] [stderr]     Checking chrono v0.4.19
[INFO] [stderr]     Checking tinystr v0.4.7
[INFO] [stderr]     Checking ron v0.6.4
[INFO] [stderr]     Checking serde-xml-rs v0.4.1
[INFO] [stderr]     Checking hyper v0.14.9
[INFO] [stderr]     Checking trust-dns-https v0.20.3
[INFO] [stderr]     Checking trust-dns-resolver v0.20.3
[INFO] [stderr]     Checking hyper-trust-dns-connector v0.3.0
[INFO] [stderr]     Checking hyper-rustls v0.22.1
[INFO] [stderr]     Checking hyper-multipart-rfc7578 v0.5.0
[INFO] [stderr]     Checking blindkopie v0.1.0 (/opt/rustwide/workdir)
[INFO] [stdout] error[E0554]: `#![feature]` may not be used on the beta release channel
[INFO] [stdout]   --> src/main.rs:16:1
[INFO] [stdout]    |
[INFO] [stdout] 16 | #![feature(control_flow_enum)]
[INFO] [stdout]    | ^^^^^^^^^^^^^^^^^^^^^^^^^^^^^^
[INFO] [stdout] 
[INFO] [stdout] 
[INFO] [stdout] error[E0554]: `#![feature]` may not be used on the beta release channel
[INFO] [stdout]   --> src/main.rs:17:1
[INFO] [stdout]    |
[INFO] [stdout] 17 | #![feature(exit_status_error)]
[INFO] [stdout]    | ^^^^^^^^^^^^^^^^^^^^^^^^^^^^^^
[INFO] [stdout] 
[INFO] [stdout] 
[INFO] [stdout] error[E0554]: `#![feature]` may not be used on the beta release channel
[INFO] [stdout]   --> src/main.rs:18:1
[INFO] [stdout]    |
[INFO] [stdout] 18 | #![feature(try_trait_v2)]
[INFO] [stdout]    | ^^^^^^^^^^^^^^^^^^^^^^^^^
[INFO] [stdout] 
[INFO] [stdout] 
[INFO] [stdout] error[E0554]: `#![feature]` may not be used on the beta release channel
[INFO] [stdout]   --> src/main.rs:16:1
[INFO] [stdout]    |
[INFO] [stdout] 16 | #![feature(control_flow_enum)]
[INFO] [stdout]    | ^^^^^^^^^^^^^^^^^^^^^^^^^^^^^^
[INFO] [stdout] 
[INFO] [stdout] 
[INFO] [stdout] error[E0554]: `#![feature]` may not be used on the beta release channel
[INFO] [stdout]   --> src/main.rs:17:1
[INFO] [stdout]    |
[INFO] [stdout] 17 | #![feature(exit_status_error)]
[INFO] [stdout]    | ^^^^^^^^^^^^^^^^^^^^^^^^^^^^^^
[INFO] [stdout] 
[INFO] [stdout] 
[INFO] [stdout] error[E0554]: `#![feature]` may not be used on the beta release channel
[INFO] [stdout]   --> src/main.rs:18:1
[INFO] [stdout]    |
[INFO] [stdout] 18 | #![feature(try_trait_v2)]
[INFO] [stdout]    | ^^^^^^^^^^^^^^^^^^^^^^^^^
[INFO] [stdout] 
[INFO] [stdout] 
[INFO] [stdout] error: aborting due to 3 previous errors
[INFO] [stdout] 
[INFO] [stdout] 
[INFO] [stdout] For more information about this error, try `rustc --explain E0554`.
[INFO] [stdout] 
[INFO] [stderr] error: could not compile `blindkopie` due to 4 previous errors
[INFO] [stderr] warning: build failed, waiting for other jobs to finish...
[INFO] [stdout] error: aborting due to 3 previous errors
[INFO] [stdout] 
[INFO] [stdout] 
[INFO] [stdout] For more information about this error, try `rustc --explain E0554`.
[INFO] [stdout] 
[INFO] [stderr] error: build failed
[INFO] running `Command { std: "docker" "inspect" "c348cee0fe8c1ad0373eaa00f80d11cb982d88fb4807160c717facc9a137a823", kill_on_drop: false }`
[INFO] running `Command { std: "docker" "rm" "-f" "c348cee0fe8c1ad0373eaa00f80d11cb982d88fb4807160c717facc9a137a823", kill_on_drop: false }`
[INFO] [stdout] c348cee0fe8c1ad0373eaa00f80d11cb982d88fb4807160c717facc9a137a823
