[INFO] cloning repository https://github.com/planet0104/evolisa
[INFO] running `Command { std: "git" "-c" "credential.helper=" "-c" "credential.helper=/workspace/cargo-home/bin/git-credential-null" "clone" "--bare" "https://github.com/planet0104/evolisa" "/workspace/cache/git-repos/https%3A%2F%2Fgithub.com%2Fplanet0104%2Fevolisa", kill_on_drop: false }`
[INFO] [stderr] Cloning into bare repository '/workspace/cache/git-repos/https%3A%2F%2Fgithub.com%2Fplanet0104%2Fevolisa'...
[INFO] running `Command { std: "git" "rev-parse" "HEAD", kill_on_drop: false }`
[INFO] [stdout] 320da1ffe4993a1c8b619ddb5c29eb6eb2e7e004
[INFO] checking planet0104/evolisa against beta-2021-10-15 for beta-1.56-3
[INFO] running `Command { std: "git" "clone" "/workspace/cache/git-repos/https%3A%2F%2Fgithub.com%2Fplanet0104%2Fevolisa" "/workspace/builds/worker-14/source", kill_on_drop: false }`
[INFO] [stderr] Cloning into '/workspace/builds/worker-14/source'...
[INFO] [stderr] done.
[INFO] validating manifest of git repo https://github.com/planet0104/evolisa on toolchain beta-2021-10-15
[INFO] running `Command { std: "/workspace/cargo-home/bin/cargo" "+beta-2021-10-15" "metadata" "--manifest-path" "Cargo.toml" "--no-deps", kill_on_drop: false }`
[INFO] started tweaking git repo https://github.com/planet0104/evolisa
[INFO] finished tweaking git repo https://github.com/planet0104/evolisa
[INFO] tweaked toml for git repo https://github.com/planet0104/evolisa written to /workspace/builds/worker-14/source/Cargo.toml
[INFO] crate git repo https://github.com/planet0104/evolisa already has a lockfile, it will not be regenerated
[INFO] running `Command { std: "/workspace/cargo-home/bin/cargo" "+beta-2021-10-15" "fetch" "--manifest-path" "Cargo.toml", kill_on_drop: false }`
[INFO] [stderr]     Updating crates.io index
[INFO] [stderr]  Downloading crates ...
[INFO] [stderr]   Downloaded tokio-trace-core v0.1.0
[INFO] [stderr]   Downloaded reqwest v0.7.3
[INFO] [stderr]   Downloaded c_vec v1.3.3
[INFO] [stderr]   Downloaded cmake v0.1.31
[INFO] [stderr]   Downloaded regex v1.0.2
[INFO] [stderr]   Downloaded env_logger v0.5.11
[INFO] [stderr]   Downloaded termcolor v1.0.1
[INFO] [stderr]   Downloaded tokio v0.1.17
[INFO] [stderr]   Downloaded hyper-tls v0.1.4
[INFO] [stderr]   Downloaded tokio-threadpool v0.1.10
[INFO] [stderr]   Downloaded tokio-core v0.1.18
[INFO] [stderr]   Downloaded crossbeam-channel v0.3.7
[INFO] [stderr]   Downloaded nalgebra v0.13.1
[INFO] [stderr]   Downloaded imageproc v0.15.0
[INFO] running `Command { std: "docker" "create" "-v" "/var/lib/crater-agent-workspace/builds/worker-14/target:/opt/rustwide/target:rw,Z" "-v" "/var/lib/crater-agent-workspace/builds/worker-14/source:/opt/rustwide/workdir:ro,Z" "-v" "/var/lib/crater-agent-workspace/cargo-home:/opt/rustwide/cargo-home:ro,Z" "-v" "/var/lib/crater-agent-workspace/rustup-home:/opt/rustwide/rustup-home:ro,Z" "-e" "SOURCE_DIR=/opt/rustwide/workdir" "-e" "CARGO_TARGET_DIR=/opt/rustwide/target" "-e" "CARGO_HOME=/opt/rustwide/cargo-home" "-e" "RUSTUP_HOME=/opt/rustwide/rustup-home" "-w" "/opt/rustwide/workdir" "-m" "1610612736" "--user" "0:0" "--network" "none" "ghcr.io/rust-lang/crates-build-env/linux@sha256:a89201d6b5b9fd45c15d5952ece0a0129e7e80cb26ec023fd59cf09bc26f1604" "/opt/rustwide/cargo-home/bin/cargo" "+beta-2021-10-15" "metadata" "--no-deps" "--format-version=1", kill_on_drop: false }`
[INFO] [stderr] WARNING: Your kernel does not support swap limit capabilities or the cgroup is not mounted. Memory limited without swap.
[INFO] [stdout] 057969efcb03701ced1ef8ff5adf8bcfc0f42d570762c4293e22c55127b12942
[INFO] running `Command { std: "docker" "start" "-a" "057969efcb03701ced1ef8ff5adf8bcfc0f42d570762c4293e22c55127b12942", kill_on_drop: false }`
[INFO] running `Command { std: "docker" "inspect" "057969efcb03701ced1ef8ff5adf8bcfc0f42d570762c4293e22c55127b12942", kill_on_drop: false }`
[INFO] running `Command { std: "docker" "rm" "-f" "057969efcb03701ced1ef8ff5adf8bcfc0f42d570762c4293e22c55127b12942", kill_on_drop: false }`
[INFO] [stdout] 057969efcb03701ced1ef8ff5adf8bcfc0f42d570762c4293e22c55127b12942
[INFO] running `Command { std: "docker" "create" "-v" "/var/lib/crater-agent-workspace/builds/worker-14/target:/opt/rustwide/target:rw,Z" "-v" "/var/lib/crater-agent-workspace/builds/worker-14/source:/opt/rustwide/workdir:ro,Z" "-v" "/var/lib/crater-agent-workspace/cargo-home:/opt/rustwide/cargo-home:ro,Z" "-v" "/var/lib/crater-agent-workspace/rustup-home:/opt/rustwide/rustup-home:ro,Z" "-e" "SOURCE_DIR=/opt/rustwide/workdir" "-e" "CARGO_TARGET_DIR=/opt/rustwide/target" "-e" "CARGO_INCREMENTAL=0" "-e" "RUST_BACKTRACE=full" "-e" "RUSTFLAGS=--cap-lints=warn" "-e" "CARGO_HOME=/opt/rustwide/cargo-home" "-e" "RUSTUP_HOME=/opt/rustwide/rustup-home" "-w" "/opt/rustwide/workdir" "-m" "1610612736" "--user" "0:0" "--network" "none" "ghcr.io/rust-lang/crates-build-env/linux@sha256:a89201d6b5b9fd45c15d5952ece0a0129e7e80cb26ec023fd59cf09bc26f1604" "/opt/rustwide/cargo-home/bin/cargo" "+beta-2021-10-15" "check" "--frozen" "--all" "--all-targets" "--message-format=json", kill_on_drop: false }`
[INFO] [stdout] 0e9e1f255e4ed626e5a2b2f60eb8cd56c4d4e1cabfc724cad66aff6e2549fae9
[INFO] [stderr] WARNING: Your kernel does not support swap limit capabilities or the cgroup is not mounted. Memory limited without swap.
[INFO] running `Command { std: "docker" "start" "-a" "0e9e1f255e4ed626e5a2b2f60eb8cd56c4d4e1cabfc724cad66aff6e2549fae9", kill_on_drop: false }`
[INFO] [stderr]    Compiling libc v0.2.104
[INFO] [stderr]    Compiling rand_core v0.2.1
[INFO] [stderr]    Compiling scoped-tls v0.1.2
[INFO] [stderr]    Compiling smallvec v0.2.1
[INFO] [stderr]    Compiling slab v0.3.0
[INFO] [stderr]    Compiling try-lock v0.1.0
[INFO] [stderr]    Compiling take v0.1.0
[INFO] [stderr]    Compiling rle-decode-fast v1.0.1
[INFO] [stderr]    Compiling take_mut v0.2.2
[INFO] [stderr]    Compiling adler32 v1.0.3
[INFO] [stderr]     Checking termcolor v1.0.1
[INFO] [stderr]     Checking c_vec v1.3.3
[INFO] [stderr]    Compiling crossbeam-utils v0.6.3
[INFO] [stderr]    Compiling lock_api v0.3.4
[INFO] [stderr]    Compiling tokio-sync v0.1.8
[INFO] [stderr]    Compiling tokio-trace-core v0.1.0
[INFO] [stderr]    Compiling tokio-service v0.1.0
[INFO] [stderr]    Compiling miniz-sys v0.1.12
[INFO] [stderr]    Compiling relay v0.1.1
[INFO] [stderr]    Compiling arrayvec v0.4.7
[INFO] [stderr]    Compiling openssl-sys v0.9.67
[INFO] [stderr]    Compiling base64 v0.9.3
[INFO] [stderr]    Compiling want v0.0.4
[INFO] [stderr]     Checking crossbeam-epoch v0.3.1
[INFO] [stderr]    Compiling parking_lot_core v0.6.1
[INFO] [stderr]    Compiling smallvec v0.6.14
[INFO] [stderr]    Compiling memoffset v0.5.6
[INFO] [stderr]    Compiling idna v0.1.5
[INFO] [stderr]    Compiling rand_xorshift v0.1.1
[INFO] [stderr]    Compiling rand_chacha v0.1.1
[INFO] [stderr]    Compiling rand_hc v0.1.0
[INFO] [stderr]    Compiling serde_json v1.0.68
[INFO] [stderr]    Compiling libflate v0.1.27
[INFO] [stderr]     Checking generic-array v0.8.3
[INFO] [stderr]    Compiling tokio-executor v0.1.9
[INFO] [stderr]     Checking ordered-float v0.5.0
[INFO] [stderr]     Checking alga v0.5.4
[INFO] [stderr]    Compiling crossbeam-epoch v0.7.2
[INFO] [stderr]    Compiling crossbeam-channel v0.3.7
[INFO] [stderr]     Checking crossbeam-deque v0.2.0
[INFO] [stderr]     Checking rusttype v0.5.2
[INFO] [stderr]    Compiling tokio-timer v0.2.12
[INFO] [stderr]    Compiling tokio-current-thread v0.1.7
[INFO] [stdout] error[E0432]: unresolved import `crossbeam_utils::Backoff`
[INFO] [stdout]  --> /opt/rustwide/cargo-home/registry/src/github.com-1ecc6299db9ec823/crossbeam-channel-0.3.7/src/context.rs:9:5
[INFO] [stdout]   |
[INFO] [stdout] 9 | use crossbeam_utils::Backoff;
[INFO] [stdout]   |     ^^^^^^^^^^^^^^^^^^^^^^^^ no `Backoff` in the root
[INFO] [stdout] 
[INFO] [stdout] 
[INFO] [stdout] error[E0432]: unresolved import `crossbeam_utils::Backoff`
[INFO] [stdout]   --> /opt/rustwide/cargo-home/registry/src/github.com-1ecc6299db9ec823/crossbeam-channel-0.3.7/src/flavors/array.rs:23:23
[INFO] [stdout]    |
[INFO] [stdout] 23 | use crossbeam_utils::{Backoff, CachePadded};
[INFO] [stdout]    |                       ^^^^^^^ no `Backoff` in the root
[INFO] [stdout] 
[INFO] [stdout] 
[INFO] [stdout] error[E0432]: unresolved import `crossbeam_utils::Backoff`
[INFO] [stdout]   --> /opt/rustwide/cargo-home/registry/src/github.com-1ecc6299db9ec823/crossbeam-channel-0.3.7/src/flavors/list.rs:10:23
[INFO] [stdout]    |
[INFO] [stdout] 10 | use crossbeam_utils::{Backoff, CachePadded};
[INFO] [stdout]    |                       ^^^^^^^ no `Backoff` in the root
[INFO] [stdout] 
[INFO] [stdout] 
[INFO] [stdout] error[E0432]: unresolved import `crossbeam_utils::Backoff`
[INFO] [stdout]   --> /opt/rustwide/cargo-home/registry/src/github.com-1ecc6299db9ec823/crossbeam-channel-0.3.7/src/flavors/zero.rs:10:5
[INFO] [stdout]    |
[INFO] [stdout] 10 | use crossbeam_utils::Backoff;
[INFO] [stdout]    |     ^^^^^^^^^^^^^^^^^^^^^^^^ no `Backoff` in the root
[INFO] [stdout] 
[INFO] [stdout] 
[INFO] [stdout] error[E0432]: unresolved import `crossbeam_utils::Backoff`
[INFO] [stdout]  --> /opt/rustwide/cargo-home/registry/src/github.com-1ecc6299db9ec823/crossbeam-channel-0.3.7/src/select.rs:8:5
[INFO] [stdout]   |
[INFO] [stdout] 8 | use crossbeam_utils::Backoff;
[INFO] [stdout]   |     ^^^^^^^^^^^^^^^^^^^^^^^^ no `Backoff` in the root
[INFO] [stdout] 
[INFO] [stdout] 
[INFO] [stdout] error[E0432]: unresolved import `crossbeam_utils::Backoff`
[INFO] [stdout]   --> /opt/rustwide/cargo-home/registry/src/github.com-1ecc6299db9ec823/crossbeam-channel-0.3.7/src/utils.rs:10:5
[INFO] [stdout]    |
[INFO] [stdout] 10 | use crossbeam_utils::Backoff;
[INFO] [stdout]    |     ^^^^^^^^^^^^^^^^^^^^^^^^ no `Backoff` in the root
[INFO] [stdout] 
[INFO] [stdout] 
[INFO] [stderr]    Compiling crossbeam-deque v0.6.3
[INFO] [stdout] error: aborting due to 6 previous errors
[INFO] [stdout] 
[INFO] [stdout] 
[INFO] [stdout] For more information about this error, try `rustc --explain E0432`.
[INFO] [stdout] 
[INFO] [stderr] error: could not compile `crossbeam-channel` due to 7 previous errors
[INFO] [stderr] warning: build failed, waiting for other jobs to finish...
[INFO] [stderr] error: build failed
[INFO] running `Command { std: "docker" "inspect" "0e9e1f255e4ed626e5a2b2f60eb8cd56c4d4e1cabfc724cad66aff6e2549fae9", kill_on_drop: false }`
[INFO] running `Command { std: "docker" "rm" "-f" "0e9e1f255e4ed626e5a2b2f60eb8cd56c4d4e1cabfc724cad66aff6e2549fae9", kill_on_drop: false }`
[INFO] [stdout] 0e9e1f255e4ed626e5a2b2f60eb8cd56c4d4e1cabfc724cad66aff6e2549fae9
