[INFO] cloning repository https://github.com/pikajude/jude-rs
[INFO] running `Command { std: "git" "-c" "credential.helper=" "-c" "credential.helper=/workspace/cargo-home/bin/git-credential-null" "clone" "--bare" "https://github.com/pikajude/jude-rs" "/workspace/cache/git-repos/https%3A%2F%2Fgithub.com%2Fpikajude%2Fjude-rs", kill_on_drop: false }`
[INFO] [stderr] Cloning into bare repository '/workspace/cache/git-repos/https%3A%2F%2Fgithub.com%2Fpikajude%2Fjude-rs'...
[INFO] running `Command { std: "git" "rev-parse" "HEAD", kill_on_drop: false }`
[INFO] [stdout] a55dfd1547b4903650df13674ed74cd62afa333f
[INFO] checking pikajude/jude-rs against beta-2021-10-15 for beta-1.56-3
[INFO] running `Command { std: "git" "clone" "/workspace/cache/git-repos/https%3A%2F%2Fgithub.com%2Fpikajude%2Fjude-rs" "/workspace/builds/worker-12/source", kill_on_drop: false }`
[INFO] [stderr] Cloning into '/workspace/builds/worker-12/source'...
[INFO] [stderr] done.
[INFO] validating manifest of git repo https://github.com/pikajude/jude-rs on toolchain beta-2021-10-15
[INFO] running `Command { std: "/workspace/cargo-home/bin/cargo" "+beta-2021-10-15" "metadata" "--manifest-path" "Cargo.toml" "--no-deps", kill_on_drop: false }`
[INFO] started tweaking git repo https://github.com/pikajude/jude-rs
[INFO] finished tweaking git repo https://github.com/pikajude/jude-rs
[INFO] tweaked toml for git repo https://github.com/pikajude/jude-rs written to /workspace/builds/worker-12/source/Cargo.toml
[INFO] crate git repo https://github.com/pikajude/jude-rs already has a lockfile, it will not be regenerated
[INFO] running `Command { std: "/workspace/cargo-home/bin/cargo" "+beta-2021-10-15" "fetch" "--manifest-path" "Cargo.toml", kill_on_drop: false }`
[INFO] [stderr]     Blocking waiting for file lock on package cache
[INFO] [stderr]     Blocking waiting for file lock on package cache
[INFO] [stderr]  Downloading crates ...
[INFO] [stderr]   Downloaded num-traits v0.1.35
[INFO] [stderr]   Downloaded chrono v0.2.25
[INFO] [stderr]   Downloaded matches v0.1.2
[INFO] [stderr]   Downloaded mount v0.2.1
[INFO] [stderr]   Downloaded num v0.1.35
[INFO] [stderr]   Downloaded plugin v0.2.6
[INFO] [stderr]   Downloaded unicase v1.4.0
[INFO] [stderr]   Downloaded thread_local v0.2.7
[INFO] [stderr]   Downloaded hpack v0.2.0
[INFO] [stderr]   Downloaded solicit v0.4.4
[INFO] [stderr]   Downloaded modifier v0.1.0
[INFO] [stderr]   Downloaded aho-corasick v0.5.3
[INFO] [stderr]   Downloaded route-recognizer v0.1.11
[INFO] [stderr]   Downloaded error v0.1.9
[INFO] [stderr]   Downloaded router v0.4.0
[INFO] [stderr]   Downloaded bitflags v0.5.0
[INFO] [stderr]   Downloaded pulldown-cmark v0.0.8
[INFO] [stderr]   Downloaded getopts v0.2.14
[INFO] [stderr]   Downloaded term v0.4.4
[INFO] [stderr]   Downloaded postgres v0.11.11
[INFO] [stderr]   Downloaded typemap v0.3.3
[INFO] [stderr]   Downloaded phf_shared v0.7.15
[INFO] [stderr]   Downloaded sequence_trie v0.0.13
[INFO] [stderr]   Downloaded bufstream v0.1.2
[INFO] [stderr]   Downloaded walkdir v0.1.8
[INFO] [stderr]   Downloaded yaml-rust v0.3.3
[INFO] [stderr]   Downloaded hex v0.2.0
[INFO] [stderr]   Downloaded regex-syntax v0.3.5
[INFO] [stderr]   Downloaded phf v0.7.15
[INFO] [stderr]   Downloaded idna v0.1.0
[INFO] [stderr]   Downloaded libc v0.2.16
[INFO] [stderr]   Downloaded bincode v0.5.9
[INFO] [stderr]   Downloaded bitflags v0.4.0
[INFO] [stderr]   Downloaded conduit-mime-types v0.7.3
[INFO] [stderr]   Downloaded mime v0.2.2
[INFO] [stderr]   Downloaded traitobject v0.0.1
[INFO] [stderr]   Downloaded unicode-normalization v0.1.2
[INFO] [stderr]   Downloaded cookie v0.2.5
[INFO] [stderr]   Downloaded httparse v1.1.2
[INFO] [stderr]   Downloaded hyper v0.9.10
[INFO] [stderr]   Downloaded num_cpus v0.2.13
[INFO] [stderr]   Downloaded traitobject v0.0.3
[INFO] [stderr]   Downloaded unsafe-any v0.4.1
[INFO] [stderr]   Downloaded url v1.2.0
[INFO] [stderr]   Downloaded regex v0.1.77
[INFO] [stderr]   Downloaded gcc v0.3.35
[INFO] [stderr]   Downloaded staticfile v0.3.0
[INFO] [stderr]   Downloaded cmake v0.1.17
[INFO] [stderr]   Downloaded unicode-bidi v0.2.3
[INFO] [stderr]   Downloaded iron v0.4.0
[INFO] [stderr]   Downloaded memstream v0.0.1
[INFO] [stderr]   Downloaded r2d2 v0.7.0
[INFO] [stderr]   Downloaded r2d2_postgres v0.10.1
[INFO] [stderr]   Downloaded onig_sys v0.8.1
[INFO] [stderr]   Downloaded logger v0.1.0
[INFO] [stderr]   Downloaded rustache v0.0.3
[INFO] [stderr]   Downloaded syntect v1.0.0
[INFO] [stderr]   Downloaded onig v0.6.1
[INFO] [stderr]   Downloaded plist v0.0.13
[INFO] [stderr]   Downloaded serde v0.7.15
[INFO] running `Command { std: "docker" "create" "-v" "/var/lib/crater-agent-workspace/builds/worker-12/target:/opt/rustwide/target:rw,Z" "-v" "/var/lib/crater-agent-workspace/builds/worker-12/source:/opt/rustwide/workdir:ro,Z" "-v" "/var/lib/crater-agent-workspace/cargo-home:/opt/rustwide/cargo-home:ro,Z" "-v" "/var/lib/crater-agent-workspace/rustup-home:/opt/rustwide/rustup-home:ro,Z" "-e" "SOURCE_DIR=/opt/rustwide/workdir" "-e" "CARGO_TARGET_DIR=/opt/rustwide/target" "-e" "CARGO_HOME=/opt/rustwide/cargo-home" "-e" "RUSTUP_HOME=/opt/rustwide/rustup-home" "-w" "/opt/rustwide/workdir" "-m" "1610612736" "--user" "0:0" "--network" "none" "ghcr.io/rust-lang/crates-build-env/linux@sha256:a89201d6b5b9fd45c15d5952ece0a0129e7e80cb26ec023fd59cf09bc26f1604" "/opt/rustwide/cargo-home/bin/cargo" "+beta-2021-10-15" "metadata" "--no-deps" "--format-version=1", kill_on_drop: false }`
[INFO] [stdout] 7234d1e8eded47390e483aa48f7a3a7cdcdac858650a967e3045c62e33333168
[INFO] [stderr] WARNING: Your kernel does not support swap limit capabilities or the cgroup is not mounted. Memory limited without swap.
[INFO] running `Command { std: "docker" "start" "-a" "7234d1e8eded47390e483aa48f7a3a7cdcdac858650a967e3045c62e33333168", kill_on_drop: false }`
[INFO] running `Command { std: "docker" "inspect" "7234d1e8eded47390e483aa48f7a3a7cdcdac858650a967e3045c62e33333168", kill_on_drop: false }`
[INFO] running `Command { std: "docker" "rm" "-f" "7234d1e8eded47390e483aa48f7a3a7cdcdac858650a967e3045c62e33333168", kill_on_drop: false }`
[INFO] [stdout] 7234d1e8eded47390e483aa48f7a3a7cdcdac858650a967e3045c62e33333168
[INFO] running `Command { std: "docker" "create" "-v" "/var/lib/crater-agent-workspace/builds/worker-12/target:/opt/rustwide/target:rw,Z" "-v" "/var/lib/crater-agent-workspace/builds/worker-12/source:/opt/rustwide/workdir:ro,Z" "-v" "/var/lib/crater-agent-workspace/cargo-home:/opt/rustwide/cargo-home:ro,Z" "-v" "/var/lib/crater-agent-workspace/rustup-home:/opt/rustwide/rustup-home:ro,Z" "-e" "SOURCE_DIR=/opt/rustwide/workdir" "-e" "CARGO_TARGET_DIR=/opt/rustwide/target" "-e" "CARGO_INCREMENTAL=0" "-e" "RUST_BACKTRACE=full" "-e" "RUSTFLAGS=--cap-lints=warn" "-e" "CARGO_HOME=/opt/rustwide/cargo-home" "-e" "RUSTUP_HOME=/opt/rustwide/rustup-home" "-w" "/opt/rustwide/workdir" "-m" "1610612736" "--user" "0:0" "--network" "none" "ghcr.io/rust-lang/crates-build-env/linux@sha256:a89201d6b5b9fd45c15d5952ece0a0129e7e80cb26ec023fd59cf09bc26f1604" "/opt/rustwide/cargo-home/bin/cargo" "+beta-2021-10-15" "check" "--frozen" "--all" "--all-targets" "--message-format=json", kill_on_drop: false }`
[INFO] [stdout] dd39e5852aff5acb7249798c02f1fb1534ab2e84718a4fabc599a7066c65d621
[INFO] [stderr] WARNING: Your kernel does not support swap limit capabilities or the cgroup is not mounted. Memory limited without swap.
[INFO] running `Command { std: "docker" "start" "-a" "dd39e5852aff5acb7249798c02f1fb1534ab2e84718a4fabc599a7066c65d621", kill_on_drop: false }`
[INFO] [stderr]     Checking rustc-serialize v0.3.19
[INFO] [stderr]     Checking phf_shared v0.7.15
[INFO] [stderr]    Compiling plist v0.0.13
[INFO] [stderr]     Checking serde v0.7.15
[INFO] [stderr]     Checking sequence_trie v0.0.13
[INFO] [stderr]     Checking bufstream v0.1.2
[INFO] [stderr]     Checking getopts v0.2.14
[INFO] [stderr]     Checking route-recognizer v0.1.11
[INFO] [stderr]     Checking memstream v0.0.1
[INFO] [stderr]     Checking bitflags v0.5.0
[INFO] [stderr]     Checking yaml-rust v0.3.3
[INFO] [stderr]    Compiling cmake v0.1.17
[INFO] [stderr]     Checking error v0.1.9
[INFO] [stderr]    Compiling miniz-sys v0.1.7
[INFO] [stderr]     Checking r2d2 v0.7.0
[INFO] [stderr]     Checking xml-rs v0.3.4
[INFO] [stderr]     Checking url v1.2.0
[INFO] [stderr]     Checking term v0.4.4
[INFO] [stderr]     Checking walkdir v0.1.8
[INFO] [stdout] error[E0642]: patterns aren't allowed in functions without bodies
[INFO] [stdout]    --> /opt/rustwide/cargo-home/registry/src/github.com-1ecc6299db9ec823/rustc-serialize-0.3.19/src/serialize.rs:147:45
[INFO] [stdout]     |
[INFO] [stdout] 147 | ...                   &f_name: &str,
[INFO] [stdout]     |                       ^^^^^^^ pattern not allowed in function without body
[INFO] [stdout] 
[INFO] [stdout] 
[INFO] [stderr]     Checking chrono v0.2.25
[INFO] [stderr]     Checking thread_local v0.2.7
[INFO] [stderr]     Checking phf v0.7.15
[INFO] [stdout] error[E0503]: cannot use `state` because it was mutably borrowed
[INFO] [stdout]     --> /opt/rustwide/cargo-home/registry/src/github.com-1ecc6299db9ec823/getopts-0.2.14/src/lib.rs:1008:25
[INFO] [stdout]      |
[INFO] [stdout] 955  |     let mut machine = |cont: &mut bool, (i, c): (usize, char)| {
[INFO] [stdout]      |                       ---------------------------------------- borrow of `state` occurs here
[INFO] [stdout] ...
[INFO] [stdout] 959  |         state = match (state, whitespace, limit) {
[INFO] [stdout]      |         ----- borrow occurs due to use of `state` in closure
[INFO] [stdout] ...
[INFO] [stdout] 1008 |     while cont && match state { B | C => true, A => false } {
[INFO] [stdout]      |                         ^^^^^ use of borrowed `state`
[INFO] [stdout] 1009 |         machine(&mut cont, (fake_i, ' '));
[INFO] [stdout]      |         ------- borrow later used here
[INFO] [stdout] 
[INFO] [stdout] 
[INFO] [stdout] error: aborting due to previous error
[INFO] [stdout] 
[INFO] [stdout] 
[INFO] [stdout] For more information about this error, try `rustc --explain E0503`.
[INFO] [stdout] 
[INFO] [stderr] error: could not compile `getopts` due to 2 previous errors
[INFO] [stderr] warning: build failed, waiting for other jobs to finish...
[INFO] [stdout] error[E0713]: borrow may still be in use when destructor runs
[INFO] [stdout]    --> /opt/rustwide/cargo-home/registry/src/github.com-1ecc6299db9ec823/url-1.2.0/src/form_urlencoded.rs:246:40
[INFO] [stdout]     |
[INFO] [stdout] 244 | impl<'a> Target for ::UrlQuery<'a> {
[INFO] [stdout]     |      -- lifetime `'a` defined here
[INFO] [stdout] 245 |     fn as_mut_string(&mut self) -> &mut String { &mut self.url.serialization }
[INFO] [stdout] 246 |     fn finish(self) -> &'a mut ::Url { self.url }
[INFO] [stdout]     |                                        ^^^^^^^^ - here, drop of `self` needs exclusive access to `*self.url`, because the type `UrlQuery<'_>` implements the `Drop` trait
[INFO] [stdout]     |                                        |
[INFO] [stdout]     |                                        returning this value requires that `*self.url` is borrowed for `'a`
[INFO] [stdout] 
[INFO] [stdout] 
[INFO] [stdout] error: aborting due to previous error
[INFO] [stdout] 
[INFO] [stdout] 
[INFO] [stdout] For more information about this error, try `rustc --explain E0713`.
[INFO] [stdout] 
[INFO] [stdout] error: aborting due to previous error
[INFO] [stdout] 
[INFO] [stdout] 
[INFO] [stdout] For more information about this error, try `rustc --explain E0642`.
[INFO] [stdout] 
[INFO] [stderr] error: build failed
[INFO] running `Command { std: "docker" "inspect" "dd39e5852aff5acb7249798c02f1fb1534ab2e84718a4fabc599a7066c65d621", kill_on_drop: false }`
[INFO] running `Command { std: "docker" "rm" "-f" "dd39e5852aff5acb7249798c02f1fb1534ab2e84718a4fabc599a7066c65d621", kill_on_drop: false }`
[INFO] [stdout] dd39e5852aff5acb7249798c02f1fb1534ab2e84718a4fabc599a7066c65d621
