[INFO] cloning repository https://github.com/pietgeursen/bamboo-rest-api
[INFO] running `Command { std: "git" "-c" "credential.helper=" "-c" "credential.helper=/workspace/cargo-home/bin/git-credential-null" "clone" "--bare" "https://github.com/pietgeursen/bamboo-rest-api" "/workspace/cache/git-repos/https%3A%2F%2Fgithub.com%2Fpietgeursen%2Fbamboo-rest-api", kill_on_drop: false }`
[INFO] [stderr] Cloning into bare repository '/workspace/cache/git-repos/https%3A%2F%2Fgithub.com%2Fpietgeursen%2Fbamboo-rest-api'...
[INFO] running `Command { std: "git" "rev-parse" "HEAD", kill_on_drop: false }`
[INFO] [stdout] d034b61d7beb7c4e29b224366ac3c86ce6e08e38
[INFO] checking pietgeursen/bamboo-rest-api against 1.55.0 for beta-1.56-3
[INFO] running `Command { std: "git" "clone" "/workspace/cache/git-repos/https%3A%2F%2Fgithub.com%2Fpietgeursen%2Fbamboo-rest-api" "/workspace/builds/worker-13/source", kill_on_drop: false }`
[INFO] [stderr] Cloning into '/workspace/builds/worker-13/source'...
[INFO] [stderr] done.
[INFO] validating manifest of git repo https://github.com/pietgeursen/bamboo-rest-api on toolchain 1.55.0
[INFO] running `Command { std: "/workspace/cargo-home/bin/cargo" "+1.55.0" "metadata" "--manifest-path" "Cargo.toml" "--no-deps", kill_on_drop: false }`
[INFO] removed /workspace/builds/worker-13/source/rust-toolchain
[INFO] started tweaking git repo https://github.com/pietgeursen/bamboo-rest-api
[INFO] finished tweaking git repo https://github.com/pietgeursen/bamboo-rest-api
[INFO] tweaked toml for git repo https://github.com/pietgeursen/bamboo-rest-api written to /workspace/builds/worker-13/source/Cargo.toml
[INFO] crate git repo https://github.com/pietgeursen/bamboo-rest-api already has a lockfile, it will not be regenerated
[INFO] running `Command { std: "/workspace/cargo-home/bin/cargo" "+1.55.0" "fetch" "--manifest-path" "Cargo.toml", kill_on_drop: false }`
[INFO] [stderr]     Updating git repository `https://github.com/pietgeursen/bamboo-rs`
[INFO] [stderr]     Blocking waiting for file lock on package cache
[INFO] [stderr]  Downloading crates ...
[INFO] [stderr]   Downloaded tinyvec v1.1.0
[INFO] [stderr]   Downloaded unicode-normalization v0.1.16
[INFO] [stderr]   Downloaded doc-comment v0.3.3
[INFO] [stderr]   Downloaded hermit-abi v0.1.17
[INFO] [stderr]   Downloaded const_fn v0.4.5
[INFO] [stderr]   Downloaded signature v1.3.0
[INFO] [stderr]   Downloaded serde_bytes v0.11.5
[INFO] [stderr]   Downloaded ed25519-dalek v1.0.1
[INFO] [stderr]   Downloaded crossbeam-utils v0.8.1
[INFO] [stderr]   Downloaded sha2 v0.9.2
[INFO] [stderr]   Downloaded schemars v0.7.6
[INFO] [stderr]   Downloaded curve25519-dalek v3.0.2
[INFO] [stderr]   Downloaded utf8-ranges v1.0.4
[INFO] [stderr]   Downloaded okapi v0.4.0
[INFO] [stderr]   Downloaded rocket v0.4.6
[INFO] [stderr]   Downloaded rocket_okapi_codegen v0.5.1
[INFO] [stderr]   Downloaded rocket_contrib v0.4.6
[INFO] [stderr]   Downloaded log v0.4.13
[INFO] [stderr]   Downloaded varu64 v0.6.2
[INFO] [stderr]   Downloaded yamf-hash v0.1.2
[INFO] [stderr]   Downloaded inotify-sys v0.1.4
[INFO] [stderr]   Downloaded serde v1.0.119
[INFO] [stderr]   Downloaded rocket_http v0.4.6
[INFO] [stderr]   Downloaded rocket_okapi v0.5.1
[INFO] [stderr]   Downloaded schemars_derive v0.7.6
[INFO] [stderr]   Downloaded serde_derive v1.0.119
[INFO] [stderr]   Downloaded zeroize_derive v1.0.1
[INFO] [stderr]   Downloaded crossbeam-epoch v0.9.1
[INFO] [stderr]   Downloaded rayon v1.5.0
[INFO] [stderr]   Downloaded rayon-core v1.9.0
[INFO] [stderr]   Downloaded blake2b_simd v0.5.11
[INFO] [stderr]   Downloaded ed25519 v1.0.3
[INFO] [stderr]   Downloaded snafu-derive v0.6.10
[INFO] [stderr]   Downloaded snafu v0.6.10
[INFO] [stderr]   Downloaded memoffset v0.6.1
[INFO] [stderr]   Downloaded ucd-util v0.1.8
[INFO] [stderr]   Downloaded filetime v0.2.13
[INFO] [stderr]   Downloaded rocket_codegen v0.4.6
[INFO] [stderr]   Downloaded serde_json v1.0.61
[INFO] [stderr]   Downloaded serde_derive_internals v0.25.0
[INFO] [stderr]   Downloaded lipmaa-link v0.1.1
[INFO] running `Command { std: "docker" "create" "-v" "/var/lib/crater-agent-workspace/builds/worker-13/target:/opt/rustwide/target:rw,Z" "-v" "/var/lib/crater-agent-workspace/builds/worker-13/source:/opt/rustwide/workdir:ro,Z" "-v" "/var/lib/crater-agent-workspace/cargo-home:/opt/rustwide/cargo-home:ro,Z" "-v" "/var/lib/crater-agent-workspace/rustup-home:/opt/rustwide/rustup-home:ro,Z" "-e" "SOURCE_DIR=/opt/rustwide/workdir" "-e" "CARGO_TARGET_DIR=/opt/rustwide/target" "-e" "CARGO_HOME=/opt/rustwide/cargo-home" "-e" "RUSTUP_HOME=/opt/rustwide/rustup-home" "-w" "/opt/rustwide/workdir" "-m" "1610612736" "--user" "0:0" "--network" "none" "ghcr.io/rust-lang/crates-build-env/linux@sha256:a89201d6b5b9fd45c15d5952ece0a0129e7e80cb26ec023fd59cf09bc26f1604" "/opt/rustwide/cargo-home/bin/cargo" "+1.55.0" "metadata" "--no-deps" "--format-version=1", kill_on_drop: false }`
[INFO] [stdout] 4f7d5ad35b596ca9085a3be8cb28b45a2c3de6989230e335fe4d3dc532746f55
[INFO] [stderr] WARNING: Your kernel does not support swap limit capabilities or the cgroup is not mounted. Memory limited without swap.
[INFO] running `Command { std: "docker" "start" "-a" "4f7d5ad35b596ca9085a3be8cb28b45a2c3de6989230e335fe4d3dc532746f55", kill_on_drop: false }`
[INFO] running `Command { std: "docker" "inspect" "4f7d5ad35b596ca9085a3be8cb28b45a2c3de6989230e335fe4d3dc532746f55", kill_on_drop: false }`
[INFO] running `Command { std: "docker" "rm" "-f" "4f7d5ad35b596ca9085a3be8cb28b45a2c3de6989230e335fe4d3dc532746f55", kill_on_drop: false }`
[INFO] [stdout] 4f7d5ad35b596ca9085a3be8cb28b45a2c3de6989230e335fe4d3dc532746f55
[INFO] running `Command { std: "docker" "create" "-v" "/var/lib/crater-agent-workspace/builds/worker-13/target:/opt/rustwide/target:rw,Z" "-v" "/var/lib/crater-agent-workspace/builds/worker-13/source:/opt/rustwide/workdir:ro,Z" "-v" "/var/lib/crater-agent-workspace/cargo-home:/opt/rustwide/cargo-home:ro,Z" "-v" "/var/lib/crater-agent-workspace/rustup-home:/opt/rustwide/rustup-home:ro,Z" "-e" "SOURCE_DIR=/opt/rustwide/workdir" "-e" "CARGO_TARGET_DIR=/opt/rustwide/target" "-e" "CARGO_INCREMENTAL=0" "-e" "RUST_BACKTRACE=full" "-e" "RUSTFLAGS=--cap-lints=warn" "-e" "CARGO_HOME=/opt/rustwide/cargo-home" "-e" "RUSTUP_HOME=/opt/rustwide/rustup-home" "-w" "/opt/rustwide/workdir" "-m" "1610612736" "--user" "0:0" "--network" "none" "ghcr.io/rust-lang/crates-build-env/linux@sha256:a89201d6b5b9fd45c15d5952ece0a0129e7e80cb26ec023fd59cf09bc26f1604" "/opt/rustwide/cargo-home/bin/cargo" "+1.55.0" "check" "--frozen" "--all" "--all-targets" "--message-format=json", kill_on_drop: false }`
[INFO] [stderr] WARNING: Your kernel does not support swap limit capabilities or the cgroup is not mounted. Memory limited without swap.
[INFO] [stdout] 4e174a03c0e39234853bee69515af47219df617a703e52b3237038d62adebc00
[INFO] running `Command { std: "docker" "start" "-a" "4e174a03c0e39234853bee69515af47219df617a703e52b3237038d62adebc00", kill_on_drop: false }`
[INFO] [stderr]     Blocking waiting for file lock on package cache
[INFO] [stderr]     Blocking waiting for file lock on package cache
[INFO] [stderr]    Compiling syn v1.0.58
[INFO] [stderr]     Checking byteorder v1.4.2
[INFO] [stderr]    Compiling serde v1.0.119
[INFO] [stderr]    Compiling subtle v2.4.0
[INFO] [stderr]    Compiling schemars v0.7.6
[INFO] [stderr]     Checking arrayvec v0.5.2
[INFO] [stderr]     Checking varu64 v0.6.2
[INFO] [stderr]     Checking lipmaa-link v0.1.1
[INFO] [stderr]    Compiling pear_codegen v0.1.4
[INFO] [stderr]    Compiling rocket_codegen v0.4.6
[INFO] [stderr]    Compiling rocket v0.4.6
[INFO] [stderr]    Compiling tinyvec v1.1.0
[INFO] [stderr]     Checking getrandom v0.1.16
[INFO] [stderr]     Checking net2 v0.2.37
[INFO] [stderr]     Checking iovec v0.1.4
[INFO] [stderr]     Checking inotify-sys v0.1.4
[INFO] [stderr]     Checking filetime v0.2.13
[INFO] [stderr]    Compiling time v0.1.44
[INFO] [stderr]    Compiling log v0.3.9
[INFO] [stderr]    Compiling num_cpus v1.13.0
[INFO] [stderr]    Compiling indexmap v1.6.1
[INFO] [stderr]     Checking aho-corasick v0.6.10
[INFO] [stderr]     Checking universal-hash v0.3.0
[INFO] [stderr]    Compiling block-cipher-trait v0.6.2
[INFO] [stderr]    Compiling aead v0.2.0
[INFO] [stderr]     Checking inotify v0.7.1
[INFO] [stderr]     Checking block-buffer v0.7.3
[INFO] [stderr]     Checking base64 v0.9.3
[INFO] [stderr]     Checking mio v0.6.23
[INFO] [stderr]     Checking rand_core v0.5.1
[INFO] [stderr]     Checking aes-soft v0.3.3
[INFO] [stderr]    Compiling devise_core v0.2.0
[INFO] [stderr]    Compiling hmac v0.7.1
[INFO] [stderr] error: failed to run custom build command for `pear_codegen v0.1.4`
[INFO] [stderr] 
[INFO] [stderr] Caused by:
[INFO] [stderr]   process didn't exit successfully: `/opt/rustwide/target/debug/build/pear_codegen-37e8c0e79d8aeccd/build-script-build` (exit status: 101)
[INFO] [stderr]   --- stderr
[INFO] [stderr]   [1;31mError:[0m [1mPear requires a 'dev' or 'nightly' version of rustc.[0m
[INFO] [stderr]   Installed version: [33m1.55.0 (2021-09-06)[0m
[INFO] [stderr]   Minimum required:  [33m1.31.0-nightly (2018-10-05)[0m
[INFO] [stderr]   thread 'main' panicked at 'Aborting compilation due to incompatible compiler.', /opt/rustwide/cargo-home/registry/src/github.com-1ecc6299db9ec823/pear_codegen-0.1.4/build.rs:24:13
[INFO] [stderr]   stack backtrace:
[INFO] [stderr]      0:     0x560e4836e660 - std::backtrace_rs::backtrace::libunwind::trace::ha0ad43e8a952bfe7
[INFO] [stderr]                                  at /rustc/c8dfcfe046a7680554bf4eb612bad840e7631c4b/library/std/src/../../backtrace/src/backtrace/libunwind.rs:90:5
[INFO] [stderr]      1:     0x560e4836e660 - std::backtrace_rs::backtrace::trace_unsynchronized::h6830419c0c4130dc
[INFO] [stderr]                                  at /rustc/c8dfcfe046a7680554bf4eb612bad840e7631c4b/library/std/src/../../backtrace/src/backtrace/mod.rs:66:5
[INFO] [stderr]      2:     0x560e4836e660 - std::sys_common::backtrace::_print_fmt::h8f3516631ffa1ef5
[INFO] [stderr]                                  at /rustc/c8dfcfe046a7680554bf4eb612bad840e7631c4b/library/std/src/sys_common/backtrace.rs:67:5
[INFO] [stderr]      3:     0x560e4836e660 - <std::sys_common::backtrace::_print::DisplayBacktrace as core::fmt::Display>::fmt::he1640d5f0d93f618
[INFO] [stderr]                                  at /rustc/c8dfcfe046a7680554bf4eb612bad840e7631c4b/library/std/src/sys_common/backtrace.rs:46:22
[INFO] [stderr]      4:     0x560e4838b63c - core::fmt::write::h88012e1f01caeebf
[INFO] [stderr]                                  at /rustc/c8dfcfe046a7680554bf4eb612bad840e7631c4b/library/core/src/fmt/mod.rs:1115:17
[INFO] [stderr]      5:     0x560e4836c3d5 - std::io::Write::write_fmt::h360fa85b30182555
[INFO] [stderr]                                  at /rustc/c8dfcfe046a7680554bf4eb612bad840e7631c4b/library/std/src/io/mod.rs:1665:15
[INFO] [stderr]      6:     0x560e4837029b - std::sys_common::backtrace::_print::ha1f00492f406a015
[INFO] [stderr]                                  at /rustc/c8dfcfe046a7680554bf4eb612bad840e7631c4b/library/std/src/sys_common/backtrace.rs:49:5
[INFO] [stderr]      7:     0x560e4837029b - std::sys_common::backtrace::print::hd54561b13feb6af3
[INFO] [stderr]                                  at /rustc/c8dfcfe046a7680554bf4eb612bad840e7631c4b/library/std/src/sys_common/backtrace.rs:36:9
[INFO] [stderr]      8:     0x560e4837029b - std::panicking::default_hook::{{closure}}::h84fe124cd0864662
[INFO] [stderr]                                  at /rustc/c8dfcfe046a7680554bf4eb612bad840e7631c4b/library/std/src/panicking.rs:208:50
[INFO] [stderr]      9:     0x560e4836fd71 - std::panicking::default_hook::h5a8e74a76ce290a7
[INFO] [stderr]                                  at /rustc/c8dfcfe046a7680554bf4eb612bad840e7631c4b/library/std/src/panicking.rs:225:9
[INFO] [stderr]     10:     0x560e48370964 - std::panicking::rust_panic_with_hook::h67c812a4fe9d4c91
[INFO] [stderr]                                  at /rustc/c8dfcfe046a7680554bf4eb612bad840e7631c4b/library/std/src/panicking.rs:622:17
[INFO] [stderr]     11:     0x560e4834053f - std::panicking::begin_panic::{{closure}}::h27e89324563ba50d
[INFO] [stderr]                                  at /rustc/c8dfcfe046a7680554bf4eb612bad840e7631c4b/library/std/src/panicking.rs:542:9
[INFO] [stderr]     12:     0x560e48340728 - std::sys_common::backtrace::__rust_end_short_backtrace::hf30cddd1f11e1708
[INFO] [stderr]                                  at /rustc/c8dfcfe046a7680554bf4eb612bad840e7631c4b/library/std/src/sys_common/backtrace.rs:141:18
[INFO] [stderr]     13:     0x560e48340485 - std::panicking::begin_panic::h3488c8ac0fc56c24
[INFO] [stderr]                                  at /rustc/c8dfcfe046a7680554bf4eb612bad840e7631c4b/library/std/src/panicking.rs:541:12
[INFO] [stderr]     14:     0x560e4833f70d - build_script_build::main::h495b813247fa12f9
[INFO] [stderr]                                  at /opt/rustwide/cargo-home/registry/src/github.com-1ecc6299db9ec823/pear_codegen-0.1.4/build.rs:24:13
[INFO] [stderr]     15:     0x560e4834016b - core::ops::function::FnOnce::call_once::h85578f5af53d8250
[INFO] [stderr]                                  at /rustc/c8dfcfe046a7680554bf4eb612bad840e7631c4b/library/core/src/ops/function.rs:227:5
[INFO] [stderr]     16:     0x560e4834076e - std::sys_common::backtrace::__rust_begin_short_backtrace::h7df3c3d7a3b2b51d
[INFO] [stderr]                                  at /rustc/c8dfcfe046a7680554bf4eb612bad840e7631c4b/library/std/src/sys_common/backtrace.rs:125:18
[INFO] [stderr]     17:     0x560e48340001 - std::rt::lang_start::{{closure}}::h599812258cad689a
[INFO] [stderr]                                  at /rustc/c8dfcfe046a7680554bf4eb612bad840e7631c4b/library/std/src/rt.rs:63:18
[INFO] [stderr]     18:     0x560e48370e6a - core::ops::function::impls::<impl core::ops::function::FnOnce<A> for &F>::call_once::ha9408abe89f69dc4
[INFO] [stderr]                                  at /rustc/c8dfcfe046a7680554bf4eb612bad840e7631c4b/library/core/src/ops/function.rs:259:13
[INFO] [stderr]     19:     0x560e48370e6a - std::panicking::try::do_call::h5b0cc9e9102acb65
[INFO] [stderr]                                  at /rustc/c8dfcfe046a7680554bf4eb612bad840e7631c4b/library/std/src/panicking.rs:401:40
[INFO] [stderr]     20:     0x560e48370e6a - std::panicking::try::hddc7f8229138b3ba
[INFO] [stderr]                                  at /rustc/c8dfcfe046a7680554bf4eb612bad840e7631c4b/library/std/src/panicking.rs:365:19
[INFO] [stderr]     21:     0x560e48370e6a - std::panic::catch_unwind::hfa401ff8bab2986e
[INFO] [stderr]                                  at /rustc/c8dfcfe046a7680554bf4eb612bad840e7631c4b/library/std/src/panic.rs:434:14
[INFO] [stderr]     22:     0x560e48370e6a - std::rt::lang_start_internal::{{closure}}::h8163422320d11405
[INFO] [stderr]                                  at /rustc/c8dfcfe046a7680554bf4eb612bad840e7631c4b/library/std/src/rt.rs:45:48
[INFO] [stderr]     23:     0x560e48370e6a - std::panicking::try::do_call::hc742cc7bb4f0fb20
[INFO] [stderr]                                  at /rustc/c8dfcfe046a7680554bf4eb612bad840e7631c4b/library/std/src/panicking.rs:401:40
[INFO] [stderr]     24:     0x560e48370e6a - std::panicking::try::ha37d8d2dd1acf7d3
[INFO] [stderr]                                  at /rustc/c8dfcfe046a7680554bf4eb612bad840e7631c4b/library/std/src/panicking.rs:365:19
[INFO] [stderr]     25:     0x560e48370e6a - std::panic::catch_unwind::h8a5381d5ecf437bc
[INFO] [stderr]                                  at /rustc/c8dfcfe046a7680554bf4eb612bad840e7631c4b/library/std/src/panic.rs:434:14
[INFO] [stderr]     26:     0x560e48370e6a - std::rt::lang_start_internal::h7e2cee8c90d4a4d3
[INFO] [stderr]                                  at /rustc/c8dfcfe046a7680554bf4eb612bad840e7631c4b/library/std/src/rt.rs:45:20
[INFO] [stderr]     27:     0x560e4833ffd0 - std::rt::lang_start::h09f5c54b512a41f9
[INFO] [stderr]                                  at /rustc/c8dfcfe046a7680554bf4eb612bad840e7631c4b/library/std/src/rt.rs:62:5
[INFO] [stderr]     28:     0x560e4833fd0c - main
[INFO] [stderr]     29:     0x7fb2514e10b3 - __libc_start_main
[INFO] [stderr]     30:     0x560e4833e93e - _start
[INFO] [stderr]     31:                0x0 - <unknown>
[INFO] [stderr] warning: build failed, waiting for other jobs to finish...
[INFO] [stdout] error[E0554]: `#![feature]` may not be used on the stable release channel
[INFO] [stdout]  --> /opt/rustwide/cargo-home/registry/src/github.com-1ecc6299db9ec823/devise_core-0.2.0/src/lib.rs:1:1
[INFO] [stdout]   |
[INFO] [stdout] 1 | #![feature(proc_macro_diagnostic, proc_macro_span)]
[INFO] [stdout]   | ^^^^^^^^^^^^^^^^^^^^^^^^^^^^^^^^^^^^^^^^^^^^^^^^^^^
[INFO] [stdout] 
[INFO] [stdout] 
[INFO] [stdout] error[E0554]: `#![feature]` may not be used on the stable release channel
[INFO] [stdout]  --> /opt/rustwide/cargo-home/registry/src/github.com-1ecc6299db9ec823/devise_core-0.2.0/src/lib.rs:2:1
[INFO] [stdout]   |
[INFO] [stdout] 2 | #![feature(crate_visibility_modifier)]
[INFO] [stdout]   | ^^^^^^^^^^^^^^^^^^^^^^^^^^^^^^^^^^^^^^
[INFO] [stdout] 
[INFO] [stdout] 
[INFO] [stdout] error[E0554]: `#![feature]` may not be used on the stable release channel
[INFO] [stdout]  --> /opt/rustwide/cargo-home/registry/src/github.com-1ecc6299db9ec823/devise_core-0.2.0/src/lib.rs:3:1
[INFO] [stdout]   |
[INFO] [stdout] 3 | #![feature(concat_idents)]
[INFO] [stdout]   | ^^^^^^^^^^^^^^^^^^^^^^^^^^
[INFO] [stdout] 
[INFO] [stdout] 
[INFO] [stdout] error: aborting due to 3 previous errors
[INFO] [stdout] 
[INFO] [stdout] 
[INFO] [stdout] For more information about this error, try `rustc --explain E0554`.
[INFO] [stdout] 
[INFO] [stderr] error: build failed
[INFO] running `Command { std: "docker" "inspect" "4e174a03c0e39234853bee69515af47219df617a703e52b3237038d62adebc00", kill_on_drop: false }`
[INFO] running `Command { std: "docker" "rm" "-f" "4e174a03c0e39234853bee69515af47219df617a703e52b3237038d62adebc00", kill_on_drop: false }`
[INFO] [stdout] 4e174a03c0e39234853bee69515af47219df617a703e52b3237038d62adebc00
