[INFO] cloning repository https://github.com/phip1611/rust-hello-world-uefi-nix
[INFO] running `Command { std: "git" "-c" "credential.helper=" "-c" "credential.helper=/workspace/cargo-home/bin/git-credential-null" "clone" "--bare" "https://github.com/phip1611/rust-hello-world-uefi-nix" "/workspace/cache/git-repos/https%3A%2F%2Fgithub.com%2Fphip1611%2Frust-hello-world-uefi-nix", kill_on_drop: false }`
[INFO] [stderr] Cloning into bare repository '/workspace/cache/git-repos/https%3A%2F%2Fgithub.com%2Fphip1611%2Frust-hello-world-uefi-nix'...
[INFO] running `Command { std: "git" "rev-parse" "HEAD", kill_on_drop: false }`
[INFO] [stdout] bfb9fa294b49702e3ead68630f603792705fa933
[INFO] checking phip1611/rust-hello-world-uefi-nix against 1.55.0 for beta-1.56-3
[INFO] running `Command { std: "git" "clone" "/workspace/cache/git-repos/https%3A%2F%2Fgithub.com%2Fphip1611%2Frust-hello-world-uefi-nix" "/workspace/builds/worker-5/source", kill_on_drop: false }`
[INFO] [stderr] Cloning into '/workspace/builds/worker-5/source'...
[INFO] [stderr] done.
[INFO] validating manifest of git repo https://github.com/phip1611/rust-hello-world-uefi-nix on toolchain 1.55.0
[INFO] running `Command { std: "/workspace/cargo-home/bin/cargo" "+1.55.0" "metadata" "--manifest-path" "Cargo.toml" "--no-deps", kill_on_drop: false }`
[INFO] removed /workspace/builds/worker-5/source/.cargo/config.toml
[INFO] removed /workspace/builds/worker-5/source/rust-toolchain.toml
[INFO] started tweaking git repo https://github.com/phip1611/rust-hello-world-uefi-nix
[INFO] finished tweaking git repo https://github.com/phip1611/rust-hello-world-uefi-nix
[INFO] tweaked toml for git repo https://github.com/phip1611/rust-hello-world-uefi-nix written to /workspace/builds/worker-5/source/Cargo.toml
[INFO] crate git repo https://github.com/phip1611/rust-hello-world-uefi-nix already has a lockfile, it will not be regenerated
[INFO] running `Command { std: "/workspace/cargo-home/bin/cargo" "+1.55.0" "fetch" "--manifest-path" "Cargo.toml", kill_on_drop: false }`
[INFO] [stderr]  Downloading crates ...
[INFO] [stderr]   Downloaded fortanix-sgx-abi v0.3.3
[INFO] [stderr]   Downloaded ucs2 v0.3.2
[INFO] [stderr]   Downloaded hashbrown v0.11.0
[INFO] [stderr]   Downloaded compiler_builtins v0.1.43
[INFO] [stderr]   Downloaded uefi v0.9.0
[INFO] [stderr]   Downloaded qemu-exit v2.0.0
[INFO] [stderr]   Downloaded dlmalloc v0.2.1
[INFO] [stderr]   Downloaded uefi-macros v0.3.3
[INFO] [stderr]   Downloaded uefi-services v0.6.0
[INFO] running `Command { std: "docker" "create" "-v" "/var/lib/crater-agent-workspace/builds/worker-5/target:/opt/rustwide/target:rw,Z" "-v" "/var/lib/crater-agent-workspace/builds/worker-5/source:/opt/rustwide/workdir:ro,Z" "-v" "/var/lib/crater-agent-workspace/cargo-home:/opt/rustwide/cargo-home:ro,Z" "-v" "/var/lib/crater-agent-workspace/rustup-home:/opt/rustwide/rustup-home:ro,Z" "-e" "SOURCE_DIR=/opt/rustwide/workdir" "-e" "CARGO_TARGET_DIR=/opt/rustwide/target" "-e" "CARGO_HOME=/opt/rustwide/cargo-home" "-e" "RUSTUP_HOME=/opt/rustwide/rustup-home" "-w" "/opt/rustwide/workdir" "-m" "1610612736" "--user" "0:0" "--network" "none" "ghcr.io/rust-lang/crates-build-env/linux@sha256:a89201d6b5b9fd45c15d5952ece0a0129e7e80cb26ec023fd59cf09bc26f1604" "/opt/rustwide/cargo-home/bin/cargo" "+1.55.0" "metadata" "--no-deps" "--format-version=1", kill_on_drop: false }`
[INFO] [stderr] WARNING: Your kernel does not support swap limit capabilities or the cgroup is not mounted. Memory limited without swap.
[INFO] [stdout] 03146689024e8e30f133e7489d9c0a00075975e6c540bebd31f2b203b9fb8fb2
[INFO] running `Command { std: "docker" "start" "-a" "03146689024e8e30f133e7489d9c0a00075975e6c540bebd31f2b203b9fb8fb2", kill_on_drop: false }`
[INFO] running `Command { std: "docker" "inspect" "03146689024e8e30f133e7489d9c0a00075975e6c540bebd31f2b203b9fb8fb2", kill_on_drop: false }`
[INFO] running `Command { std: "docker" "rm" "-f" "03146689024e8e30f133e7489d9c0a00075975e6c540bebd31f2b203b9fb8fb2", kill_on_drop: false }`
[INFO] [stdout] 03146689024e8e30f133e7489d9c0a00075975e6c540bebd31f2b203b9fb8fb2
[INFO] running `Command { std: "docker" "create" "-v" "/var/lib/crater-agent-workspace/builds/worker-5/target:/opt/rustwide/target:rw,Z" "-v" "/var/lib/crater-agent-workspace/builds/worker-5/source:/opt/rustwide/workdir:ro,Z" "-v" "/var/lib/crater-agent-workspace/cargo-home:/opt/rustwide/cargo-home:ro,Z" "-v" "/var/lib/crater-agent-workspace/rustup-home:/opt/rustwide/rustup-home:ro,Z" "-e" "SOURCE_DIR=/opt/rustwide/workdir" "-e" "CARGO_TARGET_DIR=/opt/rustwide/target" "-e" "CARGO_INCREMENTAL=0" "-e" "RUST_BACKTRACE=full" "-e" "RUSTFLAGS=--cap-lints=warn" "-e" "CARGO_HOME=/opt/rustwide/cargo-home" "-e" "RUSTUP_HOME=/opt/rustwide/rustup-home" "-w" "/opt/rustwide/workdir" "-m" "1610612736" "--user" "0:0" "--network" "none" "ghcr.io/rust-lang/crates-build-env/linux@sha256:a89201d6b5b9fd45c15d5952ece0a0129e7e80cb26ec023fd59cf09bc26f1604" "/opt/rustwide/cargo-home/bin/cargo" "+1.55.0" "check" "--frozen" "--all" "--all-targets" "--message-format=json", kill_on_drop: false }`
[INFO] [stdout] e582c30fc0ca2a57f8915a37e9f3a02e60848feeb2474e9ef670b6d1d44e016a
[INFO] [stderr] WARNING: Your kernel does not support swap limit capabilities or the cgroup is not mounted. Memory limited without swap.
[INFO] running `Command { std: "docker" "start" "-a" "e582c30fc0ca2a57f8915a37e9f3a02e60848feeb2474e9ef670b6d1d44e016a", kill_on_drop: false }`
[INFO] [stderr]    Compiling getrandom v0.2.2
[INFO] [stderr]    Compiling compiler_builtins v0.1.43
[INFO] [stderr]     Checking once_cell v1.7.2
[INFO] [stderr]    Compiling dlmalloc v0.2.1
[INFO] [stderr]     Checking qemu-exit v2.0.0
[INFO] [stderr]     Checking wasi v0.9.0+wasi-snapshot-preview1
[INFO] [stderr]     Checking fortanix-sgx-abi v0.3.3
[INFO] [stderr]     Checking cc v1.0.67
[INFO] [stderr]    Compiling ahash v0.7.2
[INFO] [stderr]     Checking ucs2 v0.3.2
[INFO] [stderr]     Checking hermit-abi v0.1.17
[INFO] [stderr]    Compiling uefi-macros v0.3.3
[INFO] [stdout] error[E0557]: feature has been removed
[INFO] [stdout]  --> /opt/rustwide/cargo-home/registry/src/github.com-1ecc6299db9ec823/hermit-abi-0.1.17/src/lib.rs:5:12
[INFO] [stdout]   |
[INFO] [stdout] 5 | #![feature(const_raw_ptr_to_usize_cast)]
[INFO] [stdout]   |            ^^^^^^^^^^^^^^^^^^^^^^^^^^^ feature has been removed
[INFO] [stdout]   |
[INFO] [stdout]   = note: at compile-time, pointers do not have an integer value, so these casts cannot be properly supported
[INFO] [stdout] 
[INFO] [stdout] 
[INFO] [stdout] error[E0554]: `#![feature]` may not be used on the stable release channel
[INFO] [stdout]   --> /opt/rustwide/cargo-home/registry/src/github.com-1ecc6299db9ec823/qemu-exit-2.0.0/src/lib.rs:73:1
[INFO] [stdout]    |
[INFO] [stdout] 73 | #![feature(asm)]
[INFO] [stdout]    | ^^^^^^^^^^^^^^^^
[INFO] [stdout] 
[INFO] [stdout] 
[INFO] [stdout] error[E0554]: `#![feature]` may not be used on the stable release channel
[INFO] [stdout]   --> /opt/rustwide/cargo-home/registry/src/github.com-1ecc6299db9ec823/qemu-exit-2.0.0/src/lib.rs:74:1
[INFO] [stdout]    |
[INFO] [stdout] 74 | #![feature(const_panic)]
[INFO] [stdout]    | ^^^^^^^^^^^^^^^^^^^^^^^^
[INFO] [stdout] 
[INFO] [stdout] 
[INFO] [stdout] error: aborting due to 2 previous errors
[INFO] [stdout] 
[INFO] [stdout] 
[INFO] [stdout] For more information about this error, try `rustc --explain E0554`.
[INFO] [stdout] 
[INFO] [stderr] error: could not compile `qemu-exit` due to 3 previous errors
[INFO] [stderr] warning: build failed, waiting for other jobs to finish...
[INFO] [stdout] error[E0554]: `#![feature]` may not be used on the stable release channel
[INFO] [stdout]  --> /opt/rustwide/cargo-home/registry/src/github.com-1ecc6299db9ec823/hermit-abi-0.1.17/src/lib.rs:5:1
[INFO] [stdout]   |
[INFO] [stdout] 5 | #![feature(const_raw_ptr_to_usize_cast)]
[INFO] [stdout]   | ^^^^^^^^^^^^^^^^^^^^^^^^^^^^^^^^^^^^^^^^
[INFO] [stdout] 
[INFO] [stdout] 
[INFO] [stdout] error: aborting due to 2 previous errors
[INFO] [stdout] 
[INFO] [stdout] 
[INFO] [stdout] Some errors have detailed explanations: E0554, E0557.
[INFO] [stdout] 
[INFO] [stdout] For more information about an error, try `rustc --explain E0554`.
[INFO] [stdout] 
[INFO] [stderr] error: build failed
[INFO] running `Command { std: "docker" "inspect" "e582c30fc0ca2a57f8915a37e9f3a02e60848feeb2474e9ef670b6d1d44e016a", kill_on_drop: false }`
[INFO] running `Command { std: "docker" "rm" "-f" "e582c30fc0ca2a57f8915a37e9f3a02e60848feeb2474e9ef670b6d1d44e016a", kill_on_drop: false }`
[INFO] [stdout] e582c30fc0ca2a57f8915a37e9f3a02e60848feeb2474e9ef670b6d1d44e016a
