[INFO] cloning repository https://github.com/philliard3/Rust-SOA-Example
[INFO] running `Command { std: "git" "-c" "credential.helper=" "-c" "credential.helper=/workspace/cargo-home/bin/git-credential-null" "clone" "--bare" "https://github.com/philliard3/Rust-SOA-Example" "/workspace/cache/git-repos/https%3A%2F%2Fgithub.com%2Fphilliard3%2FRust-SOA-Example", kill_on_drop: false }`
[INFO] [stderr] Cloning into bare repository '/workspace/cache/git-repos/https%3A%2F%2Fgithub.com%2Fphilliard3%2FRust-SOA-Example'...
[INFO] running `Command { std: "git" "rev-parse" "HEAD", kill_on_drop: false }`
[INFO] [stdout] 5de204c98943d4262ef22417af1b1bb6571224d2
[INFO] checking philliard3/Rust-SOA-Example against beta-2021-10-15 for beta-1.56-3
[INFO] running `Command { std: "git" "clone" "/workspace/cache/git-repos/https%3A%2F%2Fgithub.com%2Fphilliard3%2FRust-SOA-Example" "/workspace/builds/worker-12/source", kill_on_drop: false }`
[INFO] [stderr] Cloning into '/workspace/builds/worker-12/source'...
[INFO] [stderr] done.
[INFO] validating manifest of git repo https://github.com/philliard3/Rust-SOA-Example on toolchain beta-2021-10-15
[INFO] running `Command { std: "/workspace/cargo-home/bin/cargo" "+beta-2021-10-15" "metadata" "--manifest-path" "Cargo.toml" "--no-deps", kill_on_drop: false }`
[INFO] started tweaking git repo https://github.com/philliard3/Rust-SOA-Example
[INFO] finished tweaking git repo https://github.com/philliard3/Rust-SOA-Example
[INFO] tweaked toml for git repo https://github.com/philliard3/Rust-SOA-Example written to /workspace/builds/worker-12/source/Cargo.toml
[INFO] crate git repo https://github.com/philliard3/Rust-SOA-Example already has a lockfile, it will not be regenerated
[INFO] running `Command { std: "/workspace/cargo-home/bin/cargo" "+beta-2021-10-15" "fetch" "--manifest-path" "Cargo.toml", kill_on_drop: false }`
[INFO] running `Command { std: "docker" "create" "-v" "/var/lib/crater-agent-workspace/builds/worker-12/target:/opt/rustwide/target:rw,Z" "-v" "/var/lib/crater-agent-workspace/builds/worker-12/source:/opt/rustwide/workdir:ro,Z" "-v" "/var/lib/crater-agent-workspace/cargo-home:/opt/rustwide/cargo-home:ro,Z" "-v" "/var/lib/crater-agent-workspace/rustup-home:/opt/rustwide/rustup-home:ro,Z" "-e" "SOURCE_DIR=/opt/rustwide/workdir" "-e" "CARGO_TARGET_DIR=/opt/rustwide/target" "-e" "CARGO_HOME=/opt/rustwide/cargo-home" "-e" "RUSTUP_HOME=/opt/rustwide/rustup-home" "-w" "/opt/rustwide/workdir" "-m" "1610612736" "--user" "0:0" "--network" "none" "ghcr.io/rust-lang/crates-build-env/linux@sha256:a89201d6b5b9fd45c15d5952ece0a0129e7e80cb26ec023fd59cf09bc26f1604" "/opt/rustwide/cargo-home/bin/cargo" "+beta-2021-10-15" "metadata" "--no-deps" "--format-version=1", kill_on_drop: false }`
[INFO] [stdout] ed5861732942fc88e0074fb3a783499ca0fa48560dab2df451fa3df1bdd1f53b
[INFO] [stderr] WARNING: Your kernel does not support swap limit capabilities or the cgroup is not mounted. Memory limited without swap.
[INFO] running `Command { std: "docker" "start" "-a" "ed5861732942fc88e0074fb3a783499ca0fa48560dab2df451fa3df1bdd1f53b", kill_on_drop: false }`
[INFO] running `Command { std: "docker" "inspect" "ed5861732942fc88e0074fb3a783499ca0fa48560dab2df451fa3df1bdd1f53b", kill_on_drop: false }`
[INFO] running `Command { std: "docker" "rm" "-f" "ed5861732942fc88e0074fb3a783499ca0fa48560dab2df451fa3df1bdd1f53b", kill_on_drop: false }`
[INFO] [stdout] ed5861732942fc88e0074fb3a783499ca0fa48560dab2df451fa3df1bdd1f53b
[INFO] running `Command { std: "docker" "create" "-v" "/var/lib/crater-agent-workspace/builds/worker-12/target:/opt/rustwide/target:rw,Z" "-v" "/var/lib/crater-agent-workspace/builds/worker-12/source:/opt/rustwide/workdir:ro,Z" "-v" "/var/lib/crater-agent-workspace/cargo-home:/opt/rustwide/cargo-home:ro,Z" "-v" "/var/lib/crater-agent-workspace/rustup-home:/opt/rustwide/rustup-home:ro,Z" "-e" "SOURCE_DIR=/opt/rustwide/workdir" "-e" "CARGO_TARGET_DIR=/opt/rustwide/target" "-e" "CARGO_INCREMENTAL=0" "-e" "RUST_BACKTRACE=full" "-e" "RUSTFLAGS=--cap-lints=warn" "-e" "CARGO_HOME=/opt/rustwide/cargo-home" "-e" "RUSTUP_HOME=/opt/rustwide/rustup-home" "-w" "/opt/rustwide/workdir" "-m" "1610612736" "--user" "0:0" "--network" "none" "ghcr.io/rust-lang/crates-build-env/linux@sha256:a89201d6b5b9fd45c15d5952ece0a0129e7e80cb26ec023fd59cf09bc26f1604" "/opt/rustwide/cargo-home/bin/cargo" "+beta-2021-10-15" "check" "--frozen" "--all" "--all-targets" "--message-format=json", kill_on_drop: false }`
[INFO] [stdout] 26be11d3070c0f862ec227231411a66e8ea2399ee399902e16e813cb40e8a7ea
[INFO] [stderr] WARNING: Your kernel does not support swap limit capabilities or the cgroup is not mounted. Memory limited without swap.
[INFO] running `Command { std: "docker" "start" "-a" "26be11d3070c0f862ec227231411a66e8ea2399ee399902e16e813cb40e8a7ea", kill_on_drop: false }`
[INFO] [stderr]     Checking soa_example v0.1.0 (/opt/rustwide/workdir)
[INFO] [stdout] error[E0557]: feature has been removed
[INFO] [stdout]  --> src/main.rs:3:12
[INFO] [stdout]   |
[INFO] [stdout] 3 | #![feature(const_generics)]
[INFO] [stdout]   |            ^^^^^^^^^^^^^^ feature has been removed
[INFO] [stdout]   |
[INFO] [stdout]   = note: removed in favor of `#![feature(adt_const_params]` and `#![feature(generic_const_exprs)]`
[INFO] [stdout] 
[INFO] [stdout] 
[INFO] [stdout] error[E0554]: `#![feature]` may not be used on the beta release channel
[INFO] [stdout]  --> src/main.rs:3:1
[INFO] [stdout]   |
[INFO] [stdout] 3 | #![feature(const_generics)]
[INFO] [stdout]   | ^^^^^^^^^^^^^^^^^^^^^^^^^^^
[INFO] [stdout] 
[INFO] [stdout] 
[INFO] [stdout] warning: type `Vector3_SOA_vec` should have an upper camel case name
[INFO] [stdout]   --> src/main.rs:76:8
[INFO] [stdout]    |
[INFO] [stdout] 76 |     }, Vector3_SOA_vec, Vector3_SOA
[INFO] [stdout]    |        ^^^^^^^^^^^^^^^ help: convert the identifier to upper camel case: `Vector3SoaVec`
[INFO] [stdout]    |
[INFO] [stdout]    = note: `#[warn(non_camel_case_types)]` on by default
[INFO] [stdout] 
[INFO] [stdout] 
[INFO] [stdout] warning: type `Vector3_SOA` should have an upper camel case name
[INFO] [stdout]   --> src/main.rs:76:25
[INFO] [stdout]    |
[INFO] [stdout] 76 |     }, Vector3_SOA_vec, Vector3_SOA
[INFO] [stdout]    |                         ^^^^^^^^^^^ help: convert the identifier to upper camel case: `Vector3Soa`
[INFO] [stdout] 
[INFO] [stdout] 
[INFO] [stdout] warning: type `Player_SOA_vec` should have an upper camel case name
[INFO] [stdout]    --> src/main.rs:127:8
[INFO] [stdout]     |
[INFO] [stdout] 127 |     }, Player_SOA_vec, Player_SOA
[INFO] [stdout]     |        ^^^^^^^^^^^^^^ help: convert the identifier to upper camel case: `PlayerSoaVec`
[INFO] [stdout] 
[INFO] [stdout] 
[INFO] [stdout] warning: type `Player_SOA` should have an upper camel case name
[INFO] [stdout]    --> src/main.rs:127:24
[INFO] [stdout]     |
[INFO] [stdout] 127 |     }, Player_SOA_vec, Player_SOA
[INFO] [stdout]     |                        ^^^^^^^^^^ help: convert the identifier to upper camel case: `PlayerSoa`
[INFO] [stdout] 
[INFO] [stdout] 
[INFO] [stdout] error[E0107]: missing generics for enum `WaitUntilState`
[INFO] [stdout]    --> src/main.rs:146:12
[INFO] [stdout]     |
[INFO] [stdout] 146 |     state: WaitUntilState,
[INFO] [stdout]     |            ^^^^^^^^^^^^^^ expected 1 generic argument
[INFO] [stdout]     |
[INFO] [stdout] note: enum defined here, with 1 generic parameter: `OutputState`
[INFO] [stdout]    --> src/main.rs:130:6
[INFO] [stdout]     |
[INFO] [stdout] 130 | enum WaitUntilState<OutputState> {
[INFO] [stdout]     |      ^^^^^^^^^^^^^^ -----------
[INFO] [stdout] help: add missing generic argument
[INFO] [stdout]     |
[INFO] [stdout] 146 |     state: WaitUntilState<OutputState>,
[INFO] [stdout]     |            ~~~~~~~~~~~~~~~~~~~~~~~~~~~
[INFO] [stdout] 
[INFO] [stdout] 
[INFO] [stdout] error: aborting due to 3 previous errors; 4 warnings emitted
[INFO] [stdout] 
[INFO] [stdout] 
[INFO] [stdout] Some errors have detailed explanations: E0107, E0554, E0557.
[INFO] [stdout] 
[INFO] [stdout] For more information about an error, try `rustc --explain E0107`.
[INFO] [stdout] 
[INFO] [stderr] error: could not compile `soa_example` due to 4 previous errors; 4 warnings emitted
[INFO] [stderr] warning: build failed, waiting for other jobs to finish...
[INFO] [stdout] error[E0557]: feature has been removed
[INFO] [stdout]  --> src/main.rs:3:12
[INFO] [stdout]   |
[INFO] [stdout] 3 | #![feature(const_generics)]
[INFO] [stdout]   |            ^^^^^^^^^^^^^^ feature has been removed
[INFO] [stdout]   |
[INFO] [stdout]   = note: removed in favor of `#![feature(adt_const_params]` and `#![feature(generic_const_exprs)]`
[INFO] [stdout] 
[INFO] [stdout] 
[INFO] [stdout] error[E0554]: `#![feature]` may not be used on the beta release channel
[INFO] [stdout]  --> src/main.rs:3:1
[INFO] [stdout]   |
[INFO] [stdout] 3 | #![feature(const_generics)]
[INFO] [stdout]   | ^^^^^^^^^^^^^^^^^^^^^^^^^^^
[INFO] [stdout] 
[INFO] [stdout] 
[INFO] [stdout] warning: type `Vector3_SOA_vec` should have an upper camel case name
[INFO] [stdout]   --> src/main.rs:76:8
[INFO] [stdout]    |
[INFO] [stdout] 76 |     }, Vector3_SOA_vec, Vector3_SOA
[INFO] [stdout]    |        ^^^^^^^^^^^^^^^ help: convert the identifier to upper camel case: `Vector3SoaVec`
[INFO] [stdout]    |
[INFO] [stdout]    = note: `#[warn(non_camel_case_types)]` on by default
[INFO] [stdout] 
[INFO] [stdout] 
[INFO] [stdout] warning: type `Vector3_SOA` should have an upper camel case name
[INFO] [stdout]   --> src/main.rs:76:25
[INFO] [stdout]    |
[INFO] [stdout] 76 |     }, Vector3_SOA_vec, Vector3_SOA
[INFO] [stdout]    |                         ^^^^^^^^^^^ help: convert the identifier to upper camel case: `Vector3Soa`
[INFO] [stdout] 
[INFO] [stdout] 
[INFO] [stdout] warning: type `Player_SOA_vec` should have an upper camel case name
[INFO] [stdout]    --> src/main.rs:127:8
[INFO] [stdout]     |
[INFO] [stdout] 127 |     }, Player_SOA_vec, Player_SOA
[INFO] [stdout]     |        ^^^^^^^^^^^^^^ help: convert the identifier to upper camel case: `PlayerSoaVec`
[INFO] [stdout] 
[INFO] [stdout] 
[INFO] [stdout] warning: type `Player_SOA` should have an upper camel case name
[INFO] [stdout]    --> src/main.rs:127:24
[INFO] [stdout]     |
[INFO] [stdout] 127 |     }, Player_SOA_vec, Player_SOA
[INFO] [stdout]     |                        ^^^^^^^^^^ help: convert the identifier to upper camel case: `PlayerSoa`
[INFO] [stdout] 
[INFO] [stdout] 
[INFO] [stdout] error[E0107]: missing generics for enum `WaitUntilState`
[INFO] [stdout]    --> src/main.rs:146:12
[INFO] [stdout]     |
[INFO] [stdout] 146 |     state: WaitUntilState,
[INFO] [stdout]     |            ^^^^^^^^^^^^^^ expected 1 generic argument
[INFO] [stdout]     |
[INFO] [stdout] note: enum defined here, with 1 generic parameter: `OutputState`
[INFO] [stdout]    --> src/main.rs:130:6
[INFO] [stdout]     |
[INFO] [stdout] 130 | enum WaitUntilState<OutputState> {
[INFO] [stdout]     |      ^^^^^^^^^^^^^^ -----------
[INFO] [stdout] help: add missing generic argument
[INFO] [stdout]     |
[INFO] [stdout] 146 |     state: WaitUntilState<OutputState>,
[INFO] [stdout]     |            ~~~~~~~~~~~~~~~~~~~~~~~~~~~
[INFO] [stdout] 
[INFO] [stdout] 
[INFO] [stdout] error: aborting due to 3 previous errors; 4 warnings emitted
[INFO] [stdout] 
[INFO] [stdout] 
[INFO] [stdout] Some errors have detailed explanations: E0107, E0554, E0557.
[INFO] [stdout] 
[INFO] [stdout] For more information about an error, try `rustc --explain E0107`.
[INFO] [stdout] 
[INFO] [stderr] error: build failed
[INFO] running `Command { std: "docker" "inspect" "26be11d3070c0f862ec227231411a66e8ea2399ee399902e16e813cb40e8a7ea", kill_on_drop: false }`
[INFO] running `Command { std: "docker" "rm" "-f" "26be11d3070c0f862ec227231411a66e8ea2399ee399902e16e813cb40e8a7ea", kill_on_drop: false }`
[INFO] [stdout] 26be11d3070c0f862ec227231411a66e8ea2399ee399902e16e813cb40e8a7ea
