[INFO] cloning repository https://github.com/pepyakin/fingerlift
[INFO] running `Command { std: "git" "-c" "credential.helper=" "-c" "credential.helper=/workspace/cargo-home/bin/git-credential-null" "clone" "--bare" "https://github.com/pepyakin/fingerlift" "/workspace/cache/git-repos/https%3A%2F%2Fgithub.com%2Fpepyakin%2Ffingerlift", kill_on_drop: false }`
[INFO] [stderr] Cloning into bare repository '/workspace/cache/git-repos/https%3A%2F%2Fgithub.com%2Fpepyakin%2Ffingerlift'...
[INFO] running `Command { std: "git" "rev-parse" "HEAD", kill_on_drop: false }`
[INFO] [stdout] 970c64fb489c1191a1a8ee3527884cdbd65025c2
[INFO] checking pepyakin/fingerlift against 1.55.0 for beta-1.56-3
[INFO] running `Command { std: "git" "clone" "/workspace/cache/git-repos/https%3A%2F%2Fgithub.com%2Fpepyakin%2Ffingerlift" "/workspace/builds/worker-14/source", kill_on_drop: false }`
[INFO] [stderr] Cloning into '/workspace/builds/worker-14/source'...
[INFO] [stderr] done.
[INFO] validating manifest of git repo https://github.com/pepyakin/fingerlift on toolchain 1.55.0
[INFO] running `Command { std: "/workspace/cargo-home/bin/cargo" "+1.55.0" "metadata" "--manifest-path" "Cargo.toml" "--no-deps", kill_on_drop: false }`
[INFO] started tweaking git repo https://github.com/pepyakin/fingerlift
[INFO] finished tweaking git repo https://github.com/pepyakin/fingerlift
[INFO] tweaked toml for git repo https://github.com/pepyakin/fingerlift written to /workspace/builds/worker-14/source/Cargo.toml
[INFO] crate git repo https://github.com/pepyakin/fingerlift already has a lockfile, it will not be regenerated
[INFO] running `Command { std: "/workspace/cargo-home/bin/cargo" "+1.55.0" "fetch" "--manifest-path" "Cargo.toml", kill_on_drop: false }`
[INFO] [stderr]     Blocking waiting for file lock on package cache
[INFO] [stderr]  Downloading crates ...
[INFO] [stderr]   Downloaded arrayvec v0.3.25
[INFO] [stderr]   Downloaded parity-wasm v0.31.3
[INFO] [stderr]   Downloaded capstone v0.4.0
[INFO] [stderr]   Downloaded wabt v0.4.0
[INFO] [stderr]   Downloaded cc v1.0.24
[INFO] [stderr]   Downloaded wabt-sys v0.2.0
[INFO] [stderr]   Downloaded capstone-sys v0.8.0
[INFO] running `Command { std: "docker" "create" "-v" "/var/lib/crater-agent-workspace/builds/worker-14/target:/opt/rustwide/target:rw,Z" "-v" "/var/lib/crater-agent-workspace/builds/worker-14/source:/opt/rustwide/workdir:ro,Z" "-v" "/var/lib/crater-agent-workspace/cargo-home:/opt/rustwide/cargo-home:ro,Z" "-v" "/var/lib/crater-agent-workspace/rustup-home:/opt/rustwide/rustup-home:ro,Z" "-e" "SOURCE_DIR=/opt/rustwide/workdir" "-e" "CARGO_TARGET_DIR=/opt/rustwide/target" "-e" "CARGO_HOME=/opt/rustwide/cargo-home" "-e" "RUSTUP_HOME=/opt/rustwide/rustup-home" "-w" "/opt/rustwide/workdir" "-m" "1610612736" "--user" "0:0" "--network" "none" "ghcr.io/rust-lang/crates-build-env/linux@sha256:a89201d6b5b9fd45c15d5952ece0a0129e7e80cb26ec023fd59cf09bc26f1604" "/opt/rustwide/cargo-home/bin/cargo" "+1.55.0" "metadata" "--no-deps" "--format-version=1", kill_on_drop: false }`
[INFO] [stdout] aa09f891131ba351b0c621f4c418fc061e2c059346604a991dcfd6311b7182e4
[INFO] [stderr] WARNING: Your kernel does not support swap limit capabilities or the cgroup is not mounted. Memory limited without swap.
[INFO] running `Command { std: "docker" "start" "-a" "aa09f891131ba351b0c621f4c418fc061e2c059346604a991dcfd6311b7182e4", kill_on_drop: false }`
[INFO] running `Command { std: "docker" "inspect" "aa09f891131ba351b0c621f4c418fc061e2c059346604a991dcfd6311b7182e4", kill_on_drop: false }`
[INFO] running `Command { std: "docker" "rm" "-f" "aa09f891131ba351b0c621f4c418fc061e2c059346604a991dcfd6311b7182e4", kill_on_drop: false }`
[INFO] [stdout] aa09f891131ba351b0c621f4c418fc061e2c059346604a991dcfd6311b7182e4
[INFO] running `Command { std: "docker" "create" "-v" "/var/lib/crater-agent-workspace/builds/worker-14/target:/opt/rustwide/target:rw,Z" "-v" "/var/lib/crater-agent-workspace/builds/worker-14/source:/opt/rustwide/workdir:ro,Z" "-v" "/var/lib/crater-agent-workspace/cargo-home:/opt/rustwide/cargo-home:ro,Z" "-v" "/var/lib/crater-agent-workspace/rustup-home:/opt/rustwide/rustup-home:ro,Z" "-e" "SOURCE_DIR=/opt/rustwide/workdir" "-e" "CARGO_TARGET_DIR=/opt/rustwide/target" "-e" "CARGO_INCREMENTAL=0" "-e" "RUST_BACKTRACE=full" "-e" "RUSTFLAGS=--cap-lints=warn" "-e" "CARGO_HOME=/opt/rustwide/cargo-home" "-e" "RUSTUP_HOME=/opt/rustwide/rustup-home" "-w" "/opt/rustwide/workdir" "-m" "1610612736" "--user" "0:0" "--network" "none" "ghcr.io/rust-lang/crates-build-env/linux@sha256:a89201d6b5b9fd45c15d5952ece0a0129e7e80cb26ec023fd59cf09bc26f1604" "/opt/rustwide/cargo-home/bin/cargo" "+1.55.0" "check" "--frozen" "--all" "--all-targets" "--message-format=json", kill_on_drop: false }`
[INFO] [stdout] 585517a6dfe3fa174ba48665008c5ff0e8bf9100cfe95cb6fddd1609703e2e65
[INFO] [stderr] WARNING: Your kernel does not support swap limit capabilities or the cgroup is not mounted. Memory limited without swap.
[INFO] running `Command { std: "docker" "start" "-a" "585517a6dfe3fa174ba48665008c5ff0e8bf9100cfe95cb6fddd1609703e2e65", kill_on_drop: false }`
[INFO] [stderr]    Compiling proc-macro2 v0.4.18
[INFO] [stderr]    Compiling cc v1.0.24
[INFO] [stderr]    Compiling serde v1.0.77
[INFO] [stderr]    Compiling capstone-sys v0.8.0
[INFO] [stderr]     Checking nodrop v0.1.12
[INFO] [stderr]     Checking odds v0.2.26
[INFO] [stderr]     Checking parity-wasm v0.31.3
[INFO] [stderr]     Checking arrayvec v0.3.25
[INFO] [stderr]    Compiling cmake v0.1.33
[INFO] [stderr]     Checking x86asm v0.1.0 (/opt/rustwide/workdir/rust-x86asm)
[INFO] [stderr]    Compiling quote v0.6.8
[INFO] [stderr]    Compiling wabt-sys v0.2.0
[INFO] [stderr]    Compiling syn v0.15.1
[INFO] [stdout] warning: use of deprecated constant `std::sync::ONCE_INIT`: the `new` function is now preferred
[INFO] [stdout]   --> rust-x86asm/src/instruction_def.rs:39:1
[INFO] [stdout]    |
[INFO] [stdout] 39 | / lazy_static! {
[INFO] [stdout] 40 | |     static ref INSTR_MNEMONIC_MAP : RwLock<HashMap<Mnemonic, Vec<&'static InstructionDefinition>>> = {
[INFO] [stdout] 41 | |         let lock = RwLock::new(HashMap::new());
[INFO] [stdout] 42 | |         {
[INFO] [stdout] ...  |
[INFO] [stdout] 47 | |     };
[INFO] [stdout] 48 | | }
[INFO] [stdout]    | |_^
[INFO] [stdout]    |
[INFO] [stdout]    = note: `#[warn(deprecated)]` on by default
[INFO] [stdout]    = note: this warning originates in the macro `__lazy_static_create` (in Nightly builds, run with -Z macro-backtrace for more info)
[INFO] [stdout] 
[INFO] [stdout] 
[INFO] [stderr]    Compiling serde_derive v1.0.77
[INFO] [stderr]     Checking serde_json v1.0.27
[INFO] [stderr]     Checking capstone v0.4.0
[INFO] [stdout] warning: variable does not need to be mutable
[INFO] [stdout]   --> rust-x86asm/src/instruction_def.rs:56:13
[INFO] [stdout]    |
[INFO] [stdout] 56 |         let mut list = map.get_mut(&instr.mnemonic).unwrap();
[INFO] [stdout]    |             ----^^^^
[INFO] [stdout]    |             |
[INFO] [stdout]    |             help: remove this `mut`
[INFO] [stdout]    |
[INFO] [stdout]    = note: `#[warn(unused_mut)]` on by default
[INFO] [stdout] 
[INFO] [stdout] 
[INFO] [stdout] warning: 2 warnings emitted
[INFO] [stdout] 
[INFO] [stdout] 
[INFO] [stderr] error: failed to run custom build command for `wabt-sys v0.2.0`
[INFO] [stderr] 
[INFO] [stderr] Caused by:
[INFO] [stderr]   process didn't exit successfully: `/opt/rustwide/target/debug/build/wabt-sys-7081d653d2549004/build-script-build` (exit status: 101)
[INFO] [stderr]   --- stdout
[INFO] [stderr]   running: "cmake" "/opt/rustwide/cargo-home/registry/src/github.com-1ecc6299db9ec823/wabt-sys-0.2.0/wabt" "-DBUILD_TESTS=OFF" "-DCMAKE_INSTALL_PREFIX=/opt/rustwide/target/debug/build/wabt-sys-e7517a35982497c7/out" "-DCMAKE_C_FLAGS= -ffunction-sections -fdata-sections -fPIC -m64" "-DCMAKE_C_COMPILER=/usr/bin/cc" "-DCMAKE_CXX_FLAGS= -ffunction-sections -fdata-sections -fPIC -m64" "-DCMAKE_CXX_COMPILER=/usr/bin/c++" "-DCMAKE_BUILD_TYPE=Debug"
[INFO] [stderr]   -- The C compiler identification is GNU 9.3.0
[INFO] [stderr]   -- The CXX compiler identification is GNU 9.3.0
[INFO] [stderr]   -- Check for working C compiler: /usr/bin/cc
[INFO] [stderr]   -- Check for working C compiler: /usr/bin/cc -- works
[INFO] [stderr]   -- Detecting C compiler ABI info
[INFO] [stderr]   -- Detecting C compiler ABI info - done
[INFO] [stderr]   -- Detecting C compile features
[INFO] [stderr]   -- Detecting C compile features - done
[INFO] [stderr]   -- Check for working CXX compiler: /usr/bin/c++
[INFO] [stderr]   -- Check for working CXX compiler: /usr/bin/c++ -- works
[INFO] [stderr]   -- Detecting CXX compiler ABI info
[INFO] [stderr]   -- Detecting CXX compiler ABI info - done
[INFO] [stderr]   -- Detecting CXX compile features
[INFO] [stderr]   -- Detecting CXX compile features - done
[INFO] [stderr]   -- Looking for alloca.h
[INFO] [stderr]   -- Looking for alloca.h - found
[INFO] [stderr]   -- Looking for unistd.h
[INFO] [stderr]   -- Looking for unistd.h - found
[INFO] [stderr]   -- Looking for snprintf
[INFO] [stderr]   -- Looking for snprintf - found
[INFO] [stderr]   -- Looking for sysconf
[INFO] [stderr]   -- Looking for sysconf - found
[INFO] [stderr]   -- Looking for strcasecmp
[INFO] [stderr]   -- Looking for strcasecmp - found
[INFO] [stderr]   -- Looking for sys/types.h
[INFO] [stderr]   -- Looking for sys/types.h - found
[INFO] [stderr]   -- Looking for stdint.h
[INFO] [stderr]   -- Looking for stdint.h - found
[INFO] [stderr]   -- Looking for stddef.h
[INFO] [stderr]   -- Looking for stddef.h - found
[INFO] [stderr]   -- Check size of ssize_t
[INFO] [stderr]   -- Check size of ssize_t - done
[INFO] [stderr]   -- Check size of size_t
[INFO] [stderr]   -- Check size of size_t - done
[INFO] [stderr]   -- Found RE2C: /usr/bin/re2c  
[INFO] [stderr]   -- Using generated re2c lexer
[INFO] [stderr]   -- Looking for pthread.h
[INFO] [stderr]   -- Looking for pthread.h - found
[INFO] [stderr]   -- Performing Test CMAKE_HAVE_LIBC_PTHREAD
[INFO] [stderr]   -- Performing Test CMAKE_HAVE_LIBC_PTHREAD - Failed
[INFO] [stderr]   -- Looking for pthread_create in pthreads
[INFO] [stderr]   -- Looking for pthread_create in pthreads - not found
[INFO] [stderr]   -- Looking for pthread_create in pthread
[INFO] [stderr]   -- Looking for pthread_create in pthread - found
[INFO] [stderr]   -- Found Threads: TRUE  
[INFO] [stderr]   -- Found PythonInterp: /usr/bin/python2.7 (found suitable version "2.7.18", minimum required is "2.7") 
[INFO] [stderr]   -- Configuring done
[INFO] [stderr]   -- Generating done
[INFO] [stderr]   -- Build files have been written to: /opt/rustwide/target/debug/build/wabt-sys-e7517a35982497c7/out/build
[INFO] [stderr]   running: "cmake" "--build" "." "--target" "install" "--config" "Debug" "--"
[INFO] [stderr]   [  1%] [RE2C][WAST_LEXER_GEN_CC] Building lexer with re2c 0.103.0
[INFO] [stderr]   Scanning dependencies of target libwabt
[INFO] [stderr]   [  3%] Building CXX object CMakeFiles/libwabt.dir/src/token.cc.o
[INFO] [stderr]   [  4%] Building CXX object CMakeFiles/libwabt.dir/src/error-handler.cc.o
[INFO] [stderr]   [  6%] Building CXX object CMakeFiles/libwabt.dir/src/opcode.cc.o
[INFO] [stderr]   [  7%] Building CXX object CMakeFiles/libwabt.dir/src/hash-util.cc.o
[INFO] [stderr]   [  9%] Building CXX object CMakeFiles/libwabt.dir/src/string-view.cc.o
[INFO] [stderr]   [ 11%] Building CXX object CMakeFiles/libwabt.dir/src/filenames.cc.o
[INFO] [stderr]   [ 12%] Building CXX object CMakeFiles/libwabt.dir/src/ir.cc.o
[INFO] [stderr]   [ 14%] Building CXX object CMakeFiles/libwabt.dir/src/expr-visitor.cc.o
[INFO] [stderr]   [ 15%] Building CXX object CMakeFiles/libwabt.dir/src/lexer-source.cc.o
[INFO] [stderr]   [ 17%] Building CXX object CMakeFiles/libwabt.dir/src/wast-parser-lexer-shared.cc.o
[INFO] [stderr]   [ 19%] Building CXX object CMakeFiles/libwabt.dir/src/lexer-source-line-finder.cc.o
[INFO] [stderr]   [ 20%] Building CXX object CMakeFiles/libwabt.dir/wast-lexer-gen.cc.o
[INFO] [stderr]   [ 22%] Building CXX object CMakeFiles/libwabt.dir/src/wast-parser.cc.o
[INFO] [stderr]   [ 23%] Building CXX object CMakeFiles/libwabt.dir/src/type-checker.cc.o
[INFO] [stderr]   [ 25%] Building CXX object CMakeFiles/libwabt.dir/src/validator.cc.o
[INFO] [stderr]   [ 26%] Building CXX object CMakeFiles/libwabt.dir/src/binary-reader.cc.o
[INFO] [stderr]   [ 28%] Building CXX object CMakeFiles/libwabt.dir/src/binary-reader-logging.cc.o
[INFO] [stderr]   [ 30%] Building CXX object CMakeFiles/libwabt.dir/src/binary-writer.cc.o
[INFO] [stderr]   [ 31%] Building CXX object CMakeFiles/libwabt.dir/src/binary-writer-spec.cc.o
[INFO] [stderr] 
[INFO] [stderr]   --- stderr
[INFO] [stderr]   /opt/rustwide/cargo-home/registry/src/github.com-1ecc6299db9ec823/wabt-sys-0.2.0/wabt/src/lexer-source.cc: In member function 'virtual std::unique_ptr<wabt::LexerSource> wabt::LexerSourceFile::Clone()':
[INFO] [stderr]   /opt/rustwide/cargo-home/registry/src/github.com-1ecc6299db9ec823/wabt-sys-0.2.0/wabt/src/lexer-source.cc:41:19: error: redundant move in return statement [-Werror=redundant-move]
[INFO] [stderr]      41 |   return std::move(result);
[INFO] [stderr]         |          ~~~~~~~~~^~~~~~~~
[INFO] [stderr]   /opt/rustwide/cargo-home/registry/src/github.com-1ecc6299db9ec823/wabt-sys-0.2.0/wabt/src/lexer-source.cc:41:19: note: remove 'std::move' call
[INFO] [stderr]   cc1plus: all warnings being treated as errors
[INFO] [stderr]   make[2]: *** [CMakeFiles/libwabt.dir/build.make:171: CMakeFiles/libwabt.dir/src/lexer-source.cc.o] Error 1
[INFO] [stderr]   make[2]: *** Waiting for unfinished jobs....
[INFO] [stderr]   make[1]: *** [CMakeFiles/Makefile2:308: CMakeFiles/libwabt.dir/all] Error 2
[INFO] [stderr]   make: *** [Makefile:130: all] Error 2
[INFO] [stderr]   thread 'main' panicked at '
[INFO] [stderr]   command did not execute successfully, got: exit status: 2
[INFO] [stderr] 
[INFO] [stderr]   build script failed, must exit now', /opt/rustwide/cargo-home/registry/src/github.com-1ecc6299db9ec823/cmake-0.1.33/src/lib.rs:773:5
[INFO] [stderr]   stack backtrace:
[INFO] [stderr]      0:     0x55a7709c2110 - std::backtrace_rs::backtrace::libunwind::trace::ha0ad43e8a952bfe7
[INFO] [stderr]                                  at /rustc/c8dfcfe046a7680554bf4eb612bad840e7631c4b/library/std/src/../../backtrace/src/backtrace/libunwind.rs:90:5
[INFO] [stderr]      1:     0x55a7709c2110 - std::backtrace_rs::backtrace::trace_unsynchronized::h6830419c0c4130dc
[INFO] [stderr]                                  at /rustc/c8dfcfe046a7680554bf4eb612bad840e7631c4b/library/std/src/../../backtrace/src/backtrace/mod.rs:66:5
[INFO] [stderr]      2:     0x55a7709c2110 - std::sys_common::backtrace::_print_fmt::h8f3516631ffa1ef5
[INFO] [stderr]                                  at /rustc/c8dfcfe046a7680554bf4eb612bad840e7631c4b/library/std/src/sys_common/backtrace.rs:67:5
[INFO] [stderr]      3:     0x55a7709c2110 - <std::sys_common::backtrace::_print::DisplayBacktrace as core::fmt::Display>::fmt::he1640d5f0d93f618
[INFO] [stderr]                                  at /rustc/c8dfcfe046a7680554bf4eb612bad840e7631c4b/library/std/src/sys_common/backtrace.rs:46:22
[INFO] [stderr]      4:     0x55a7709e294c - core::fmt::write::h88012e1f01caeebf
[INFO] [stderr]                                  at /rustc/c8dfcfe046a7680554bf4eb612bad840e7631c4b/library/core/src/fmt/mod.rs:1115:17
[INFO] [stderr]      5:     0x55a7709be7a5 - std::io::Write::write_fmt::h360fa85b30182555
[INFO] [stderr]                                  at /rustc/c8dfcfe046a7680554bf4eb612bad840e7631c4b/library/std/src/io/mod.rs:1665:15
[INFO] [stderr]      6:     0x55a7709c46eb - std::sys_common::backtrace::_print::ha1f00492f406a015
[INFO] [stderr]                                  at /rustc/c8dfcfe046a7680554bf4eb612bad840e7631c4b/library/std/src/sys_common/backtrace.rs:49:5
[INFO] [stderr]      7:     0x55a7709c46eb - std::sys_common::backtrace::print::hd54561b13feb6af3
[INFO] [stderr]                                  at /rustc/c8dfcfe046a7680554bf4eb612bad840e7631c4b/library/std/src/sys_common/backtrace.rs:36:9
[INFO] [stderr]      8:     0x55a7709c46eb - std::panicking::default_hook::{{closure}}::h84fe124cd0864662
[INFO] [stderr]                                  at /rustc/c8dfcfe046a7680554bf4eb612bad840e7631c4b/library/std/src/panicking.rs:208:50
[INFO] [stderr]      9:     0x55a7709c41c1 - std::panicking::default_hook::h5a8e74a76ce290a7
[INFO] [stderr]                                  at /rustc/c8dfcfe046a7680554bf4eb612bad840e7631c4b/library/std/src/panicking.rs:225:9
[INFO] [stderr]     10:     0x55a7709c4db4 - std::panicking::rust_panic_with_hook::h67c812a4fe9d4c91
[INFO] [stderr]                                  at /rustc/c8dfcfe046a7680554bf4eb612bad840e7631c4b/library/std/src/panicking.rs:622:17
[INFO] [stderr]     11:     0x55a7709c4897 - std::panicking::begin_panic_handler::{{closure}}::h33f9c1b96af300d7
[INFO] [stderr]                                  at /rustc/c8dfcfe046a7680554bf4eb612bad840e7631c4b/library/std/src/panicking.rs:519:13
[INFO] [stderr]     12:     0x55a7709c260c - std::sys_common::backtrace::__rust_end_short_backtrace::h51bae64be5921f0e
[INFO] [stderr]                                  at /rustc/c8dfcfe046a7680554bf4eb612bad840e7631c4b/library/std/src/sys_common/backtrace.rs:141:18
[INFO] [stderr]     13:     0x55a7709c47f9 - rust_begin_unwind
[INFO] [stderr]                                  at /rustc/c8dfcfe046a7680554bf4eb612bad840e7631c4b/library/std/src/panicking.rs:515:5
[INFO] [stderr]     14:     0x55a770947c1b - std::panicking::begin_panic_fmt::h7ab3d84aa4ae32a2
[INFO] [stderr]                                  at /rustc/c8dfcfe046a7680554bf4eb612bad840e7631c4b/library/std/src/panicking.rs:457:5
[INFO] [stderr]     15:     0x55a770951943 - cmake::fail::h32799c1b977be99d
[INFO] [stderr]                                  at /opt/rustwide/cargo-home/registry/src/github.com-1ecc6299db9ec823/cmake-0.1.33/src/lib.rs:773:5
[INFO] [stderr]     16:     0x55a770951351 - cmake::run::h745676205369bce8
[INFO] [stderr]                                  at /opt/rustwide/cargo-home/registry/src/github.com-1ecc6299db9ec823/cmake-0.1.33/src/lib.rs:754:9
[INFO] [stderr]     17:     0x55a77094e534 - cmake::Config::build::ha0e36af8bde82dcc
[INFO] [stderr]                                  at /opt/rustwide/cargo-home/registry/src/github.com-1ecc6299db9ec823/cmake-0.1.33/src/lib.rs:666:9
[INFO] [stderr]     18:     0x55a770948c74 - build_script_build::main::h1fe74bf6b83e3597
[INFO] [stderr]                                  at /opt/rustwide/cargo-home/registry/src/github.com-1ecc6299db9ec823/wabt-sys-0.2.0/build.rs:7:15
[INFO] [stderr]     19:     0x55a77094a4eb - core::ops::function::FnOnce::call_once::hb81687aaeb5eccbb
[INFO] [stderr]                                  at /rustc/c8dfcfe046a7680554bf4eb612bad840e7631c4b/library/core/src/ops/function.rs:227:5
[INFO] [stderr]     20:     0x55a770949bbe - std::sys_common::backtrace::__rust_begin_short_backtrace::h9741df7eb8f7fe46
[INFO] [stderr]                                  at /rustc/c8dfcfe046a7680554bf4eb612bad840e7631c4b/library/std/src/sys_common/backtrace.rs:125:18
[INFO] [stderr]     21:     0x55a77094a921 - std::rt::lang_start::{{closure}}::hebc195b1de019de9
[INFO] [stderr]                                  at /rustc/c8dfcfe046a7680554bf4eb612bad840e7631c4b/library/std/src/rt.rs:63:18
[INFO] [stderr]     22:     0x55a7709c52ba - core::ops::function::impls::<impl core::ops::function::FnOnce<A> for &F>::call_once::ha9408abe89f69dc4
[INFO] [stderr]                                  at /rustc/c8dfcfe046a7680554bf4eb612bad840e7631c4b/library/core/src/ops/function.rs:259:13
[INFO] [stderr]     23:     0x55a7709c52ba - std::panicking::try::do_call::h5b0cc9e9102acb65
[INFO] [stderr]                                  at /rustc/c8dfcfe046a7680554bf4eb612bad840e7631c4b/library/std/src/panicking.rs:401:40
[INFO] [stderr]     24:     0x55a7709c52ba - std::panicking::try::hddc7f8229138b3ba
[INFO] [stderr]                                  at /rustc/c8dfcfe046a7680554bf4eb612bad840e7631c4b/library/std/src/panicking.rs:365:19
[INFO] [stderr]     25:     0x55a7709c52ba - std::panic::catch_unwind::hfa401ff8bab2986e
[INFO] [stderr]                                  at /rustc/c8dfcfe046a7680554bf4eb612bad840e7631c4b/library/std/src/panic.rs:434:14
[INFO] [stderr]     26:     0x55a7709c52ba - std::rt::lang_start_internal::{{closure}}::h8163422320d11405
[INFO] [stderr]                                  at /rustc/c8dfcfe046a7680554bf4eb612bad840e7631c4b/library/std/src/rt.rs:45:48
[INFO] [stderr]     27:     0x55a7709c52ba - std::panicking::try::do_call::hc742cc7bb4f0fb20
[INFO] [stderr]                                  at /rustc/c8dfcfe046a7680554bf4eb612bad840e7631c4b/library/std/src/panicking.rs:401:40
[INFO] [stderr]     28:     0x55a7709c52ba - std::panicking::try::ha37d8d2dd1acf7d3
[INFO] [stderr]                                  at /rustc/c8dfcfe046a7680554bf4eb612bad840e7631c4b/library/std/src/panicking.rs:365:19
[INFO] [stderr]     29:     0x55a7709c52ba - std::panic::catch_unwind::h8a5381d5ecf437bc
[INFO] [stderr]                                  at /rustc/c8dfcfe046a7680554bf4eb612bad840e7631c4b/library/std/src/panic.rs:434:14
[INFO] [stderr]     30:     0x55a7709c52ba - std::rt::lang_start_internal::h7e2cee8c90d4a4d3
[INFO] [stderr]                                  at /rustc/c8dfcfe046a7680554bf4eb612bad840e7631c4b/library/std/src/rt.rs:45:20
[INFO] [stderr]     31:     0x55a77094a8f0 - std::rt::lang_start::h7d9a99c59d9c8a6c
[INFO] [stderr]                                  at /rustc/c8dfcfe046a7680554bf4eb612bad840e7631c4b/library/std/src/rt.rs:62:5
[INFO] [stderr]     32:     0x55a77094952c - main
[INFO] [stderr]     33:     0x7f19cea170b3 - __libc_start_main
[INFO] [stderr]     34:     0x55a770948b2e - _start
[INFO] [stderr]     35:                0x0 - <unknown>
[INFO] [stderr] warning: build failed, waiting for other jobs to finish...
[INFO] [stderr] error: build failed
[INFO] running `Command { std: "docker" "inspect" "585517a6dfe3fa174ba48665008c5ff0e8bf9100cfe95cb6fddd1609703e2e65", kill_on_drop: false }`
[INFO] running `Command { std: "docker" "rm" "-f" "585517a6dfe3fa174ba48665008c5ff0e8bf9100cfe95cb6fddd1609703e2e65", kill_on_drop: false }`
[INFO] [stdout] 585517a6dfe3fa174ba48665008c5ff0e8bf9100cfe95cb6fddd1609703e2e65
