[INFO] cloning repository https://github.com/pepijnd/fluid-rs
[INFO] running `Command { std: "git" "-c" "credential.helper=" "-c" "credential.helper=/workspace/cargo-home/bin/git-credential-null" "clone" "--bare" "https://github.com/pepijnd/fluid-rs" "/workspace/cache/git-repos/https%3A%2F%2Fgithub.com%2Fpepijnd%2Ffluid-rs", kill_on_drop: false }`
[INFO] [stderr] Cloning into bare repository '/workspace/cache/git-repos/https%3A%2F%2Fgithub.com%2Fpepijnd%2Ffluid-rs'...
[INFO] running `Command { std: "git" "rev-parse" "HEAD", kill_on_drop: false }`
[INFO] [stdout] 60d88ccc3a04ac428b7c343563856620d791c1a2
[INFO] checking pepijnd/fluid-rs against beta-2021-10-15 for beta-1.56-3
[INFO] running `Command { std: "git" "clone" "/workspace/cache/git-repos/https%3A%2F%2Fgithub.com%2Fpepijnd%2Ffluid-rs" "/workspace/builds/worker-1/source", kill_on_drop: false }`
[INFO] [stderr] Cloning into '/workspace/builds/worker-1/source'...
[INFO] [stderr] done.
[INFO] validating manifest of git repo https://github.com/pepijnd/fluid-rs on toolchain beta-2021-10-15
[INFO] running `Command { std: "/workspace/cargo-home/bin/cargo" "+beta-2021-10-15" "metadata" "--manifest-path" "Cargo.toml" "--no-deps", kill_on_drop: false }`
[INFO] started tweaking git repo https://github.com/pepijnd/fluid-rs
[INFO] finished tweaking git repo https://github.com/pepijnd/fluid-rs
[INFO] tweaked toml for git repo https://github.com/pepijnd/fluid-rs written to /workspace/builds/worker-1/source/Cargo.toml
[INFO] crate git repo https://github.com/pepijnd/fluid-rs already has a lockfile, it will not be regenerated
[INFO] running `Command { std: "/workspace/cargo-home/bin/cargo" "+beta-2021-10-15" "fetch" "--manifest-path" "Cargo.toml", kill_on_drop: false }`
[INFO] [stderr]  Downloading crates ...
[INFO] [stderr]   Downloaded wasm-bindgen-macro v0.2.33
[INFO] [stderr]   Downloaded rand_jitter v0.1.2
[INFO] [stderr]   Downloaded wasm-bindgen-shared v0.2.33
[INFO] [stderr]   Downloaded wasm-bindgen v0.2.33
[INFO] [stderr]   Downloaded wasm-bindgen-backend v0.2.33
[INFO] [stderr]   Downloaded wasm-bindgen-macro-support v0.2.33
[INFO] running `Command { std: "docker" "create" "-v" "/var/lib/crater-agent-workspace/builds/worker-1/target:/opt/rustwide/target:rw,Z" "-v" "/var/lib/crater-agent-workspace/builds/worker-1/source:/opt/rustwide/workdir:ro,Z" "-v" "/var/lib/crater-agent-workspace/cargo-home:/opt/rustwide/cargo-home:ro,Z" "-v" "/var/lib/crater-agent-workspace/rustup-home:/opt/rustwide/rustup-home:ro,Z" "-e" "SOURCE_DIR=/opt/rustwide/workdir" "-e" "CARGO_TARGET_DIR=/opt/rustwide/target" "-e" "CARGO_HOME=/opt/rustwide/cargo-home" "-e" "RUSTUP_HOME=/opt/rustwide/rustup-home" "-w" "/opt/rustwide/workdir" "-m" "1610612736" "--user" "0:0" "--network" "none" "ghcr.io/rust-lang/crates-build-env/linux@sha256:a89201d6b5b9fd45c15d5952ece0a0129e7e80cb26ec023fd59cf09bc26f1604" "/opt/rustwide/cargo-home/bin/cargo" "+beta-2021-10-15" "metadata" "--no-deps" "--format-version=1", kill_on_drop: false }`
[INFO] [stdout] 43ae84c195e06c84a6af127cb7df90a0340778ad0f8c468c3a1c9414246b2342
[INFO] [stderr] WARNING: Your kernel does not support swap limit capabilities or the cgroup is not mounted. Memory limited without swap.
[INFO] running `Command { std: "docker" "start" "-a" "43ae84c195e06c84a6af127cb7df90a0340778ad0f8c468c3a1c9414246b2342", kill_on_drop: false }`
[INFO] running `Command { std: "docker" "inspect" "43ae84c195e06c84a6af127cb7df90a0340778ad0f8c468c3a1c9414246b2342", kill_on_drop: false }`
[INFO] running `Command { std: "docker" "rm" "-f" "43ae84c195e06c84a6af127cb7df90a0340778ad0f8c468c3a1c9414246b2342", kill_on_drop: false }`
[INFO] [stdout] 43ae84c195e06c84a6af127cb7df90a0340778ad0f8c468c3a1c9414246b2342
[INFO] running `Command { std: "docker" "create" "-v" "/var/lib/crater-agent-workspace/builds/worker-1/target:/opt/rustwide/target:rw,Z" "-v" "/var/lib/crater-agent-workspace/builds/worker-1/source:/opt/rustwide/workdir:ro,Z" "-v" "/var/lib/crater-agent-workspace/cargo-home:/opt/rustwide/cargo-home:ro,Z" "-v" "/var/lib/crater-agent-workspace/rustup-home:/opt/rustwide/rustup-home:ro,Z" "-e" "SOURCE_DIR=/opt/rustwide/workdir" "-e" "CARGO_TARGET_DIR=/opt/rustwide/target" "-e" "CARGO_INCREMENTAL=0" "-e" "RUST_BACKTRACE=full" "-e" "RUSTFLAGS=--cap-lints=warn" "-e" "CARGO_HOME=/opt/rustwide/cargo-home" "-e" "RUSTUP_HOME=/opt/rustwide/rustup-home" "-w" "/opt/rustwide/workdir" "-m" "1610612736" "--user" "0:0" "--network" "none" "ghcr.io/rust-lang/crates-build-env/linux@sha256:a89201d6b5b9fd45c15d5952ece0a0129e7e80cb26ec023fd59cf09bc26f1604" "/opt/rustwide/cargo-home/bin/cargo" "+beta-2021-10-15" "check" "--frozen" "--all" "--all-targets" "--message-format=json", kill_on_drop: false }`
[INFO] [stdout] 6e0cec40af64bdc8b384f2ac577aaa010109c8c2ec6e8ace7426ff86ff68764f
[INFO] [stderr] WARNING: Your kernel does not support swap limit capabilities or the cgroup is not mounted. Memory limited without swap.
[INFO] running `Command { std: "docker" "start" "-a" "6e0cec40af64bdc8b384f2ac577aaa010109c8c2ec6e8ace7426ff86ff68764f", kill_on_drop: false }`
[INFO] [stderr]    Compiling wasm-bindgen-shared v0.2.33
[INFO] [stderr]    Compiling byteorder v1.3.1
[INFO] [stderr]    Compiling wasm-bindgen v0.2.33
[INFO] [stderr]     Checking rand_jitter v0.1.2
[INFO] [stderr]     Checking rand_os v0.1.2
[INFO] [stderr]    Compiling syn v0.15.26
[INFO] [stderr]     Checking rand v0.6.5
[INFO] [stderr]     Checking hashbrown v0.1.8
[INFO] [stderr]    Compiling wasm-bindgen-backend v0.2.33
[INFO] [stderr]    Compiling wasm-bindgen-macro-support v0.2.33
[INFO] [stderr]    Compiling wasm-bindgen-macro v0.2.33
[INFO] [stderr]     Checking fluid-rust v0.1.0 (/opt/rustwide/workdir)
[INFO] [stdout] error[E0433]: failed to resolve: use of undeclared crate or module `fluid_rust`
[INFO] [stdout]   --> benches/bench_fluid.rs:31:9
[INFO] [stdout]    |
[INFO] [stdout] 31 |     use fluid_rust::spatial::{Fluid, FluidDomain, SimulationSettings};
[INFO] [stdout]    |         ^^^^^^^^^^ use of undeclared crate or module `fluid_rust`
[INFO] [stdout] 
[INFO] [stdout] 
[INFO] [stdout] error[E0433]: failed to resolve: use of undeclared crate or module `fluid_rust`
[INFO] [stdout]   --> benches/bench_fluid.rs:56:9
[INFO] [stdout]    |
[INFO] [stdout] 56 |     use fluid_rust::spatial_vec::{Fluid, FluidDomain, SimulationSettings};
[INFO] [stdout]    |         ^^^^^^^^^^ use of undeclared crate or module `fluid_rust`
[INFO] [stdout] 
[INFO] [stdout] 
[INFO] [stdout] error[E0432]: unresolved import `fluid_rust`
[INFO] [stdout]  --> benches/bench_fluid.rs:6:9
[INFO] [stdout]   |
[INFO] [stdout] 6 |     use fluid_rust::{Fluid, FluidDomain, SimulationSettings};
[INFO] [stdout]   |         ^^^^^^^^^^ use of undeclared crate or module `fluid_rust`
[INFO] [stdout] 
[INFO] [stdout] 
[INFO] [stdout] error[E0433]: failed to resolve: use of undeclared type `Fluid`
[INFO] [stdout]   --> benches/bench_fluid.rs:36:39
[INFO] [stdout]    |
[INFO] [stdout] 36 |             let mut fluid = black_box(Fluid::new(
[INFO] [stdout]    |                                       ^^^^^ use of undeclared type `Fluid`
[INFO] [stdout] 
[INFO] [stdout] 
[INFO] [stdout] error[E0433]: failed to resolve: use of undeclared type `FluidDomain`
[INFO] [stdout]   --> benches/bench_fluid.rs:38:17
[INFO] [stdout]    |
[INFO] [stdout] 38 |                 FluidDomain::new(1000, 1000),
[INFO] [stdout]    |                 ^^^^^^^^^^^ use of undeclared type `FluidDomain`
[INFO] [stdout] 
[INFO] [stdout] 
[INFO] [stdout] error[E0433]: failed to resolve: use of undeclared type `SimulationSettings`
[INFO] [stdout]   --> benches/bench_fluid.rs:39:17
[INFO] [stdout]    |
[INFO] [stdout] 39 |                 SimulationSettings::new(
[INFO] [stdout]    |                 ^^^^^^^^^^^^^^^^^^ use of undeclared type `SimulationSettings`
[INFO] [stdout] 
[INFO] [stdout] 
[INFO] [stdout] error[E0433]: failed to resolve: use of undeclared type `Fluid`
[INFO] [stdout]   --> benches/bench_fluid.rs:61:39
[INFO] [stdout]    |
[INFO] [stdout] 61 |             let mut fluid = black_box(Fluid::new(
[INFO] [stdout]    |                                       ^^^^^ use of undeclared type `Fluid`
[INFO] [stdout] 
[INFO] [stdout] 
[INFO] [stdout] error[E0433]: failed to resolve: use of undeclared type `FluidDomain`
[INFO] [stdout]   --> benches/bench_fluid.rs:63:17
[INFO] [stdout]    |
[INFO] [stdout] 63 |                 FluidDomain::new(1000, 1000),
[INFO] [stdout]    |                 ^^^^^^^^^^^ use of undeclared type `FluidDomain`
[INFO] [stdout] 
[INFO] [stdout] 
[INFO] [stdout] error[E0433]: failed to resolve: use of undeclared type `SimulationSettings`
[INFO] [stdout]   --> benches/bench_fluid.rs:64:17
[INFO] [stdout]    |
[INFO] [stdout] 64 |                 SimulationSettings::new(
[INFO] [stdout]    |                 ^^^^^^^^^^^^^^^^^^ use of undeclared type `SimulationSettings`
[INFO] [stdout] 
[INFO] [stdout] 
[INFO] [stdout] error[E0554]: `#![feature]` may not be used on the beta release channel
[INFO] [stdout]  --> benches/bench_fluid.rs:1:1
[INFO] [stdout]   |
[INFO] [stdout] 1 | #![feature(test)]
[INFO] [stdout]   | ^^^^^^^^^^^^^^^^^
[INFO] [stdout] 
[INFO] [stdout] 
[INFO] [stdout] error: aborting due to 10 previous errors
[INFO] [stdout] 
[INFO] [stdout] 
[INFO] [stdout] Some errors have detailed explanations: E0432, E0433, E0554.
[INFO] [stdout] 
[INFO] [stdout] For more information about an error, try `rustc --explain E0432`.
[INFO] [stdout] 
[INFO] [stderr] error: could not compile `fluid-rust` due to 11 previous errors
[INFO] [stderr] warning: build failed, waiting for other jobs to finish...
[INFO] [stdout] warning: unused import: `hashbrown::HashMap`
[INFO] [stdout]  --> src/fluid/spatial_vec.rs:2:5
[INFO] [stdout]   |
[INFO] [stdout] 2 | use hashbrown::HashMap;
[INFO] [stdout]   |     ^^^^^^^^^^^^^^^^^^
[INFO] [stdout]   |
[INFO] [stdout]   = note: `#[warn(unused_imports)]` on by default
[INFO] [stdout] 
[INFO] [stdout] 
[INFO] [stdout] warning: unused import: `hashbrown::HashMap`
[INFO] [stdout]  --> src/fluid/spatial_vec.rs:2:5
[INFO] [stdout]   |
[INFO] [stdout] 2 | use hashbrown::HashMap;
[INFO] [stdout]   |     ^^^^^^^^^^^^^^^^^^
[INFO] [stdout]   |
[INFO] [stdout]   = note: `#[warn(unused_imports)]` on by default
[INFO] [stdout] 
[INFO] [stdout] 
[INFO] [stdout] warning: 1 warning emitted
[INFO] [stdout] 
[INFO] [stdout] 
[INFO] [stdout] warning: 1 warning emitted
[INFO] [stdout] 
[INFO] [stdout] 
[INFO] [stderr] error: build failed
[INFO] running `Command { std: "docker" "inspect" "6e0cec40af64bdc8b384f2ac577aaa010109c8c2ec6e8ace7426ff86ff68764f", kill_on_drop: false }`
[INFO] running `Command { std: "docker" "rm" "-f" "6e0cec40af64bdc8b384f2ac577aaa010109c8c2ec6e8ace7426ff86ff68764f", kill_on_drop: false }`
[INFO] [stdout] 6e0cec40af64bdc8b384f2ac577aaa010109c8c2ec6e8ace7426ff86ff68764f
