[INFO] cloning repository https://github.com/pengowen123/horde_survival
[INFO] running `Command { std: "git" "-c" "credential.helper=" "-c" "credential.helper=/workspace/cargo-home/bin/git-credential-null" "clone" "--bare" "https://github.com/pengowen123/horde_survival" "/workspace/cache/git-repos/https%3A%2F%2Fgithub.com%2Fpengowen123%2Fhorde_survival", kill_on_drop: false }`
[INFO] [stderr] Cloning into bare repository '/workspace/cache/git-repos/https%3A%2F%2Fgithub.com%2Fpengowen123%2Fhorde_survival'...
[INFO] running `Command { std: "git" "rev-parse" "HEAD", kill_on_drop: false }`
[INFO] [stdout] 7ca60250964533c503c3e5da5f5d1fc0641e3e82
[INFO] checking pengowen123/horde_survival against 1.55.0 for beta-1.56-3
[INFO] running `Command { std: "git" "clone" "/workspace/cache/git-repos/https%3A%2F%2Fgithub.com%2Fpengowen123%2Fhorde_survival" "/workspace/builds/worker-13/source", kill_on_drop: false }`
[INFO] [stderr] Cloning into '/workspace/builds/worker-13/source'...
[INFO] [stderr] done.
[INFO] validating manifest of git repo https://github.com/pengowen123/horde_survival on toolchain 1.55.0
[INFO] running `Command { std: "/workspace/cargo-home/bin/cargo" "+1.55.0" "metadata" "--manifest-path" "Cargo.toml" "--no-deps", kill_on_drop: false }`
[INFO] started tweaking git repo https://github.com/pengowen123/horde_survival
[INFO] finished tweaking git repo https://github.com/pengowen123/horde_survival
[INFO] tweaked toml for git repo https://github.com/pengowen123/horde_survival written to /workspace/builds/worker-13/source/Cargo.toml
[INFO] crate git repo https://github.com/pengowen123/horde_survival already has a lockfile, it will not be regenerated
[INFO] running `Command { std: "/workspace/cargo-home/bin/cargo" "+1.55.0" "fetch" "--manifest-path" "Cargo.toml", kill_on_drop: false }`
[INFO] [stderr]     Blocking waiting for file lock on package cache
[INFO] [stderr]     Blocking waiting for file lock on package cache
[INFO] running `Command { std: "docker" "create" "-v" "/var/lib/crater-agent-workspace/builds/worker-13/target:/opt/rustwide/target:rw,Z" "-v" "/var/lib/crater-agent-workspace/builds/worker-13/source:/opt/rustwide/workdir:ro,Z" "-v" "/var/lib/crater-agent-workspace/cargo-home:/opt/rustwide/cargo-home:ro,Z" "-v" "/var/lib/crater-agent-workspace/rustup-home:/opt/rustwide/rustup-home:ro,Z" "-e" "SOURCE_DIR=/opt/rustwide/workdir" "-e" "CARGO_TARGET_DIR=/opt/rustwide/target" "-e" "CARGO_HOME=/opt/rustwide/cargo-home" "-e" "RUSTUP_HOME=/opt/rustwide/rustup-home" "-w" "/opt/rustwide/workdir" "-m" "1610612736" "--user" "0:0" "--network" "none" "ghcr.io/rust-lang/crates-build-env/linux@sha256:a89201d6b5b9fd45c15d5952ece0a0129e7e80cb26ec023fd59cf09bc26f1604" "/opt/rustwide/cargo-home/bin/cargo" "+1.55.0" "metadata" "--no-deps" "--format-version=1", kill_on_drop: false }`
[INFO] [stdout] d5fb193843fd28ffdaaad534827e7d7acfbffa15e11566ace693363b53cdbef1
[INFO] [stderr] WARNING: Your kernel does not support swap limit capabilities or the cgroup is not mounted. Memory limited without swap.
[INFO] running `Command { std: "docker" "start" "-a" "d5fb193843fd28ffdaaad534827e7d7acfbffa15e11566ace693363b53cdbef1", kill_on_drop: false }`
[INFO] running `Command { std: "docker" "inspect" "d5fb193843fd28ffdaaad534827e7d7acfbffa15e11566ace693363b53cdbef1", kill_on_drop: false }`
[INFO] running `Command { std: "docker" "rm" "-f" "d5fb193843fd28ffdaaad534827e7d7acfbffa15e11566ace693363b53cdbef1", kill_on_drop: false }`
[INFO] [stdout] d5fb193843fd28ffdaaad534827e7d7acfbffa15e11566ace693363b53cdbef1
[INFO] running `Command { std: "docker" "create" "-v" "/var/lib/crater-agent-workspace/builds/worker-13/target:/opt/rustwide/target:rw,Z" "-v" "/var/lib/crater-agent-workspace/builds/worker-13/source:/opt/rustwide/workdir:ro,Z" "-v" "/var/lib/crater-agent-workspace/cargo-home:/opt/rustwide/cargo-home:ro,Z" "-v" "/var/lib/crater-agent-workspace/rustup-home:/opt/rustwide/rustup-home:ro,Z" "-e" "SOURCE_DIR=/opt/rustwide/workdir" "-e" "CARGO_TARGET_DIR=/opt/rustwide/target" "-e" "CARGO_INCREMENTAL=0" "-e" "RUST_BACKTRACE=full" "-e" "RUSTFLAGS=--cap-lints=warn" "-e" "CARGO_HOME=/opt/rustwide/cargo-home" "-e" "RUSTUP_HOME=/opt/rustwide/rustup-home" "-w" "/opt/rustwide/workdir" "-m" "1610612736" "--user" "0:0" "--network" "none" "ghcr.io/rust-lang/crates-build-env/linux@sha256:a89201d6b5b9fd45c15d5952ece0a0129e7e80cb26ec023fd59cf09bc26f1604" "/opt/rustwide/cargo-home/bin/cargo" "+1.55.0" "check" "--frozen" "--all" "--all-targets" "--message-format=json", kill_on_drop: false }`
[INFO] [stderr] WARNING: Your kernel does not support swap limit capabilities or the cgroup is not mounted. Memory limited without swap.
[INFO] [stdout] 2e74a9112549e96cf9528f1f5c179870477507efc4bd4757b76023def87b5152
[INFO] running `Command { std: "docker" "start" "-a" "2e74a9112549e96cf9528f1f5c179870477507efc4bd4757b76023def87b5152", kill_on_drop: false }`
[INFO] [stderr]    Compiling log v0.4.7
[INFO] [stderr]    Compiling arrayvec v0.4.11
[INFO] [stderr]    Compiling syn v0.15.40
[INFO] [stderr]    Compiling serde v1.0.97
[INFO] [stderr]    Compiling slog v2.5.0
[INFO] [stderr]    Compiling nonzero_signed v1.0.3
[INFO] [stderr]     Checking RustyXML v0.1.1
[INFO] [stderr]     Checking piston-texture v0.6.0
[INFO] [stderr]     Checking tuple_utils v0.2.0
[INFO] [stderr]     Checking takeable-option v0.5.0
[INFO] [stderr]     Checking mint v0.2.0
[INFO] [stderr]    Compiling num-integer v0.1.41
[INFO] [stderr]    Compiling rand_pcg v0.1.2
[INFO] [stderr]    Compiling rand_chacha v0.1.1
[INFO] [stderr]    Compiling rand v0.6.5
[INFO] [stderr]    Compiling num-complex v0.2.3
[INFO] [stderr]    Compiling libloading v0.5.2
[INFO] [stderr]    Compiling libz-sys v1.0.25
[INFO] [stderr]    Compiling freetype-sys v0.7.1
[INFO] [stderr]     Checking quaternion v0.4.0
[INFO] [stderr]     Checking daggy v0.5.0
[INFO] [stderr]     Checking rand v0.4.6
[INFO] [stderr]     Checking rand_os v0.1.3
[INFO] [stderr]     Checking memmap v0.7.0
[INFO] [stderr]     Checking rand v0.5.6
[INFO] [stderr]     Checking shared_library v0.1.9
[INFO] [stderr]     Checking time v0.1.42
[INFO] [stderr]     Checking atty v0.2.13
[INFO] [stderr]     Checking dirs v1.0.5
[INFO] [stderr]     Checking directories v1.0.2
[INFO] [stderr]     Checking draw_state v0.8.0
[INFO] [stderr]     Checking nix v0.14.1
[INFO] [stderr]     Checking stb_truetype v0.2.6
[INFO] [stderr]     Checking x11-dl v2.18.3
[INFO] [stderr]     Checking num-traits v0.1.43
[INFO] [stderr]     Checking approx v0.3.2
[INFO] [stderr]     Checking ordered-float v1.0.2
[INFO] [stderr]     Checking num-complex v0.1.43
[INFO] [stderr]     Checking dual_quaternion v0.1.0
[INFO] [stderr]     Checking clap v2.33.0
[INFO] [stderr]    Compiling conrod_derive v0.1.2
[INFO] [stderr]     Checking regex v0.2.11
[INFO] [stderr]     Checking term v0.5.2
[INFO] [stderr]     Checking osmesa-sys v0.1.2
[INFO] [stderr]     Checking line_drawing v0.7.0
[INFO] [stderr]     Checking ordered-float v0.5.2
[INFO] [stderr]     Checking enum_primitive v0.1.1
[INFO] [stderr]     Checking cgmath v0.16.1
[INFO] [stderr]     Checking rand v0.3.23
[INFO] [stderr]     Checking collada v0.11.0
[INFO] [stderr]     Checking log v0.3.9
[INFO] [stderr]    Compiling gl_generator v0.11.0
[INFO] [stderr]     Checking parking_lot_core v0.3.1
[INFO] [stderr]     Checking dlib v0.4.1
[INFO] [stderr]     Checking cgmath v0.14.1
[INFO] [stderr]     Checking slog-async v2.3.0
[INFO] [stderr]     Checking num-iter v0.1.39
[INFO] [stderr]     Checking num-bigint v0.1.44
[INFO] [stderr]     Checking num-rational v0.2.2
[INFO] [stderr]     Checking chrono v0.4.7
[INFO] [stderr]     Checking crossbeam-epoch v0.7.1
[INFO] [stderr]     Checking rusttype v0.7.7
[INFO] [stderr]     Checking crossbeam-epoch v0.5.2
[INFO] [stderr]     Checking crossbeam-epoch v0.6.1
[INFO] [stderr]     Checking rusttype v0.5.2
[INFO] [stderr]     Checking wayland-sys v0.21.13
[INFO] [stderr]     Checking freetype-rs v0.20.0
[INFO] [stderr]     Checking parking_lot v0.6.4
[INFO] [stderr]     Checking alga v0.9.1
[INFO] [stderr]     Checking alga v0.7.2
[INFO] [stderr]     Checking png v0.14.1
[INFO] [stderr]     Checking png v0.8.0
[INFO] [stderr]     Checking crossbeam-deque v0.6.3
[INFO] [stderr]     Checking crossbeam-deque v0.5.2
[INFO] [stderr]     Checking andrew v0.2.1
[INFO] [stderr]     Checking slog-term v2.4.1
[INFO] [stderr]     Checking parking_lot_core v0.4.0
[INFO] [stderr]     Checking num-rational v0.1.42
[INFO] [stderr]     Checking crossbeam-channel v0.2.6
[INFO] [stderr]     Checking rayon-core v1.5.0
[INFO] [stderr]    Compiling gfx_gl v0.6.0
[INFO] [stderr]    Compiling glutin_egl_sys v0.1.3
[INFO] [stderr]    Compiling glutin_glx_sys v0.1.5
[INFO] [stderr]     Checking nalgebra v0.18.0
[INFO] [stderr]     Checking num v0.1.42
[INFO] [stderr]     Checking parking_lot v0.7.1
[INFO] [stderr]     Checking genmesh v0.5.0
[INFO] [stderr]     Checking crossbeam v0.4.1
[INFO] [stderr]     Checking rayon v1.1.0
[INFO] [stderr]     Checking obj v0.8.2
[INFO] [stderr]     Checking wayland-commons v0.21.13
[INFO] [stderr]     Checking wayland-client v0.21.13
[INFO] [stderr]     Checking jpeg-decoder v0.1.15
[INFO] [stderr]     Checking shred v0.7.2
[INFO] [stderr]     Checking hibitset v0.5.4
[INFO] [stderr]     Checking image v0.14.0
[INFO] [stderr]     Checking wayland-protocols v0.21.13
[INFO] [stderr]    Compiling derivative v1.0.2
[INFO] [stderr]    Compiling num-derive v0.2.5
[INFO] [stderr]    Compiling serde_derive v1.0.97
[INFO] [stderr]    Compiling structopt-derive v0.2.18
[INFO] [stderr]    Compiling shred-derive v0.5.1
[INFO] [stderr]     Checking smithay-client-toolkit v0.4.6
[INFO] [stderr]     Checking winit v0.19.1
[INFO] [stderr]     Checking structopt v0.2.18
[INFO] [stderr]     Checking gfx_core v0.8.3
[INFO] [stderr]     Checking gfx_core v0.9.1
[INFO] [stderr]     Checking specs v0.14.3
[INFO] [stderr]     Checking tiff v0.2.2
[INFO] [stderr]     Checking glutin v0.21.0
[INFO] [stderr]     Checking image v0.21.2
[INFO] [stderr]     Checking gfx v0.18.1
[INFO] [stderr]     Checking gfx_device_gl v0.16.1
[INFO] [stderr]     Checking gfx v0.17.1
[INFO] [stderr]     Checking gfx_window_glutin v0.31.0
[INFO] [stderr]     Checking gfx_text v0.24.0
[INFO] [stderr]     Checking piston-gfx_texture v0.36.0
[INFO] [stderr]     Checking gfx_debug_draw v0.24.0
[INFO] [stderr]     Checking skeletal_animation v0.31.0 (https://github.com/pengowen123/skeletal_animation?branch=horde#4708e1fa)
[INFO] [stderr]     Checking ncollide3d v0.19.2
[INFO] [stderr]     Checking pistoncore-input v0.21.0
[INFO] [stderr]     Checking ron v0.3.0
[INFO] [stderr]     Checking conrod v0.60.0 (https://github.com/pengowen123/conrod?branch=horde#eb260c16)
[INFO] [stderr]     Checking nphysics3d v0.11.1
[INFO] [stderr]     Checking common v0.1.0 (/opt/rustwide/workdir/common)
[INFO] [stdout] error[E0433]: failed to resolve: maybe a missing crate `common`?
[INFO] [stdout]    --> common/src/components/graphics/particles.rs:195:9
[INFO] [stdout]     |
[INFO] [stdout] 195 |     use common::cgmath::{self, EuclideanSpace, Zero};
[INFO] [stdout]     |         ^^^^^^ maybe a missing crate `common`?
[INFO] [stdout] 
[INFO] [stdout] 
[INFO] [stdout] error[E0432]: unresolved import `common`
[INFO] [stdout]    --> common/src/components/graphics/particles.rs:195:9
[INFO] [stdout]     |
[INFO] [stdout] 195 |     use common::cgmath::{self, EuclideanSpace, Zero};
[INFO] [stdout]     |         ^^^^^^ maybe a missing crate `common`?
[INFO] [stdout] 
[INFO] [stdout] 
[INFO] [stdout] warning: trait objects without an explicit `dyn` are deprecated
[INFO] [stdout]   --> common/src/components/graphics/particles.rs:11:32
[INFO] [stdout]    |
[INFO] [stdout] 11 | pub type SpawnParticleFn = Box<FnMut(&cgmath::Point3<f32>) -> Particle + Send + Sync>;
[INFO] [stdout]    |                                ^^^^^^^^^^^^^^^^^^^^^^^^^^^^^^^^^^^^^^^^^^^^^^^^^^^^^ help: use `dyn`: `dyn FnMut(&cgmath::Point3<f32>) -> Particle + Send + Sync`
[INFO] [stdout]    |
[INFO] [stdout]    = note: `#[warn(bare_trait_objects)]` on by default
[INFO] [stdout]    = warning: this is accepted in the current edition (Rust 2015) but is a hard error in Rust 2021!
[INFO] [stdout]    = note: for more information, see issue #80165 <https://github.com/rust-lang/rust/issues/80165>
[INFO] [stdout] 
[INFO] [stdout] 
[INFO] [stdout] warning: trait objects without an explicit `dyn` are deprecated
[INFO] [stdout]   --> common/src/components/graphics/particles.rs:11:32
[INFO] [stdout]    |
[INFO] [stdout] 11 | pub type SpawnParticleFn = Box<FnMut(&cgmath::Point3<f32>) -> Particle + Send + Sync>;
[INFO] [stdout]    |                                ^^^^^^^^^^^^^^^^^^^^^^^^^^^^^^^^^^^^^^^^^^^^^^^^^^^^^ help: use `dyn`: `dyn FnMut(&cgmath::Point3<f32>) -> Particle + Send + Sync`
[INFO] [stdout]    |
[INFO] [stdout]    = note: `#[warn(bare_trait_objects)]` on by default
[INFO] [stdout]    = warning: this is accepted in the current edition (Rust 2015) but is a hard error in Rust 2021!
[INFO] [stdout]    = note: for more information, see issue #80165 <https://github.com/rust-lang/rust/issues/80165>
[INFO] [stdout] 
[INFO] [stdout] 
[INFO] [stdout] error[E0061]: this function takes 6 arguments but 5 arguments were supplied
[INFO] [stdout]    --> common/src/components/graphics/particles.rs:198:9
[INFO] [stdout]     |
[INFO] [stdout] 198 |         Particle::new([1.0; 4], *pos, cgmath::Vector3::unit_z(), -1.0, 100.0)
[INFO] [stdout]     |         ^^^^^^^^^^^^^ --------  ----  -------------------------  ----  ----- supplied 5 arguments
[INFO] [stdout]     |         |
[INFO] [stdout]     |         expected 6 arguments
[INFO] [stdout]     |
[INFO] [stdout] note: associated function defined here
[INFO] [stdout]    --> common/src/components/graphics/particles.rs:28:12
[INFO] [stdout]     |
[INFO] [stdout] 28  |     pub fn new(
[INFO] [stdout]     |            ^^^
[INFO] [stdout] 29  |         alpha: f32,
[INFO] [stdout]     |         ----------
[INFO] [stdout] 30  |         alpha_falloff: f32,
[INFO] [stdout]     |         ------------------
[INFO] [stdout] 31  |         position: cgmath::Point3<f32>,
[INFO] [stdout]     |         -----------------------------
[INFO] [stdout] 32  |         velocity: cgmath::Vector3<f32>,
[INFO] [stdout]     |         ------------------------------
[INFO] [stdout] 33  |         gravity: f32,
[INFO] [stdout]     |         ------------
[INFO] [stdout] 34  |         lifetime: ::Float,
[INFO] [stdout]     |         -----------------
[INFO] [stdout] 
[INFO] [stdout] 
[INFO] [stdout] error[E0061]: this function takes 4 arguments but 3 arguments were supplied
[INFO] [stdout]    --> common/src/components/graphics/particles.rs:203:26
[INFO] [stdout]     |
[INFO] [stdout] 203 |         let mut source = ParticleSource::new(100, 2.0, Box::new(spawn_particle) as SpawnParticleFn);
[INFO] [stdout]     |                          ^^^^^^^^^^^^^^^^^^^ ---  ---  ------------------------------------------- supplied 3 arguments
[INFO] [stdout]     |                          |
[INFO] [stdout]     |                          expected 4 arguments
[INFO] [stdout]     |
[INFO] [stdout] note: associated function defined here
[INFO] [stdout]    --> common/src/components/graphics/particles.rs:99:12
[INFO] [stdout]     |
[INFO] [stdout] 99  |     pub fn new<F>(
[INFO] [stdout]     |            ^^^
[INFO] [stdout] 100 |         max_particles: usize,
[INFO] [stdout]     |         --------------------
[INFO] [stdout] 101 |         spawn_rate: f32,
[INFO] [stdout]     |         ---------------
[INFO] [stdout] 102 |         spawn_fn: F,
[INFO] [stdout]     |         -----------
[INFO] [stdout] 103 |         texture: handle::ShaderResourceView<R, [f32; 4]>,
[INFO] [stdout]     |         ------------------------------------------------
[INFO] [stdout] 
[INFO] [stdout] 
[INFO] [stdout] error[E0599]: no function or associated item named `origin` found for struct `Point3` in the current scope
[INFO] [stdout]    --> common/src/components/graphics/particles.rs:204:38
[INFO] [stdout]     |
[INFO] [stdout] 204 |         let origin = cgmath::Point3::origin();
[INFO] [stdout]     |                                      ^^^^^^ function or associated item not found in `Point3<_>`
[INFO] [stdout]     |
[INFO] [stdout]     = help: items from traits can only be used if the trait is in scope
[INFO] [stdout]     = note: the following trait is implemented but not in scope; perhaps add a `use` for it:
[INFO] [stdout]             `use cgmath::EuclideanSpace;`
[INFO] [stdout] 
[INFO] [stdout] 
[INFO] [stdout] error[E0599]: no method named `update` found for enum `Result` in the current scope
[INFO] [stdout]    --> common/src/components/graphics/particles.rs:206:16
[INFO] [stdout]     |
[INFO] [stdout] 206 |         source.update(0.25, &origin);
[INFO] [stdout]     |                ^^^^^^ method not found in `Result<particles::ParticleSource<_>, ParticleSourceError>`
[INFO] [stdout] 
[INFO] [stdout] 
[INFO] [stdout] error[E0609]: no field `particles` on type `Result<particles::ParticleSource<_>, ParticleSourceError>`
[INFO] [stdout]    --> common/src/components/graphics/particles.rs:207:27
[INFO] [stdout]     |
[INFO] [stdout] 207 |         assert_eq!(source.particles.len(), 0);
[INFO] [stdout]     |                           ^^^^^^^^^
[INFO] [stdout] 
[INFO] [stdout] 
[INFO] [stdout] error[E0599]: no method named `update` found for enum `Result` in the current scope
[INFO] [stdout]    --> common/src/components/graphics/particles.rs:209:16
[INFO] [stdout]     |
[INFO] [stdout] 209 |         source.update(0.25, &origin);
[INFO] [stdout]     |                ^^^^^^ method not found in `Result<particles::ParticleSource<_>, ParticleSourceError>`
[INFO] [stdout] 
[INFO] [stdout] 
[INFO] [stdout] error[E0609]: no field `particles` on type `Result<particles::ParticleSource<_>, ParticleSourceError>`
[INFO] [stdout]    --> common/src/components/graphics/particles.rs:210:27
[INFO] [stdout]     |
[INFO] [stdout] 210 |         assert_eq!(source.particles.len(), 1);
[INFO] [stdout]     |                           ^^^^^^^^^
[INFO] [stdout] 
[INFO] [stdout] 
[INFO] [stdout] error[E0599]: no method named `update` found for enum `Result` in the current scope
[INFO] [stdout]    --> common/src/components/graphics/particles.rs:212:16
[INFO] [stdout]     |
[INFO] [stdout] 212 |         source.update(0.25, &origin);
[INFO] [stdout]     |                ^^^^^^ method not found in `Result<particles::ParticleSource<_>, ParticleSourceError>`
[INFO] [stdout] 
[INFO] [stdout] 
[INFO] [stdout] error[E0609]: no field `particles` on type `Result<particles::ParticleSource<_>, ParticleSourceError>`
[INFO] [stdout]    --> common/src/components/graphics/particles.rs:213:27
[INFO] [stdout]     |
[INFO] [stdout] 213 |         assert_eq!(source.particles.len(), 1);
[INFO] [stdout]     |                           ^^^^^^^^^
[INFO] [stdout] 
[INFO] [stdout] 
[INFO] [stdout] error[E0599]: no method named `update` found for enum `Result` in the current scope
[INFO] [stdout]    --> common/src/components/graphics/particles.rs:215:16
[INFO] [stdout]     |
[INFO] [stdout] 215 |         source.update(0.25, &origin);
[INFO] [stdout]     |                ^^^^^^ method not found in `Result<particles::ParticleSource<_>, ParticleSourceError>`
[INFO] [stdout] 
[INFO] [stdout] 
[INFO] [stdout] error[E0609]: no field `particles` on type `Result<particles::ParticleSource<_>, ParticleSourceError>`
[INFO] [stdout]    --> common/src/components/graphics/particles.rs:216:27
[INFO] [stdout]     |
[INFO] [stdout] 216 |         assert_eq!(source.particles.len(), 2);
[INFO] [stdout]     |                           ^^^^^^^^^
[INFO] [stdout] 
[INFO] [stdout] 
[INFO] [stdout] error[E0061]: this function takes 4 arguments but 3 arguments were supplied
[INFO] [stdout]    --> common/src/components/graphics/particles.rs:221:26
[INFO] [stdout]     |
[INFO] [stdout] 221 |         let mut source = ParticleSource::new(1, 1.0, Box::new(spawn_particle) as SpawnParticleFn);
[INFO] [stdout]     |                          ^^^^^^^^^^^^^^^^^^^ -  ---  ------------------------------------------- supplied 3 arguments
[INFO] [stdout]     |                          |
[INFO] [stdout]     |                          expected 4 arguments
[INFO] [stdout]     |
[INFO] [stdout] note: associated function defined here
[INFO] [stdout]    --> common/src/components/graphics/particles.rs:99:12
[INFO] [stdout]     |
[INFO] [stdout] 99  |     pub fn new<F>(
[INFO] [stdout]     |            ^^^
[INFO] [stdout] 100 |         max_particles: usize,
[INFO] [stdout]     |         --------------------
[INFO] [stdout] 101 |         spawn_rate: f32,
[INFO] [stdout]     |         ---------------
[INFO] [stdout] 102 |         spawn_fn: F,
[INFO] [stdout]     |         -----------
[INFO] [stdout] 103 |         texture: handle::ShaderResourceView<R, [f32; 4]>,
[INFO] [stdout]     |         ------------------------------------------------
[INFO] [stdout] 
[INFO] [stdout] 
[INFO] [stdout] error[E0599]: no function or associated item named `origin` found for struct `Point3` in the current scope
[INFO] [stdout]    --> common/src/components/graphics/particles.rs:222:38
[INFO] [stdout]     |
[INFO] [stdout] 222 |         let origin = cgmath::Point3::origin();
[INFO] [stdout]     |                                      ^^^^^^ function or associated item not found in `Point3<_>`
[INFO] [stdout]     |
[INFO] [stdout]     = help: items from traits can only be used if the trait is in scope
[INFO] [stdout]     = note: the following trait is implemented but not in scope; perhaps add a `use` for it:
[INFO] [stdout]             `use cgmath::EuclideanSpace;`
[INFO] [stdout] 
[INFO] [stdout] 
[INFO] [stdout] error[E0599]: no method named `update` found for enum `Result` in the current scope
[INFO] [stdout]    --> common/src/components/graphics/particles.rs:224:16
[INFO] [stdout]     |
[INFO] [stdout] 224 |         source.update(1.0, &origin);
[INFO] [stdout]     |                ^^^^^^ method not found in `Result<particles::ParticleSource<_>, ParticleSourceError>`
[INFO] [stdout] 
[INFO] [stdout] 
[INFO] [stdout] error[E0609]: no field `particles` on type `Result<particles::ParticleSource<_>, ParticleSourceError>`
[INFO] [stdout]    --> common/src/components/graphics/particles.rs:225:27
[INFO] [stdout]     |
[INFO] [stdout] 225 |         assert_eq!(source.particles.len(), 1);
[INFO] [stdout]     |                           ^^^^^^^^^
[INFO] [stdout] 
[INFO] [stdout] 
[INFO] [stdout] error[E0609]: no field `particles` on type `Result<particles::ParticleSource<_>, ParticleSourceError>`
[INFO] [stdout]    --> common/src/components/graphics/particles.rs:226:27
[INFO] [stdout]     |
[INFO] [stdout] 226 |         assert_eq!(source.particles[0].velocity, cgmath::Vector3::zero());
[INFO] [stdout]     |                           ^^^^^^^^^
[INFO] [stdout] 
[INFO] [stdout] 
[INFO] [stdout] error[E0599]: no function or associated item named `zero` found for struct `Vector3` in the current scope
[INFO] [stdout]    --> common/src/components/graphics/particles.rs:226:67
[INFO] [stdout]     |
[INFO] [stdout] 226 |         assert_eq!(source.particles[0].velocity, cgmath::Vector3::zero());
[INFO] [stdout]     |                                                                   ^^^^ function or associated item not found in `Vector3<_>`
[INFO] [stdout]     |
[INFO] [stdout]     = help: items from traits can only be used if the trait is in scope
[INFO] [stdout]     = note: the following trait is implemented but not in scope; perhaps add a `use` for it:
[INFO] [stdout]             `use cgmath::Zero;`
[INFO] [stdout] 
[INFO] [stdout] 
[INFO] [stdout] error[E0599]: no method named `update` found for enum `Result` in the current scope
[INFO] [stdout]    --> common/src/components/graphics/particles.rs:227:16
[INFO] [stdout]     |
[INFO] [stdout] 227 |         source.update(1.0, &origin);
[INFO] [stdout]     |                ^^^^^^ method not found in `Result<particles::ParticleSource<_>, ParticleSourceError>`
[INFO] [stdout] 
[INFO] [stdout] 
[INFO] [stdout] error[E0609]: no field `particles` on type `Result<particles::ParticleSource<_>, ParticleSourceError>`
[INFO] [stdout]    --> common/src/components/graphics/particles.rs:229:20
[INFO] [stdout]     |
[INFO] [stdout] 229 |             source.particles[0].position,
[INFO] [stdout]     |                    ^^^^^^^^^
[INFO] [stdout] 
[INFO] [stdout] 
[INFO] [stdout] error[E0599]: no function or associated item named `origin` found for struct `Point3` in the current scope
[INFO] [stdout]    --> common/src/components/graphics/particles.rs:238:47
[INFO] [stdout]     |
[INFO] [stdout] 238 |             ..spawn_particle(&cgmath::Point3::origin())
[INFO] [stdout]     |                                               ^^^^^^ function or associated item not found in `Point3<_>`
[INFO] [stdout]     |
[INFO] [stdout]     = help: items from traits can only be used if the trait is in scope
[INFO] [stdout]     = note: the following trait is implemented but not in scope; perhaps add a `use` for it:
[INFO] [stdout]             `use cgmath::EuclideanSpace;`
[INFO] [stdout] 
[INFO] [stdout] 
[INFO] [stdout] error[E0061]: this function takes 4 arguments but 3 arguments were supplied
[INFO] [stdout]    --> common/src/components/graphics/particles.rs:255:26
[INFO] [stdout]     |
[INFO] [stdout] 255 |         let mut source = ParticleSource::new(100, 2.0, Box::new(spawn_particle) as SpawnParticleFn);
[INFO] [stdout]     |                          ^^^^^^^^^^^^^^^^^^^ ---  ---  ------------------------------------------- supplied 3 arguments
[INFO] [stdout]     |                          |
[INFO] [stdout]     |                          expected 4 arguments
[INFO] [stdout]     |
[INFO] [stdout] note: associated function defined here
[INFO] [stdout]    --> common/src/components/graphics/particles.rs:99:12
[INFO] [stdout]     |
[INFO] [stdout] 99  |     pub fn new<F>(
[INFO] [stdout]     |            ^^^
[INFO] [stdout] 100 |         max_particles: usize,
[INFO] [stdout]     |         --------------------
[INFO] [stdout] 101 |         spawn_rate: f32,
[INFO] [stdout]     |         ---------------
[INFO] [stdout] 102 |         spawn_fn: F,
[INFO] [stdout]     |         -----------
[INFO] [stdout] 103 |         texture: handle::ShaderResourceView<R, [f32; 4]>,
[INFO] [stdout]     |         ------------------------------------------------
[INFO] [stdout] 
[INFO] [stdout] 
[INFO] [stdout] error[E0599]: no function or associated item named `origin` found for struct `Point3` in the current scope
[INFO] [stdout]    --> common/src/components/graphics/particles.rs:256:38
[INFO] [stdout]     |
[INFO] [stdout] 256 |         let origin = cgmath::Point3::origin();
[INFO] [stdout]     |                                      ^^^^^^ function or associated item not found in `Point3<_>`
[INFO] [stdout]     |
[INFO] [stdout]     = help: items from traits can only be used if the trait is in scope
[INFO] [stdout]     = note: the following trait is implemented but not in scope; perhaps add a `use` for it:
[INFO] [stdout]             `use cgmath::EuclideanSpace;`
[INFO] [stdout] 
[INFO] [stdout] 
[INFO] [stdout] error[E0599]: no method named `disable` found for enum `Result` in the current scope
[INFO] [stdout]    --> common/src/components/graphics/particles.rs:258:16
[INFO] [stdout]     |
[INFO] [stdout] 258 |         source.disable();
[INFO] [stdout]     |                ^^^^^^^ method not found in `Result<particles::ParticleSource<_>, ParticleSourceError>`
[INFO] [stdout] 
[INFO] [stdout] 
[INFO] [stdout] error[E0599]: no method named `update` found for enum `Result` in the current scope
[INFO] [stdout]    --> common/src/components/graphics/particles.rs:260:16
[INFO] [stdout]     |
[INFO] [stdout] 260 |         source.update(1.0, &origin);
[INFO] [stdout]     |                ^^^^^^ method not found in `Result<particles::ParticleSource<_>, ParticleSourceError>`
[INFO] [stdout] 
[INFO] [stdout] 
[INFO] [stdout] error[E0609]: no field `particles` on type `Result<particles::ParticleSource<_>, ParticleSourceError>`
[INFO] [stdout]    --> common/src/components/graphics/particles.rs:261:27
[INFO] [stdout]     |
[INFO] [stdout] 261 |         assert_eq!(source.particles.len(), 0);
[INFO] [stdout]     |                           ^^^^^^^^^
[INFO] [stdout] 
[INFO] [stdout] 
[INFO] [stdout] error[E0599]: no method named `enable` found for enum `Result` in the current scope
[INFO] [stdout]    --> common/src/components/graphics/particles.rs:263:16
[INFO] [stdout]     |
[INFO] [stdout] 263 |         source.enable();
[INFO] [stdout]     |                ^^^^^^ method not found in `Result<particles::ParticleSource<_>, ParticleSourceError>`
[INFO] [stdout] 
[INFO] [stdout] 
[INFO] [stdout] error[E0599]: no method named `update` found for enum `Result` in the current scope
[INFO] [stdout]    --> common/src/components/graphics/particles.rs:265:16
[INFO] [stdout]     |
[INFO] [stdout] 265 |         source.update(1.0, &origin);
[INFO] [stdout]     |                ^^^^^^ method not found in `Result<particles::ParticleSource<_>, ParticleSourceError>`
[INFO] [stdout] 
[INFO] [stdout] 
[INFO] [stdout] error[E0609]: no field `particles` on type `Result<particles::ParticleSource<_>, ParticleSourceError>`
[INFO] [stdout]    --> common/src/components/graphics/particles.rs:266:27
[INFO] [stdout]     |
[INFO] [stdout] 266 |         assert_eq!(source.particles.len(), 2);
[INFO] [stdout]     |                           ^^^^^^^^^
[INFO] [stdout] 
[INFO] [stdout] 
[INFO] [stdout] warning: 1 warning emitted
[INFO] [stdout] 
[INFO] [stdout] 
[INFO] [stderr]     Checking assets v0.1.0 (/opt/rustwide/workdir/assets)
[INFO] [stderr]     Checking math v0.1.0 (/opt/rustwide/workdir/math)
[INFO] [stderr]     Checking image_utils v0.1.0 (/opt/rustwide/workdir/image_utils)
[INFO] [stderr]     Checking window v0.1.0 (/opt/rustwide/workdir/window)
[INFO] [stdout] error: aborting due to 30 previous errors; 1 warning emitted
[INFO] [stdout] 
[INFO] [stdout] 
[INFO] [stdout] Some errors have detailed explanations: E0061, E0432, E0433, E0599, E0609.
[INFO] [stdout] 
[INFO] [stdout] For more information about an error, try `rustc --explain E0061`.
[INFO] [stdout] 
[INFO] [stderr] error: could not compile `common` due to 31 previous errors; 1 warning emitted
[INFO] [stderr] warning: build failed, waiting for other jobs to finish...
[INFO] [stdout] warning: this method call resolves to `<&[T; N] as IntoIterator>::into_iter` (due to backwards compatibility), but will resolve to <[T; N] as IntoIterator>::into_iter in Rust 2021.
[INFO] [stdout]    --> image_utils/src/lib.rs:100:10
[INFO] [stdout]     |
[INFO] [stdout] 100 |         .into_iter()
[INFO] [stdout]     |          ^^^^^^^^^
[INFO] [stdout]     |
[INFO] [stdout]     = note: `#[warn(array_into_iter)]` on by default
[INFO] [stdout]     = warning: this changes meaning in Rust 2021
[INFO] [stdout]     = note: for more information, see issue #66145 <https://github.com/rust-lang/rust/issues/66145>
[INFO] [stdout] help: use `.iter()` instead of `.into_iter()` to avoid ambiguity
[INFO] [stdout]     |
[INFO] [stdout] 100 |         .iter()
[INFO] [stdout]     |          ^^^^
[INFO] [stdout] help: or use `IntoIterator::into_iter(..)` instead of `.into_iter()` to explicitly iterate by value
[INFO] [stdout]     |
[INFO] [stdout] 98  |     let images = IntoIterator::into_iter(data
[INFO] [stdout] 99  |         .as_array())
[INFO] [stdout]     |
[INFO] [stdout] 
[INFO] [stdout] 
[INFO] [stdout] warning: 1 warning emitted
[INFO] [stdout] 
[INFO] [stdout] 
[INFO] [stdout] warning: this method call resolves to `<&[T; N] as IntoIterator>::into_iter` (due to backwards compatibility), but will resolve to <[T; N] as IntoIterator>::into_iter in Rust 2021.
[INFO] [stdout]    --> image_utils/src/lib.rs:100:10
[INFO] [stdout]     |
[INFO] [stdout] 100 |         .into_iter()
[INFO] [stdout]     |          ^^^^^^^^^
[INFO] [stdout]     |
[INFO] [stdout]     = note: `#[warn(array_into_iter)]` on by default
[INFO] [stdout]     = warning: this changes meaning in Rust 2021
[INFO] [stdout]     = note: for more information, see issue #66145 <https://github.com/rust-lang/rust/issues/66145>
[INFO] [stdout] help: use `.iter()` instead of `.into_iter()` to avoid ambiguity
[INFO] [stdout]     |
[INFO] [stdout] 100 |         .iter()
[INFO] [stdout]     |          ^^^^
[INFO] [stdout] help: or use `IntoIterator::into_iter(..)` instead of `.into_iter()` to explicitly iterate by value
[INFO] [stdout]     |
[INFO] [stdout] 98  |     let images = IntoIterator::into_iter(data
[INFO] [stdout] 99  |         .as_array())
[INFO] [stdout]     |
[INFO] [stdout] 
[INFO] [stdout] 
[INFO] [stdout] warning: 1 warning emitted
[INFO] [stdout] 
[INFO] [stdout] 
[INFO] [stderr] error: build failed
[INFO] running `Command { std: "docker" "inspect" "2e74a9112549e96cf9528f1f5c179870477507efc4bd4757b76023def87b5152", kill_on_drop: false }`
[INFO] running `Command { std: "docker" "rm" "-f" "2e74a9112549e96cf9528f1f5c179870477507efc4bd4757b76023def87b5152", kill_on_drop: false }`
[INFO] [stdout] 2e74a9112549e96cf9528f1f5c179870477507efc4bd4757b76023def87b5152
