[INFO] cloning repository https://github.com/pedromfedricci/newsletter
[INFO] running `Command { std: "git" "-c" "credential.helper=" "-c" "credential.helper=/workspace/cargo-home/bin/git-credential-null" "clone" "--bare" "https://github.com/pedromfedricci/newsletter" "/workspace/cache/git-repos/https%3A%2F%2Fgithub.com%2Fpedromfedricci%2Fnewsletter", kill_on_drop: false }`
[INFO] [stderr] Cloning into bare repository '/workspace/cache/git-repos/https%3A%2F%2Fgithub.com%2Fpedromfedricci%2Fnewsletter'...
[INFO] running `Command { std: "git" "rev-parse" "HEAD", kill_on_drop: false }`
[INFO] [stdout] 93410b7d7c503d7a8735bb51a51dcc80d36dd835
[INFO] checking pedromfedricci/newsletter against 1.55.0 for beta-1.56-3
[INFO] running `Command { std: "git" "clone" "/workspace/cache/git-repos/https%3A%2F%2Fgithub.com%2Fpedromfedricci%2Fnewsletter" "/workspace/builds/worker-3/source", kill_on_drop: false }`
[INFO] [stderr] Cloning into '/workspace/builds/worker-3/source'...
[INFO] [stderr] done.
[INFO] validating manifest of git repo https://github.com/pedromfedricci/newsletter on toolchain 1.55.0
[INFO] running `Command { std: "/workspace/cargo-home/bin/cargo" "+1.55.0" "metadata" "--manifest-path" "Cargo.toml" "--no-deps", kill_on_drop: false }`
[INFO] started tweaking git repo https://github.com/pedromfedricci/newsletter
[INFO] finished tweaking git repo https://github.com/pedromfedricci/newsletter
[INFO] tweaked toml for git repo https://github.com/pedromfedricci/newsletter written to /workspace/builds/worker-3/source/Cargo.toml
[INFO] crate git repo https://github.com/pedromfedricci/newsletter already has a lockfile, it will not be regenerated
[INFO] running `Command { std: "/workspace/cargo-home/bin/cargo" "+1.55.0" "fetch" "--manifest-path" "Cargo.toml", kill_on_drop: false }`
[INFO] [stderr]     Blocking waiting for file lock on package cache
[INFO] [stderr]  Downloading crates ...
[INFO] [stderr]   Downloaded claim v0.5.0
[INFO] [stderr]   Downloaded linkify v0.5.0
[INFO] [stderr]   Downloaded password-hash v0.3.0
[INFO] [stderr]   Downloaded argon2 v0.3.0
[INFO] [stderr]   Downloaded base64ct v1.0.1
[INFO] [stderr]   Downloaded actix-service v2.0.0
[INFO] [stderr]   Downloaded fake v2.3.0
[INFO] [stderr]   Downloaded actix-codec v0.4.0
[INFO] [stderr]   Downloaded actix-macros v0.2.1
[INFO] [stderr]   Downloaded actix-server v2.0.0-beta.5
[INFO] [stderr]   Downloaded actix-utils v3.0.0
[INFO] [stderr]   Downloaded wiremock v0.5.6
[INFO] [stderr]   Downloaded cookie v0.15.1
[INFO] [stderr]   Downloaded serde_qs v0.8.4
[INFO] [stderr]   Downloaded language-tags v0.3.2
[INFO] [stderr]   Downloaded actix-web-codegen v0.5.0-beta.3
[INFO] [stderr]   Downloaded quickcheck_macros v0.9.1
[INFO] [stderr]   Downloaded validator v0.14.0
[INFO] [stderr]   Downloaded actix-http v3.0.0-beta.9
[INFO] [stderr]   Downloaded tracing-bunyan-formatter v0.2.4
[INFO] [stderr]   Downloaded validator_types v0.14.0
[INFO] [stderr]   Downloaded actix-web v4.0.0-beta.8
[INFO] [stderr]   Downloaded tracing-actix-web v0.4.0-beta.10
[INFO] [stderr]   Downloaded http-types v2.12.0
[INFO] running `Command { std: "docker" "create" "-v" "/var/lib/crater-agent-workspace/builds/worker-3/target:/opt/rustwide/target:rw,Z" "-v" "/var/lib/crater-agent-workspace/builds/worker-3/source:/opt/rustwide/workdir:ro,Z" "-v" "/var/lib/crater-agent-workspace/cargo-home:/opt/rustwide/cargo-home:ro,Z" "-v" "/var/lib/crater-agent-workspace/rustup-home:/opt/rustwide/rustup-home:ro,Z" "-e" "SOURCE_DIR=/opt/rustwide/workdir" "-e" "CARGO_TARGET_DIR=/opt/rustwide/target" "-e" "CARGO_HOME=/opt/rustwide/cargo-home" "-e" "RUSTUP_HOME=/opt/rustwide/rustup-home" "-w" "/opt/rustwide/workdir" "-m" "1610612736" "--user" "0:0" "--network" "none" "ghcr.io/rust-lang/crates-build-env/linux@sha256:a89201d6b5b9fd45c15d5952ece0a0129e7e80cb26ec023fd59cf09bc26f1604" "/opt/rustwide/cargo-home/bin/cargo" "+1.55.0" "metadata" "--no-deps" "--format-version=1", kill_on_drop: false }`
[INFO] [stderr] WARNING: Your kernel does not support swap limit capabilities or the cgroup is not mounted. Memory limited without swap.
[INFO] [stdout] 317ac106ed3f69de90ec0e2af5fc4ebcf40eb406488621580591c8c82dc1bb89
[INFO] running `Command { std: "docker" "start" "-a" "317ac106ed3f69de90ec0e2af5fc4ebcf40eb406488621580591c8c82dc1bb89", kill_on_drop: false }`
[INFO] running `Command { std: "docker" "inspect" "317ac106ed3f69de90ec0e2af5fc4ebcf40eb406488621580591c8c82dc1bb89", kill_on_drop: false }`
[INFO] running `Command { std: "docker" "rm" "-f" "317ac106ed3f69de90ec0e2af5fc4ebcf40eb406488621580591c8c82dc1bb89", kill_on_drop: false }`
[INFO] [stdout] 317ac106ed3f69de90ec0e2af5fc4ebcf40eb406488621580591c8c82dc1bb89
[INFO] running `Command { std: "docker" "create" "-v" "/var/lib/crater-agent-workspace/builds/worker-3/target:/opt/rustwide/target:rw,Z" "-v" "/var/lib/crater-agent-workspace/builds/worker-3/source:/opt/rustwide/workdir:ro,Z" "-v" "/var/lib/crater-agent-workspace/cargo-home:/opt/rustwide/cargo-home:ro,Z" "-v" "/var/lib/crater-agent-workspace/rustup-home:/opt/rustwide/rustup-home:ro,Z" "-e" "SOURCE_DIR=/opt/rustwide/workdir" "-e" "CARGO_TARGET_DIR=/opt/rustwide/target" "-e" "CARGO_INCREMENTAL=0" "-e" "RUST_BACKTRACE=full" "-e" "RUSTFLAGS=--cap-lints=warn" "-e" "CARGO_HOME=/opt/rustwide/cargo-home" "-e" "RUSTUP_HOME=/opt/rustwide/rustup-home" "-w" "/opt/rustwide/workdir" "-m" "1610612736" "--user" "0:0" "--network" "none" "ghcr.io/rust-lang/crates-build-env/linux@sha256:a89201d6b5b9fd45c15d5952ece0a0129e7e80cb26ec023fd59cf09bc26f1604" "/opt/rustwide/cargo-home/bin/cargo" "+1.55.0" "check" "--frozen" "--all" "--all-targets" "--message-format=json", kill_on_drop: false }`
[INFO] [stdout] 067beaf8d6eb5b79dda71eeb49900d596c619ff2f90735abcffd1e12cd8cefd6
[INFO] [stderr] WARNING: Your kernel does not support swap limit capabilities or the cgroup is not mounted. Memory limited without swap.
[INFO] running `Command { std: "docker" "start" "-a" "067beaf8d6eb5b79dda71eeb49900d596c619ff2f90735abcffd1e12cd8cefd6", kill_on_drop: false }`
[INFO] [stderr]    Compiling serde_json v1.0.66
[INFO] [stderr]    Compiling futures-sink v0.3.16
[INFO] [stderr]    Compiling futures-io v0.3.16
[INFO] [stderr]     Checking base64ct v1.0.1
[INFO] [stderr]    Compiling http-types v2.12.0
[INFO] [stderr]     Checking unicode-segmentation v1.8.0
[INFO] [stderr]    Compiling tokio v1.9.0
[INFO] [stderr]    Compiling claim v0.5.0
[INFO] [stderr]    Compiling tinyvec v1.3.1
[INFO] [stderr]     Checking proc-macro2 v1.0.28
[INFO] [stderr]    Compiling futures-core v0.3.16
[INFO] [stderr]    Compiling futures-task v0.3.16
[INFO] [stderr]    Compiling jobserver v0.1.22
[INFO] [stderr]    Compiling getrandom v0.2.3
[INFO] [stderr]    Compiling parking_lot_core v0.8.3
[INFO] [stderr]    Compiling num_cpus v1.13.0
[INFO] [stderr]    Compiling mio v0.7.13
[INFO] [stderr]    Compiling signal-hook-registry v1.4.0
[INFO] [stderr]     Checking time v0.1.43
[INFO] [stderr]    Compiling dirs-sys v0.3.6
[INFO] [stderr]     Checking tracing-log v0.1.2
[INFO] [stderr]     Checking gethostname v0.2.1
[INFO] [stderr]     Checking linkify v0.5.0
[INFO] [stderr]     Checking actix-service v2.0.0
[INFO] [stderr]     Checking futures-lite v1.12.0
[INFO] [stderr]     Checking ahash v0.7.4
[INFO] [stderr]     Checking uuid v0.8.2
[INFO] [stderr]    Compiling rand_core v0.6.3
[INFO] [stderr]    Compiling cc v1.0.69
[INFO] [stderr]    Compiling futures-channel v0.3.16
[INFO] [stderr]    Compiling parking_lot v0.11.1
[INFO] [stderr]     Checking crypto-mac v0.10.1
[INFO] [stderr]     Checking crypto-mac v0.8.0
[INFO] [stderr]     Checking flate2 v1.0.20
[INFO] [stderr]     Checking nom v5.1.2
[INFO] [stderr]    Compiling actix-web-codegen v0.5.0-beta.3
[INFO] [stderr]    Compiling quickcheck_macros v0.9.1
[INFO] [stderr]     Checking dirs v3.0.2
[INFO] [stderr]     Checking password-hash v0.3.0
[INFO] [stderr]     Checking env_logger v0.7.1
[INFO] [stderr]     Checking quote v1.0.9
[INFO] [stderr]    Compiling unicode-normalization v0.1.19
[INFO] [stderr]    Compiling rand_chacha v0.3.1
[INFO] [stderr]    Compiling hashbrown v0.11.2
[INFO] [stderr]    Compiling sha-1 v0.9.7
[INFO] [stderr]     Checking chrono v0.4.19
[INFO] [stderr]     Checking serde-hjson v0.9.1
[INFO] [stderr]    Compiling serde v1.0.127
[INFO] [stderr]     Checking futures-util v0.3.16
[INFO] [stderr]     Checking tracing v0.1.26
[INFO] [stderr]    Compiling thiserror v1.0.26
[INFO] [stderr]     Checking hmac v0.10.1
[INFO] [stderr]     Checking blake2 v0.9.2
[INFO] [stderr]     Checking either v1.6.1
[INFO] [stderr]     Checking tracing-serde v0.1.2
[INFO] [stderr]     Checking actix-router v0.2.7
[INFO] [stderr]     Checking toml v0.5.8
[INFO] [stderr]     Checking syn v1.0.74
[INFO] [stderr]    Compiling rand v0.8.4
[INFO] [stderr]     Checking serde_qs v0.8.4
[INFO] [stderr]     Checking time v0.2.27
[INFO] [stderr]     Checking indexmap v1.7.0
[INFO] [stderr]     Checking hashlink v0.7.0
[INFO] [stderr]     Checking tracing-futures v0.2.5
[INFO] [stderr]     Checking fake v2.3.0
[INFO] [stderr]     Checking quickcheck v0.9.2
[INFO] [stderr]    Compiling idna v0.2.3
[INFO] [stderr]    Compiling stringprep v0.1.2
[INFO] [stderr]     Checking argon2 v0.3.0
[INFO] [stderr]     Checking config v0.10.1
[INFO] [stderr]    Compiling ring v0.16.20
[INFO] [stderr]    Compiling zstd-sys v1.5.0+zstd.1.4.9
[INFO] [stderr]    Compiling brotli-sys v0.3.2
[INFO] [stderr]     Checking cookie v0.15.1
[INFO] [stderr]     Checking futures-executor v0.3.16
[INFO] [stderr]     Checking local-channel v0.1.2
[INFO] [stderr]     Checking futures v0.3.16
[INFO] [stderr]    Compiling url v2.2.2
[INFO] [stderr]     Checking tracing-subscriber v0.2.19
[INFO] [stderr]     Checking config v0.11.0
[INFO] [stderr]     Checking brotli2 v0.3.2
[INFO] [stderr]     Checking tokio-util v0.6.7
[INFO] [stderr]     Checking actix-rt v2.2.0
[INFO] [stderr]     Checking tokio-stream v0.1.7
[INFO] [stderr]     Checking deadpool v0.7.0
[INFO] [stderr]     Checking actix-server v2.0.0-beta.5
[INFO] [stderr]     Checking validator_types v0.14.0
[INFO] [stderr]     Checking h2 v0.3.3
[INFO] [stderr]     Checking actix-codec v0.4.0
[INFO] [stderr]     Checking validator v0.14.0
[INFO] [stderr]     Checking tracing-bunyan-formatter v0.2.4
[INFO] [stderr]     Checking actix-tls v3.0.0-beta.5
[INFO] [stderr]     Checking webpki v0.21.4
[INFO] [stderr]     Checking sct v0.6.1
[INFO] [stderr]     Checking rustls v0.19.1
[INFO] [stderr]     Checking webpki-roots v0.21.1
[INFO] [stderr]     Checking tokio-rustls v0.22.0
[INFO] [stderr]     Checking sqlx-rt v0.5.5
[INFO] [stderr]     Checking sqlx-core v0.5.5
[INFO] [stderr]     Checking hyper v0.14.11
[INFO] [stderr]     Checking hyper-rustls v0.22.1
[INFO] [stderr]     Checking wiremock v0.5.6
[INFO] [stderr]     Checking reqwest v0.11.4
[INFO] [stderr]    Compiling sqlx-macros v0.5.5
[INFO] [stderr]    Compiling zstd-safe v3.1.0+zstd.1.4.9
[INFO] [stderr]     Checking zstd v0.7.0+zstd.1.4.9
[INFO] [stderr]     Checking actix-http v3.0.0-beta.9
[INFO] [stderr]     Checking actix-web v4.0.0-beta.8
[INFO] [stderr]     Checking sqlx v0.5.5
[INFO] [stderr]     Checking tracing-actix-web v0.4.0-beta.10
[INFO] [stderr]     Checking newsletter v0.3.1 (/opt/rustwide/workdir)
[INFO] [stdout] error: error communicating with the server: failed to lookup address information: Temporary failure in name resolution
[INFO] [stdout]   --> src/routes/newsletters.rs:89:16
[INFO] [stdout]    |
[INFO] [stdout] 89 |       let rows = sqlx::query!(
[INFO] [stdout]    |  ________________^
[INFO] [stdout] 90 | |         r#"
[INFO] [stdout] 91 | |         SELECT email
[INFO] [stdout] 92 | |         FROM subscriptions
[INFO] [stdout] 93 | |         WHERE status = 'confirmed'
[INFO] [stdout] 94 | |         "#,
[INFO] [stdout] 95 | |     )
[INFO] [stdout]    | |_____^
[INFO] [stdout]    |
[INFO] [stdout]    = note: this error originates in the macro `$crate::sqlx_macros::expand_query` (in Nightly builds, run with -Z macro-backtrace for more info)
[INFO] [stdout] 
[INFO] [stdout] 
[INFO] [stdout] error: error communicating with the server: failed to lookup address information: Temporary failure in name resolution
[INFO] [stdout]    --> src/routes/newsletters.rs:185:15
[INFO] [stdout]     |
[INFO] [stdout] 185 |       let row = sqlx::query!(
[INFO] [stdout]     |  _______________^
[INFO] [stdout] 186 | |         r#"
[INFO] [stdout] 187 | |         SELECT user_id, password_hash
[INFO] [stdout] 188 | |         FROM users
[INFO] [stdout] ...   |
[INFO] [stdout] 191 | |         username,
[INFO] [stdout] 192 | |     )
[INFO] [stdout]     | |_____^
[INFO] [stdout]     |
[INFO] [stdout]     = note: this error originates in the macro `$crate::sqlx_macros::expand_query` (in Nightly builds, run with -Z macro-backtrace for more info)
[INFO] [stdout] 
[INFO] [stdout] 
[INFO] [stdout] error: error communicating with the server: failed to lookup address information: Temporary failure in name resolution
[INFO] [stdout]    --> src/routes/subscriptions.rs:106:5
[INFO] [stdout]     |
[INFO] [stdout] 106 | /     sqlx::query!(
[INFO] [stdout] 107 | |         r#"
[INFO] [stdout] 108 | |         INSERT INTO subscriptions (id, email, name, subscribed_at, status)
[INFO] [stdout] 109 | |         VALUES ($1, $2, $3, $4, 'pending_confirmation')
[INFO] [stdout] ...   |
[INFO] [stdout] 114 | |         Utc::now()
[INFO] [stdout] 115 | |     )
[INFO] [stdout]     | |_____^
[INFO] [stdout]     |
[INFO] [stdout]     = note: this error originates in the macro `$crate::sqlx_macros::expand_query` (in Nightly builds, run with -Z macro-backtrace for more info)
[INFO] [stdout] 
[INFO] [stdout] 
[INFO] [stdout] error: error communicating with the server: failed to lookup address information: Temporary failure in name resolution
[INFO] [stdout]    --> src/routes/subscriptions.rs:161:5
[INFO] [stdout]     |
[INFO] [stdout] 161 | /     sqlx::query!(
[INFO] [stdout] 162 | |         r#"
[INFO] [stdout] 163 | |         INSERT INTO subscription_tokens (subscription_token, subscriber_id)
[INFO] [stdout] 164 | |         VALUES ($1, $2)
[INFO] [stdout] ...   |
[INFO] [stdout] 167 | |         subscriber_id
[INFO] [stdout] 168 | |     )
[INFO] [stdout]     | |_____^
[INFO] [stdout]     |
[INFO] [stdout]     = note: this error originates in the macro `$crate::sqlx_macros::expand_query` (in Nightly builds, run with -Z macro-backtrace for more info)
[INFO] [stdout] 
[INFO] [stdout] 
[INFO] [stdout] error: error communicating with the server: failed to lookup address information: Temporary failure in name resolution
[INFO] [stdout]   --> src/routes/newsletters.rs:89:16
[INFO] [stdout]    |
[INFO] [stdout] 89 |       let rows = sqlx::query!(
[INFO] [stdout]    |  ________________^
[INFO] [stdout] 90 | |         r#"
[INFO] [stdout] 91 | |         SELECT email
[INFO] [stdout] 92 | |         FROM subscriptions
[INFO] [stdout] 93 | |         WHERE status = 'confirmed'
[INFO] [stdout] 94 | |         "#,
[INFO] [stdout] 95 | |     )
[INFO] [stdout]    | |_____^
[INFO] [stdout]    |
[INFO] [stdout]    = note: this error originates in the macro `$crate::sqlx_macros::expand_query` (in Nightly builds, run with -Z macro-backtrace for more info)
[INFO] [stdout] 
[INFO] [stdout] 
[INFO] [stdout] error: error communicating with the server: failed to lookup address information: Temporary failure in name resolution
[INFO] [stdout]   --> src/routes/subscriptions_confirm.rs:33:5
[INFO] [stdout]    |
[INFO] [stdout] 33 | /     sqlx::query!(
[INFO] [stdout] 34 | |         r#"UPDATE subscriptions SET status = 'confirmed' WHERE id = $1"#,
[INFO] [stdout] 35 | |         subscriber_id,
[INFO] [stdout] 36 | |     )
[INFO] [stdout]    | |_____^
[INFO] [stdout]    |
[INFO] [stdout]    = note: this error originates in the macro `$crate::sqlx_macros::expand_query` (in Nightly builds, run with -Z macro-backtrace for more info)
[INFO] [stdout] 
[INFO] [stdout] 
[INFO] [stdout] error: error communicating with the server: failed to lookup address information: Temporary failure in name resolution
[INFO] [stdout]   --> src/routes/subscriptions_confirm.rs:51:18
[INFO] [stdout]    |
[INFO] [stdout] 51 |       let result = sqlx::query!(
[INFO] [stdout]    |  __________________^
[INFO] [stdout] 52 | |         r#"SELECT subscriber_id FROM subscription_tokens WHERE subscription_token = $1"#,
[INFO] [stdout] 53 | |         subscription_token,
[INFO] [stdout] 54 | |     )
[INFO] [stdout]    | |_____^
[INFO] [stdout]    |
[INFO] [stdout]    = note: this error originates in the macro `$crate::sqlx_macros::expand_query` (in Nightly builds, run with -Z macro-backtrace for more info)
[INFO] [stdout] 
[INFO] [stdout] 
[INFO] [stdout] error: error communicating with the server: failed to lookup address information: Temporary failure in name resolution
[INFO] [stdout]    --> src/routes/newsletters.rs:185:15
[INFO] [stdout]     |
[INFO] [stdout] 185 |       let row = sqlx::query!(
[INFO] [stdout]     |  _______________^
[INFO] [stdout] 186 | |         r#"
[INFO] [stdout] 187 | |         SELECT user_id, password_hash
[INFO] [stdout] 188 | |         FROM users
[INFO] [stdout] ...   |
[INFO] [stdout] 191 | |         username,
[INFO] [stdout] 192 | |     )
[INFO] [stdout]     | |_____^
[INFO] [stdout]     |
[INFO] [stdout]     = note: this error originates in the macro `$crate::sqlx_macros::expand_query` (in Nightly builds, run with -Z macro-backtrace for more info)
[INFO] [stdout] 
[INFO] [stdout] 
[INFO] [stdout] error: error communicating with the server: failed to lookup address information: Temporary failure in name resolution
[INFO] [stdout]    --> src/routes/subscriptions.rs:106:5
[INFO] [stdout]     |
[INFO] [stdout] 106 | /     sqlx::query!(
[INFO] [stdout] 107 | |         r#"
[INFO] [stdout] 108 | |         INSERT INTO subscriptions (id, email, name, subscribed_at, status)
[INFO] [stdout] 109 | |         VALUES ($1, $2, $3, $4, 'pending_confirmation')
[INFO] [stdout] ...   |
[INFO] [stdout] 114 | |         Utc::now()
[INFO] [stdout] 115 | |     )
[INFO] [stdout]     | |_____^
[INFO] [stdout]     |
[INFO] [stdout]     = note: this error originates in the macro `$crate::sqlx_macros::expand_query` (in Nightly builds, run with -Z macro-backtrace for more info)
[INFO] [stdout] 
[INFO] [stdout] 
[INFO] [stdout] error: error communicating with the server: failed to lookup address information: Temporary failure in name resolution
[INFO] [stdout]    --> src/routes/subscriptions.rs:161:5
[INFO] [stdout]     |
[INFO] [stdout] 161 | /     sqlx::query!(
[INFO] [stdout] 162 | |         r#"
[INFO] [stdout] 163 | |         INSERT INTO subscription_tokens (subscription_token, subscriber_id)
[INFO] [stdout] 164 | |         VALUES ($1, $2)
[INFO] [stdout] ...   |
[INFO] [stdout] 167 | |         subscriber_id
[INFO] [stdout] 168 | |     )
[INFO] [stdout]     | |_____^
[INFO] [stdout]     |
[INFO] [stdout]     = note: this error originates in the macro `$crate::sqlx_macros::expand_query` (in Nightly builds, run with -Z macro-backtrace for more info)
[INFO] [stdout] 
[INFO] [stdout] 
[INFO] [stdout] warning: unused import: `chrono::Utc`
[INFO] [stdout]  --> src/routes/subscriptions.rs:7:5
[INFO] [stdout]   |
[INFO] [stdout] 7 | use chrono::Utc;
[INFO] [stdout]   |     ^^^^^^^^^^^
[INFO] [stdout]   |
[INFO] [stdout]   = note: `#[warn(unused_imports)]` on by default
[INFO] [stdout] 
[INFO] [stdout] 
[INFO] [stdout] error: error communicating with the server: failed to lookup address information: Temporary failure in name resolution
[INFO] [stdout]   --> src/routes/subscriptions_confirm.rs:33:5
[INFO] [stdout]    |
[INFO] [stdout] 33 | /     sqlx::query!(
[INFO] [stdout] 34 | |         r#"UPDATE subscriptions SET status = 'confirmed' WHERE id = $1"#,
[INFO] [stdout] 35 | |         subscriber_id,
[INFO] [stdout] 36 | |     )
[INFO] [stdout]    | |_____^
[INFO] [stdout]    |
[INFO] [stdout]    = note: this error originates in the macro `$crate::sqlx_macros::expand_query` (in Nightly builds, run with -Z macro-backtrace for more info)
[INFO] [stdout] 
[INFO] [stdout] 
[INFO] [stdout] error: error communicating with the server: failed to lookup address information: Temporary failure in name resolution
[INFO] [stdout]   --> src/routes/subscriptions_confirm.rs:51:18
[INFO] [stdout]    |
[INFO] [stdout] 51 |       let result = sqlx::query!(
[INFO] [stdout]    |  __________________^
[INFO] [stdout] 52 | |         r#"SELECT subscriber_id FROM subscription_tokens WHERE subscription_token = $1"#,
[INFO] [stdout] 53 | |         subscription_token,
[INFO] [stdout] 54 | |     )
[INFO] [stdout]    | |_____^
[INFO] [stdout]    |
[INFO] [stdout]    = note: this error originates in the macro `$crate::sqlx_macros::expand_query` (in Nightly builds, run with -Z macro-backtrace for more info)
[INFO] [stdout] 
[INFO] [stdout] 
[INFO] [stdout] warning: unused import: `chrono::Utc`
[INFO] [stdout]  --> src/routes/subscriptions.rs:7:5
[INFO] [stdout]   |
[INFO] [stdout] 7 | use chrono::Utc;
[INFO] [stdout]   |     ^^^^^^^^^^^
[INFO] [stdout]   |
[INFO] [stdout]   = note: `#[warn(unused_imports)]` on by default
[INFO] [stdout] 
[INFO] [stdout] 
[INFO] [stdout] error: aborting due to 6 previous errors; 1 warning emitted
[INFO] [stdout] 
[INFO] [stdout] 
[INFO] [stderr] error: could not compile `newsletter` due to 7 previous errors; 1 warning emitted
[INFO] [stderr] warning: build failed, waiting for other jobs to finish...
[INFO] [stdout] error: aborting due to 6 previous errors; 1 warning emitted
[INFO] [stdout] 
[INFO] [stdout] 
[INFO] [stderr] error: build failed
[INFO] running `Command { std: "docker" "inspect" "067beaf8d6eb5b79dda71eeb49900d596c619ff2f90735abcffd1e12cd8cefd6", kill_on_drop: false }`
[INFO] running `Command { std: "docker" "rm" "-f" "067beaf8d6eb5b79dda71eeb49900d596c619ff2f90735abcffd1e12cd8cefd6", kill_on_drop: false }`
[INFO] [stdout] 067beaf8d6eb5b79dda71eeb49900d596c619ff2f90735abcffd1e12cd8cefd6
