[INFO] cloning repository https://github.com/pd0wm/airtag-glitcher
[INFO] running `Command { std: "git" "-c" "credential.helper=" "-c" "credential.helper=/workspace/cargo-home/bin/git-credential-null" "clone" "--bare" "https://github.com/pd0wm/airtag-glitcher" "/workspace/cache/git-repos/https%3A%2F%2Fgithub.com%2Fpd0wm%2Fairtag-glitcher", kill_on_drop: false }`
[INFO] [stderr] Cloning into bare repository '/workspace/cache/git-repos/https%3A%2F%2Fgithub.com%2Fpd0wm%2Fairtag-glitcher'...
[INFO] running `Command { std: "git" "rev-parse" "HEAD", kill_on_drop: false }`
[INFO] [stdout] d25311fea453c9a85331a572b5ce446f3597f2ca
[INFO] checking pd0wm/airtag-glitcher against beta-2021-10-15 for beta-1.56-3
[INFO] running `Command { std: "git" "clone" "/workspace/cache/git-repos/https%3A%2F%2Fgithub.com%2Fpd0wm%2Fairtag-glitcher" "/workspace/builds/worker-110/source", kill_on_drop: false }`
[INFO] [stderr] Cloning into '/workspace/builds/worker-110/source'...
[INFO] [stderr] done.
[INFO] validating manifest of git repo https://github.com/pd0wm/airtag-glitcher on toolchain beta-2021-10-15
[INFO] running `Command { std: "/workspace/cargo-home/bin/cargo" "+beta-2021-10-15" "metadata" "--manifest-path" "Cargo.toml" "--no-deps", kill_on_drop: false }`
[INFO] removed /workspace/builds/worker-110/source/.cargo/config
[INFO] started tweaking git repo https://github.com/pd0wm/airtag-glitcher
[INFO] finished tweaking git repo https://github.com/pd0wm/airtag-glitcher
[INFO] tweaked toml for git repo https://github.com/pd0wm/airtag-glitcher written to /workspace/builds/worker-110/source/Cargo.toml
[INFO] crate git repo https://github.com/pd0wm/airtag-glitcher already has a lockfile, it will not be regenerated
[INFO] running `Command { std: "/workspace/cargo-home/bin/cargo" "+beta-2021-10-15" "fetch" "--manifest-path" "Cargo.toml", kill_on_drop: false }`
[INFO] [stderr]     Blocking waiting for file lock on package cache
[INFO] [stderr]     Blocking waiting for file lock on package cache
[INFO] running `Command { std: "docker" "create" "-v" "/var/lib/crater-agent-workspace/builds/worker-110/target:/opt/rustwide/target:rw,Z" "-v" "/var/lib/crater-agent-workspace/builds/worker-110/source:/opt/rustwide/workdir:ro,Z" "-v" "/var/lib/crater-agent-workspace/cargo-home:/opt/rustwide/cargo-home:ro,Z" "-v" "/var/lib/crater-agent-workspace/rustup-home:/opt/rustwide/rustup-home:ro,Z" "-e" "SOURCE_DIR=/opt/rustwide/workdir" "-e" "CARGO_TARGET_DIR=/opt/rustwide/target" "-e" "CARGO_HOME=/opt/rustwide/cargo-home" "-e" "RUSTUP_HOME=/opt/rustwide/rustup-home" "-w" "/opt/rustwide/workdir" "-m" "1610612736" "--user" "0:0" "--network" "none" "ghcr.io/rust-lang/crates-build-env/linux@sha256:a89201d6b5b9fd45c15d5952ece0a0129e7e80cb26ec023fd59cf09bc26f1604" "/opt/rustwide/cargo-home/bin/cargo" "+beta-2021-10-15" "metadata" "--no-deps" "--format-version=1", kill_on_drop: false }`
[INFO] [stdout] 9870ec1b4bd0a5fb724789c32b7e42ea7de6f12fd301afee4a1a9a8d1fd68c7b
[INFO] running `Command { std: "docker" "start" "-a" "9870ec1b4bd0a5fb724789c32b7e42ea7de6f12fd301afee4a1a9a8d1fd68c7b", kill_on_drop: false }`
[INFO] running `Command { std: "docker" "inspect" "9870ec1b4bd0a5fb724789c32b7e42ea7de6f12fd301afee4a1a9a8d1fd68c7b", kill_on_drop: false }`
[INFO] running `Command { std: "docker" "rm" "-f" "9870ec1b4bd0a5fb724789c32b7e42ea7de6f12fd301afee4a1a9a8d1fd68c7b", kill_on_drop: false }`
[INFO] [stdout] 9870ec1b4bd0a5fb724789c32b7e42ea7de6f12fd301afee4a1a9a8d1fd68c7b
[INFO] running `Command { std: "docker" "create" "-v" "/var/lib/crater-agent-workspace/builds/worker-110/target:/opt/rustwide/target:rw,Z" "-v" "/var/lib/crater-agent-workspace/builds/worker-110/source:/opt/rustwide/workdir:ro,Z" "-v" "/var/lib/crater-agent-workspace/cargo-home:/opt/rustwide/cargo-home:ro,Z" "-v" "/var/lib/crater-agent-workspace/rustup-home:/opt/rustwide/rustup-home:ro,Z" "-e" "SOURCE_DIR=/opt/rustwide/workdir" "-e" "CARGO_TARGET_DIR=/opt/rustwide/target" "-e" "CARGO_INCREMENTAL=0" "-e" "RUST_BACKTRACE=full" "-e" "RUSTFLAGS=--cap-lints=warn" "-e" "CARGO_HOME=/opt/rustwide/cargo-home" "-e" "RUSTUP_HOME=/opt/rustwide/rustup-home" "-w" "/opt/rustwide/workdir" "-m" "1610612736" "--user" "0:0" "--network" "none" "ghcr.io/rust-lang/crates-build-env/linux@sha256:a89201d6b5b9fd45c15d5952ece0a0129e7e80cb26ec023fd59cf09bc26f1604" "/opt/rustwide/cargo-home/bin/cargo" "+beta-2021-10-15" "check" "--frozen" "--all" "--all-targets" "--message-format=json", kill_on_drop: false }`
[INFO] [stdout] dc0e9bd0492ff1b71dd317500314e2c3ff38a2a4c28212aac3f136f78cf438d4
[INFO] running `Command { std: "docker" "start" "-a" "dc0e9bd0492ff1b71dd317500314e2c3ff38a2a4c28212aac3f136f78cf438d4", kill_on_drop: false }`
[INFO] [stderr]     Blocking waiting for file lock on package cache
[INFO] [stderr]    Compiling typenum v1.12.0
[INFO] [stderr]    Compiling version_check v0.9.2
[INFO] [stderr]    Compiling semver-parser v0.7.0
[INFO] [stderr]    Compiling proc-macro2 v1.0.24
[INFO] [stderr]    Compiling unicode-xid v0.2.1
[INFO] [stderr]    Compiling cortex-m v0.6.3
[INFO] [stderr]     Checking stable_deref_trait v1.2.0
[INFO] [stderr]    Compiling syn v1.0.42
[INFO] [stderr]     Checking vcell v0.1.2
[INFO] [stderr]    Compiling autocfg v1.0.1
[INFO] [stderr]    Compiling cortex-m-rt v0.6.13
[INFO] [stderr]     Checking bitfield v0.13.2
[INFO] [stderr]    Compiling byteorder v1.3.4
[INFO] [stderr]     Checking r0 v0.2.2
[INFO] [stderr]    Compiling hashbrown v0.9.1
[INFO] [stderr]     Checking nb v1.0.0
[INFO] [stderr]    Compiling stm32-usbd v0.5.1
[INFO] [stderr]    Compiling stm32f1 v0.11.0
[INFO] [stderr]     Checking usb-device v0.2.7
[INFO] [stderr]     Checking void v1.0.2
[INFO] [stderr]    Compiling heapless v0.5.6
[INFO] [stderr]     Checking rtic-core v0.3.0
[INFO] [stderr]     Checking panic-halt v0.2.0
[INFO] [stderr]     Checking volatile-register v0.2.0
[INFO] [stderr]     Checking embedded-dma v0.1.2
[INFO] [stderr]     Checking nb v0.1.3
[INFO] [stderr]    Compiling semver v0.9.0
[INFO] [stderr]     Checking embedded-hal v0.2.4
[INFO] [stderr]    Compiling indexmap v1.6.0
[INFO] [stderr]    Compiling generic-array v0.14.4
[INFO] [stderr]    Compiling cortex-m-rtic v0.5.5
[INFO] [stderr]    Compiling rustc_version v0.2.3
[INFO] [stderr]     Checking hash32 v0.1.1
[INFO] [stderr]     Checking usbd-serial v0.1.1
[INFO] [stderr]    Compiling quote v1.0.7
[INFO] [stderr]     Checking generic-array v0.13.2
[INFO] [stderr]     Checking generic-array v0.12.3
[INFO] [stderr]    Compiling bare-metal v0.2.5
[INFO] [stderr]    Compiling cast v0.2.3
[INFO] [stderr]     Checking as-slice v0.1.4
[INFO] [stderr]     Checking aligned v0.3.4
[INFO] [stderr]    Compiling rtic-syntax v0.4.0
[INFO] [stderr]    Compiling cortex-m-rt-macros v0.1.8
[INFO] [stderr]    Compiling cortex-m-rtic-macros v0.5.2
[INFO] [stderr]     Checking stm32f1xx-hal v0.7.0
[INFO] [stderr]     Checking airtag-glitcher v0.1.0 (/opt/rustwide/workdir)
[INFO] [stdout] error[E0432]: unresolved import `rtic::cyccnt`
[INFO] [stdout]   --> src/main.rs:19:11
[INFO] [stdout]    |
[INFO] [stdout] 19 | use rtic::cyccnt::U32Ext;
[INFO] [stdout]    |           ^^^^^^ could not find `cyccnt` in `rtic`
[INFO] [stdout] 
[INFO] [stdout] 
[INFO] [stdout] error[E0433]: failed to resolve: could not find `cyccnt` in `rtic`
[INFO] [stdout]   --> src/main.rs:25:76
[INFO] [stdout]    |
[INFO] [stdout] 25 | #[app(device = stm32f1xx_hal::stm32, peripherals = true, monotonic = rtic::cyccnt::CYCCNT)]
[INFO] [stdout]    |                                                                            ^^^^^^ could not find `cyccnt` in `rtic`
[INFO] [stdout] 
[INFO] [stdout] 
[INFO] [stdout] error[E0554]: `#![feature]` may not be used on the beta release channel
[INFO] [stdout]  --> src/main.rs:3:1
[INFO] [stdout]   |
[INFO] [stdout] 3 | #![feature(asm)]
[INFO] [stdout]   | ^^^^^^^^^^^^^^^^
[INFO] [stdout] 
[INFO] [stdout] 
[INFO] [stdout] error[E0432]: unresolved import `rtic::cyccnt`
[INFO] [stdout]   --> src/main.rs:19:11
[INFO] [stdout]    |
[INFO] [stdout] 19 | use rtic::cyccnt::U32Ext;
[INFO] [stdout]    |           ^^^^^^ could not find `cyccnt` in `rtic`
[INFO] [stdout] 
[INFO] [stdout] 
[INFO] [stdout] error: language item required, but not found: `eh_personality`
[INFO] [stdout] 
[INFO] [stdout] 
[INFO] [stdout] error[E0433]: failed to resolve: could not find `cyccnt` in `rtic`
[INFO] [stdout]   --> src/main.rs:25:76
[INFO] [stdout]    |
[INFO] [stdout] 25 | #[app(device = stm32f1xx_hal::stm32, peripherals = true, monotonic = rtic::cyccnt::CYCCNT)]
[INFO] [stdout]    |                                                                            ^^^^^^ could not find `cyccnt` in `rtic`
[INFO] [stdout] 
[INFO] [stdout] 
[INFO] [stdout] error[E0554]: `#![feature]` may not be used on the beta release channel
[INFO] [stdout]  --> src/main.rs:3:1
[INFO] [stdout]   |
[INFO] [stdout] 3 | #![feature(asm)]
[INFO] [stdout]   | ^^^^^^^^^^^^^^^^
[INFO] [stdout] 
[INFO] [stdout] 
[INFO] [stdout] error: duplicate lang item in crate `std` (which `test` depends on): `panic_impl`.
[INFO] [stdout]   |
[INFO] [stdout]   = note: the lang item is first defined in crate `panic_halt` (which `airtag_glitcher` depends on)
[INFO] [stdout]   = note: first definition in `panic_halt` loaded from /opt/rustwide/target/debug/deps/libpanic_halt-02cd66e430fa4eda.rmeta
[INFO] [stdout]   = note: second definition in `std` loaded from /opt/rustwide/rustup-home/toolchains/beta-2021-10-15-x86_64-unknown-linux-gnu/lib/rustlib/x86_64-unknown-linux-gnu/lib/libstd-9a950938f3668a37.rlib
[INFO] [stdout] 
[INFO] [stdout] 
[INFO] [stdout] warning: use of deprecated function `core::sync::atomic::spin_loop_hint`: use hint::spin_loop instead
[INFO] [stdout]    --> src/main.rs:122:33
[INFO] [stdout]     |
[INFO] [stdout] 122 |             core::sync::atomic::spin_loop_hint();
[INFO] [stdout]     |                                 ^^^^^^^^^^^^^^
[INFO] [stdout]     |
[INFO] [stdout]     = note: `#[warn(deprecated)]` on by default
[INFO] [stdout] 
[INFO] [stdout] 
[INFO] [stdout] warning: use of deprecated function `core::sync::atomic::spin_loop_hint`: use hint::spin_loop instead
[INFO] [stdout]    --> src/main.rs:122:33
[INFO] [stdout]     |
[INFO] [stdout] 122 |             core::sync::atomic::spin_loop_hint();
[INFO] [stdout]     |                                 ^^^^^^^^^^^^^^
[INFO] [stdout]     |
[INFO] [stdout]     = note: `#[warn(deprecated)]` on by default
[INFO] [stdout] 
[INFO] [stdout] 
[INFO] [stdout] error[E0599]: no method named `cycles` found for type `u32` in the current scope
[INFO] [stdout]    --> src/main.rs:130:48
[INFO] [stdout]     |
[INFO] [stdout] 130 |         cx.schedule.blink(cx.scheduled + delay.cycles()).unwrap();
[INFO] [stdout]     |                                                ^^^^^^ method not found in `u32`
[INFO] [stdout] 
[INFO] [stdout] 
[INFO] [stdout] error[E0282]: type annotations needed
[INFO] [stdout]   --> src/main.rs:25:1
[INFO] [stdout]    |
[INFO] [stdout] 25 | #[app(device = stm32f1xx_hal::stm32, peripherals = true, monotonic = rtic::cyccnt::CYCCNT)]
[INFO] [stdout]    | ^^^^^^^^^^^^^^^^^^^^^^^^^^^^^^^^^^^^^^^^^^^^^^^^^^^^^^^^^^^^^^^^^^^^^^^^^^^^^^^^^^^^^^^^^^^
[INFO] [stdout]    |
[INFO] [stdout]    = note: type must be known at this point
[INFO] [stdout]    = note: this error originates in the attribute macro `app` (in Nightly builds, run with -Z macro-backtrace for more info)
[INFO] [stdout] 
[INFO] [stdout] 
[INFO] [stdout] error[E0599]: no method named `cycles` found for type `u32` in the current scope
[INFO] [stdout]    --> src/main.rs:130:48
[INFO] [stdout]     |
[INFO] [stdout] 130 |         cx.schedule.blink(cx.scheduled + delay.cycles()).unwrap();
[INFO] [stdout]     |                                                ^^^^^^ method not found in `u32`
[INFO] [stdout] 
[INFO] [stdout] 
[INFO] [stdout] error: aborting due to 6 previous errors; 1 warning emitted
[INFO] [stdout] 
[INFO] [stdout] 
[INFO] [stdout] Some errors have detailed explanations: E0282, E0432, E0433, E0554, E0599.
[INFO] [stdout] 
[INFO] [stdout] For more information about an error, try `rustc --explain E0282`.
[INFO] [stdout] 
[INFO] [stdout] error[E0282]: type annotations needed
[INFO] [stdout]   --> src/main.rs:25:1
[INFO] [stdout]    |
[INFO] [stdout] 25 | #[app(device = stm32f1xx_hal::stm32, peripherals = true, monotonic = rtic::cyccnt::CYCCNT)]
[INFO] [stdout]    | ^^^^^^^^^^^^^^^^^^^^^^^^^^^^^^^^^^^^^^^^^^^^^^^^^^^^^^^^^^^^^^^^^^^^^^^^^^^^^^^^^^^^^^^^^^^
[INFO] [stdout]    |
[INFO] [stdout]    = note: type must be known at this point
[INFO] [stdout]    = note: this error originates in the attribute macro `app` (in Nightly builds, run with -Z macro-backtrace for more info)
[INFO] [stdout] 
[INFO] [stdout] 
[INFO] [stderr] error: could not compile `airtag-glitcher` due to 7 previous errors; 1 warning emitted
[INFO] [stderr] warning: build failed, waiting for other jobs to finish...
[INFO] [stdout] error: aborting due to 6 previous errors; 1 warning emitted
[INFO] [stdout] 
[INFO] [stdout] 
[INFO] [stdout] Some errors have detailed explanations: E0282, E0432, E0433, E0554, E0599.
[INFO] [stdout] 
[INFO] [stdout] For more information about an error, try `rustc --explain E0282`.
[INFO] [stdout] 
[INFO] [stderr] error: build failed
[INFO] running `Command { std: "docker" "inspect" "dc0e9bd0492ff1b71dd317500314e2c3ff38a2a4c28212aac3f136f78cf438d4", kill_on_drop: false }`
[INFO] running `Command { std: "docker" "rm" "-f" "dc0e9bd0492ff1b71dd317500314e2c3ff38a2a4c28212aac3f136f78cf438d4", kill_on_drop: false }`
[INFO] [stdout] dc0e9bd0492ff1b71dd317500314e2c3ff38a2a4c28212aac3f136f78cf438d4
