[INFO] cloning repository https://github.com/pcn/serde-rusoto
[INFO] running `Command { std: "git" "-c" "credential.helper=" "-c" "credential.helper=/workspace/cargo-home/bin/git-credential-null" "clone" "--bare" "https://github.com/pcn/serde-rusoto" "/workspace/cache/git-repos/https%3A%2F%2Fgithub.com%2Fpcn%2Fserde-rusoto", kill_on_drop: false }`
[INFO] [stderr] Cloning into bare repository '/workspace/cache/git-repos/https%3A%2F%2Fgithub.com%2Fpcn%2Fserde-rusoto'...
[INFO] running `Command { std: "git" "rev-parse" "HEAD", kill_on_drop: false }`
[INFO] [stdout] 417f29c7b11b5a17d6a2448a84d8491bd885a817
[INFO] checking pcn/serde-rusoto against 1.55.0 for beta-1.56-3
[INFO] running `Command { std: "git" "clone" "/workspace/cache/git-repos/https%3A%2F%2Fgithub.com%2Fpcn%2Fserde-rusoto" "/workspace/builds/worker-74/source", kill_on_drop: false }`
[INFO] [stderr] Cloning into '/workspace/builds/worker-74/source'...
[INFO] [stderr] done.
[INFO] validating manifest of git repo https://github.com/pcn/serde-rusoto on toolchain 1.55.0
[INFO] running `Command { std: "/workspace/cargo-home/bin/cargo" "+1.55.0" "metadata" "--manifest-path" "Cargo.toml" "--no-deps", kill_on_drop: false }`
[INFO] started tweaking git repo https://github.com/pcn/serde-rusoto
[INFO] finished tweaking git repo https://github.com/pcn/serde-rusoto
[INFO] tweaked toml for git repo https://github.com/pcn/serde-rusoto written to /workspace/builds/worker-74/source/Cargo.toml
[INFO] crate git repo https://github.com/pcn/serde-rusoto already has a lockfile, it will not be regenerated
[INFO] running `Command { std: "/workspace/cargo-home/bin/cargo" "+1.55.0" "fetch" "--manifest-path" "Cargo.toml", kill_on_drop: false }`
[INFO] [stderr]     Blocking waiting for file lock on package cache
[INFO] [stderr]     Blocking waiting for file lock on package cache
[INFO] [stderr]  Downloading crates ...
[INFO] [stderr]   Downloaded time v0.2.21
[INFO] [stderr]   Downloaded rusoto_ec2 v0.45.0
[INFO] running `Command { std: "docker" "create" "-v" "/var/lib/crater-agent-workspace/builds/worker-74/target:/opt/rustwide/target:rw,Z" "-v" "/var/lib/crater-agent-workspace/builds/worker-74/source:/opt/rustwide/workdir:ro,Z" "-v" "/var/lib/crater-agent-workspace/cargo-home:/opt/rustwide/cargo-home:ro,Z" "-v" "/var/lib/crater-agent-workspace/rustup-home:/opt/rustwide/rustup-home:ro,Z" "-e" "SOURCE_DIR=/opt/rustwide/workdir" "-e" "CARGO_TARGET_DIR=/opt/rustwide/target" "-e" "CARGO_HOME=/opt/rustwide/cargo-home" "-e" "RUSTUP_HOME=/opt/rustwide/rustup-home" "-w" "/opt/rustwide/workdir" "-m" "1610612736" "--user" "0:0" "--network" "none" "ghcr.io/rust-lang/crates-build-env/linux@sha256:a89201d6b5b9fd45c15d5952ece0a0129e7e80cb26ec023fd59cf09bc26f1604" "/opt/rustwide/cargo-home/bin/cargo" "+1.55.0" "metadata" "--no-deps" "--format-version=1", kill_on_drop: false }`
[INFO] [stdout] 34702decdb8770194ed1366d652770ff116b534ab00d14909c72db41af94c2e3
[INFO] running `Command { std: "docker" "start" "-a" "34702decdb8770194ed1366d652770ff116b534ab00d14909c72db41af94c2e3", kill_on_drop: false }`
[INFO] running `Command { std: "docker" "inspect" "34702decdb8770194ed1366d652770ff116b534ab00d14909c72db41af94c2e3", kill_on_drop: false }`
[INFO] running `Command { std: "docker" "rm" "-f" "34702decdb8770194ed1366d652770ff116b534ab00d14909c72db41af94c2e3", kill_on_drop: false }`
[INFO] [stdout] 34702decdb8770194ed1366d652770ff116b534ab00d14909c72db41af94c2e3
[INFO] running `Command { std: "docker" "create" "-v" "/var/lib/crater-agent-workspace/builds/worker-74/target:/opt/rustwide/target:rw,Z" "-v" "/var/lib/crater-agent-workspace/builds/worker-74/source:/opt/rustwide/workdir:ro,Z" "-v" "/var/lib/crater-agent-workspace/cargo-home:/opt/rustwide/cargo-home:ro,Z" "-v" "/var/lib/crater-agent-workspace/rustup-home:/opt/rustwide/rustup-home:ro,Z" "-e" "SOURCE_DIR=/opt/rustwide/workdir" "-e" "CARGO_TARGET_DIR=/opt/rustwide/target" "-e" "CARGO_INCREMENTAL=0" "-e" "RUST_BACKTRACE=full" "-e" "RUSTFLAGS=--cap-lints=warn" "-e" "CARGO_HOME=/opt/rustwide/cargo-home" "-e" "RUSTUP_HOME=/opt/rustwide/rustup-home" "-w" "/opt/rustwide/workdir" "-m" "1610612736" "--user" "0:0" "--network" "none" "ghcr.io/rust-lang/crates-build-env/linux@sha256:a89201d6b5b9fd45c15d5952ece0a0129e7e80cb26ec023fd59cf09bc26f1604" "/opt/rustwide/cargo-home/bin/cargo" "+1.55.0" "check" "--frozen" "--all" "--all-targets" "--message-format=json", kill_on_drop: false }`
[INFO] [stdout] bff06c201e9fdf12f081f4a7cabe8ad01c9187fe3debe6bbcf3ba11bd748b212
[INFO] running `Command { std: "docker" "start" "-a" "bff06c201e9fdf12f081f4a7cabe8ad01c9187fe3debe6bbcf3ba11bd748b212", kill_on_drop: false }`
[INFO] [stderr]     Blocking waiting for file lock on package cache
[INFO] [stderr]    Compiling proc-macro2 v1.0.21
[INFO] [stderr]    Compiling unicode-xid v0.2.1
[INFO] [stderr]    Compiling syn v1.0.41
[INFO] [stderr]    Compiling libc v0.2.77
[INFO] [stderr]     Checking cfg-if v0.1.10
[INFO] [stderr]    Compiling version_check v0.9.2
[INFO] [stderr]    Compiling serde_derive v1.0.116
[INFO] [stderr]    Compiling serde v1.0.116
[INFO] [stderr]    Compiling log v0.4.11
[INFO] [stderr]    Compiling memchr v2.3.3
[INFO] [stderr]     Checking slab v0.4.2
[INFO] [stderr]    Compiling proc-macro-hack v0.5.18
[INFO] [stderr]     Checking futures-core v0.3.5
[INFO] [stderr]    Compiling pin-project-internal v0.4.23
[INFO] [stderr]     Checking futures-sink v0.3.5
[INFO] [stderr]    Compiling proc-macro-nested v0.1.6
[INFO] [stderr]     Checking fnv v1.0.7
[INFO] [stderr]     Checking once_cell v1.4.1
[INFO] [stderr]    Compiling pkg-config v0.3.18
[INFO] [stderr]    Compiling cc v1.0.60
[INFO] [stderr]     Checking itoa v0.4.6
[INFO] [stderr]    Compiling typenum v1.12.0
[INFO] [stderr]     Checking arc-swap v0.4.7
[INFO] [stderr]     Checking pin-project-lite v0.1.7
[INFO] [stderr]     Checking pin-utils v0.1.0
[INFO] [stderr]     Checking futures-io v0.3.5
[INFO] [stderr]     Checking hashbrown v0.9.0
[INFO] [stderr]    Compiling httparse v1.3.4
[INFO] [stderr]    Compiling openssl v0.10.30
[INFO] [stderr]    Compiling ryu v1.0.5
[INFO] [stderr]     Checking try-lock v0.2.3
[INFO] [stderr]     Checking foreign-types-shared v0.1.1
[INFO] [stderr]     Checking httpdate v0.3.2
[INFO] [stderr]    Compiling serde_json v1.0.57
[INFO] [stderr]    Compiling const_fn v0.4.2
[INFO] [stderr]    Compiling native-tls v0.2.4
[INFO] [stderr]     Checking tower-service v0.3.0
[INFO] [stderr]    Compiling semver-parser v0.7.0
[INFO] [stderr]     Checking subtle v2.3.0
[INFO] [stderr]     Checking openssl-probe v0.1.2
[INFO] [stderr]     Checking tinyvec v0.3.4
[INFO] [stderr]     Checking percent-encoding v2.1.0
[INFO] [stderr]     Checking regex-syntax v0.6.18
[INFO] [stderr]     Checking matches v0.1.8
[INFO] [stderr]     Checking shlex v0.1.1
[INFO] [stderr]     Checking zeroize v1.1.1
[INFO] [stderr]     Checking cpuid-bool v0.1.2
[INFO] [stderr]     Checking opaque-debug v0.3.0
[INFO] [stderr]    Compiling crc32fast v1.2.0
[INFO] [stderr]     Checking md5 v0.7.0
[INFO] [stderr]     Checking hex v0.4.2
[INFO] [stderr]     Checking base64 v0.12.3
[INFO] [stderr]     Checking dtoa v0.4.6
[INFO] [stderr]     Checking xml-rs v0.8.3
[INFO] [stderr]    Compiling indexmap v1.6.0
[INFO] [stderr]    Compiling num-traits v0.2.12
[INFO] [stderr]     Checking tracing-core v0.1.16
[INFO] [stderr]    Compiling num-integer v0.1.43
[INFO] [stderr]     Checking thread_local v1.0.1
[INFO] [stderr]     Checking foreign-types v0.3.2
[INFO] [stderr]     Checking futures-channel v0.3.5
[INFO] [stderr]    Compiling semver v0.9.0
[INFO] [stderr]     Checking unicode-bidi v0.3.4
[INFO] [stderr]     Checking want v0.3.0
[INFO] [stderr]     Checking futures-task v0.3.5
[INFO] [stderr]     Checking tracing v0.1.19
[INFO] [stderr]    Compiling quote v1.0.7
[INFO] [stderr]     Checking unicode-normalization v0.1.13
[INFO] [stderr]    Compiling rustc_version v0.2.3
[INFO] [stderr]    Compiling generic-array v0.14.4
[INFO] [stderr]    Compiling standback v0.2.10
[INFO] [stderr]    Compiling time v0.2.21
[INFO] [stderr]     Checking aho-corasick v0.7.13
[INFO] [stderr]    Compiling openssl-sys v0.9.58
[INFO] [stderr]    Compiling rusoto_core v0.45.0
[INFO] [stderr]     Checking net2 v0.2.35
[INFO] [stderr]     Checking iovec v0.1.4
[INFO] [stderr]     Checking num_cpus v1.13.0
[INFO] [stderr]     Checking signal-hook-registry v1.2.1
[INFO] [stderr]     Checking socket2 v0.3.15
[INFO] [stderr]     Checking time v0.1.44
[INFO] [stderr]     Checking dirs-sys v0.3.5
[INFO] [stderr]     Checking idna v0.2.0
[INFO] [stderr]     Checking regex v1.3.9
[INFO] [stderr]     Checking mio v0.6.22
[INFO] [stderr]     Checking dirs v2.0.2
[INFO] [stderr]     Checking digest v0.9.0
[INFO] [stderr]     Checking crypto-mac v0.8.0
[INFO] [stderr]     Checking block-buffer v0.9.0
[INFO] [stderr]     Checking mio-uds v0.6.8
[INFO] [stderr]     Checking url v2.1.1
[INFO] [stderr]     Checking hmac v0.8.1
[INFO] [stderr]     Checking sha2 v0.9.1
[INFO] [stderr]    Compiling tokio-macros v0.2.5
[INFO] [stderr]    Compiling futures-macro v0.3.5
[INFO] [stderr]    Compiling time-macros-impl v0.1.1
[INFO] [stderr]    Compiling async-trait v0.1.40
[INFO] [stderr]     Checking time-macros v0.1.0
[INFO] [stderr]     Checking pin-project v0.4.23
[INFO] [stderr]     Checking futures-util v0.3.5
[INFO] [stderr]     Checking futures-executor v0.3.5
[INFO] [stderr]     Checking futures v0.3.5
[INFO] [stderr]     Checking bytes v0.5.6
[INFO] [stderr]     Checking chrono v0.4.15
[INFO] [stderr]     Checking serde_urlencoded v0.6.1
[INFO] [stderr]     Checking tokio v0.2.22
[INFO] [stderr]     Checking http v0.2.1
[INFO] [stderr]     Checking http-body v0.3.1
[INFO] [stderr]     Checking tokio-util v0.3.1
[INFO] [stderr]     Checking tokio-tls v0.3.1
[INFO] [stderr]     Checking h2 v0.2.6
[INFO] [stderr]     Checking hyper v0.13.8
[INFO] [stderr]     Checking rusoto_credential v0.45.0
[INFO] [stderr]     Checking hyper-tls v0.4.3
[INFO] [stderr]     Checking rusoto_signature v0.45.0
[INFO] [stderr]     Checking rusoto_ec2 v0.45.0
[INFO] [stderr]     Checking serde-rusoto v0.1.0 (/opt/rustwide/workdir)
[INFO] [stdout] error[E0277]: the trait bound `Instance: Deserialize<'_>` is not satisfied
[INFO] [stdout]     --> src/main.rs:19:5
[INFO] [stdout]      |
[INFO] [stdout] 19   |     instance_data: Vec<Instance>,
[INFO] [stdout]      |     ^^^^^^^^^^^^^ the trait `Deserialize<'_>` is not implemented for `Instance`
[INFO] [stdout]      |
[INFO] [stdout]      = note: required because of the requirements on the impl of `Deserialize<'_>` for `Vec<Instance>`
[INFO] [stdout] note: required by `next_element`
[INFO] [stdout]     --> /opt/rustwide/cargo-home/registry/src/github.com-1ecc6299db9ec823/serde-1.0.116/src/de/mod.rs:1704:5
[INFO] [stdout]      |
[INFO] [stdout] 1704 | /     fn next_element<T>(&mut self) -> Result<Option<T>, Self::Error>
[INFO] [stdout] 1705 | |     where
[INFO] [stdout] 1706 | |         T: Deserialize<'de>,
[INFO] [stdout]      | |____________________________^
[INFO] [stdout] 
[INFO] [stdout] 
[INFO] [stdout] error[E0277]: the trait bound `Instance: Deserialize<'_>` is not satisfied
[INFO] [stdout]     --> src/main.rs:19:5
[INFO] [stdout]      |
[INFO] [stdout] 19   |     instance_data: Vec<Instance>,
[INFO] [stdout]      |     ^^^^^^^^^^^^^ the trait `Deserialize<'_>` is not implemented for `Instance`
[INFO] [stdout]      |
[INFO] [stdout]      = note: required because of the requirements on the impl of `Deserialize<'_>` for `Vec<Instance>`
[INFO] [stdout] note: required by `next_value`
[INFO] [stdout]     --> /opt/rustwide/cargo-home/registry/src/github.com-1ecc6299db9ec823/serde-1.0.116/src/de/mod.rs:1843:5
[INFO] [stdout]      |
[INFO] [stdout] 1843 | /     fn next_value<V>(&mut self) -> Result<V, Self::Error>
[INFO] [stdout] 1844 | |     where
[INFO] [stdout] 1845 | |         V: Deserialize<'de>,
[INFO] [stdout]      | |____________________________^
[INFO] [stdout] 
[INFO] [stdout] 
[INFO] [stdout] error[E0277]: the trait bound `Instance: Deserialize<'_>` is not satisfied
[INFO] [stdout]     --> src/main.rs:19:5
[INFO] [stdout]      |
[INFO] [stdout] 19   |     instance_data: Vec<Instance>,
[INFO] [stdout]      |     ^^^^^^^^^^^^^ the trait `Deserialize<'_>` is not implemented for `Instance`
[INFO] [stdout]      |
[INFO] [stdout]      = note: required because of the requirements on the impl of `Deserialize<'_>` for `Vec<Instance>`
[INFO] [stdout] note: required by `next_element`
[INFO] [stdout]     --> /opt/rustwide/cargo-home/registry/src/github.com-1ecc6299db9ec823/serde-1.0.116/src/de/mod.rs:1704:5
[INFO] [stdout]      |
[INFO] [stdout] 1704 | /     fn next_element<T>(&mut self) -> Result<Option<T>, Self::Error>
[INFO] [stdout] 1705 | |     where
[INFO] [stdout] 1706 | |         T: Deserialize<'de>,
[INFO] [stdout]      | |____________________________^
[INFO] [stdout] 
[INFO] [stdout] 
[INFO] [stdout] error[E0277]: the trait bound `Instance: Deserialize<'_>` is not satisfied
[INFO] [stdout]     --> src/main.rs:19:5
[INFO] [stdout]      |
[INFO] [stdout] 19   |     instance_data: Vec<Instance>,
[INFO] [stdout]      |     ^^^^^^^^^^^^^ the trait `Deserialize<'_>` is not implemented for `Instance`
[INFO] [stdout]      |
[INFO] [stdout]      = note: required because of the requirements on the impl of `Deserialize<'_>` for `Vec<Instance>`
[INFO] [stdout] note: required by `next_value`
[INFO] [stdout]     --> /opt/rustwide/cargo-home/registry/src/github.com-1ecc6299db9ec823/serde-1.0.116/src/de/mod.rs:1843:5
[INFO] [stdout]      |
[INFO] [stdout] 1843 | /     fn next_value<V>(&mut self) -> Result<V, Self::Error>
[INFO] [stdout] 1844 | |     where
[INFO] [stdout] 1845 | |         V: Deserialize<'de>,
[INFO] [stdout]      | |____________________________^
[INFO] [stdout] 
[INFO] [stdout] 
[INFO] [stdout] error: aborting due to 2 previous errors
[INFO] [stdout] 
[INFO] [stdout] 
[INFO] [stdout] For more information about this error, try `rustc --explain E0277`.
[INFO] [stdout] 
[INFO] [stderr] error: could not compile `serde-rusoto` due to 3 previous errors
[INFO] [stderr] warning: build failed, waiting for other jobs to finish...
[INFO] [stdout] error: aborting due to 2 previous errors
[INFO] [stdout] 
[INFO] [stdout] 
[INFO] [stdout] For more information about this error, try `rustc --explain E0277`.
[INFO] [stdout] 
[INFO] [stderr] error: build failed
[INFO] running `Command { std: "docker" "inspect" "bff06c201e9fdf12f081f4a7cabe8ad01c9187fe3debe6bbcf3ba11bd748b212", kill_on_drop: false }`
[INFO] running `Command { std: "docker" "rm" "-f" "bff06c201e9fdf12f081f4a7cabe8ad01c9187fe3debe6bbcf3ba11bd748b212", kill_on_drop: false }`
[INFO] [stdout] bff06c201e9fdf12f081f4a7cabe8ad01c9187fe3debe6bbcf3ba11bd748b212
