[INFO] cloning repository https://github.com/paulrouget/servoshell
[INFO] running `Command { std: "git" "-c" "credential.helper=" "-c" "credential.helper=/workspace/cargo-home/bin/git-credential-null" "clone" "--bare" "https://github.com/paulrouget/servoshell" "/workspace/cache/git-repos/https%3A%2F%2Fgithub.com%2Fpaulrouget%2Fservoshell", kill_on_drop: false }`
[INFO] [stderr] Cloning into bare repository '/workspace/cache/git-repos/https%3A%2F%2Fgithub.com%2Fpaulrouget%2Fservoshell'...
[INFO] running `Command { std: "git" "rev-parse" "HEAD", kill_on_drop: false }`
[INFO] [stdout] a51916ae135730afda6bf3e26e5793595049ecba
[INFO] checking paulrouget/servoshell against 1.55.0 for beta-1.56-3
[INFO] running `Command { std: "git" "clone" "/workspace/cache/git-repos/https%3A%2F%2Fgithub.com%2Fpaulrouget%2Fservoshell" "/workspace/builds/worker-109/source", kill_on_drop: false }`
[INFO] [stderr] Cloning into '/workspace/builds/worker-109/source'...
[INFO] [stderr] done.
[INFO] validating manifest of git repo https://github.com/paulrouget/servoshell on toolchain 1.55.0
[INFO] running `Command { std: "/workspace/cargo-home/bin/cargo" "+1.55.0" "metadata" "--manifest-path" "Cargo.toml" "--no-deps", kill_on_drop: false }`
[INFO] removed /workspace/builds/worker-109/source/rust-toolchain
[INFO] started tweaking git repo https://github.com/paulrouget/servoshell
[INFO] finished tweaking git repo https://github.com/paulrouget/servoshell
[INFO] tweaked toml for git repo https://github.com/paulrouget/servoshell written to /workspace/builds/worker-109/source/Cargo.toml
[INFO] crate git repo https://github.com/paulrouget/servoshell already has a lockfile, it will not be regenerated
[INFO] running `Command { std: "/workspace/cargo-home/bin/cargo" "+1.55.0" "fetch" "--manifest-path" "Cargo.toml", kill_on_drop: false }`
[INFO] [stderr]     Blocking waiting for file lock on package cache
[INFO] [stderr]     Blocking waiting for file lock on package cache
[INFO] running `Command { std: "docker" "create" "-v" "/var/lib/crater-agent-workspace/builds/worker-109/target:/opt/rustwide/target:rw,Z" "-v" "/var/lib/crater-agent-workspace/builds/worker-109/source:/opt/rustwide/workdir:ro,Z" "-v" "/var/lib/crater-agent-workspace/cargo-home:/opt/rustwide/cargo-home:ro,Z" "-v" "/var/lib/crater-agent-workspace/rustup-home:/opt/rustwide/rustup-home:ro,Z" "-e" "SOURCE_DIR=/opt/rustwide/workdir" "-e" "CARGO_TARGET_DIR=/opt/rustwide/target" "-e" "CARGO_HOME=/opt/rustwide/cargo-home" "-e" "RUSTUP_HOME=/opt/rustwide/rustup-home" "-w" "/opt/rustwide/workdir" "-m" "1610612736" "--user" "0:0" "--network" "none" "ghcr.io/rust-lang/crates-build-env/linux@sha256:a89201d6b5b9fd45c15d5952ece0a0129e7e80cb26ec023fd59cf09bc26f1604" "/opt/rustwide/cargo-home/bin/cargo" "+1.55.0" "metadata" "--no-deps" "--format-version=1", kill_on_drop: false }`
[INFO] [stdout] d122e9d33da7bf41ddb3a66fade226ef93b803ff5bcb072035853241c658889f
[INFO] running `Command { std: "docker" "start" "-a" "d122e9d33da7bf41ddb3a66fade226ef93b803ff5bcb072035853241c658889f", kill_on_drop: false }`
[INFO] running `Command { std: "docker" "inspect" "d122e9d33da7bf41ddb3a66fade226ef93b803ff5bcb072035853241c658889f", kill_on_drop: false }`
[INFO] running `Command { std: "docker" "rm" "-f" "d122e9d33da7bf41ddb3a66fade226ef93b803ff5bcb072035853241c658889f", kill_on_drop: false }`
[INFO] [stdout] d122e9d33da7bf41ddb3a66fade226ef93b803ff5bcb072035853241c658889f
[INFO] running `Command { std: "docker" "create" "-v" "/var/lib/crater-agent-workspace/builds/worker-109/target:/opt/rustwide/target:rw,Z" "-v" "/var/lib/crater-agent-workspace/builds/worker-109/source:/opt/rustwide/workdir:ro,Z" "-v" "/var/lib/crater-agent-workspace/cargo-home:/opt/rustwide/cargo-home:ro,Z" "-v" "/var/lib/crater-agent-workspace/rustup-home:/opt/rustwide/rustup-home:ro,Z" "-e" "SOURCE_DIR=/opt/rustwide/workdir" "-e" "CARGO_TARGET_DIR=/opt/rustwide/target" "-e" "CARGO_INCREMENTAL=0" "-e" "RUST_BACKTRACE=full" "-e" "RUSTFLAGS=--cap-lints=warn" "-e" "CARGO_HOME=/opt/rustwide/cargo-home" "-e" "RUSTUP_HOME=/opt/rustwide/rustup-home" "-w" "/opt/rustwide/workdir" "-m" "1610612736" "--user" "0:0" "--network" "none" "ghcr.io/rust-lang/crates-build-env/linux@sha256:a89201d6b5b9fd45c15d5952ece0a0129e7e80cb26ec023fd59cf09bc26f1604" "/opt/rustwide/cargo-home/bin/cargo" "+1.55.0" "check" "--frozen" "--all" "--all-targets" "--message-format=json", kill_on_drop: false }`
[INFO] [stdout] 81785289b817c17063578515d6adaf0c4209342f8569c3b794aff09ec7f0e7f4
[INFO] running `Command { std: "docker" "start" "-a" "81785289b817c17063578515d6adaf0c4209342f8569c3b794aff09ec7f0e7f4", kill_on_drop: false }`
[INFO] [stderr]     Blocking waiting for file lock on package cache
[INFO] [stderr]     Checking libc v0.2.33
[INFO] [stderr]    Compiling quote v0.3.15
[INFO] [stderr]    Compiling unicode-xid v0.0.4
[INFO] [stderr]    Compiling semver v0.1.20
[INFO] [stderr]    Compiling pkg-config v0.3.9
[INFO] [stderr]    Compiling cc v1.0.1
[INFO] [stderr]    Compiling siphasher v0.2.2
[INFO] [stderr]     Checking log v0.3.8
[INFO] [stderr]     Checking lazy_static v0.2.11
[INFO] [stderr]    Compiling dtoa v0.4.1
[INFO] [stderr]    Compiling itoa v0.3.1
[INFO] [stderr]    Compiling num-traits v0.1.37
[INFO] [stderr]     Checking byteorder v1.2.1
[INFO] [stderr]    Compiling gcc v0.3.47
[INFO] [stderr]     Checking matches v0.1.4
[INFO] [stderr]     Checking cfg-if v0.1.2
[INFO] [stderr]     Checking void v1.0.2
[INFO] [stderr]    Compiling string_cache_shared v0.3.0
[INFO] [stderr]     Checking unicode-normalization v0.1.5
[INFO] [stderr]     Checking percent-encoding v1.0.0
[INFO] [stderr]     Checking lazy_static v1.0.0
[INFO] [stderr]     Checking bitflags v1.0.0
[INFO] [stderr]     Checking lazycell v0.4.0
[INFO] [stderr]     Checking slab v0.3.0
[INFO] [stderr]     Checking precomputed-hash v0.1.1
[INFO] [stderr]     Checking mac v0.1.1
[INFO] [stderr]     Checking smallvec v0.6.0
[INFO] [stderr]     Checking nodrop v0.1.12
[INFO] [stderr]    Compiling mozjs_sys v0.50.0
[INFO] [stderr]     Checking stable_deref_trait v1.0.0
[INFO] [stderr]     Checking fnv v1.0.5
[INFO] [stderr]    Compiling procedural-masquerade v0.1.2
[INFO] [stderr]     Checking smallbitvec v1.0.6
[INFO] [stderr]    Compiling khronos_api v2.0.0
[INFO] [stderr]    Compiling rustc-demangle v0.1.4
[INFO] [stderr]    Compiling toml v0.2.1
[INFO] [stderr]     Checking rustc-serialize v0.3.24
[INFO] [stderr]     Checking httparse v1.2.1
[INFO] [stderr]     Checking safemem v0.2.0
[INFO] [stderr]     Checking either v1.1.0
[INFO] [stderr]     Checking typeable v0.1.2
[INFO] [stderr]     Checking traitobject v0.1.0
[INFO] [stderr]     Checking scopeguard v0.3.2
[INFO] [stderr]     Checking getopts v0.2.14
[INFO] [stderr]    Compiling rayon-core v1.2.0
[INFO] [stderr]     Checking xdg v2.1.0
[INFO] [stderr]     Checking futures v0.1.13
[INFO] [stderr]     Checking adler32 v1.0.0
[INFO] [stderr]     Checking lzw v0.10.0
[INFO] [stderr]     Checking utf8-ranges v1.0.0
[INFO] [stderr]    Compiling same-file v0.1.3
[INFO] [stderr]     Checking regex-syntax v0.4.1
[INFO] [stderr]     Checking color_quant v1.0.0
[INFO] [stderr]     Checking scoped_threadpool v0.1.7
[INFO] [stderr]    Compiling bitflags v0.9.1
[INFO] [stderr]     Checking signpost v0.1.0 (https://github.com/pcwalton/signpost.git#7ed71250)
[INFO] [stderr]    Compiling libloading v0.4.0
[INFO] [stderr]    Compiling unicode-width v0.1.4
[INFO] [stderr]    Compiling ident_case v1.0.0
[INFO] [stderr]    Compiling serde v0.9.15
[INFO] [stderr]    Compiling ansi_term v0.10.2
[INFO] [stderr]    Compiling vec_map v0.8.0
[INFO] [stderr]    Compiling strsim v0.6.0
[INFO] [stderr]    Compiling glob v0.2.11
[INFO] [stderr]     Checking unicode-segmentation v1.2.0
[INFO] [stderr]     Checking atomic_refcell v0.1.0
[INFO] [stderr]    Compiling nom v1.2.4
[INFO] [stderr]    Compiling bindgen v0.31.3
[INFO] [stderr]     Checking xi-unicode v0.1.0
[INFO] [stderr]    Compiling winapi-build v0.1.1
[INFO] [stderr]     Checking bitreader v0.3.0
[INFO] [stderr]    Compiling peeking_take_while v0.1.2
[INFO] [stderr]    Compiling openssl v0.9.22
[INFO] [stderr]     Checking semver-parser v0.7.0
[INFO] [stderr]     Checking foreign-types-shared v0.1.1
[INFO] [stderr]    Compiling webrender v0.56.1 (https://github.com/servo/webrender#92959212)
[INFO] [stderr]     Checking binary-space-partition v0.1.2
[INFO] [stderr]     Checking winapi v0.2.8
[INFO] [stderr]     Checking thread_profiler v0.1.3
[INFO] [stderr]     Checking alloc-no-stdlib v1.2.0
[INFO] [stderr]     Checking bytes v0.3.0
[INFO] [stderr]     Checking sha1 v0.2.0
[INFO] [stderr]     Checking mp3-metadata v0.3.0
[INFO] [stderr]     Checking antidote v1.0.0
[INFO] [stderr]    Compiling khronos_api v1.0.1
[INFO] [stderr]     Checking open v1.2.0
[INFO] [stderr]    Compiling script_plugins v0.0.1 (https://github.com/servo/servo?rev=989d2fd532#989d2fd5)
[INFO] [stderr]     Checking ref_filter_map v1.0.1
[INFO] [stderr]     Checking ref_slice v1.1.1
[INFO] [stderr]     Checking threadpool v1.3.2
[INFO] [stderr]     Checking bitflags v0.7.0
[INFO] [stderr]     Checking swapper v0.1.0
[INFO] [stderr]     Checking mitochondria v1.1.2
[INFO] [stderr]     Checking half v1.0.0
[INFO] [stderr]    Compiling dom_struct v0.0.1 (https://github.com/servo/servo?rev=989d2fd532#989d2fd5)
[INFO] [stderr]    Compiling servoshell v0.1.0 (/opt/rustwide/workdir)
[INFO] [stderr]    Compiling synom v0.11.3
[INFO] [stderr]    Compiling unreachable v0.1.1
[INFO] [stderr]     Checking encoding_rs v0.7.1
[INFO] [stderr]     Checking utf-8 v0.7.1
[INFO] [stderr]    Compiling xml-rs v0.7.0
[INFO] [stdout] error[E0462]: found staticlib `rustc` instead of rlib or dylib
[INFO] [stdout]   --> /opt/rustwide/cargo-home/git/checkouts/servo-12bfca331f128de3/989d2fd/components/script_plugins/lib.rs:26:1
[INFO] [stdout]    |
[INFO] [stdout] 26 | extern crate rustc;
[INFO] [stdout]    | ^^^^^^^^^^^^^^^^^^^
[INFO] [stdout]    |
[INFO] [stdout]    = help: please recompile that crate using --crate-type lib
[INFO] [stdout]    = note: the following crate versions were found:
[INFO] [stdout]            crate `rustc`: /opt/rustwide/rustup-home/toolchains/1.55.0-x86_64-unknown-linux-gnu/lib/rustlib/x86_64-unknown-linux-gnu/lib/librustc-stable_rt.msan.a
[INFO] [stdout]            crate `rustc`: /opt/rustwide/rustup-home/toolchains/1.55.0-x86_64-unknown-linux-gnu/lib/rustlib/x86_64-unknown-linux-gnu/lib/librustc-stable_rt.lsan.a
[INFO] [stdout]            crate `rustc`: /opt/rustwide/rustup-home/toolchains/1.55.0-x86_64-unknown-linux-gnu/lib/rustlib/x86_64-unknown-linux-gnu/lib/librustc-stable_rt.tsan.a
[INFO] [stdout]            crate `rustc`: /opt/rustwide/rustup-home/toolchains/1.55.0-x86_64-unknown-linux-gnu/lib/rustlib/x86_64-unknown-linux-gnu/lib/librustc-stable_rt.asan.a
[INFO] [stdout] 
[INFO] [stdout] 
[INFO] [stderr]     Checking rand v0.3.15
[INFO] [stderr]     Checking time v0.1.37
[INFO] [stderr]     Checking net2 v0.2.29
[INFO] [stderr]     Checking iovec v0.1.0
[INFO] [stderr]     Checking num_cpus v1.4.0
[INFO] [stderr]     Checking hashglobe v0.1.0 (https://github.com/servo/servo?rev=989d2fd532#989d2fd5)
[INFO] [stderr]     Checking thread-id v3.1.0
[INFO] [stderr]     Checking memchr v1.0.1
[INFO] [stderr]     Checking shared_library v0.1.5
[INFO] [stderr]     Checking servo_allocator v0.0.1 (https://github.com/servo/servo?rev=989d2fd532#989d2fd5)
[INFO] [stderr]     Checking pulse-ffi v0.1.0 (https://github.com/djg/cubeb-pulse-rs?branch=dev#71e1ecfa)
[INFO] [stderr] error: could not compile `script_plugins` due to 2 previous errors
[INFO] [stderr] warning: build failed, waiting for other jobs to finish...
[INFO] [stdout] error: aborting due to previous error
[INFO] [stdout] 
[INFO] [stdout] 
[INFO] [stdout] error[E0658]: use of unstable library feature 'proc_macro_quote'
[INFO] [stdout]   --> /opt/rustwide/cargo-home/git/checkouts/servo-12bfca331f128de3/989d2fd/components/dom_struct/lib.rs:17:22
[INFO] [stdout]    |
[INFO] [stdout] 17 |     let attributes = quote! {
[INFO] [stdout]    |                      ^^^^^
[INFO] [stdout]    |
[INFO] [stdout]    = note: see issue #54722 <https://github.com/rust-lang/rust/issues/54722> for more information
[INFO] [stdout] 
[INFO] [stdout] 
[INFO] [stdout] error[E0554]: `#![feature]` may not be used on the stable release channel
[INFO] [stdout]  --> /opt/rustwide/cargo-home/git/checkouts/servo-12bfca331f128de3/989d2fd/components/dom_struct/lib.rs:5:1
[INFO] [stdout]   |
[INFO] [stdout] 5 | #![feature(proc_macro)]
[INFO] [stdout]   | ^^^^^^^^^^^^^^^^^^^^^^^ help: remove the attribute
[INFO] [stdout]   |
[INFO] [stdout]   = help: the feature `proc_macro` has been stable since 1.29.0 and no longer requires an attribute to enable
[INFO] [stdout] 
[INFO] [stdout] 
[INFO] [stdout] error[E0658]: use of unstable library feature 'proc_macro_quote'
[INFO] [stdout]  --> /opt/rustwide/cargo-home/git/checkouts/servo-12bfca331f128de3/989d2fd/components/dom_struct/lib.rs:9:31
[INFO] [stdout]   |
[INFO] [stdout] 9 | use proc_macro::{TokenStream, quote};
[INFO] [stdout]   |                               ^^^^^
[INFO] [stdout]   |
[INFO] [stdout]   = note: see issue #54722 <https://github.com/rust-lang/rust/issues/54722> for more information
[INFO] [stdout] 
[INFO] [stdout] 
[INFO] [stdout] error: aborting due to 3 previous errors
[INFO] [stdout] 
[INFO] [stdout] 
[INFO] [stdout] Some errors have detailed explanations: E0554, E0658.
[INFO] [stdout] 
[INFO] [stdout] For more information about an error, try `rustc --explain E0554`.
[INFO] [stdout] 
[INFO] [stdout] error[E0503]: cannot use `state` because it was mutably borrowed
[INFO] [stdout]     --> /opt/rustwide/cargo-home/registry/src/github.com-1ecc6299db9ec823/getopts-0.2.14/src/lib.rs:1008:33
[INFO] [stdout]      |
[INFO] [stdout] 955  |     let mut machine = |cont: &mut bool, (i, c): (usize, char)| {
[INFO] [stdout]      |                       ---------------------------------------- borrow of `state` occurs here
[INFO] [stdout] ...
[INFO] [stdout] 959  |         state = match (state, whitespace, limit) {
[INFO] [stdout]      |         ----- borrow occurs due to use of `state` in closure
[INFO] [stdout] ...
[INFO] [stdout] 1008 |     while cont && match state { B | C => true, A => false } {
[INFO] [stdout]      |                                 ^ use of borrowed `state`
[INFO] [stdout] 1009 |         machine(&mut cont, (fake_i, ' '));
[INFO] [stdout]      |         ------- borrow later used here
[INFO] [stdout] 
[INFO] [stdout] 
[INFO] [stdout] error: aborting due to previous error
[INFO] [stdout] 
[INFO] [stdout] 
[INFO] [stdout] For more information about this error, try `rustc --explain E0503`.
[INFO] [stdout] 
[INFO] [stderr] error: build failed
[INFO] running `Command { std: "docker" "inspect" "81785289b817c17063578515d6adaf0c4209342f8569c3b794aff09ec7f0e7f4", kill_on_drop: false }`
[INFO] running `Command { std: "docker" "rm" "-f" "81785289b817c17063578515d6adaf0c4209342f8569c3b794aff09ec7f0e7f4", kill_on_drop: false }`
[INFO] [stdout] 81785289b817c17063578515d6adaf0c4209342f8569c3b794aff09ec7f0e7f4
