[INFO] cloning repository https://github.com/panzerox123/rkeep
[INFO] running `Command { std: "git" "-c" "credential.helper=" "-c" "credential.helper=/workspace/cargo-home/bin/git-credential-null" "clone" "--bare" "https://github.com/panzerox123/rkeep" "/workspace/cache/git-repos/https%3A%2F%2Fgithub.com%2Fpanzerox123%2Frkeep", kill_on_drop: false }`
[INFO] [stderr] Cloning into bare repository '/workspace/cache/git-repos/https%3A%2F%2Fgithub.com%2Fpanzerox123%2Frkeep'...
[INFO] running `Command { std: "git" "rev-parse" "HEAD", kill_on_drop: false }`
[INFO] [stdout] 5dff0d106e8ad654de6799d2c049329a29fe5c35
[INFO] checking panzerox123/rkeep against 1.55.0 for beta-1.56-3
[INFO] running `Command { std: "git" "clone" "/workspace/cache/git-repos/https%3A%2F%2Fgithub.com%2Fpanzerox123%2Frkeep" "/workspace/builds/worker-117/source", kill_on_drop: false }`
[INFO] [stderr] Cloning into '/workspace/builds/worker-117/source'...
[INFO] [stderr] done.
[INFO] validating manifest of git repo https://github.com/panzerox123/rkeep on toolchain 1.55.0
[INFO] running `Command { std: "/workspace/cargo-home/bin/cargo" "+1.55.0" "metadata" "--manifest-path" "Cargo.toml" "--no-deps", kill_on_drop: false }`
[INFO] started tweaking git repo https://github.com/panzerox123/rkeep
[INFO] finished tweaking git repo https://github.com/panzerox123/rkeep
[INFO] tweaked toml for git repo https://github.com/panzerox123/rkeep written to /workspace/builds/worker-117/source/Cargo.toml
[INFO] crate git repo https://github.com/panzerox123/rkeep already has a lockfile, it will not be regenerated
[INFO] running `Command { std: "/workspace/cargo-home/bin/cargo" "+1.55.0" "fetch" "--manifest-path" "Cargo.toml", kill_on_drop: false }`
[INFO] [stderr]     Blocking waiting for file lock on package cache
[INFO] [stderr]     Blocking waiting for file lock on package cache
[INFO] running `Command { std: "docker" "create" "-v" "/var/lib/crater-agent-workspace/builds/worker-117/target:/opt/rustwide/target:rw,Z" "-v" "/var/lib/crater-agent-workspace/builds/worker-117/source:/opt/rustwide/workdir:ro,Z" "-v" "/var/lib/crater-agent-workspace/cargo-home:/opt/rustwide/cargo-home:ro,Z" "-v" "/var/lib/crater-agent-workspace/rustup-home:/opt/rustwide/rustup-home:ro,Z" "-e" "SOURCE_DIR=/opt/rustwide/workdir" "-e" "CARGO_TARGET_DIR=/opt/rustwide/target" "-e" "CARGO_HOME=/opt/rustwide/cargo-home" "-e" "RUSTUP_HOME=/opt/rustwide/rustup-home" "-w" "/opt/rustwide/workdir" "-m" "1610612736" "--user" "0:0" "--network" "none" "ghcr.io/rust-lang/crates-build-env/linux@sha256:a89201d6b5b9fd45c15d5952ece0a0129e7e80cb26ec023fd59cf09bc26f1604" "/opt/rustwide/cargo-home/bin/cargo" "+1.55.0" "metadata" "--no-deps" "--format-version=1", kill_on_drop: false }`
[INFO] [stdout] 2998c1a5952e3eb53ded4915df0bbad29819aeec038f20d62938d3634cbf1618
[INFO] running `Command { std: "docker" "start" "-a" "2998c1a5952e3eb53ded4915df0bbad29819aeec038f20d62938d3634cbf1618", kill_on_drop: false }`
[INFO] running `Command { std: "docker" "inspect" "2998c1a5952e3eb53ded4915df0bbad29819aeec038f20d62938d3634cbf1618", kill_on_drop: false }`
[INFO] running `Command { std: "docker" "rm" "-f" "2998c1a5952e3eb53ded4915df0bbad29819aeec038f20d62938d3634cbf1618", kill_on_drop: false }`
[INFO] [stdout] 2998c1a5952e3eb53ded4915df0bbad29819aeec038f20d62938d3634cbf1618
[INFO] running `Command { std: "docker" "create" "-v" "/var/lib/crater-agent-workspace/builds/worker-117/target:/opt/rustwide/target:rw,Z" "-v" "/var/lib/crater-agent-workspace/builds/worker-117/source:/opt/rustwide/workdir:ro,Z" "-v" "/var/lib/crater-agent-workspace/cargo-home:/opt/rustwide/cargo-home:ro,Z" "-v" "/var/lib/crater-agent-workspace/rustup-home:/opt/rustwide/rustup-home:ro,Z" "-e" "SOURCE_DIR=/opt/rustwide/workdir" "-e" "CARGO_TARGET_DIR=/opt/rustwide/target" "-e" "CARGO_INCREMENTAL=0" "-e" "RUST_BACKTRACE=full" "-e" "RUSTFLAGS=--cap-lints=warn" "-e" "CARGO_HOME=/opt/rustwide/cargo-home" "-e" "RUSTUP_HOME=/opt/rustwide/rustup-home" "-w" "/opt/rustwide/workdir" "-m" "1610612736" "--user" "0:0" "--network" "none" "ghcr.io/rust-lang/crates-build-env/linux@sha256:a89201d6b5b9fd45c15d5952ece0a0129e7e80cb26ec023fd59cf09bc26f1604" "/opt/rustwide/cargo-home/bin/cargo" "+1.55.0" "check" "--frozen" "--all" "--all-targets" "--message-format=json", kill_on_drop: false }`
[INFO] [stdout] 39dc198177a66132365d37596ce0b63b63a139856b6c6ddec7f0a761bf4522ca
[INFO] running `Command { std: "docker" "start" "-a" "39dc198177a66132365d37596ce0b63b63a139856b6c6ddec7f0a761bf4522ca", kill_on_drop: false }`
[INFO] [stderr]     Blocking waiting for file lock on package cache
[INFO] [stderr]    Compiling libc v0.2.95
[INFO] [stderr]     Checking once_cell v1.7.2
[INFO] [stderr]    Compiling memchr v2.4.0
[INFO] [stderr]     Checking numtoa v0.1.0
[INFO] [stderr]     Checking smallvec v1.6.1
[INFO] [stderr]     Checking fallible-iterator v0.2.0
[INFO] [stderr]     Checking unicode-segmentation v1.7.1
[INFO] [stderr]     Checking fallible-streaming-iterator v0.1.9
[INFO] [stderr]     Checking cassowary v0.3.0
[INFO] [stderr]    Compiling ahash v0.7.4
[INFO] [stderr]    Compiling libsqlite3-sys v0.22.2
[INFO] [stderr]     Checking getrandom v0.2.3
[INFO] [stderr]     Checking termion v1.5.6
[INFO] [stderr]     Checking tui v0.15.0
[INFO] [stderr]     Checking hashbrown v0.11.2
[INFO] [stderr]     Checking hashlink v0.7.0
[INFO] [stderr]     Checking rusqlite v0.25.3
[INFO] [stderr]     Checking rkeep v0.1.0 (/opt/rustwide/workdir)
[INFO] [stdout] warning: unused import: `update_club`
[INFO] [stdout]  --> src/utils/cmd.rs:1:62
[INFO] [stdout]   |
[INFO] [stdout] 1 | use super::club::{Club, create_club, list_club, delete_club, update_club};
[INFO] [stdout]   |                                                              ^^^^^^^^^^^
[INFO] [stdout]   |
[INFO] [stdout]   = note: `#[warn(unused_imports)]` on by default
[INFO] [stdout] 
[INFO] [stdout] 
[INFO] [stdout] warning: unused import: `Result`
[INFO] [stdout]  --> src/utils/club.rs:1:36
[INFO] [stdout]   |
[INFO] [stdout] 1 | use rusqlite::{params, Connection, Result};
[INFO] [stdout]   |                                    ^^^^^^
[INFO] [stdout] 
[INFO] [stdout] 
[INFO] [stdout] warning: unused import: `update_club`
[INFO] [stdout]  --> src/utils/cmd.rs:1:62
[INFO] [stdout]   |
[INFO] [stdout] 1 | use super::club::{Club, create_club, list_club, delete_club, update_club};
[INFO] [stdout]   |                                                              ^^^^^^^^^^^
[INFO] [stdout]   |
[INFO] [stdout]   = note: `#[warn(unused_imports)]` on by default
[INFO] [stdout] 
[INFO] [stdout] 
[INFO] [stdout] warning: unused import: `Result`
[INFO] [stdout]  --> src/utils/club.rs:1:36
[INFO] [stdout]   |
[INFO] [stdout] 1 | use rusqlite::{params, Connection, Result};
[INFO] [stdout]   |                                    ^^^^^^
[INFO] [stdout] 
[INFO] [stdout] 
[INFO] [stdout] error[E0308]: mismatched types
[INFO] [stdout]   --> src/utils/cmd.rs:23:47
[INFO] [stdout]    |
[INFO] [stdout] 23 |                 create_club(club.to_string(), path.to_string());
[INFO] [stdout]    |                                               ^^^^^^^^^^^^^^^^
[INFO] [stdout]    |                                               |
[INFO] [stdout]    |                                               expected `&mut String`, found struct `String`
[INFO] [stdout]    |                                               help: consider mutably borrowing here: `&mut path.to_string()`
[INFO] [stdout] 
[INFO] [stdout] 
[INFO] [stdout] error[E0308]: mismatched types
[INFO] [stdout]   --> src/utils/cmd.rs:23:47
[INFO] [stdout]    |
[INFO] [stdout] 23 |                 create_club(club.to_string(), path.to_string());
[INFO] [stdout]    |                                               ^^^^^^^^^^^^^^^^
[INFO] [stdout]    |                                               |
[INFO] [stdout]    |                                               expected `&mut String`, found struct `String`
[INFO] [stdout]    |                                               help: consider mutably borrowing here: `&mut path.to_string()`
[INFO] [stdout] 
[INFO] [stdout] 
[INFO] [stdout] error[E0308]: mismatched types
[INFO] [stdout]   --> src/utils/club.rs:27:20
[INFO] [stdout]    |
[INFO] [stdout] 27 |         club_path: path,
[INFO] [stdout]    |                    ^^^^
[INFO] [stdout]    |                    |
[INFO] [stdout]    |                    expected struct `String`, found `&mut String`
[INFO] [stdout]    |                    help: try using a conversion method: `path.to_string()`
[INFO] [stdout] 
[INFO] [stdout] 
[INFO] [stdout] error[E0308]: mismatched types
[INFO] [stdout]   --> src/utils/club.rs:27:20
[INFO] [stdout]    |
[INFO] [stdout] 27 |         club_path: path,
[INFO] [stdout]    |                    ^^^^
[INFO] [stdout]    |                    |
[INFO] [stdout]    |                    expected struct `String`, found `&mut String`
[INFO] [stdout]    |                    help: try using a conversion method: `path.to_string()`
[INFO] [stdout] 
[INFO] [stdout] 
[INFO] [stdout] error: aborting due to 2 previous errors; 2 warnings emitted
[INFO] [stdout] 
[INFO] [stdout] 
[INFO] [stdout] For more information about this error, try `rustc --explain E0308`.
[INFO] [stdout] 
[INFO] [stdout] error: aborting due to 2 previous errors; 2 warnings emitted
[INFO] [stdout] 
[INFO] [stdout] 
[INFO] [stdout] For more information about this error, try `rustc --explain E0308`.
[INFO] [stdout] 
[INFO] [stderr] error: could not compile `rkeep` due to 3 previous errors; 2 warnings emitted
[INFO] [stderr] warning: build failed, waiting for other jobs to finish...
[INFO] [stderr] error: build failed
[INFO] running `Command { std: "docker" "inspect" "39dc198177a66132365d37596ce0b63b63a139856b6c6ddec7f0a761bf4522ca", kill_on_drop: false }`
[INFO] running `Command { std: "docker" "rm" "-f" "39dc198177a66132365d37596ce0b63b63a139856b6c6ddec7f0a761bf4522ca", kill_on_drop: false }`
[INFO] [stdout] 39dc198177a66132365d37596ce0b63b63a139856b6c6ddec7f0a761bf4522ca
