[INFO] cloning repository https://github.com/panjamo/ccsplit
[INFO] running `Command { std: "git" "-c" "credential.helper=" "-c" "credential.helper=/workspace/cargo-home/bin/git-credential-null" "clone" "--bare" "https://github.com/panjamo/ccsplit" "/workspace/cache/git-repos/https%3A%2F%2Fgithub.com%2Fpanjamo%2Fccsplit", kill_on_drop: false }`
[INFO] [stderr] Cloning into bare repository '/workspace/cache/git-repos/https%3A%2F%2Fgithub.com%2Fpanjamo%2Fccsplit'...
[INFO] running `Command { std: "git" "rev-parse" "HEAD", kill_on_drop: false }`
[INFO] [stdout] e2ea6cbbaead2da320c191e319ef17b1a6c0d404
[INFO] checking panjamo/ccsplit against 1.55.0 for beta-1.56-3
[INFO] running `Command { std: "git" "clone" "/workspace/cache/git-repos/https%3A%2F%2Fgithub.com%2Fpanjamo%2Fccsplit" "/workspace/builds/worker-51/source", kill_on_drop: false }`
[INFO] [stderr] Cloning into '/workspace/builds/worker-51/source'...
[INFO] [stderr] done.
[INFO] validating manifest of git repo https://github.com/panjamo/ccsplit on toolchain 1.55.0
[INFO] running `Command { std: "/workspace/cargo-home/bin/cargo" "+1.55.0" "metadata" "--manifest-path" "Cargo.toml" "--no-deps", kill_on_drop: false }`
[INFO] started tweaking git repo https://github.com/panjamo/ccsplit
[INFO] finished tweaking git repo https://github.com/panjamo/ccsplit
[INFO] tweaked toml for git repo https://github.com/panjamo/ccsplit written to /workspace/builds/worker-51/source/Cargo.toml
[INFO] running `Command { std: "/workspace/cargo-home/bin/cargo" "+1.55.0" "generate-lockfile" "--manifest-path" "Cargo.toml" "-Zno-index-update", kill_on_drop: false }`
[INFO] [stderr]     Blocking waiting for file lock on package cache
[INFO] running `Command { std: "/workspace/cargo-home/bin/cargo" "+1.55.0" "fetch" "--manifest-path" "Cargo.toml", kill_on_drop: false }`
[INFO] [stderr]     Blocking waiting for file lock on package cache
[INFO] [stderr]     Blocking waiting for file lock on package cache
[INFO] running `Command { std: "docker" "create" "-v" "/var/lib/crater-agent-workspace/builds/worker-51/target:/opt/rustwide/target:rw,Z" "-v" "/var/lib/crater-agent-workspace/builds/worker-51/source:/opt/rustwide/workdir:ro,Z" "-v" "/var/lib/crater-agent-workspace/cargo-home:/opt/rustwide/cargo-home:ro,Z" "-v" "/var/lib/crater-agent-workspace/rustup-home:/opt/rustwide/rustup-home:ro,Z" "-e" "SOURCE_DIR=/opt/rustwide/workdir" "-e" "CARGO_TARGET_DIR=/opt/rustwide/target" "-e" "CARGO_HOME=/opt/rustwide/cargo-home" "-e" "RUSTUP_HOME=/opt/rustwide/rustup-home" "-w" "/opt/rustwide/workdir" "-m" "1610612736" "--user" "0:0" "--network" "none" "ghcr.io/rust-lang/crates-build-env/linux@sha256:a89201d6b5b9fd45c15d5952ece0a0129e7e80cb26ec023fd59cf09bc26f1604" "/opt/rustwide/cargo-home/bin/cargo" "+1.55.0" "metadata" "--no-deps" "--format-version=1", kill_on_drop: false }`
[INFO] [stdout] 7f90ad44c0fecc8d7691d9257a2f56e265f50cd8f4d46f58b54ccb92378b2fc6
[INFO] running `Command { std: "docker" "start" "-a" "7f90ad44c0fecc8d7691d9257a2f56e265f50cd8f4d46f58b54ccb92378b2fc6", kill_on_drop: false }`
[INFO] running `Command { std: "docker" "inspect" "7f90ad44c0fecc8d7691d9257a2f56e265f50cd8f4d46f58b54ccb92378b2fc6", kill_on_drop: false }`
[INFO] running `Command { std: "docker" "rm" "-f" "7f90ad44c0fecc8d7691d9257a2f56e265f50cd8f4d46f58b54ccb92378b2fc6", kill_on_drop: false }`
[INFO] [stdout] 7f90ad44c0fecc8d7691d9257a2f56e265f50cd8f4d46f58b54ccb92378b2fc6
[INFO] running `Command { std: "docker" "create" "-v" "/var/lib/crater-agent-workspace/builds/worker-51/target:/opt/rustwide/target:rw,Z" "-v" "/var/lib/crater-agent-workspace/builds/worker-51/source:/opt/rustwide/workdir:ro,Z" "-v" "/var/lib/crater-agent-workspace/cargo-home:/opt/rustwide/cargo-home:ro,Z" "-v" "/var/lib/crater-agent-workspace/rustup-home:/opt/rustwide/rustup-home:ro,Z" "-e" "SOURCE_DIR=/opt/rustwide/workdir" "-e" "CARGO_TARGET_DIR=/opt/rustwide/target" "-e" "CARGO_INCREMENTAL=0" "-e" "RUST_BACKTRACE=full" "-e" "RUSTFLAGS=--cap-lints=warn" "-e" "CARGO_HOME=/opt/rustwide/cargo-home" "-e" "RUSTUP_HOME=/opt/rustwide/rustup-home" "-w" "/opt/rustwide/workdir" "-m" "1610612736" "--user" "0:0" "--network" "none" "ghcr.io/rust-lang/crates-build-env/linux@sha256:a89201d6b5b9fd45c15d5952ece0a0129e7e80cb26ec023fd59cf09bc26f1604" "/opt/rustwide/cargo-home/bin/cargo" "+1.55.0" "check" "--frozen" "--all" "--all-targets" "--message-format=json", kill_on_drop: false }`
[INFO] [stdout] 54a64268419e033723432ca636fb5e772b04e0cad5f9bc2db629f84e60a9fc25
[INFO] running `Command { std: "docker" "start" "-a" "54a64268419e033723432ca636fb5e772b04e0cad5f9bc2db629f84e60a9fc25", kill_on_drop: false }`
[INFO] [stderr]     Blocking waiting for file lock on package cache
[INFO] [stderr]    Compiling syn v1.0.80
[INFO] [stderr]    Compiling unicode-segmentation v1.8.0
[INFO] [stderr]     Checking regex-syntax v0.6.25
[INFO] [stderr]     Checking strsim v0.10.0
[INFO] [stderr]    Compiling unicase v2.6.0
[INFO] [stderr]    Compiling indexmap v1.7.0
[INFO] [stderr]     Checking textwrap v0.14.2
[INFO] [stderr]    Compiling proc-macro-error v1.0.4
[INFO] [stderr]     Checking terminal_size v0.1.17
[INFO] [stderr]     Checking termios v0.3.3
[INFO] [stderr]     Checking time v0.1.44
[INFO] [stderr]     Checking aho-corasick v0.6.10
[INFO] [stderr]     Checking os_str_bytes v4.2.0
[INFO] [stderr]    Compiling proc-macro-error-attr v1.0.4
[INFO] [stderr]     Checking chrono v0.4.19
[INFO] [stderr]     Checking regex v0.2.11
[INFO] [stderr]    Compiling heck v0.3.3
[INFO] [stderr]     Checking regex v1.5.4
[INFO] [stderr]    Compiling clap_derive v3.0.0-beta.5
[INFO] [stderr]     Checking console v0.11.3
[INFO] [stderr]     Checking clap v3.0.0-beta.5
[INFO] [stderr]     Checking ccsplit v0.1.0 (/opt/rustwide/workdir)
[INFO] [stdout] error[E0432]: unresolved import `clap::Clap`
[INFO] [stdout]   --> src/main.rs:14:51
[INFO] [stdout]    |
[INFO] [stdout] 14 | use clap::{crate_authors, crate_version, ArgEnum, Clap};
[INFO] [stdout]    |                                                   ^^^^ no `Clap` in the root
[INFO] [stdout] 
[INFO] [stdout] 
[INFO] [stdout] error: cannot determine resolution for the derive macro `Clap`
[INFO] [stdout]   --> src/main.rs:80:10
[INFO] [stdout]    |
[INFO] [stdout] 80 | #[derive(Clap)]
[INFO] [stdout]    |          ^^^^
[INFO] [stdout]    |
[INFO] [stdout]    = note: import resolution is stuck, try simplifying macro imports
[INFO] [stdout] 
[INFO] [stdout] 
[INFO] [stdout] error[E0432]: unresolved import `clap::Clap`
[INFO] [stdout]   --> src/main.rs:14:51
[INFO] [stdout]    |
[INFO] [stdout] 14 | use clap::{crate_authors, crate_version, ArgEnum, Clap};
[INFO] [stdout]    |                                                   ^^^^ no `Clap` in the root
[INFO] [stdout] 
[INFO] [stdout] 
[INFO] [stdout] error: cannot determine resolution for the derive macro `Clap`
[INFO] [stdout]   --> src/main.rs:80:10
[INFO] [stdout]    |
[INFO] [stdout] 80 | #[derive(Clap)]
[INFO] [stdout]    |          ^^^^
[INFO] [stdout]    |
[INFO] [stdout]    = note: import resolution is stuck, try simplifying macro imports
[INFO] [stdout] 
[INFO] [stdout] 
[INFO] [stdout] error: cannot find attribute `clap` in this scope
[INFO] [stdout]   --> src/main.rs:81:3
[INFO] [stdout]    |
[INFO] [stdout] 81 | #[clap(version = crate_version!(), author = crate_authors!())]
[INFO] [stdout]    |   ^^^^
[INFO] [stdout] 
[INFO] [stdout] 
[INFO] [stdout] error: cannot find attribute `clap` in this scope
[INFO] [stdout]   --> src/main.rs:84:7
[INFO] [stdout]    |
[INFO] [stdout] 84 |     #[clap(long)]
[INFO] [stdout]    |       ^^^^
[INFO] [stdout] 
[INFO] [stdout] 
[INFO] [stdout] error: cannot find attribute `clap` in this scope
[INFO] [stdout]   --> src/main.rs:87:7
[INFO] [stdout]    |
[INFO] [stdout] 87 |     #[clap(long)]
[INFO] [stdout]    |       ^^^^
[INFO] [stdout] 
[INFO] [stdout] 
[INFO] [stdout] error: cannot find attribute `clap` in this scope
[INFO] [stdout]   --> src/main.rs:90:7
[INFO] [stdout]    |
[INFO] [stdout] 90 |     #[clap(long)]
[INFO] [stdout]    |       ^^^^
[INFO] [stdout] 
[INFO] [stdout] 
[INFO] [stdout] error: cannot find attribute `clap` in this scope
[INFO] [stdout]   --> src/main.rs:93:7
[INFO] [stdout]    |
[INFO] [stdout] 93 |     #[clap(long)]
[INFO] [stdout]    |       ^^^^
[INFO] [stdout] 
[INFO] [stdout] 
[INFO] [stdout] error: cannot find attribute `clap` in this scope
[INFO] [stdout]   --> src/main.rs:95:7
[INFO] [stdout]    |
[INFO] [stdout] 95 |     #[clap(short, long)]
[INFO] [stdout]    |       ^^^^
[INFO] [stdout] 
[INFO] [stdout] 
[INFO] [stdout] error: cannot find attribute `clap` in this scope
[INFO] [stdout]   --> src/main.rs:98:7
[INFO] [stdout]    |
[INFO] [stdout] 98 |     #[clap(short, long)]
[INFO] [stdout]    |       ^^^^
[INFO] [stdout] 
[INFO] [stdout] 
[INFO] [stdout] error: cannot find attribute `clap` in this scope
[INFO] [stdout]    --> src/main.rs:100:7
[INFO] [stdout]     |
[INFO] [stdout] 100 |     #[clap(possible_values(Command::VARIANTS)/*, default_value("count")*/)]
[INFO] [stdout]     |       ^^^^
[INFO] [stdout] 
[INFO] [stdout] 
[INFO] [stdout] warning: unused imports: `crate_authors`, `crate_version`
[INFO] [stdout]   --> src/main.rs:14:12
[INFO] [stdout]    |
[INFO] [stdout] 14 | use clap::{crate_authors, crate_version, ArgEnum, Clap};
[INFO] [stdout]    |            ^^^^^^^^^^^^^  ^^^^^^^^^^^^^
[INFO] [stdout]    |
[INFO] [stdout]    = note: `#[warn(unused_imports)]` on by default
[INFO] [stdout] 
[INFO] [stdout] 
[INFO] [stdout] error: cannot find attribute `clap` in this scope
[INFO] [stdout]   --> src/main.rs:81:3
[INFO] [stdout]    |
[INFO] [stdout] 81 | #[clap(version = crate_version!(), author = crate_authors!())]
[INFO] [stdout]    |   ^^^^
[INFO] [stdout] 
[INFO] [stdout] 
[INFO] [stdout] error: cannot find attribute `clap` in this scope
[INFO] [stdout]   --> src/main.rs:84:7
[INFO] [stdout]    |
[INFO] [stdout] 84 |     #[clap(long)]
[INFO] [stdout]    |       ^^^^
[INFO] [stdout] 
[INFO] [stdout] 
[INFO] [stdout] error: cannot find attribute `clap` in this scope
[INFO] [stdout]   --> src/main.rs:87:7
[INFO] [stdout]    |
[INFO] [stdout] 87 |     #[clap(long)]
[INFO] [stdout]    |       ^^^^
[INFO] [stdout] 
[INFO] [stdout] 
[INFO] [stdout] error: cannot find attribute `clap` in this scope
[INFO] [stdout]   --> src/main.rs:90:7
[INFO] [stdout]    |
[INFO] [stdout] 90 |     #[clap(long)]
[INFO] [stdout]    |       ^^^^
[INFO] [stdout] 
[INFO] [stdout] 
[INFO] [stdout] error: cannot find attribute `clap` in this scope
[INFO] [stdout]   --> src/main.rs:93:7
[INFO] [stdout]    |
[INFO] [stdout] 93 |     #[clap(long)]
[INFO] [stdout]    |       ^^^^
[INFO] [stdout] 
[INFO] [stdout] 
[INFO] [stdout] error: cannot find attribute `clap` in this scope
[INFO] [stdout]   --> src/main.rs:95:7
[INFO] [stdout]    |
[INFO] [stdout] 95 |     #[clap(short, long)]
[INFO] [stdout]    |       ^^^^
[INFO] [stdout] 
[INFO] [stdout] 
[INFO] [stdout] error: cannot find attribute `clap` in this scope
[INFO] [stdout]   --> src/main.rs:98:7
[INFO] [stdout]    |
[INFO] [stdout] 98 |     #[clap(short, long)]
[INFO] [stdout]    |       ^^^^
[INFO] [stdout] 
[INFO] [stdout] 
[INFO] [stdout] error: cannot find attribute `clap` in this scope
[INFO] [stdout]    --> src/main.rs:100:7
[INFO] [stdout]     |
[INFO] [stdout] 100 |     #[clap(possible_values(Command::VARIANTS)/*, default_value("count")*/)]
[INFO] [stdout]     |       ^^^^
[INFO] [stdout] 
[INFO] [stdout] 
[INFO] [stdout] warning: unused imports: `crate_authors`, `crate_version`
[INFO] [stdout]   --> src/main.rs:14:12
[INFO] [stdout]    |
[INFO] [stdout] 14 | use clap::{crate_authors, crate_version, ArgEnum, Clap};
[INFO] [stdout]    |            ^^^^^^^^^^^^^  ^^^^^^^^^^^^^
[INFO] [stdout]    |
[INFO] [stdout]    = note: `#[warn(unused_imports)]` on by default
[INFO] [stdout] 
[INFO] [stdout] 
[INFO] [stdout] error[E0277]: the trait bound `Command: Clone` is not satisfied
[INFO] [stdout]    --> src/main.rs:52:10
[INFO] [stdout]     |
[INFO] [stdout] 52  | #[derive(ArgEnum, Debug)]
[INFO] [stdout]     |          ^^^^^^^ the trait `Clone` is not implemented for `Command`
[INFO] [stdout]     | 
[INFO] [stdout]    ::: /opt/rustwide/cargo-home/registry/src/github.com-1ecc6299db9ec823/clap-3.0.0-beta.5/src/derive.rs:289:28
[INFO] [stdout]     |
[INFO] [stdout] 289 | pub trait ArgEnum: Sized + Clone {
[INFO] [stdout]     |                            ----- required by this bound in `ArgEnum`
[INFO] [stdout]     |
[INFO] [stdout]     = note: this error originates in the derive macro `ArgEnum` (in Nightly builds, run with -Z macro-backtrace for more info)
[INFO] [stdout] 
[INFO] [stdout] 
[INFO] [stdout] error: aborting due to 11 previous errors; 1 warning emitted
[INFO] [stdout] 
[INFO] [stdout] 
[INFO] [stdout] Some errors have detailed explanations: E0277, E0432.
[INFO] [stdout] 
[INFO] [stdout] For more information about an error, try `rustc --explain E0277`.
[INFO] [stdout] 
[INFO] [stdout] error[E0277]: the trait bound `Command: Clone` is not satisfied
[INFO] [stdout]    --> src/main.rs:52:10
[INFO] [stdout]     |
[INFO] [stdout] 52  | #[derive(ArgEnum, Debug)]
[INFO] [stdout]     |          ^^^^^^^ the trait `Clone` is not implemented for `Command`
[INFO] [stdout]     | 
[INFO] [stdout]    ::: /opt/rustwide/cargo-home/registry/src/github.com-1ecc6299db9ec823/clap-3.0.0-beta.5/src/derive.rs:289:28
[INFO] [stdout]     |
[INFO] [stdout] 289 | pub trait ArgEnum: Sized + Clone {
[INFO] [stdout]     |                            ----- required by this bound in `ArgEnum`
[INFO] [stdout]     |
[INFO] [stdout]     = note: this error originates in the derive macro `ArgEnum` (in Nightly builds, run with -Z macro-backtrace for more info)
[INFO] [stdout] 
[INFO] [stdout] 
[INFO] [stdout] error: aborting due to 11 previous errors; 1 warning emitted
[INFO] [stdout] 
[INFO] [stdout] 
[INFO] [stdout] Some errors have detailed explanations: E0277, E0432.
[INFO] [stdout] 
[INFO] [stdout] For more information about an error, try `rustc --explain E0277`.
[INFO] [stdout] 
[INFO] [stderr] error: could not compile `ccsplit` due to 12 previous errors; 1 warning emitted
[INFO] [stderr] warning: build failed, waiting for other jobs to finish...
[INFO] [stderr] error: build failed
[INFO] running `Command { std: "docker" "inspect" "54a64268419e033723432ca636fb5e772b04e0cad5f9bc2db629f84e60a9fc25", kill_on_drop: false }`
[INFO] running `Command { std: "docker" "rm" "-f" "54a64268419e033723432ca636fb5e772b04e0cad5f9bc2db629f84e60a9fc25", kill_on_drop: false }`
[INFO] [stdout] 54a64268419e033723432ca636fb5e772b04e0cad5f9bc2db629f84e60a9fc25
