[INFO] cloning repository https://github.com/p-shahi/calls
[INFO] running `Command { std: "git" "-c" "credential.helper=" "-c" "credential.helper=/workspace/cargo-home/bin/git-credential-null" "clone" "--bare" "https://github.com/p-shahi/calls" "/workspace/cache/git-repos/https%3A%2F%2Fgithub.com%2Fp-shahi%2Fcalls", kill_on_drop: false }`
[INFO] [stderr] Cloning into bare repository '/workspace/cache/git-repos/https%3A%2F%2Fgithub.com%2Fp-shahi%2Fcalls'...
[INFO] running `Command { std: "git" "rev-parse" "HEAD", kill_on_drop: false }`
[INFO] [stdout] c815d0d62406be757d0baa749b16518ebc88c0b0
[INFO] checking p-shahi/calls against 1.55.0 for beta-1.56-3
[INFO] running `Command { std: "git" "clone" "/workspace/cache/git-repos/https%3A%2F%2Fgithub.com%2Fp-shahi%2Fcalls" "/workspace/builds/worker-113/source", kill_on_drop: false }`
[INFO] [stderr] Cloning into '/workspace/builds/worker-113/source'...
[INFO] [stderr] done.
[INFO] validating manifest of git repo https://github.com/p-shahi/calls on toolchain 1.55.0
[INFO] running `Command { std: "/workspace/cargo-home/bin/cargo" "+1.55.0" "metadata" "--manifest-path" "Cargo.toml" "--no-deps", kill_on_drop: false }`
[INFO] started tweaking git repo https://github.com/p-shahi/calls
[INFO] finished tweaking git repo https://github.com/p-shahi/calls
[INFO] tweaked toml for git repo https://github.com/p-shahi/calls written to /workspace/builds/worker-113/source/Cargo.toml
[INFO] crate git repo https://github.com/p-shahi/calls already has a lockfile, it will not be regenerated
[INFO] running `Command { std: "/workspace/cargo-home/bin/cargo" "+1.55.0" "fetch" "--manifest-path" "Cargo.toml", kill_on_drop: false }`
[INFO] [stderr]     Blocking waiting for file lock on package cache
[INFO] [stderr]     Blocking waiting for file lock on package cache
[INFO] running `Command { std: "docker" "create" "-v" "/var/lib/crater-agent-workspace/builds/worker-113/target:/opt/rustwide/target:rw,Z" "-v" "/var/lib/crater-agent-workspace/builds/worker-113/source:/opt/rustwide/workdir:ro,Z" "-v" "/var/lib/crater-agent-workspace/cargo-home:/opt/rustwide/cargo-home:ro,Z" "-v" "/var/lib/crater-agent-workspace/rustup-home:/opt/rustwide/rustup-home:ro,Z" "-e" "SOURCE_DIR=/opt/rustwide/workdir" "-e" "CARGO_TARGET_DIR=/opt/rustwide/target" "-e" "CARGO_HOME=/opt/rustwide/cargo-home" "-e" "RUSTUP_HOME=/opt/rustwide/rustup-home" "-w" "/opt/rustwide/workdir" "-m" "1610612736" "--user" "0:0" "--network" "none" "ghcr.io/rust-lang/crates-build-env/linux@sha256:a89201d6b5b9fd45c15d5952ece0a0129e7e80cb26ec023fd59cf09bc26f1604" "/opt/rustwide/cargo-home/bin/cargo" "+1.55.0" "metadata" "--no-deps" "--format-version=1", kill_on_drop: false }`
[INFO] [stdout] fc6f0f8bd1df88a77752659b98c9acc58e669dc1da522f85e691c5d558e445de
[INFO] running `Command { std: "docker" "start" "-a" "fc6f0f8bd1df88a77752659b98c9acc58e669dc1da522f85e691c5d558e445de", kill_on_drop: false }`
[INFO] running `Command { std: "docker" "inspect" "fc6f0f8bd1df88a77752659b98c9acc58e669dc1da522f85e691c5d558e445de", kill_on_drop: false }`
[INFO] running `Command { std: "docker" "rm" "-f" "fc6f0f8bd1df88a77752659b98c9acc58e669dc1da522f85e691c5d558e445de", kill_on_drop: false }`
[INFO] [stdout] fc6f0f8bd1df88a77752659b98c9acc58e669dc1da522f85e691c5d558e445de
[INFO] running `Command { std: "docker" "create" "-v" "/var/lib/crater-agent-workspace/builds/worker-113/target:/opt/rustwide/target:rw,Z" "-v" "/var/lib/crater-agent-workspace/builds/worker-113/source:/opt/rustwide/workdir:ro,Z" "-v" "/var/lib/crater-agent-workspace/cargo-home:/opt/rustwide/cargo-home:ro,Z" "-v" "/var/lib/crater-agent-workspace/rustup-home:/opt/rustwide/rustup-home:ro,Z" "-e" "SOURCE_DIR=/opt/rustwide/workdir" "-e" "CARGO_TARGET_DIR=/opt/rustwide/target" "-e" "CARGO_INCREMENTAL=0" "-e" "RUST_BACKTRACE=full" "-e" "RUSTFLAGS=--cap-lints=warn" "-e" "CARGO_HOME=/opt/rustwide/cargo-home" "-e" "RUSTUP_HOME=/opt/rustwide/rustup-home" "-w" "/opt/rustwide/workdir" "-m" "1610612736" "--user" "0:0" "--network" "none" "ghcr.io/rust-lang/crates-build-env/linux@sha256:a89201d6b5b9fd45c15d5952ece0a0129e7e80cb26ec023fd59cf09bc26f1604" "/opt/rustwide/cargo-home/bin/cargo" "+1.55.0" "check" "--frozen" "--all" "--all-targets" "--message-format=json", kill_on_drop: false }`
[INFO] [stdout] 75c3636c7c96552d694c8826c3f52e4c0562e6ac573341656d730184d3fafea1
[INFO] running `Command { std: "docker" "start" "-a" "75c3636c7c96552d694c8826c3f52e4c0562e6ac573341656d730184d3fafea1", kill_on_drop: false }`
[INFO] [stderr]    Compiling proc-macro2 v1.0.26
[INFO] [stderr]    Compiling syn v1.0.69
[INFO] [stderr]    Compiling serde_derive v1.0.125
[INFO] [stderr]    Compiling typenum v1.13.0
[INFO] [stderr]    Compiling serde v1.0.125
[INFO] [stderr]    Compiling memchr v2.3.4
[INFO] [stderr]    Compiling libc v0.2.93
[INFO] [stderr]    Compiling regex-syntax v0.6.23
[INFO] [stderr]    Compiling cfg-if v1.0.0
[INFO] [stderr]    Compiling crunchy v0.2.2
[INFO] [stderr]    Compiling log v0.4.14
[INFO] [stderr]    Compiling byteorder v1.4.3
[INFO] [stderr]    Compiling hashbrown v0.9.1
[INFO] [stderr]    Compiling siphasher v0.3.5
[INFO] [stderr]    Compiling crc32fast v1.2.1
[INFO] [stderr]    Compiling tiny-keccak v2.0.2
[INFO] [stderr]    Compiling new_debug_unreachable v1.0.4
[INFO] [stderr]    Compiling precomputed-hash v0.1.1
[INFO] [stderr]    Compiling either v1.6.1
[INFO] [stderr]    Compiling bit-vec v0.6.3
[INFO] [stderr]    Compiling pico-args v0.4.0
[INFO] [stderr]    Compiling beef v0.5.0
[INFO] [stderr]    Compiling utf8-ranges v1.0.4
[INFO] [stderr]    Compiling fnv v1.0.7
[INFO] [stderr]    Compiling diff v0.1.12
[INFO] [stderr]    Compiling opaque-debug v0.3.0
[INFO] [stderr]    Compiling paste v1.0.5
[INFO] [stderr]    Compiling cpuid-bool v0.1.2
[INFO] [stderr]    Compiling base32 v0.4.0
[INFO] [stderr]    Compiling arrayvec v0.5.2
[INFO] [stderr]    Compiling termcolor v1.1.2
[INFO] [stderr]    Compiling typed-arena v2.0.1
[INFO] [stderr]    Compiling leb128 v0.2.4
[INFO] [stderr]    Compiling hex v0.4.3
[INFO] [stderr]    Compiling generic-array v0.14.4
[INFO] [stderr]    Compiling num-traits v0.2.14
[INFO] [stderr]    Compiling indexmap v1.6.2
[INFO] [stderr]    Compiling num-integer v0.1.44
[INFO] [stderr]    Compiling num-bigint v0.3.2
[INFO] [stderr]     Checking codespan-reporting v0.9.5
[INFO] [stderr]    Compiling phf_shared v0.8.0
[INFO] [stderr]    Compiling itertools v0.10.0
[INFO] [stderr]    Compiling pretty v0.10.0
[INFO] [stderr]    Compiling bit-set v0.5.2
[INFO] [stderr]    Compiling string_cache v0.8.1
[INFO] [stderr]    Compiling aho-corasick v0.7.15
[INFO] [stderr]    Compiling quote v1.0.9
[INFO] [stderr]    Compiling ena v0.14.0
[INFO] [stderr]    Compiling petgraph v0.5.1
[INFO] [stderr]    Compiling dirs v1.0.5
[INFO] [stderr]    Compiling atty v0.2.14
[INFO] [stderr]     Checking digest v0.9.0
[INFO] [stderr]     Checking block-buffer v0.9.0
[INFO] [stderr]    Compiling term v0.5.2
[INFO] [stderr]     Checking sha2 v0.9.3
[INFO] [stderr]     Checking regex v1.4.5
[INFO] [stderr]    Compiling ascii-canvas v2.0.0
[INFO] [stderr]     Checking lalrpop-util v0.19.5
[INFO] [stderr]    Compiling lalrpop v0.19.5
[INFO] [stderr]    Compiling thiserror-impl v1.0.24
[INFO] [stderr]    Compiling logos-derive v0.12.0
[INFO] [stderr]    Compiling derivative v2.2.0
[INFO] [stderr]    Compiling candid_derive v0.4.4
[INFO] [stderr]    Compiling thiserror v1.0.24
[INFO] [stderr]    Compiling logos v0.12.0
[INFO] [stderr]     Checking ic-types v0.1.2
[INFO] [stderr]     Checking serde_bytes v0.11.5
[INFO] [stderr]    Compiling toml v0.5.8
[INFO] [stderr]    Compiling serde_tokenstream v0.1.2
[INFO] [stderr]    Compiling proc-macro-crate v0.1.5
[INFO] [stderr]    Compiling num_enum_derive v0.5.1
[INFO] [stderr]    Compiling candid v0.6.21
[INFO] [stderr]    Compiling num_enum v0.5.1
[INFO] [stderr]     Checking ic-cdk v0.2.4
[INFO] [stderr]    Compiling ic-cdk-macros v0.2.4
[INFO] [stderr]     Checking rust_hello2 v0.1.0 (/opt/rustwide/workdir/src/rust_hello2)
[INFO] [stderr]     Checking rust_hello3 v0.1.0 (/opt/rustwide/workdir/src/rust_hello3)
[INFO] [stderr]     Checking rust_hello v0.1.0 (/opt/rustwide/workdir/src/rust_hello)
[INFO] [stdout] error: Could not find DFX bindings for canister named 'rust_hello2'. Did you build using DFX?
[INFO] [stdout]  --> src/rust_hello3/main.rs:6:1
[INFO] [stdout]   |
[INFO] [stdout] 6 | #[import(canister = "rust_hello2")]
[INFO] [stdout]   | ^^^^^^^^^^^^^^^^^^^^^^^^^^^^^^^^^^^
[INFO] [stdout]   |
[INFO] [stdout]   = note: this error originates in the attribute macro `import` (in Nightly builds, run with -Z macro-backtrace for more info)
[INFO] [stdout] 
[INFO] [stdout] 
[INFO] [stdout] error: Could not find DFX bindings for canister named 'rust_hello'. Did you build using DFX?
[INFO] [stdout]  --> src/rust_hello2/main.rs:6:1
[INFO] [stdout]   |
[INFO] [stdout] 6 | #[import(canister = "rust_hello")]
[INFO] [stdout]   | ^^^^^^^^^^^^^^^^^^^^^^^^^^^^^^^^^^
[INFO] [stdout]   |
[INFO] [stdout]   = note: this error originates in the attribute macro `import` (in Nightly builds, run with -Z macro-backtrace for more info)
[INFO] [stdout] 
[INFO] [stdout] 
[INFO] [stdout] error[E0433]: failed to resolve: use of undeclared type `RustHello2`
[INFO] [stdout]   --> src/rust_hello3/main.rs:13:5
[INFO] [stdout]    |
[INFO] [stdout] 13 |     RustHello2::query_from_query().await.0
[INFO] [stdout]    |     ^^^^^^^^^^ use of undeclared type `RustHello2`
[INFO] [stdout] 
[INFO] [stdout] 
[INFO] [stdout] error[E0433]: failed to resolve: use of undeclared type `RustHello2`
[INFO] [stdout]   --> src/rust_hello3/main.rs:20:5
[INFO] [stdout]    |
[INFO] [stdout] 20 |     RustHello2::update_from_query().await.0
[INFO] [stdout]    |     ^^^^^^^^^^ use of undeclared type `RustHello2`
[INFO] [stdout] 
[INFO] [stdout] 
[INFO] [stdout] error[E0433]: failed to resolve: use of undeclared type `RustHello2`
[INFO] [stdout]   --> src/rust_hello3/main.rs:27:5
[INFO] [stdout]    |
[INFO] [stdout] 27 |     RustHello2::update_from_update().await.0
[INFO] [stdout]    |     ^^^^^^^^^^ use of undeclared type `RustHello2`
[INFO] [stdout] 
[INFO] [stdout] 
[INFO] [stdout] error: Could not find DFX bindings for canister named 'rust_hello2'. Did you build using DFX?
[INFO] [stdout]  --> src/rust_hello3/main.rs:6:1
[INFO] [stdout]   |
[INFO] [stdout] 6 | #[import(canister = "rust_hello2")]
[INFO] [stdout]   | ^^^^^^^^^^^^^^^^^^^^^^^^^^^^^^^^^^^
[INFO] [stdout]   |
[INFO] [stdout]   = note: this error originates in the attribute macro `import` (in Nightly builds, run with -Z macro-backtrace for more info)
[INFO] [stdout] 
[INFO] [stdout] 
[INFO] [stdout] error: Could not find DFX bindings for canister named 'rust_hello'. Did you build using DFX?
[INFO] [stdout]  --> src/rust_hello2/main.rs:6:1
[INFO] [stdout]   |
[INFO] [stdout] 6 | #[import(canister = "rust_hello")]
[INFO] [stdout]   | ^^^^^^^^^^^^^^^^^^^^^^^^^^^^^^^^^^
[INFO] [stdout]   |
[INFO] [stdout]   = note: this error originates in the attribute macro `import` (in Nightly builds, run with -Z macro-backtrace for more info)
[INFO] [stdout] 
[INFO] [stdout] 
[INFO] [stdout] error[E0433]: failed to resolve: use of undeclared type `RustHello`
[INFO] [stdout]   --> src/rust_hello2/main.rs:14:5
[INFO] [stdout]    |
[INFO] [stdout] 14 |     RustHello::a_query_method().await.0
[INFO] [stdout]    |     ^^^^^^^^^ use of undeclared type `RustHello`
[INFO] [stdout] 
[INFO] [stdout] 
[INFO] [stdout] error[E0433]: failed to resolve: use of undeclared type `RustHello`
[INFO] [stdout]   --> src/rust_hello2/main.rs:21:5
[INFO] [stdout]    |
[INFO] [stdout] 21 |     RustHello::an_update_method().await.0
[INFO] [stdout]    |     ^^^^^^^^^ use of undeclared type `RustHello`
[INFO] [stdout] 
[INFO] [stdout] 
[INFO] [stdout] error[E0433]: failed to resolve: use of undeclared type `RustHello`
[INFO] [stdout]   --> src/rust_hello2/main.rs:28:5
[INFO] [stdout]    |
[INFO] [stdout] 28 |     RustHello::a_query_method().await.0
[INFO] [stdout]    |     ^^^^^^^^^ use of undeclared type `RustHello`
[INFO] [stdout] 
[INFO] [stdout] 
[INFO] [stdout] error[E0433]: failed to resolve: use of undeclared type `RustHello`
[INFO] [stdout]   --> src/rust_hello2/main.rs:35:5
[INFO] [stdout]    |
[INFO] [stdout] 35 |     RustHello::an_update_method().await.0
[INFO] [stdout]    |     ^^^^^^^^^ use of undeclared type `RustHello`
[INFO] [stdout] 
[INFO] [stdout] 
[INFO] [stdout] error[E0433]: failed to resolve: use of undeclared type `RustHello2`
[INFO] [stdout]   --> src/rust_hello3/main.rs:13:5
[INFO] [stdout]    |
[INFO] [stdout] 13 |     RustHello2::query_from_query().await.0
[INFO] [stdout]    |     ^^^^^^^^^^ use of undeclared type `RustHello2`
[INFO] [stdout] 
[INFO] [stdout] 
[INFO] [stdout] error[E0433]: failed to resolve: use of undeclared type `RustHello2`
[INFO] [stdout]   --> src/rust_hello3/main.rs:20:5
[INFO] [stdout]    |
[INFO] [stdout] 20 |     RustHello2::update_from_query().await.0
[INFO] [stdout]    |     ^^^^^^^^^^ use of undeclared type `RustHello2`
[INFO] [stdout] 
[INFO] [stdout] 
[INFO] [stdout] error[E0433]: failed to resolve: use of undeclared type `RustHello2`
[INFO] [stdout]   --> src/rust_hello3/main.rs:27:5
[INFO] [stdout]    |
[INFO] [stdout] 27 |     RustHello2::update_from_update().await.0
[INFO] [stdout]    |     ^^^^^^^^^^ use of undeclared type `RustHello2`
[INFO] [stdout] 
[INFO] [stdout] 
[INFO] [stdout] error: aborting due to 4 previous errors
[INFO] [stdout] 
[INFO] [stdout] 
[INFO] [stdout] For more information about this error, try `rustc --explain E0433`.
[INFO] [stdout] 
[INFO] [stderr] error: could not compile `rust_hello3` due to 5 previous errors
[INFO] [stderr] warning: build failed, waiting for other jobs to finish...
[INFO] [stdout] error: aborting due to 4 previous errors
[INFO] [stdout] 
[INFO] [stdout] 
[INFO] [stdout] For more information about this error, try `rustc --explain E0433`.
[INFO] [stdout] 
[INFO] [stdout] error: aborting due to 5 previous errors
[INFO] [stdout] 
[INFO] [stdout] 
[INFO] [stdout] For more information about this error, try `rustc --explain E0433`.
[INFO] [stdout] 
[INFO] [stdout] error[E0433]: failed to resolve: use of undeclared type `RustHello`
[INFO] [stdout]   --> src/rust_hello2/main.rs:14:5
[INFO] [stdout]    |
[INFO] [stdout] 14 |     RustHello::a_query_method().await.0
[INFO] [stdout]    |     ^^^^^^^^^ use of undeclared type `RustHello`
[INFO] [stdout] 
[INFO] [stdout] 
[INFO] [stdout] error[E0433]: failed to resolve: use of undeclared type `RustHello`
[INFO] [stdout]   --> src/rust_hello2/main.rs:21:5
[INFO] [stdout]    |
[INFO] [stdout] 21 |     RustHello::an_update_method().await.0
[INFO] [stdout]    |     ^^^^^^^^^ use of undeclared type `RustHello`
[INFO] [stdout] 
[INFO] [stdout] 
[INFO] [stdout] error[E0433]: failed to resolve: use of undeclared type `RustHello`
[INFO] [stdout]   --> src/rust_hello2/main.rs:28:5
[INFO] [stdout]    |
[INFO] [stdout] 28 |     RustHello::a_query_method().await.0
[INFO] [stdout]    |     ^^^^^^^^^ use of undeclared type `RustHello`
[INFO] [stdout] 
[INFO] [stdout] 
[INFO] [stdout] error[E0433]: failed to resolve: use of undeclared type `RustHello`
[INFO] [stdout]   --> src/rust_hello2/main.rs:35:5
[INFO] [stdout]    |
[INFO] [stdout] 35 |     RustHello::an_update_method().await.0
[INFO] [stdout]    |     ^^^^^^^^^ use of undeclared type `RustHello`
[INFO] [stdout] 
[INFO] [stdout] 
[INFO] [stdout] error: aborting due to 5 previous errors
[INFO] [stdout] 
[INFO] [stdout] 
[INFO] [stdout] For more information about this error, try `rustc --explain E0433`.
[INFO] [stdout] 
[INFO] [stderr] error: build failed
[INFO] running `Command { std: "docker" "inspect" "75c3636c7c96552d694c8826c3f52e4c0562e6ac573341656d730184d3fafea1", kill_on_drop: false }`
[INFO] running `Command { std: "docker" "rm" "-f" "75c3636c7c96552d694c8826c3f52e4c0562e6ac573341656d730184d3fafea1", kill_on_drop: false }`
[INFO] [stdout] 75c3636c7c96552d694c8826c3f52e4c0562e6ac573341656d730184d3fafea1
