[INFO] cloning repository https://github.com/outscale/rpg
[INFO] running `Command { std: "git" "-c" "credential.helper=" "-c" "credential.helper=/workspace/cargo-home/bin/git-credential-null" "clone" "--bare" "https://github.com/outscale/rpg" "/workspace/cache/git-repos/https%3A%2F%2Fgithub.com%2Foutscale%2Frpg", kill_on_drop: false }`
[INFO] [stderr] Cloning into bare repository '/workspace/cache/git-repos/https%3A%2F%2Fgithub.com%2Foutscale%2Frpg'...
[INFO] running `Command { std: "git" "rev-parse" "HEAD", kill_on_drop: false }`
[INFO] [stdout] 737c57fee1782ff8cd497d1ca20f6335ed173f17
[INFO] checking outscale/rpg against 1.55.0 for beta-1.56-3
[INFO] running `Command { std: "git" "clone" "/workspace/cache/git-repos/https%3A%2F%2Fgithub.com%2Foutscale%2Frpg" "/workspace/builds/worker-29/source", kill_on_drop: false }`
[INFO] [stderr] Cloning into '/workspace/builds/worker-29/source'...
[INFO] [stderr] done.
[INFO] validating manifest of git repo https://github.com/outscale/rpg on toolchain 1.55.0
[INFO] running `Command { std: "/workspace/cargo-home/bin/cargo" "+1.55.0" "metadata" "--manifest-path" "Cargo.toml" "--no-deps", kill_on_drop: false }`
[INFO] started tweaking git repo https://github.com/outscale/rpg
[INFO] finished tweaking git repo https://github.com/outscale/rpg
[INFO] tweaked toml for git repo https://github.com/outscale/rpg written to /workspace/builds/worker-29/source/Cargo.toml
[INFO] crate git repo https://github.com/outscale/rpg already has a lockfile, it will not be regenerated
[INFO] running `Command { std: "/workspace/cargo-home/bin/cargo" "+1.55.0" "fetch" "--manifest-path" "Cargo.toml", kill_on_drop: false }`
[INFO] [stderr]     Blocking waiting for file lock on package cache
[INFO] [stderr]     Blocking waiting for file lock on package cache
[INFO] [stderr]  Downloading crates ...
[INFO] [stderr]   Downloaded redox_syscall v0.1.18
[INFO] [stderr]   Downloaded itoa v0.3.1
[INFO] [stderr]   Downloaded num_cpus v1.5.1
[INFO] [stderr]   Downloaded aster v0.38.0
[INFO] [stderr]   Downloaded syntex_errors v0.54.0
[INFO] [stderr]   Downloaded atty v0.2.2
[INFO] [stderr]   Downloaded cfg-if v0.1.1
[INFO] [stderr]   Downloaded time v0.1.37
[INFO] [stderr]   Downloaded version_check v0.1.2
[INFO] [stderr]   Downloaded term_size v0.3.0
[INFO] [stderr]   Downloaded toml v0.2.1
[INFO] [stderr]   Downloaded byteorder v1.0.0
[INFO] [stderr]   Downloaded thread_local v0.3.3
[INFO] [stderr]   Downloaded quasi_codegen v0.29.0
[INFO] [stderr]   Downloaded syntex v0.54.0
[INFO] [stderr]   Downloaded thread-id v3.1.0
[INFO] [stderr]   Downloaded clap v2.24.2
[INFO] [stderr]   Downloaded libloading v0.3.4
[INFO] [stderr]   Downloaded target_build_utils v0.3.1
[INFO] [stderr]   Downloaded cookie v0.6.2
[INFO] [stderr]   Downloaded serde_codegen_internals v0.14.2
[INFO] [stderr]   Downloaded rocket_codegen v0.2.8
[INFO] [stderr]   Downloaded serde_derive v0.9.15
[INFO] [stderr]   Downloaded dtoa v0.4.1
[INFO] [stderr]   Downloaded libc v0.2.23
[INFO] [stderr]   Downloaded unicode-normalization v0.1.4
[INFO] [stderr]   Downloaded serde v0.9.15
[INFO] [stderr]   Downloaded serde_json v0.9.10
[INFO] [stderr]   Downloaded quasi v0.29.0
[INFO] [stderr]   Downloaded rocket v0.2.8
[INFO] [stderr]   Downloaded rocket_contrib v0.2.8
[INFO] [stderr]   Downloaded syntex_syntax v0.54.0
[INFO] [stderr]   Downloaded cexpr v0.2.0
[INFO] [stderr]   Downloaded state v0.2.2
[INFO] [stderr]   Downloaded num-traits v0.1.38
[INFO] [stderr]   Downloaded term v0.4.5
[INFO] [stderr]   Downloaded syntex_pos v0.54.0
[INFO] [stderr]   Downloaded unicode-bidi v0.3.3
[INFO] [stderr]   Downloaded url v1.4.1
[INFO] [stderr]   Downloaded term-painter v0.2.3
[INFO] [stderr]   Downloaded idna v0.1.2
[INFO] [stderr]   Downloaded clang-sys v0.14.1
[INFO] [stderr]   Downloaded hyper v0.10.12
[INFO] [stderr]   Downloaded bindgen v0.22.1
[INFO] running `Command { std: "docker" "create" "-v" "/var/lib/crater-agent-workspace/builds/worker-29/target:/opt/rustwide/target:rw,Z" "-v" "/var/lib/crater-agent-workspace/builds/worker-29/source:/opt/rustwide/workdir:ro,Z" "-v" "/var/lib/crater-agent-workspace/cargo-home:/opt/rustwide/cargo-home:ro,Z" "-v" "/var/lib/crater-agent-workspace/rustup-home:/opt/rustwide/rustup-home:ro,Z" "-e" "SOURCE_DIR=/opt/rustwide/workdir" "-e" "CARGO_TARGET_DIR=/opt/rustwide/target" "-e" "CARGO_HOME=/opt/rustwide/cargo-home" "-e" "RUSTUP_HOME=/opt/rustwide/rustup-home" "-w" "/opt/rustwide/workdir" "-m" "1610612736" "--user" "0:0" "--network" "none" "ghcr.io/rust-lang/crates-build-env/linux@sha256:a89201d6b5b9fd45c15d5952ece0a0129e7e80cb26ec023fd59cf09bc26f1604" "/opt/rustwide/cargo-home/bin/cargo" "+1.55.0" "metadata" "--no-deps" "--format-version=1", kill_on_drop: false }`
[INFO] [stdout] 023a2b1a3976a2f8d0caa8f99638059fa96aae7f4c4fb2e66b50083440a1eadf
[INFO] running `Command { std: "docker" "start" "-a" "023a2b1a3976a2f8d0caa8f99638059fa96aae7f4c4fb2e66b50083440a1eadf", kill_on_drop: false }`
[INFO] running `Command { std: "docker" "inspect" "023a2b1a3976a2f8d0caa8f99638059fa96aae7f4c4fb2e66b50083440a1eadf", kill_on_drop: false }`
[INFO] running `Command { std: "docker" "rm" "-f" "023a2b1a3976a2f8d0caa8f99638059fa96aae7f4c4fb2e66b50083440a1eadf", kill_on_drop: false }`
[INFO] [stdout] 023a2b1a3976a2f8d0caa8f99638059fa96aae7f4c4fb2e66b50083440a1eadf
[INFO] running `Command { std: "docker" "create" "-v" "/var/lib/crater-agent-workspace/builds/worker-29/target:/opt/rustwide/target:rw,Z" "-v" "/var/lib/crater-agent-workspace/builds/worker-29/source:/opt/rustwide/workdir:ro,Z" "-v" "/var/lib/crater-agent-workspace/cargo-home:/opt/rustwide/cargo-home:ro,Z" "-v" "/var/lib/crater-agent-workspace/rustup-home:/opt/rustwide/rustup-home:ro,Z" "-e" "SOURCE_DIR=/opt/rustwide/workdir" "-e" "CARGO_TARGET_DIR=/opt/rustwide/target" "-e" "CARGO_INCREMENTAL=0" "-e" "RUST_BACKTRACE=full" "-e" "RUSTFLAGS=--cap-lints=warn" "-e" "CARGO_HOME=/opt/rustwide/cargo-home" "-e" "RUSTUP_HOME=/opt/rustwide/rustup-home" "-w" "/opt/rustwide/workdir" "-m" "1610612736" "--user" "0:0" "--network" "none" "ghcr.io/rust-lang/crates-build-env/linux@sha256:a89201d6b5b9fd45c15d5952ece0a0129e7e80cb26ec023fd59cf09bc26f1604" "/opt/rustwide/cargo-home/bin/cargo" "+1.55.0" "check" "--frozen" "--all" "--all-targets" "--message-format=json", kill_on_drop: false }`
[INFO] [stdout] aad0ef8a8a1819a3e5b37329e0045d119e1113ee8fa40bd240467d6671eec0d3
[INFO] running `Command { std: "docker" "start" "-a" "aad0ef8a8a1819a3e5b37329e0045d119e1113ee8fa40bd240467d6671eec0d3", kill_on_drop: false }`
[INFO] [stderr]     Blocking waiting for file lock on package cache
[INFO] [stderr]    Compiling libc v0.2.23
[INFO] [stderr]    Compiling log v0.3.8
[INFO] [stderr]    Compiling term v0.4.5
[INFO] [stderr]    Compiling rustc-serialize v0.3.24
[INFO] [stderr]    Compiling version_check v0.1.2
[INFO] [stderr]    Compiling ansi_term v0.9.0
[INFO] [stderr]    Compiling bitflags v0.7.0
[INFO] [stderr]    Compiling itoa v0.3.1
[INFO] [stderr]    Compiling dtoa v0.4.1
[INFO] [stderr]    Compiling serde v0.9.15
[INFO] [stderr]    Compiling num-traits v0.1.38
[INFO] [stderr]    Compiling void v1.0.2
[INFO] [stderr]    Compiling utf8-ranges v1.0.0
[INFO] [stderr]    Compiling matches v0.1.6
[INFO] [stderr]    Compiling regex-syntax v0.4.1
[INFO] [stderr]    Compiling lazy_static v0.2.8
[INFO] [stderr]    Compiling bitflags v0.8.2
[INFO] [stderr]    Compiling unicode-normalization v0.1.4
[INFO] [stderr]    Compiling nom v1.2.4
[INFO] [stderr]    Compiling unicode-width v0.1.4
[INFO] [stderr]    Compiling vec_map v0.8.0
[INFO] [stderr]    Compiling unicode-segmentation v1.2.0
[INFO] [stderr]    Compiling strsim v0.6.0
[INFO] [stderr]    Compiling cfg-if v0.1.1
[INFO] [stderr]     Checking byteorder v1.0.0
[INFO] [stderr]    Compiling traitobject v0.1.0
[INFO] [stderr]    Compiling language-tags v0.2.2
[INFO] [stderr]    Compiling typeable v0.1.2
[INFO] [stderr]    Compiling httparse v1.2.3
[INFO] [stderr]    Compiling toml v0.2.1
[INFO] [stderr]    Compiling state v0.2.2
[INFO] [stderr]    Compiling phf_shared v0.7.21
[INFO] [stderr]    Compiling clang-sys v0.14.1
[INFO] [stderr]     Checking unicode-bidi v0.3.3
[INFO] [stderr]    Compiling serde_codegen_internals v0.14.2
[INFO] [stdout] error[E0557]: feature has been removed
[INFO] [stdout]  --> /opt/rustwide/cargo-home/registry/src/github.com-1ecc6299db9ec823/state-0.2.2/src/lib.rs:1:12
[INFO] [stdout]   |
[INFO] [stdout] 1 | #![feature(const_fn)]
[INFO] [stdout]   |            ^^^^^^^^ feature has been removed
[INFO] [stdout]   |
[INFO] [stdout]   = note: split into finer-grained feature gates
[INFO] [stdout] 
[INFO] [stdout] 
[INFO] [stdout] error[E0554]: `#![feature]` may not be used on the stable release channel
[INFO] [stdout]  --> /opt/rustwide/cargo-home/registry/src/github.com-1ecc6299db9ec823/state-0.2.2/src/lib.rs:1:1
[INFO] [stdout]   |
[INFO] [stdout] 1 | #![feature(const_fn)]
[INFO] [stdout]   | ^^^^^^^^^^^^^^^^^^^^^
[INFO] [stdout] 
[INFO] [stdout] 
[INFO] [stdout] error: aborting due to 2 previous errors
[INFO] [stdout] 
[INFO] [stdout] 
[INFO] [stdout] Some errors have detailed explanations: E0554, E0557.
[INFO] [stdout] 
[INFO] [stdout] For more information about an error, try `rustc --explain E0554`.
[INFO] [stdout] 
[INFO] [stderr] error: could not compile `state` due to 3 previous errors
[INFO] [stderr] warning: build failed, waiting for other jobs to finish...
[INFO] [stdout] error[E0557]: feature has been removed
[INFO] [stdout]  --> /opt/rustwide/cargo-home/registry/src/github.com-1ecc6299db9ec823/state-0.2.2/src/lib.rs:1:12
[INFO] [stdout]   |
[INFO] [stdout] 1 | #![feature(const_fn)]
[INFO] [stdout]   |            ^^^^^^^^ feature has been removed
[INFO] [stdout]   |
[INFO] [stdout]   = note: split into finer-grained feature gates
[INFO] [stdout] 
[INFO] [stdout] 
[INFO] [stdout] error[E0554]: `#![feature]` may not be used on the stable release channel
[INFO] [stdout]  --> /opt/rustwide/cargo-home/registry/src/github.com-1ecc6299db9ec823/state-0.2.2/src/lib.rs:1:1
[INFO] [stdout]   |
[INFO] [stdout] 1 | #![feature(const_fn)]
[INFO] [stdout]   | ^^^^^^^^^^^^^^^^^^^^^
[INFO] [stdout] 
[INFO] [stdout] 
[INFO] [stdout] error: aborting due to 2 previous errors
[INFO] [stdout] 
[INFO] [stdout] 
[INFO] [stdout] Some errors have detailed explanations: E0554, E0557.
[INFO] [stdout] 
[INFO] [stdout] For more information about an error, try `rustc --explain E0554`.
[INFO] [stdout] 
[INFO] [stderr] error: build failed
[INFO] running `Command { std: "docker" "inspect" "aad0ef8a8a1819a3e5b37329e0045d119e1113ee8fa40bd240467d6671eec0d3", kill_on_drop: false }`
[INFO] running `Command { std: "docker" "rm" "-f" "aad0ef8a8a1819a3e5b37329e0045d119e1113ee8fa40bd240467d6671eec0d3", kill_on_drop: false }`
[INFO] [stdout] aad0ef8a8a1819a3e5b37329e0045d119e1113ee8fa40bd240467d6671eec0d3
