[INFO] cloning repository https://github.com/oriolval/guessinggame
[INFO] running `Command { std: "git" "-c" "credential.helper=" "-c" "credential.helper=/workspace/cargo-home/bin/git-credential-null" "clone" "--bare" "https://github.com/oriolval/guessinggame" "/workspace/cache/git-repos/https%3A%2F%2Fgithub.com%2Foriolval%2Fguessinggame", kill_on_drop: false }`
[INFO] [stderr] Cloning into bare repository '/workspace/cache/git-repos/https%3A%2F%2Fgithub.com%2Foriolval%2Fguessinggame'...
[INFO] running `Command { std: "git" "rev-parse" "HEAD", kill_on_drop: false }`
[INFO] [stdout] 8144674187f326ea9c7b8710722e78c8b79945d1
[INFO] checking oriolval/guessinggame against beta-2021-10-15 for beta-1.56-3
[INFO] running `Command { std: "git" "clone" "/workspace/cache/git-repos/https%3A%2F%2Fgithub.com%2Foriolval%2Fguessinggame" "/workspace/builds/worker-15/source", kill_on_drop: false }`
[INFO] [stderr] Cloning into '/workspace/builds/worker-15/source'...
[INFO] [stderr] done.
[INFO] validating manifest of git repo https://github.com/oriolval/guessinggame on toolchain beta-2021-10-15
[INFO] running `Command { std: "/workspace/cargo-home/bin/cargo" "+beta-2021-10-15" "metadata" "--manifest-path" "Cargo.toml" "--no-deps", kill_on_drop: false }`
[INFO] started tweaking git repo https://github.com/oriolval/guessinggame
[INFO] finished tweaking git repo https://github.com/oriolval/guessinggame
[INFO] tweaked toml for git repo https://github.com/oriolval/guessinggame written to /workspace/builds/worker-15/source/Cargo.toml
[INFO] crate git repo https://github.com/oriolval/guessinggame already has a lockfile, it will not be regenerated
[INFO] running `Command { std: "/workspace/cargo-home/bin/cargo" "+beta-2021-10-15" "fetch" "--manifest-path" "Cargo.toml", kill_on_drop: false }`
[INFO] [stderr]     Blocking waiting for file lock on package cache
[INFO] [stderr]     Blocking waiting for file lock on package cache
[INFO] running `Command { std: "docker" "create" "-v" "/var/lib/crater-agent-workspace/builds/worker-15/target:/opt/rustwide/target:rw,Z" "-v" "/var/lib/crater-agent-workspace/builds/worker-15/source:/opt/rustwide/workdir:ro,Z" "-v" "/var/lib/crater-agent-workspace/cargo-home:/opt/rustwide/cargo-home:ro,Z" "-v" "/var/lib/crater-agent-workspace/rustup-home:/opt/rustwide/rustup-home:ro,Z" "-e" "SOURCE_DIR=/opt/rustwide/workdir" "-e" "CARGO_TARGET_DIR=/opt/rustwide/target" "-e" "CARGO_HOME=/opt/rustwide/cargo-home" "-e" "RUSTUP_HOME=/opt/rustwide/rustup-home" "-w" "/opt/rustwide/workdir" "-m" "1610612736" "--user" "0:0" "--network" "none" "ghcr.io/rust-lang/crates-build-env/linux@sha256:a89201d6b5b9fd45c15d5952ece0a0129e7e80cb26ec023fd59cf09bc26f1604" "/opt/rustwide/cargo-home/bin/cargo" "+beta-2021-10-15" "metadata" "--no-deps" "--format-version=1", kill_on_drop: false }`
[INFO] [stdout] 6484005708cb82f604e551dbb48635af32872103e427cc5e5e0960923fbca7da
[INFO] running `Command { std: "docker" "start" "-a" "6484005708cb82f604e551dbb48635af32872103e427cc5e5e0960923fbca7da", kill_on_drop: false }`
[INFO] running `Command { std: "docker" "inspect" "6484005708cb82f604e551dbb48635af32872103e427cc5e5e0960923fbca7da", kill_on_drop: false }`
[INFO] running `Command { std: "docker" "rm" "-f" "6484005708cb82f604e551dbb48635af32872103e427cc5e5e0960923fbca7da", kill_on_drop: false }`
[INFO] [stdout] 6484005708cb82f604e551dbb48635af32872103e427cc5e5e0960923fbca7da
[INFO] running `Command { std: "docker" "create" "-v" "/var/lib/crater-agent-workspace/builds/worker-15/target:/opt/rustwide/target:rw,Z" "-v" "/var/lib/crater-agent-workspace/builds/worker-15/source:/opt/rustwide/workdir:ro,Z" "-v" "/var/lib/crater-agent-workspace/cargo-home:/opt/rustwide/cargo-home:ro,Z" "-v" "/var/lib/crater-agent-workspace/rustup-home:/opt/rustwide/rustup-home:ro,Z" "-e" "SOURCE_DIR=/opt/rustwide/workdir" "-e" "CARGO_TARGET_DIR=/opt/rustwide/target" "-e" "CARGO_INCREMENTAL=0" "-e" "RUST_BACKTRACE=full" "-e" "RUSTFLAGS=--cap-lints=warn" "-e" "CARGO_HOME=/opt/rustwide/cargo-home" "-e" "RUSTUP_HOME=/opt/rustwide/rustup-home" "-w" "/opt/rustwide/workdir" "-m" "1610612736" "--user" "0:0" "--network" "none" "ghcr.io/rust-lang/crates-build-env/linux@sha256:a89201d6b5b9fd45c15d5952ece0a0129e7e80cb26ec023fd59cf09bc26f1604" "/opt/rustwide/cargo-home/bin/cargo" "+beta-2021-10-15" "check" "--frozen" "--all" "--all-targets" "--message-format=json", kill_on_drop: false }`
[INFO] [stdout] d2391830b2d7138a874c724c53f8241f60ad34444ba4c2282262ba2c9c119f0f
[INFO] running `Command { std: "docker" "start" "-a" "d2391830b2d7138a874c724c53f8241f60ad34444ba4c2282262ba2c9c119f0f", kill_on_drop: false }`
[INFO] [stderr]     Blocking waiting for file lock on package cache
[INFO] [stderr]    Compiling libc v0.2.77
[INFO] [stderr]    Compiling getrandom v0.1.15
[INFO] [stderr]     Checking rand_core v0.5.1
[INFO] [stderr]     Checking rand_chacha v0.2.2
[INFO] [stderr]     Checking rand v0.7.3
[INFO] [stderr]     Checking guessing_game v0.1.0 (/opt/rustwide/workdir)
[INFO] [stdout] error[E0432]: unresolved import `rnd`
[INFO] [stdout]  --> src/main.rs:3:5
[INFO] [stdout]   |
[INFO] [stdout] 3 | use rnd::Rng;
[INFO] [stdout]   |     ^^^ use of undeclared crate or module `rnd`
[INFO] [stdout] 
[INFO] [stdout] 
[INFO] [stdout] error[E0432]: unresolved import `rnd`
[INFO] [stdout]  --> src/main.rs:3:5
[INFO] [stdout]   |
[INFO] [stdout] 3 | use rnd::Rng;
[INFO] [stdout]   |     ^^^ use of undeclared crate or module `rnd`
[INFO] [stdout] 
[INFO] [stdout] 
[INFO] [stdout] error[E0599]: no method named `gen_range` found for struct `ThreadRng` in the current scope
[INFO] [stdout]    --> src/main.rs:8:44
[INFO] [stdout]     |
[INFO] [stdout] 8   |     let secret_number = rand::thread_rng().gen_range(1,101);
[INFO] [stdout]     |                                            ^^^^^^^^^ method not found in `ThreadRng`
[INFO] [stdout]     |
[INFO] [stdout]    ::: /opt/rustwide/cargo-home/registry/src/github.com-1ecc6299db9ec823/rand-0.7.3/src/lib.rs:212:8
[INFO] [stdout]     |
[INFO] [stdout] 212 |     fn gen_range<T: SampleUniform, B1, B2>(&mut self, low: B1, high: B2) -> T
[INFO] [stdout]     |        --------- the method is available for `ThreadRng` here
[INFO] [stdout]     |
[INFO] [stdout]     = help: items from traits can only be used if the trait is in scope
[INFO] [stdout] help: the following trait is implemented but not in scope; perhaps add a `use` for it:
[INFO] [stdout]     |
[INFO] [stdout] 1   | use rand::Rng;
[INFO] [stdout]     |
[INFO] [stdout] 
[INFO] [stdout] 
[INFO] [stdout] error: aborting due to 2 previous errors
[INFO] [stdout] 
[INFO] [stdout] 
[INFO] [stdout] Some errors have detailed explanations: E0432, E0599.
[INFO] [stdout] 
[INFO] [stdout] For more information about an error, try `rustc --explain E0432`.
[INFO] [stdout] 
[INFO] [stdout] error[E0599]: no method named `gen_range` found for struct `ThreadRng` in the current scope
[INFO] [stdout]    --> src/main.rs:8:44
[INFO] [stdout]     |
[INFO] [stdout] 8   |     let secret_number = rand::thread_rng().gen_range(1,101);
[INFO] [stdout]     |                                            ^^^^^^^^^ method not found in `ThreadRng`
[INFO] [stdout]     |
[INFO] [stdout]    ::: /opt/rustwide/cargo-home/registry/src/github.com-1ecc6299db9ec823/rand-0.7.3/src/lib.rs:212:8
[INFO] [stdout]     |
[INFO] [stdout] 212 |     fn gen_range<T: SampleUniform, B1, B2>(&mut self, low: B1, high: B2) -> T
[INFO] [stdout]     |        --------- the method is available for `ThreadRng` here
[INFO] [stdout]     |
[INFO] [stdout]     = help: items from traits can only be used if the trait is in scope
[INFO] [stdout] help: the following trait is implemented but not in scope; perhaps add a `use` for it:
[INFO] [stdout]     |
[INFO] [stdout] 1   | use rand::Rng;
[INFO] [stdout]     |
[INFO] [stdout] 
[INFO] [stdout] 
[INFO] [stderr] error: could not compile `guessing_game` due to 3 previous errors
[INFO] [stderr] warning: build failed, waiting for other jobs to finish...
[INFO] [stdout] error: aborting due to 2 previous errors
[INFO] [stdout] 
[INFO] [stdout] 
[INFO] [stdout] Some errors have detailed explanations: E0432, E0599.
[INFO] [stdout] 
[INFO] [stdout] For more information about an error, try `rustc --explain E0432`.
[INFO] [stdout] 
[INFO] [stderr] error: build failed
[INFO] running `Command { std: "docker" "inspect" "d2391830b2d7138a874c724c53f8241f60ad34444ba4c2282262ba2c9c119f0f", kill_on_drop: false }`
[INFO] running `Command { std: "docker" "rm" "-f" "d2391830b2d7138a874c724c53f8241f60ad34444ba4c2282262ba2c9c119f0f", kill_on_drop: false }`
[INFO] [stdout] d2391830b2d7138a874c724c53f8241f60ad34444ba4c2282262ba2c9c119f0f
