[INFO] cloning repository https://github.com/orchestrafm/applauncher
[INFO] running `Command { std: "git" "-c" "credential.helper=" "-c" "credential.helper=/workspace/cargo-home/bin/git-credential-null" "clone" "--bare" "https://github.com/orchestrafm/applauncher" "/workspace/cache/git-repos/https%3A%2F%2Fgithub.com%2Forchestrafm%2Fapplauncher", kill_on_drop: false }`
[INFO] [stderr] Cloning into bare repository '/workspace/cache/git-repos/https%3A%2F%2Fgithub.com%2Forchestrafm%2Fapplauncher'...
[INFO] running `Command { std: "git" "rev-parse" "HEAD", kill_on_drop: false }`
[INFO] [stdout] 7d28a92a5f623bb234e83af99077a0bdfb85c035
[INFO] checking orchestrafm/applauncher against 1.55.0 for beta-1.56-3
[INFO] running `Command { std: "git" "clone" "/workspace/cache/git-repos/https%3A%2F%2Fgithub.com%2Forchestrafm%2Fapplauncher" "/workspace/builds/worker-28/source", kill_on_drop: false }`
[INFO] [stderr] Cloning into '/workspace/builds/worker-28/source'...
[INFO] [stderr] done.
[INFO] validating manifest of git repo https://github.com/orchestrafm/applauncher on toolchain 1.55.0
[INFO] running `Command { std: "/workspace/cargo-home/bin/cargo" "+1.55.0" "metadata" "--manifest-path" "Cargo.toml" "--no-deps", kill_on_drop: false }`
[INFO] started tweaking git repo https://github.com/orchestrafm/applauncher
[INFO] finished tweaking git repo https://github.com/orchestrafm/applauncher
[INFO] tweaked toml for git repo https://github.com/orchestrafm/applauncher written to /workspace/builds/worker-28/source/Cargo.toml
[INFO] crate git repo https://github.com/orchestrafm/applauncher already has a lockfile, it will not be regenerated
[INFO] running `Command { std: "/workspace/cargo-home/bin/cargo" "+1.55.0" "fetch" "--manifest-path" "Cargo.toml", kill_on_drop: false }`
[INFO] [stderr]     Blocking waiting for file lock on package cache
[INFO] [stderr]     Blocking waiting for file lock on package cache
[INFO] [stderr]  Downloading crates ...
[INFO] [stderr]   Downloaded semver-parser v0.10.1
[INFO] [stderr]   Downloaded serde_path_to_error v0.1.3
[INFO] [stderr]   Downloaded tinyvec v1.0.1
[INFO] [stderr]   Downloaded dirs-sys-next v0.1.1
[INFO] [stderr]   Downloaded crossbeam-queue v0.3.0
[INFO] [stderr]   Downloaded doc-cfg v0.1.0
[INFO] [stderr]   Downloaded iui v0.3.0
[INFO] [stderr]   Downloaded snafu v0.6.9
[INFO] [stderr]   Downloaded osascript v0.3.0
[INFO] [stderr]   Downloaded unicode-normalization v0.1.15
[INFO] [stderr]   Downloaded reqwest v0.10.8
[INFO] [stderr]   Downloaded snafu-derive v0.6.9
[INFO] [stderr]   Downloaded eyre v0.6.3
[INFO] [stderr]   Downloaded backtrace v0.3.54
[INFO] [stderr]   Downloaded crc32c v0.5.0
[INFO] [stderr]   Downloaded native-dialog v0.4.3
[INFO] [stderr]   Downloaded wfd v0.1.4
[INFO] [stderr]   Downloaded octocrab v0.8.1
[INFO] [stderr]   Downloaded ui-sys v0.1.3
[INFO] running `Command { std: "docker" "create" "-v" "/var/lib/crater-agent-workspace/builds/worker-28/target:/opt/rustwide/target:rw,Z" "-v" "/var/lib/crater-agent-workspace/builds/worker-28/source:/opt/rustwide/workdir:ro,Z" "-v" "/var/lib/crater-agent-workspace/cargo-home:/opt/rustwide/cargo-home:ro,Z" "-v" "/var/lib/crater-agent-workspace/rustup-home:/opt/rustwide/rustup-home:ro,Z" "-e" "SOURCE_DIR=/opt/rustwide/workdir" "-e" "CARGO_TARGET_DIR=/opt/rustwide/target" "-e" "CARGO_HOME=/opt/rustwide/cargo-home" "-e" "RUSTUP_HOME=/opt/rustwide/rustup-home" "-w" "/opt/rustwide/workdir" "-m" "1610612736" "--user" "0:0" "--network" "none" "ghcr.io/rust-lang/crates-build-env/linux@sha256:a89201d6b5b9fd45c15d5952ece0a0129e7e80cb26ec023fd59cf09bc26f1604" "/opt/rustwide/cargo-home/bin/cargo" "+1.55.0" "metadata" "--no-deps" "--format-version=1", kill_on_drop: false }`
[INFO] [stdout] 5e64c4caa19aa51233dcc20d4464614938207f8b6cb0c4bac84a7fc3c2d09058
[INFO] running `Command { std: "docker" "start" "-a" "5e64c4caa19aa51233dcc20d4464614938207f8b6cb0c4bac84a7fc3c2d09058", kill_on_drop: false }`
[INFO] running `Command { std: "docker" "inspect" "5e64c4caa19aa51233dcc20d4464614938207f8b6cb0c4bac84a7fc3c2d09058", kill_on_drop: false }`
[INFO] running `Command { std: "docker" "rm" "-f" "5e64c4caa19aa51233dcc20d4464614938207f8b6cb0c4bac84a7fc3c2d09058", kill_on_drop: false }`
[INFO] [stdout] 5e64c4caa19aa51233dcc20d4464614938207f8b6cb0c4bac84a7fc3c2d09058
[INFO] running `Command { std: "docker" "create" "-v" "/var/lib/crater-agent-workspace/builds/worker-28/target:/opt/rustwide/target:rw,Z" "-v" "/var/lib/crater-agent-workspace/builds/worker-28/source:/opt/rustwide/workdir:ro,Z" "-v" "/var/lib/crater-agent-workspace/cargo-home:/opt/rustwide/cargo-home:ro,Z" "-v" "/var/lib/crater-agent-workspace/rustup-home:/opt/rustwide/rustup-home:ro,Z" "-e" "SOURCE_DIR=/opt/rustwide/workdir" "-e" "CARGO_TARGET_DIR=/opt/rustwide/target" "-e" "CARGO_INCREMENTAL=0" "-e" "RUST_BACKTRACE=full" "-e" "RUSTFLAGS=--cap-lints=warn" "-e" "CARGO_HOME=/opt/rustwide/cargo-home" "-e" "RUSTUP_HOME=/opt/rustwide/rustup-home" "-w" "/opt/rustwide/workdir" "-m" "1610612736" "--user" "0:0" "--network" "none" "ghcr.io/rust-lang/crates-build-env/linux@sha256:a89201d6b5b9fd45c15d5952ece0a0129e7e80cb26ec023fd59cf09bc26f1604" "/opt/rustwide/cargo-home/bin/cargo" "+1.55.0" "check" "--frozen" "--all" "--all-targets" "--message-format=json", kill_on_drop: false }`
[INFO] [stdout] a1b43f737212c4eb62af052cf50c70daaef5c0306baaa65cd4d95914cb820052
[INFO] running `Command { std: "docker" "start" "-a" "a1b43f737212c4eb62af052cf50c70daaef5c0306baaa65cd4d95914cb820052", kill_on_drop: false }`
[INFO] [stderr]    Compiling syn v1.0.48
[INFO] [stderr]    Compiling libc v0.2.80
[INFO] [stderr]    Compiling log v0.4.11
[INFO] [stderr]    Compiling pkg-config v0.3.19
[INFO] [stderr]    Compiling memchr v2.3.4
[INFO] [stderr]     Checking bytes v0.5.6
[INFO] [stderr]    Compiling serde_derive v1.0.117
[INFO] [stderr]     Checking pin-project-lite v0.1.11
[INFO] [stderr]     Checking futures-core v0.3.8
[INFO] [stderr]    Compiling serde v1.0.117
[INFO] [stderr]    Compiling const_fn v0.4.3
[INFO] [stderr]    Compiling openssl v0.10.30
[INFO] [stderr]     Checking gimli v0.23.0
[INFO] [stderr]     Checking futures-sink v0.3.8
[INFO] [stderr]     Checking futures-io v0.3.8
[INFO] [stderr]    Compiling native-tls v0.2.6
[INFO] [stderr]     Checking object v0.22.0
[INFO] [stderr]     Checking openssl-probe v0.1.2
[INFO] [stderr]     Checking rustc-demangle v0.1.18
[INFO] [stderr]    Compiling serde_json v1.0.59
[INFO] [stderr]    Compiling failure_derive v0.1.8
[INFO] [stderr]    Compiling encoding_rs v0.8.26
[INFO] [stderr]    Compiling doc-comment v0.3.3
[INFO] [stderr]     Checking ucd-trie v0.1.3
[INFO] [stderr]     Checking dtoa v0.4.6
[INFO] [stderr]    Compiling hyperx v1.2.0
[INFO] [stderr]     Checking scopeguard v1.1.0
[INFO] [stderr]    Compiling crc32c v0.5.0
[INFO] [stderr]    Compiling eyre v0.6.3
[INFO] [stderr]     Checking base64 v0.12.3
[INFO] [stderr]     Checking indenter v0.3.0
[INFO] [stderr]    Compiling miniz_oxide v0.4.3
[INFO] [stderr]    Compiling crossbeam-utils v0.8.0
[INFO] [stderr]    Compiling indexmap v1.6.0
[INFO] [stderr]    Compiling memoffset v0.5.6
[INFO] [stderr]     Checking futures-task v0.3.8
[INFO] [stderr]     Checking tinyvec v1.0.1
[INFO] [stderr]    Compiling cmake v0.1.44
[INFO] [stderr]    Compiling quote v1.0.7
[INFO] [stderr]    Compiling quote v0.6.13
[INFO] [stderr]     Checking futures-channel v0.3.8
[INFO] [stderr]     Checking pest v2.1.3
[INFO] [stderr]     Checking http v0.2.1
[INFO] [stderr]    Compiling doc-cfg v0.1.0
[INFO] [stderr]    Compiling openssl-sys v0.9.58
[INFO] [stderr]    Compiling ui-sys v0.1.3
[INFO] [stderr]     Checking tracing v0.1.21
[INFO] [stderr]     Checking want v0.3.0
[INFO] [stderr]     Checking unicode-normalization v0.1.15
[INFO] [stderr]     Checking net2 v0.2.35
[INFO] [stderr]     Checking iovec v0.1.4
[INFO] [stderr]     Checking num_cpus v1.13.0
[INFO] [stderr]     Checking socket2 v0.3.16
[INFO] [stderr]     Checking time v0.1.44
[INFO] [stderr]     Checking dirs-sys-next v0.1.1
[INFO] [stderr]     Checking semver-parser v0.10.1
[INFO] [stderr]     Checking directories-next v2.0.0
[INFO] [stderr]     Checking mio v0.6.22
[INFO] [stderr]     Checking idna v0.2.0
[INFO] [stderr]     Checking addr2line v0.14.0
[INFO] [stderr]     Checking http-body v0.3.1
[INFO] [stderr]     Checking semver v0.11.0
[INFO] [stderr]     Checking mio-uds v0.6.8
[INFO] [stderr]     Checking crossbeam-epoch v0.9.0
[INFO] [stderr]     Checking crossbeam-queue v0.3.0
[INFO] [stderr]     Checking crossbeam-channel v0.5.0
[INFO] [stderr]     Checking backtrace v0.3.54
[INFO] [stderr]     Checking crossbeam-deque v0.8.0
[INFO] [stderr]     Checking crossbeam v0.8.0
[INFO] [stderr]    Compiling synstructure v0.12.4
[INFO] [stderr]    Compiling tokio-macros v0.2.6
[INFO] [stderr]    Compiling pin-project-internal v0.4.27
[INFO] [stderr]    Compiling pin-project-internal v1.0.1
[INFO] [stderr]    Compiling thiserror-impl v1.0.22
[INFO] [stderr]    Compiling snafu-derive v0.6.9
[INFO] [stderr]    Compiling async-trait v0.1.42
[INFO] [stderr]     Checking tokio v0.2.23
[INFO] [stderr]     Checking failure v0.1.8
[INFO] [stderr]     Checking iui v0.3.0
[INFO] [stderr]     Checking pin-project v1.0.1
[INFO] [stderr]     Checking pin-project v0.4.27
[INFO] [stderr]     Checking thiserror v1.0.22
[INFO] [stderr]     Checking snafu v0.6.9
[INFO] [stderr]     Checking tracing-futures v0.2.4
[INFO] [stderr]     Checking futures-util v0.3.8
[INFO] [stderr]     Checking which v4.0.2
[INFO] [stderr]     Checking native-dialog v0.4.3
[INFO] [stderr]     Checking tokio-util v0.3.1
[INFO] [stderr]     Checking tokio-tls v0.3.1
[INFO] [stderr]     Checking h2 v0.2.7
[INFO] [stderr]     Checking url v2.2.0
[INFO] [stderr]     Checking serde_path_to_error v0.1.3
[INFO] [stderr]     Checking chrono v0.4.19
[INFO] [stderr]     Checking toml v0.5.7
[INFO] [stderr]     Checking serde_urlencoded v0.6.1
[INFO] [stderr]     Checking hyper v0.13.9
[INFO] [stderr]     Checking hyper-tls v0.4.3
[INFO] [stderr]     Checking reqwest v0.10.8
[INFO] [stderr]     Checking octocrab v0.8.1
[INFO] [stderr]     Checking applauncher v0.1.1 (/opt/rustwide/workdir)
[INFO] [stdout] error[E0433]: failed to resolve: could not find `windows` in `os`
[INFO] [stdout]  --> src/main.rs:7:14
[INFO] [stdout]   |
[INFO] [stdout] 7 | use std::os::windows::process::CommandExt;
[INFO] [stdout]   |              ^^^^^^^ could not find `windows` in `os`
[INFO] [stdout] 
[INFO] [stdout] 
[INFO] [stdout] error[E0433]: failed to resolve: could not find `windows` in `os`
[INFO] [stdout]  --> src/main.rs:7:14
[INFO] [stdout]   |
[INFO] [stdout] 7 | use std::os::windows::process::CommandExt;
[INFO] [stdout]   |              ^^^^^^^ could not find `windows` in `os`
[INFO] [stdout] 
[INFO] [stdout] 
[INFO] [stdout] warning: unused import: `eyre`
[INFO] [stdout]   --> src/main.rs:16:12
[INFO] [stdout]    |
[INFO] [stdout] 16 | use eyre::{eyre, Result};
[INFO] [stdout]    |            ^^^^
[INFO] [stdout]    |
[INFO] [stdout]    = note: `#[warn(unused_imports)]` on by default
[INFO] [stdout] 
[INFO] [stdout] 
[INFO] [stdout] warning: unused import: `eyre`
[INFO] [stdout]   --> src/main.rs:16:12
[INFO] [stdout]    |
[INFO] [stdout] 16 | use eyre::{eyre, Result};
[INFO] [stdout]    |            ^^^^
[INFO] [stdout]    |
[INFO] [stdout]    = note: `#[warn(unused_imports)]` on by default
[INFO] [stdout] 
[INFO] [stdout] 
[INFO] [stdout] error[E0599]: no method named `creation_flags` found for mutable reference `&mut Command` in the current scope
[INFO] [stdout]    --> src/main.rs:339:22
[INFO] [stdout]     |
[INFO] [stdout] 339 |                     .creation_flags(0x08000000)
[INFO] [stdout]     |                      ^^^^^^^^^^^^^^ method not found in `&mut Command`
[INFO] [stdout] 
[INFO] [stdout] 
[INFO] [stdout] error[E0599]: no method named `creation_flags` found for mutable reference `&mut Command` in the current scope
[INFO] [stdout]    --> src/main.rs:339:22
[INFO] [stdout]     |
[INFO] [stdout] 339 |                     .creation_flags(0x08000000)
[INFO] [stdout]     |                      ^^^^^^^^^^^^^^ method not found in `&mut Command`
[INFO] [stdout] 
[INFO] [stdout] 
[INFO] [stdout] warning: unused import: `tokio::prelude`
[INFO] [stdout]   --> src/main.rs:26:5
[INFO] [stdout]    |
[INFO] [stdout] 26 | use tokio::prelude::*;
[INFO] [stdout]    |     ^^^^^^^^^^^^^^
[INFO] [stdout] 
[INFO] [stdout] 
[INFO] [stdout] warning: unused import: `tokio::prelude`
[INFO] [stdout]   --> src/main.rs:26:5
[INFO] [stdout]    |
[INFO] [stdout] 26 | use tokio::prelude::*;
[INFO] [stdout]    |     ^^^^^^^^^^^^^^
[INFO] [stdout] 
[INFO] [stdout] 
[INFO] [stdout] error: aborting due to 2 previous errors; 2 warnings emitted
[INFO] [stdout] 
[INFO] [stdout] 
[INFO] [stdout] Some errors have detailed explanations: E0433, E0599.
[INFO] [stdout] 
[INFO] [stdout] For more information about an error, try `rustc --explain E0433`.
[INFO] [stdout] 
[INFO] [stdout] error: aborting due to 2 previous errors; 2 warnings emitted
[INFO] [stdout] 
[INFO] [stdout] 
[INFO] [stdout] Some errors have detailed explanations: E0433, E0599.
[INFO] [stdout] 
[INFO] [stdout] For more information about an error, try `rustc --explain E0433`.
[INFO] [stdout] 
[INFO] [stderr] error: could not compile `applauncher` due to 3 previous errors; 2 warnings emitted
[INFO] [stderr] warning: build failed, waiting for other jobs to finish...
[INFO] [stderr] error: build failed
[INFO] running `Command { std: "docker" "inspect" "a1b43f737212c4eb62af052cf50c70daaef5c0306baaa65cd4d95914cb820052", kill_on_drop: false }`
[INFO] running `Command { std: "docker" "rm" "-f" "a1b43f737212c4eb62af052cf50c70daaef5c0306baaa65cd4d95914cb820052", kill_on_drop: false }`
[INFO] [stdout] a1b43f737212c4eb62af052cf50c70daaef5c0306baaa65cd4d95914cb820052
