[INFO] cloning repository https://github.com/openvapory/pwasm-token-example
[INFO] running `Command { std: "git" "-c" "credential.helper=" "-c" "credential.helper=/workspace/cargo-home/bin/git-credential-null" "clone" "--bare" "https://github.com/openvapory/pwasm-token-example" "/workspace/cache/git-repos/https%3A%2F%2Fgithub.com%2Fopenvapory%2Fpwasm-token-example", kill_on_drop: false }`
[INFO] [stderr] Cloning into bare repository '/workspace/cache/git-repos/https%3A%2F%2Fgithub.com%2Fopenvapory%2Fpwasm-token-example'...
[INFO] running `Command { std: "git" "rev-parse" "HEAD", kill_on_drop: false }`
[INFO] [stdout] d9eacfd9ebb9380fc850d00228de95bfdcdf1772
[INFO] checking openvapory/pwasm-token-example against beta-2021-10-15 for beta-1.56-3
[INFO] running `Command { std: "git" "clone" "/workspace/cache/git-repos/https%3A%2F%2Fgithub.com%2Fopenvapory%2Fpwasm-token-example" "/workspace/builds/worker-89/source", kill_on_drop: false }`
[INFO] [stderr] Cloning into '/workspace/builds/worker-89/source'...
[INFO] [stderr] done.
[INFO] validating manifest of git repo https://github.com/openvapory/pwasm-token-example on toolchain beta-2021-10-15
[INFO] running `Command { std: "/workspace/cargo-home/bin/cargo" "+beta-2021-10-15" "metadata" "--manifest-path" "Cargo.toml" "--no-deps", kill_on_drop: false }`
[INFO] removed /workspace/builds/worker-89/source/.cargo/config
[INFO] removed /workspace/builds/worker-89/source/rust-toolchain
[INFO] started tweaking git repo https://github.com/openvapory/pwasm-token-example
[INFO] finished tweaking git repo https://github.com/openvapory/pwasm-token-example
[INFO] tweaked toml for git repo https://github.com/openvapory/pwasm-token-example written to /workspace/builds/worker-89/source/Cargo.toml
[INFO] crate git repo https://github.com/openvapory/pwasm-token-example already has a lockfile, it will not be regenerated
[INFO] running `Command { std: "/workspace/cargo-home/bin/cargo" "+beta-2021-10-15" "fetch" "--manifest-path" "Cargo.toml", kill_on_drop: false }`
[INFO] [stderr]     Blocking waiting for file lock on package cache
[INFO] [stderr]     Blocking waiting for file lock on package cache
[INFO] running `Command { std: "docker" "create" "-v" "/var/lib/crater-agent-workspace/builds/worker-89/target:/opt/rustwide/target:rw,Z" "-v" "/var/lib/crater-agent-workspace/builds/worker-89/source:/opt/rustwide/workdir:ro,Z" "-v" "/var/lib/crater-agent-workspace/cargo-home:/opt/rustwide/cargo-home:ro,Z" "-v" "/var/lib/crater-agent-workspace/rustup-home:/opt/rustwide/rustup-home:ro,Z" "-e" "SOURCE_DIR=/opt/rustwide/workdir" "-e" "CARGO_TARGET_DIR=/opt/rustwide/target" "-e" "CARGO_HOME=/opt/rustwide/cargo-home" "-e" "RUSTUP_HOME=/opt/rustwide/rustup-home" "-w" "/opt/rustwide/workdir" "-m" "1610612736" "--user" "0:0" "--network" "none" "ghcr.io/rust-lang/crates-build-env/linux@sha256:a89201d6b5b9fd45c15d5952ece0a0129e7e80cb26ec023fd59cf09bc26f1604" "/opt/rustwide/cargo-home/bin/cargo" "+beta-2021-10-15" "metadata" "--no-deps" "--format-version=1", kill_on_drop: false }`
[INFO] [stdout] 3977be2468be20e2954dcddf4fe065e57ee6c7d24d386acceb53a6ee97482dfa
[INFO] running `Command { std: "docker" "start" "-a" "3977be2468be20e2954dcddf4fe065e57ee6c7d24d386acceb53a6ee97482dfa", kill_on_drop: false }`
[INFO] running `Command { std: "docker" "inspect" "3977be2468be20e2954dcddf4fe065e57ee6c7d24d386acceb53a6ee97482dfa", kill_on_drop: false }`
[INFO] running `Command { std: "docker" "rm" "-f" "3977be2468be20e2954dcddf4fe065e57ee6c7d24d386acceb53a6ee97482dfa", kill_on_drop: false }`
[INFO] [stdout] 3977be2468be20e2954dcddf4fe065e57ee6c7d24d386acceb53a6ee97482dfa
[INFO] running `Command { std: "docker" "create" "-v" "/var/lib/crater-agent-workspace/builds/worker-89/target:/opt/rustwide/target:rw,Z" "-v" "/var/lib/crater-agent-workspace/builds/worker-89/source:/opt/rustwide/workdir:ro,Z" "-v" "/var/lib/crater-agent-workspace/cargo-home:/opt/rustwide/cargo-home:ro,Z" "-v" "/var/lib/crater-agent-workspace/rustup-home:/opt/rustwide/rustup-home:ro,Z" "-e" "SOURCE_DIR=/opt/rustwide/workdir" "-e" "CARGO_TARGET_DIR=/opt/rustwide/target" "-e" "CARGO_INCREMENTAL=0" "-e" "RUST_BACKTRACE=full" "-e" "RUSTFLAGS=--cap-lints=warn" "-e" "CARGO_HOME=/opt/rustwide/cargo-home" "-e" "RUSTUP_HOME=/opt/rustwide/rustup-home" "-w" "/opt/rustwide/workdir" "-m" "1610612736" "--user" "0:0" "--network" "none" "ghcr.io/rust-lang/crates-build-env/linux@sha256:a89201d6b5b9fd45c15d5952ece0a0129e7e80cb26ec023fd59cf09bc26f1604" "/opt/rustwide/cargo-home/bin/cargo" "+beta-2021-10-15" "check" "--frozen" "--all" "--all-targets" "--message-format=json", kill_on_drop: false }`
[INFO] [stdout] 93aa1b3b4e7dd061d1ebcaa13c64edc2c1a969dc1943adefa2cb2ac389892542
[INFO] running `Command { std: "docker" "start" "-a" "93aa1b3b4e7dd061d1ebcaa13c64edc2c1a969dc1943adefa2cb2ac389892542", kill_on_drop: false }`
[INFO] [stderr]     Blocking waiting for file lock on package cache
[INFO] [stderr]    Compiling crunchy v0.1.6
[INFO] [stderr]    Compiling proc-macro2 v0.4.27
[INFO] [stderr]    Compiling crunchy v0.2.1
[INFO] [stderr]    Compiling wee_alloc v0.4.2
[INFO] [stderr]     Checking cfg-if v0.1.5
[INFO] [stderr]     Checking libc v0.2.43
[INFO] [stderr]     Checking memory_units v0.4.0
[INFO] [stderr]     Checking byteorder v1.2.4
[INFO] [stderr]     Checking rustc-hex v2.0.1
[INFO] [stderr]     Checking rlibc v1.0.0
[INFO] [stderr]     Checking static_assertions v0.2.5
[INFO] [stderr]    Compiling serde v1.0.71
[INFO] [stderr]    Compiling itoa v0.4.2
[INFO] [stderr]    Compiling dtoa v0.4.3
[INFO] [stderr]     Checking fixed-hash v0.3.0
[INFO] [stdout] error[E0432]: unresolved import `core::alloc::AllocErr`
[INFO] [stdout]  --> /opt/rustwide/cargo-home/registry/src/github.com-1ecc6299db9ec823/wee_alloc-0.4.2/src/size_classes.rs:3:5
[INFO] [stdout]   |
[INFO] [stdout] 3 | use core::alloc::AllocErr;
[INFO] [stdout]   |     ^^^^^^^^^^^^^--------
[INFO] [stdout]   |     |            |
[INFO] [stdout]   |     |            help: a similar name exists in the module: `AllocError`
[INFO] [stdout]   |     no `AllocErr` in `alloc`
[INFO] [stdout] 
[INFO] [stdout] 
[INFO] [stdout] error[E0432]: unresolved imports `core::alloc::Alloc`, `core::alloc::AllocErr`
[INFO] [stdout]    --> /opt/rustwide/cargo-home/registry/src/github.com-1ecc6299db9ec823/wee_alloc-0.4.2/src/lib.rs:275:19
[INFO] [stdout]     |
[INFO] [stdout] 275 | use core::alloc::{Alloc, AllocErr, GlobalAlloc, Layout};
[INFO] [stdout]     |                   ^^^^^  ^^^^^^^^
[INFO] [stdout]     |                   |      |
[INFO] [stdout]     |                   |      no `AllocErr` in `alloc`
[INFO] [stdout]     |                   |      help: a similar name exists in the module: `AllocError`
[INFO] [stdout]     |                   no `Alloc` in `alloc`
[INFO] [stdout] 
[INFO] [stdout] 
[INFO] [stdout] error[E0432]: unresolved import `core::alloc::AllocErr`
[INFO] [stdout]  --> /opt/rustwide/cargo-home/registry/src/github.com-1ecc6299db9ec823/wee_alloc-0.4.2/src/imp_unix.rs:2:5
[INFO] [stdout]   |
[INFO] [stdout] 2 | use core::alloc::AllocErr;
[INFO] [stdout]   |     ^^^^^^^^^^^^^--------
[INFO] [stdout]   |     |            |
[INFO] [stdout]   |     |            help: a similar name exists in the module: `AllocError`
[INFO] [stdout]   |     no `AllocErr` in `alloc`
[INFO] [stdout] 
[INFO] [stdout] 
[INFO] [stdout] error[E0554]: `#![feature]` may not be used on the beta release channel
[INFO] [stdout]    --> /opt/rustwide/cargo-home/registry/src/github.com-1ecc6299db9ec823/wee_alloc-0.4.2/src/lib.rs:228:1
[INFO] [stdout]     |
[INFO] [stdout] 228 | #![feature(alloc, allocator_api, core_intrinsics)]
[INFO] [stdout]     | ^^^^^^^^^^^^^^^^^^^^^^^^^^^^^^^^^^^^^^^^^^^^^^^^^^
[INFO] [stdout] 
[INFO] [stdout] 
[INFO] [stdout] error: aborting due to 4 previous errors
[INFO] [stdout] 
[INFO] [stdout] 
[INFO] [stdout] Some errors have detailed explanations: E0432, E0554.
[INFO] [stdout] 
[INFO] [stdout] For more information about an error, try `rustc --explain E0432`.
[INFO] [stdout] 
[INFO] [stderr] error: could not compile `wee_alloc` due to 5 previous errors
[INFO] [stderr] warning: build failed, waiting for other jobs to finish...
[INFO] [stderr] error: build failed
[INFO] running `Command { std: "docker" "inspect" "93aa1b3b4e7dd061d1ebcaa13c64edc2c1a969dc1943adefa2cb2ac389892542", kill_on_drop: false }`
[INFO] running `Command { std: "docker" "rm" "-f" "93aa1b3b4e7dd061d1ebcaa13c64edc2c1a969dc1943adefa2cb2ac389892542", kill_on_drop: false }`
[INFO] [stdout] 93aa1b3b4e7dd061d1ebcaa13c64edc2c1a969dc1943adefa2cb2ac389892542
