[INFO] cloning repository https://github.com/olidennis/round-eliminator
[INFO] running `Command { std: "git" "-c" "credential.helper=" "-c" "credential.helper=/workspace/cargo-home/bin/git-credential-null" "clone" "--bare" "https://github.com/olidennis/round-eliminator" "/workspace/cache/git-repos/https%3A%2F%2Fgithub.com%2Folidennis%2Fround-eliminator", kill_on_drop: false }`
[INFO] [stderr] Cloning into bare repository '/workspace/cache/git-repos/https%3A%2F%2Fgithub.com%2Folidennis%2Fround-eliminator'...
[INFO] running `Command { std: "git" "rev-parse" "HEAD", kill_on_drop: false }`
[INFO] [stdout] 0705d27c0f179517df01155105d7d32c6d12b8ba
[INFO] checking olidennis/round-eliminator against 1.55.0 for beta-1.56-3
[INFO] running `Command { std: "git" "clone" "/workspace/cache/git-repos/https%3A%2F%2Fgithub.com%2Folidennis%2Fround-eliminator" "/workspace/builds/worker-35/source", kill_on_drop: false }`
[INFO] [stderr] Cloning into '/workspace/builds/worker-35/source'...
[INFO] [stderr] done.
[INFO] validating manifest of git repo https://github.com/olidennis/round-eliminator on toolchain 1.55.0
[INFO] running `Command { std: "/workspace/cargo-home/bin/cargo" "+1.55.0" "metadata" "--manifest-path" "Cargo.toml" "--no-deps", kill_on_drop: false }`
[INFO] started tweaking git repo https://github.com/olidennis/round-eliminator
[INFO] finished tweaking git repo https://github.com/olidennis/round-eliminator
[INFO] tweaked toml for git repo https://github.com/olidennis/round-eliminator written to /workspace/builds/worker-35/source/Cargo.toml
[INFO] crate git repo https://github.com/olidennis/round-eliminator already has a lockfile, it will not be regenerated
[INFO] running `Command { std: "/workspace/cargo-home/bin/cargo" "+1.55.0" "fetch" "--manifest-path" "Cargo.toml", kill_on_drop: false }`
[INFO] running `Command { std: "docker" "create" "-v" "/var/lib/crater-agent-workspace/builds/worker-35/target:/opt/rustwide/target:rw,Z" "-v" "/var/lib/crater-agent-workspace/builds/worker-35/source:/opt/rustwide/workdir:ro,Z" "-v" "/var/lib/crater-agent-workspace/cargo-home:/opt/rustwide/cargo-home:ro,Z" "-v" "/var/lib/crater-agent-workspace/rustup-home:/opt/rustwide/rustup-home:ro,Z" "-e" "SOURCE_DIR=/opt/rustwide/workdir" "-e" "CARGO_TARGET_DIR=/opt/rustwide/target" "-e" "CARGO_HOME=/opt/rustwide/cargo-home" "-e" "RUSTUP_HOME=/opt/rustwide/rustup-home" "-w" "/opt/rustwide/workdir" "-m" "1610612736" "--user" "0:0" "--network" "none" "ghcr.io/rust-lang/crates-build-env/linux@sha256:a89201d6b5b9fd45c15d5952ece0a0129e7e80cb26ec023fd59cf09bc26f1604" "/opt/rustwide/cargo-home/bin/cargo" "+1.55.0" "metadata" "--no-deps" "--format-version=1", kill_on_drop: false }`
[INFO] [stdout] b4aa3bacf364842d6ddb2bd7f610fe4a6fa644091d33f9f329b22a34e8ff6866
[INFO] running `Command { std: "docker" "start" "-a" "b4aa3bacf364842d6ddb2bd7f610fe4a6fa644091d33f9f329b22a34e8ff6866", kill_on_drop: false }`
[INFO] running `Command { std: "docker" "inspect" "b4aa3bacf364842d6ddb2bd7f610fe4a6fa644091d33f9f329b22a34e8ff6866", kill_on_drop: false }`
[INFO] running `Command { std: "docker" "rm" "-f" "b4aa3bacf364842d6ddb2bd7f610fe4a6fa644091d33f9f329b22a34e8ff6866", kill_on_drop: false }`
[INFO] [stdout] b4aa3bacf364842d6ddb2bd7f610fe4a6fa644091d33f9f329b22a34e8ff6866
[INFO] running `Command { std: "docker" "create" "-v" "/var/lib/crater-agent-workspace/builds/worker-35/target:/opt/rustwide/target:rw,Z" "-v" "/var/lib/crater-agent-workspace/builds/worker-35/source:/opt/rustwide/workdir:ro,Z" "-v" "/var/lib/crater-agent-workspace/cargo-home:/opt/rustwide/cargo-home:ro,Z" "-v" "/var/lib/crater-agent-workspace/rustup-home:/opt/rustwide/rustup-home:ro,Z" "-e" "SOURCE_DIR=/opt/rustwide/workdir" "-e" "CARGO_TARGET_DIR=/opt/rustwide/target" "-e" "CARGO_INCREMENTAL=0" "-e" "RUST_BACKTRACE=full" "-e" "RUSTFLAGS=--cap-lints=warn" "-e" "CARGO_HOME=/opt/rustwide/cargo-home" "-e" "RUSTUP_HOME=/opt/rustwide/rustup-home" "-w" "/opt/rustwide/workdir" "-m" "1610612736" "--user" "0:0" "--network" "none" "ghcr.io/rust-lang/crates-build-env/linux@sha256:a89201d6b5b9fd45c15d5952ece0a0129e7e80cb26ec023fd59cf09bc26f1604" "/opt/rustwide/cargo-home/bin/cargo" "+1.55.0" "check" "--frozen" "--all" "--all-targets" "--message-format=json", kill_on_drop: false }`
[INFO] [stdout] 78f72f73218897af1c45996db2aab62eb18754032efd56ab2d75064cd3c19a53
[INFO] running `Command { std: "docker" "start" "-a" "78f72f73218897af1c45996db2aab62eb18754032efd56ab2d75064cd3c19a53", kill_on_drop: false }`
[INFO] [stderr]    Compiling libc v0.2.98
[INFO] [stderr]     Checking cfg-if v0.1.10
[INFO] [stderr]    Compiling autocfg v1.0.0
[INFO] [stderr]    Compiling autocfg v0.1.7
[INFO] [stderr]    Compiling byteorder v1.3.2
[INFO] [stderr]     Checking lazy_static v1.4.0
[INFO] [stderr]    Compiling log v0.4.8
[INFO] [stderr]    Compiling semver-parser v0.7.0
[INFO] [stderr]     Checking futures v0.1.29
[INFO] [stderr]     Checking either v1.5.3
[INFO] [stderr]     Checking slab v0.4.2
[INFO] [stderr]    Compiling proc-macro2 v1.0.8
[INFO] [stderr]    Compiling rand_core v0.4.2
[INFO] [stderr]     Checking fnv v1.0.6
[INFO] [stderr]    Compiling unicode-xid v0.2.0
[INFO] [stderr]    Compiling syn v1.0.13
[INFO] [stderr]    Compiling memchr v2.3.0
[INFO] [stderr]    Compiling maybe-uninit v2.0.0
[INFO] [stderr]    Compiling version_check v0.1.5
[INFO] [stderr]     Checking scopeguard v1.0.0
[INFO] [stderr]    Compiling serde v1.0.104
[INFO] [stderr]     Checking itoa v0.4.4
[INFO] [stderr]    Compiling getrandom v0.1.14
[INFO] [stderr]     Checking ppv-lite86 v0.2.6
[INFO] [stderr]    Compiling typenum v1.11.2
[INFO] [stderr]    Compiling siphasher v0.2.3
[INFO] [stderr]    Compiling version_check v0.9.1
[INFO] [stderr]     Checking byte-tools v0.3.1
[INFO] [stderr]     Checking matches v0.1.8
[INFO] [stderr]     Checking smallvec v1.1.0
[INFO] [stderr]    Compiling ryu v1.0.2
[INFO] [stderr]    Compiling httparse v1.3.4
[INFO] [stderr]     Checking regex-syntax v0.6.16
[INFO] [stderr]     Checking cfg-if v1.0.0
[INFO] [stderr]     Checking remove_dir_all v0.5.2
[INFO] [stderr]    Compiling getrandom v0.2.2
[INFO] [stderr]    Compiling bitflags v1.2.1
[INFO] [stderr]    Compiling crunchy v0.2.2
[INFO] [stderr]     Checking futures-sink-preview v0.3.0-alpha.19
[INFO] [stderr]     Checking fake-simd v0.1.2
[INFO] [stderr]     Checking futures-core-preview v0.3.0-alpha.19
[INFO] [stderr]     Checking percent-encoding v2.1.0
[INFO] [stderr]     Checking quick-error v1.2.3
[INFO] [stderr]     Checking opaque-debug v0.2.3
[INFO] [stderr]     Checking mime v0.3.16
[INFO] [stderr]     Checking safemem v0.3.3
[INFO] [stderr]     Checking adler v0.2.3
[INFO] [stderr]     Checking pin-utils v0.1.0-alpha.4
[INFO] [stderr]     Checking static_assertions v1.1.0
[INFO] [stderr]     Checking futures-io-preview v0.3.0-alpha.19
[INFO] [stderr]     Checking gimli v0.23.0
[INFO] [stderr]     Checking try-lock v0.2.2
[INFO] [stderr]     Checking rustc-hex v2.1.0
[INFO] [stderr]     Checking number_prefix v0.4.0
[INFO] [stderr]     Checking unicode-width v0.1.7
[INFO] [stderr]     Checking base64 v0.11.0
[INFO] [stderr]     Checking contest-algorithms v0.3.0
[INFO] [stderr]     Checking dtoa v0.4.4
[INFO] [stderr]     Checking utf-8 v0.7.5
[INFO] [stderr]     Checking rustc-demangle v0.1.18
[INFO] [stderr]     Checking object v0.22.0
[INFO] [stderr]     Checking vec_map v0.8.1
[INFO] [stderr]     Checking ansi_term v0.11.0
[INFO] [stderr]     Checking urlencoding v1.0.0
[INFO] [stderr]     Checking termcolor v1.1.0
[INFO] [stderr]     Checking scoped-tls v1.0.0
[INFO] [stderr]     Checking strsim v0.8.0
[INFO] [stderr]     Checking lock_api v0.3.3
[INFO] [stderr]     Checking crossbeam-utils v0.6.6
[INFO] [stderr]     Checking thread_local v1.0.1
[INFO] [stderr]     Checking itertools v0.8.2
[INFO] [stderr]    Compiling rand_core v0.3.1
[INFO] [stderr]    Compiling rand_jitter v0.1.4
[INFO] [stderr]    Compiling semver v0.9.0
[INFO] [stderr]     Checking textwrap v0.11.0
[INFO] [stderr]     Checking unicode-bidi v0.3.4
[INFO] [stderr]    Compiling unicase v1.4.2
[INFO] [stderr]     Checking block-padding v0.1.5
[INFO] [stderr]    Compiling rand_hc v0.1.0
[INFO] [stderr]    Compiling rand_isaac v0.1.1
[INFO] [stderr]    Compiling rand_xorshift v0.1.1
[INFO] [stderr]     Checking humantime v1.3.0
[INFO] [stderr]    Compiling rand_pcg v0.1.2
[INFO] [stderr]    Compiling crossbeam-utils v0.7.0
[INFO] [stderr]    Compiling num-traits v0.2.11
[INFO] [stderr]    Compiling rand_chacha v0.1.1
[INFO] [stderr]    Compiling num-integer v0.1.42
[INFO] [stderr]    Compiling rand v0.6.5
[INFO] [stderr]    Compiling crossbeam-epoch v0.8.0
[INFO] [stderr]    Compiling num-bigint v0.2.6
[INFO] [stderr]    Compiling num-iter v0.1.40
[INFO] [stderr]    Compiling num-complex v0.2.4
[INFO] [stderr]    Compiling num-rational v0.2.3
[INFO] [stderr]    Compiling indexmap v1.3.1
[INFO] [stderr]    Compiling miniz_oxide v0.4.3
[INFO] [stderr]     Checking futures-channel-preview v0.3.0-alpha.19
[INFO] [stderr]     Checking unicode-normalization v0.1.11
[INFO] [stderr]    Compiling rustc_version v0.2.3
[INFO] [stderr]     Checking c2-chacha v0.2.3
[INFO] [stderr]     Checking crossbeam-queue v0.1.2
[INFO] [stderr]     Checking log v0.3.9
[INFO] [stderr]     Checking smallvec v0.6.13
[INFO] [stderr]    Compiling unicase v2.6.0
[INFO] [stderr]     Checking aho-corasick v0.7.9
[INFO] [stderr]     Checking twoway v0.1.8
[INFO] [stderr]     Checking buf_redux v0.8.4
[INFO] [stderr]     Checking mime v0.2.6
[INFO] [stderr]    Compiling parking_lot_core v0.6.2
[INFO] [stderr]    Compiling memoffset v0.5.3
[INFO] [stderr]    Compiling parking_lot v0.9.0
[INFO] [stderr]    Compiling hyper v0.12.35
[INFO] [stderr]     Checking base64 v0.10.1
[INFO] [stderr]     Checking uint v0.8.2
[INFO] [stderr]    Compiling phf_shared v0.7.24
[INFO] [stderr]    Compiling quote v1.0.2
[INFO] [stderr]     Checking iovec v0.1.4
[INFO] [stderr]     Checking num_cpus v1.12.0
[INFO] [stderr]     Checking net2 v0.2.33
[INFO] [stderr]     Checking time v0.1.44
[INFO] [stderr]     Checking terminal_size v0.1.17
[INFO] [stderr]     Checking rand_os v0.1.3
[INFO] [stderr]     Checking atty v0.2.14
[INFO] [stderr]     Checking findshlibs v0.5.0
[INFO] [stderr]     Checking phf v0.7.24
[INFO] [stderr]     Checking tokio-executor v0.1.9
[INFO] [stderr]     Checking tokio-sync v0.1.7
[INFO] [stderr]     Checking futures-util-preview v0.3.0-alpha.19
[INFO] [stderr]     Checking want v0.2.0
[INFO] [stderr]     Checking crossbeam-channel v0.4.4
[INFO] [stderr]     Checking idna v0.2.0
[INFO] [stderr]     Checking futures-cpupool v0.1.8
[INFO] [stderr]     Checking clap v2.33.0
[INFO] [stderr]     Checking bytes v0.4.12
[INFO] [stderr]     Checking generic-array v0.12.3
[INFO] [stderr]     Checking console v0.14.1
[INFO] [stderr]     Checking uuid v0.8.2
[INFO] [stderr]     Checking rand_core v0.5.1
[INFO] [stderr]     Checking mio v0.6.21
[INFO] [stderr]     Checking tokio-current-thread v0.1.6
[INFO] [stderr]     Checking tokio-timer v0.2.12
[INFO] [stderr]    Compiling mime_guess v2.0.1
[INFO] [stderr]     Checking digest v0.8.1
[INFO] [stderr]     Checking block-buffer v0.7.3
[INFO] [stderr]     Checking rand_chacha v0.2.1
[INFO] [stderr]     Checking tokio-io v0.1.12
[INFO] [stderr]     Checking http v0.1.21
[INFO] [stderr]     Checking string v0.2.1
[INFO] [stderr]     Checking tokio-buf v0.1.1
[INFO] [stderr]     Checking input_buffer v0.2.0
[INFO] [stderr]     Checking crossbeam-deque v0.7.2
[INFO] [stderr]     Checking sha-1 v0.8.2
[INFO] [stderr]     Checking url v2.1.1
[INFO] [stderr]     Checking rand v0.7.3
[INFO] [stderr]     Checking tokio-threadpool v0.1.17
[INFO] [stderr]     Checking mio-uds v0.6.7
[INFO] [stderr]     Checking tokio-reactor v0.1.11
[INFO] [stderr]     Checking tokio-codec v0.1.1
[INFO] [stderr]    Compiling phf_generator v0.7.24
[INFO] [stderr]     Checking chrono v0.4.19
[INFO] [stderr]     Checking regex v1.3.4
[INFO] [stderr]     Checking addr2line v0.14.1
[INFO] [stderr]    Compiling phf_codegen v0.7.24
[INFO] [stderr]     Checking tokio-udp v0.1.5
[INFO] [stderr]     Checking tokio-uds v0.2.5
[INFO] [stderr]     Checking tokio-tcp v0.1.3
[INFO] [stderr]     Checking tokio-fs v0.1.6
[INFO] [stderr]    Compiling mime_guess v1.8.7
[INFO] [stderr]     Checking tempfile v3.1.0
[INFO] [stderr]     Checking tokio v0.1.22
[INFO] [stderr]     Checking futures-executor-preview v0.3.0-alpha.19
[INFO] [stderr]     Checking indicatif v0.16.2
[INFO] [stderr]     Checking env_logger v0.7.1
[INFO] [stderr]     Checking futures-preview v0.3.0-alpha.19
[INFO] [stderr]     Checking num v0.2.1
[INFO] [stderr]     Checking permutator v0.3.3
[INFO] [stderr]     Checking http-body v0.1.0
[INFO] [stderr]     Checking headers-core v0.1.1
[INFO] [stderr]     Checking h2 v0.1.26
[INFO] [stderr]     Checking tungstenite v0.9.2
[INFO] [stderr]     Checking headers v0.2.3
[INFO] [stderr]     Checking multipart v0.16.1
[INFO] [stderr]    Compiling serde_derive v1.0.104
[INFO] [stderr]    Compiling serde_with_macros v1.1.0
[INFO] [stderr]     Checking serde_json v1.0.44
[INFO] [stderr]     Checking bincode v1.3.1
[INFO] [stderr]     Checking serde_with v1.4.0
[INFO] [stderr]     Checking backtrace v0.3.55
[INFO] [stderr]     Checking serde_urlencoded v0.6.1
[INFO] [stderr]     Checking ipc-channel v0.14.1
[INFO] [stderr]     Checking procspawn v0.9.0 (https://github.com/olidennis/procspawn#2679632d)
[INFO] [stderr]     Checking warp v0.1.20
[INFO] [stderr]     Checking simulation v0.3.0 (/opt/rustwide/workdir/simulation)
[INFO] [stdout] error[E0061]: this function takes 3 arguments but 2 arguments were supplied
[INFO] [stdout]     --> simulation/src/problem.rs:1232:37
[INFO] [stdout]      |
[INFO] [stdout] 1232 |         let p1 : Problem<BigNum1> = Problem::from_text("M U U U\nP P P P\n","M UP UP UP\nU U U U\n").unwrap();
[INFO] [stdout]      |                                     ^^^^^^^^^^^^^^^^^^ -------------------- ----------------------- supplied 2 arguments
[INFO] [stdout]      |                                     |
[INFO] [stdout]      |                                     expected 3 arguments
[INFO] [stdout]      |
[INFO] [stdout] note: associated function defined here
[INFO] [stdout]     --> simulation/src/problem.rs:195:12
[INFO] [stdout]      |
[INFO] [stdout] 195  |     pub fn from_text(left: &str, right: &str, config : Config) -> Result<Self, String> {
[INFO] [stdout]      |            ^^^^^^^^^ ----------  -----------  ---------------
[INFO] [stdout] 
[INFO] [stdout] 
[INFO] [stdout] error[E0061]: this function takes 3 arguments but 2 arguments were supplied
[INFO] [stdout]     --> simulation/src/problem.rs:1233:37
[INFO] [stdout]      |
[INFO] [stdout] 1233 |         let p2 : Problem<BigNum1> = Problem::from_text("Z U U U\nX X X X\n","Z X UX UX\nU U U U\nZ U UX UX").unwrap();
[INFO] [stdout]      |                                     ^^^^^^^^^^^^^^^^^^ -------------------- ------------------------------- supplied 2 arguments
[INFO] [stdout]      |                                     |
[INFO] [stdout]      |                                     expected 3 arguments
[INFO] [stdout]      |
[INFO] [stdout] note: associated function defined here
[INFO] [stdout]     --> simulation/src/problem.rs:195:12
[INFO] [stdout]      |
[INFO] [stdout] 195  |     pub fn from_text(left: &str, right: &str, config : Config) -> Result<Self, String> {
[INFO] [stdout]      |            ^^^^^^^^^ ----------  -----------  ---------------
[INFO] [stdout] 
[INFO] [stdout] 
[INFO] [stdout] error[E0061]: this function takes 3 arguments but 2 arguments were supplied
[INFO] [stdout]     --> simulation/src/problem.rs:1234:37
[INFO] [stdout]      |
[INFO] [stdout] 1234 |         let p3 : Problem<BigNum1> = Problem::from_text("Z U U X\nX X X X\n","Z X UX UX\nU U U U\nZ U UX UX").unwrap();
[INFO] [stdout]      |                                     ^^^^^^^^^^^^^^^^^^ -------------------- ------------------------------- supplied 2 arguments
[INFO] [stdout]      |                                     |
[INFO] [stdout]      |                                     expected 3 arguments
[INFO] [stdout]      |
[INFO] [stdout] note: associated function defined here
[INFO] [stdout]     --> simulation/src/problem.rs:195:12
[INFO] [stdout]      |
[INFO] [stdout] 195  |     pub fn from_text(left: &str, right: &str, config : Config) -> Result<Self, String> {
[INFO] [stdout]      |            ^^^^^^^^^ ----------  -----------  ---------------
[INFO] [stdout] 
[INFO] [stdout] 
[INFO] [stdout] error[E0061]: this function takes 3 arguments but 2 arguments were supplied
[INFO] [stdout]     --> simulation/src/problem.rs:1235:37
[INFO] [stdout]      |
[INFO] [stdout] 1235 |         let p4 : Problem<BigNum2> = Problem::from_text("Z U U U\nX X X X\n","Z X UX UX\nU U U U\nZ U UX UX").unwrap();
[INFO] [stdout]      |                                     ^^^^^^^^^^^^^^^^^^ -------------------- ------------------------------- supplied 2 arguments
[INFO] [stdout]      |                                     |
[INFO] [stdout]      |                                     expected 3 arguments
[INFO] [stdout]      |
[INFO] [stdout] note: associated function defined here
[INFO] [stdout]     --> simulation/src/problem.rs:195:12
[INFO] [stdout]      |
[INFO] [stdout] 195  |     pub fn from_text(left: &str, right: &str, config : Config) -> Result<Self, String> {
[INFO] [stdout]      |            ^^^^^^^^^ ----------  -----------  ---------------
[INFO] [stdout] 
[INFO] [stdout] 
[INFO] [stdout] error[E0061]: this function takes 3 arguments but 2 arguments were supplied
[INFO] [stdout]     --> simulation/src/problem.rs:1246:18
[INFO] [stdout]      |
[INFO] [stdout] 1246 |         let p1 = Problem::from_constraints(p1.0,p1.1).unwrap();
[INFO] [stdout]      |                  ^^^^^^^^^^^^^^^^^^^^^^^^^ ---- ---- supplied 2 arguments
[INFO] [stdout]      |                  |
[INFO] [stdout]      |                  expected 3 arguments
[INFO] [stdout]      |
[INFO] [stdout] note: associated function defined here
[INFO] [stdout]     --> simulation/src/problem.rs:179:12
[INFO] [stdout]      |
[INFO] [stdout] 179  |     pub fn from_constraints(left: Constraint<BigNum>, right: Constraint<BigNum>, config : Config) -> Result<Self, String> {
[INFO] [stdout]      |            ^^^^^^^^^^^^^^^^ ------------------------  -------------------------  ---------------
[INFO] [stdout] 
[INFO] [stdout] 
[INFO] [stdout] error[E0061]: this function takes 3 arguments but 2 arguments were supplied
[INFO] [stdout]     --> simulation/src/problem.rs:1247:18
[INFO] [stdout]      |
[INFO] [stdout] 1247 |         let p2 = Problem::from_constraints(p2.0,p2.1).unwrap();
[INFO] [stdout]      |                  ^^^^^^^^^^^^^^^^^^^^^^^^^ ---- ---- supplied 2 arguments
[INFO] [stdout]      |                  |
[INFO] [stdout]      |                  expected 3 arguments
[INFO] [stdout]      |
[INFO] [stdout] note: associated function defined here
[INFO] [stdout]     --> simulation/src/problem.rs:179:12
[INFO] [stdout]      |
[INFO] [stdout] 179  |     pub fn from_constraints(left: Constraint<BigNum>, right: Constraint<BigNum>, config : Config) -> Result<Self, String> {
[INFO] [stdout]      |            ^^^^^^^^^^^^^^^^ ------------------------  -------------------------  ---------------
[INFO] [stdout] 
[INFO] [stdout] 
[INFO] [stdout] error: aborting due to 6 previous errors
[INFO] [stdout] 
[INFO] [stdout] 
[INFO] [stdout] For more information about this error, try `rustc --explain E0061`.
[INFO] [stdout] 
[INFO] [stderr] error: could not compile `simulation` due to 7 previous errors
[INFO] [stderr] warning: build failed, waiting for other jobs to finish...
[INFO] [stdout] warning: variable does not need to be mutable
[INFO] [stdout]    --> simulation/src/problem.rs:656:17
[INFO] [stdout]     |
[INFO] [stdout] 656 |             let mut newright = left.intoo().new_constraint_exist(&hm_oldset_label);
[INFO] [stdout]     |                 ----^^^^^^^^
[INFO] [stdout]     |                 |
[INFO] [stdout]     |                 help: remove this `mut`
[INFO] [stdout]     |
[INFO] [stdout]     = note: `#[warn(unused_mut)]` on by default
[INFO] [stdout] 
[INFO] [stdout] 
[INFO] [stdout] warning: variable does not need to be mutable
[INFO] [stdout]    --> simulation/src/problem.rs:656:17
[INFO] [stdout]     |
[INFO] [stdout] 656 |             let mut newright = left.intoo().new_constraint_exist(&hm_oldset_label);
[INFO] [stdout]     |                 ----^^^^^^^^
[INFO] [stdout]     |                 |
[INFO] [stdout]     |                 help: remove this `mut`
[INFO] [stdout] 
[INFO] [stdout] 
[INFO] [stdout] warning: 2 warnings emitted
[INFO] [stdout] 
[INFO] [stdout] 
[INFO] [stderr] error: build failed
[INFO] running `Command { std: "docker" "inspect" "78f72f73218897af1c45996db2aab62eb18754032efd56ab2d75064cd3c19a53", kill_on_drop: false }`
[INFO] running `Command { std: "docker" "rm" "-f" "78f72f73218897af1c45996db2aab62eb18754032efd56ab2d75064cd3c19a53", kill_on_drop: false }`
[INFO] [stdout] 78f72f73218897af1c45996db2aab62eb18754032efd56ab2d75064cd3c19a53
