[INFO] cloning repository https://github.com/okex/ExChain-TheGraph-Integration
[INFO] running `Command { std: "git" "-c" "credential.helper=" "-c" "credential.helper=/workspace/cargo-home/bin/git-credential-null" "clone" "--bare" "https://github.com/okex/ExChain-TheGraph-Integration" "/workspace/cache/git-repos/https%3A%2F%2Fgithub.com%2Fokex%2FExChain-TheGraph-Integration", kill_on_drop: false }`
[INFO] [stderr] Cloning into bare repository '/workspace/cache/git-repos/https%3A%2F%2Fgithub.com%2Fokex%2FExChain-TheGraph-Integration'...
[INFO] running `Command { std: "git" "rev-parse" "HEAD", kill_on_drop: false }`
[INFO] [stdout] 9cdc7f85bf5f773df531e04f1a8b05bebb421a58
[INFO] checking okex/ExChain-TheGraph-Integration against beta-2021-10-15 for beta-1.56-3
[INFO] running `Command { std: "git" "clone" "/workspace/cache/git-repos/https%3A%2F%2Fgithub.com%2Fokex%2FExChain-TheGraph-Integration" "/workspace/builds/worker-3/source", kill_on_drop: false }`
[INFO] [stderr] Cloning into '/workspace/builds/worker-3/source'...
[INFO] [stderr] done.
[INFO] validating manifest of git repo https://github.com/okex/ExChain-TheGraph-Integration on toolchain beta-2021-10-15
[INFO] running `Command { std: "/workspace/cargo-home/bin/cargo" "+beta-2021-10-15" "metadata" "--manifest-path" "Cargo.toml" "--no-deps", kill_on_drop: false }`
[INFO] started tweaking git repo https://github.com/okex/ExChain-TheGraph-Integration
[INFO] finished tweaking git repo https://github.com/okex/ExChain-TheGraph-Integration
[INFO] tweaked toml for git repo https://github.com/okex/ExChain-TheGraph-Integration written to /workspace/builds/worker-3/source/Cargo.toml
[INFO] crate git repo https://github.com/okex/ExChain-TheGraph-Integration already has a lockfile, it will not be regenerated
[INFO] running `Command { std: "/workspace/cargo-home/bin/cargo" "+beta-2021-10-15" "fetch" "--manifest-path" "Cargo.toml", kill_on_drop: false }`
[INFO] [stderr]     Blocking waiting for file lock on package cache
[INFO] [stderr]     Updating git repository `https://github.com/graphql-rust/graphql-parser`
[INFO] [stderr]     Updating git repository `https://github.com/graphprotocol/ethabi.git`
[INFO] [stderr]     Updating git repository `https://github.com/graphprotocol/stable-hash`
[INFO] [stderr]     Updating git repository `https://github.com/graphprotocol/rust-tokio-retry`
[INFO] [stderr]     Updating git repository `https://github.com/graphprotocol/rust-web3`
[INFO] [stderr]     Updating git repository `https://github.com/diesel-rs/diesel-dynamic-schema`
[INFO] [stderr]     Updating git repository `https://github.com/rust-bitcoin/rust-secp256k1`
[INFO] [stderr]  Downloading crates ...
[INFO] [stderr]   Downloaded tokio-macros v1.1.0
[INFO] [stderr]   Downloaded adler v0.2.3
[INFO] [stderr]   Downloaded atomic_refcell v0.1.6
[INFO] [stderr]   Downloaded socket2 v0.3.16
[INFO] [stderr]   Downloaded slog-stdlog v4.1.0
[INFO] [stderr]   Downloaded addr2line v0.14.0
[INFO] [stderr]   Downloaded target-lexicon v0.11.1
[INFO] [stderr]   Downloaded cranelift-codegen-shared v0.68.0
[INFO] [stderr]   Downloaded wasmtime-profiling v0.21.0
[INFO] [stderr]   Downloaded wasmparser v0.57.0
[INFO] [stderr]   Downloaded rayon-core v1.9.0
[INFO] [stderr]   Downloaded wasmtime-obj v0.21.0
[INFO] [stderr]   Downloaded raw-cpuid v7.0.3
[INFO] [stderr]   Downloaded cranelift-native v0.68.0
[INFO] [stderr]   Downloaded file-per-thread-logger v0.1.4
[INFO] [stderr]   Downloaded directories-next v1.0.3
[INFO] [stderr]   Downloaded errno v0.2.7
[INFO] [stderr]   Downloaded environment v0.1.1
[INFO] [stderr]   Downloaded slog-envlogger v2.2.0
[INFO] [stderr]   Downloaded slog-async v2.5.0
[INFO] [stderr]   Downloaded isatty v0.1.9
[INFO] [stderr]   Downloaded arc-swap v0.4.7
[INFO] [stderr]   Downloaded protobuf v2.18.0
[INFO] [stderr]   Downloaded reqwest v0.10.8
[INFO] [stderr]   Downloaded ethabi v12.0.0
[INFO] [stderr]   Downloaded rand_core v0.6.2
[INFO] [stderr]   Downloaded take_mut v0.2.2
[INFO] [stderr]   Downloaded mach v0.3.2
[INFO] [stderr]   Downloaded bollard-stubs v1.41.0
[INFO] [stderr]   Downloaded prometheus v0.12.0
[INFO] [stderr]   Downloaded leb128 v0.2.4
[INFO] [stderr]   Downloaded block-buffer v0.9.0
[INFO] [stderr]   Downloaded wasm-bindgen-futures v0.4.18
[INFO] [stderr]   Downloaded git-testament-derive v0.1.10
[INFO] [stderr]   Downloaded crunchy v0.2.2
[INFO] [stderr]   Downloaded postgres-protocol v0.6.0
[INFO] [stderr]   Downloaded postgres-types v0.2.0
[INFO] [stderr]   Downloaded strum v0.20.0
[INFO] [stderr]   Downloaded strum_macros v0.20.1
[INFO] [stderr]   Downloaded siphasher v0.3.3
[INFO] [stderr]   Downloaded rand_hc v0.3.0
[INFO] [stderr]   Downloaded scroll v0.10.2
[INFO] [stderr]   Downloaded rand v0.8.3
[INFO] [stderr]   Downloaded getrandom v0.2.2
[INFO] [stderr]   Downloaded parity-multiaddr v0.7.3
[INFO] [stderr]   Downloaded parity-multihash v0.2.3
[INFO] [stderr]   Downloaded unsigned-varint v0.3.3
[INFO] [stderr]   Downloaded stringprep v0.1.2
[INFO] [stderr]   Downloaded hyper v0.14.4
[INFO] [stderr]   Downloaded migrations_internals v1.4.1
[INFO] [stderr]   Downloaded mockall v0.8.3
[INFO] [stderr]   Downloaded output_vt100 v0.1.2
[INFO] [stderr]   Downloaded pretty_assertions v0.7.1
[INFO] [stderr]   Downloaded downcast v0.10.0
[INFO] [stderr]   Downloaded migrations_macros v1.4.2
[INFO] [stderr]   Downloaded gimli v0.23.0
[INFO] [stderr]   Downloaded wat v1.0.28
[INFO] [stderr]   Downloaded wasmtime v0.21.0
[INFO] [stderr]   Downloaded dtoa v0.4.6
[INFO] [stderr]   Downloaded toml v0.5.7
[INFO] [stderr]   Downloaded bigdecimal v0.1.2
[INFO] [stderr]   Downloaded subtle v1.0.0
[INFO] [stderr]   Downloaded fallible-iterator v0.2.0
[INFO] [stderr]   Downloaded lexical-core v0.7.4
[INFO] [stderr]   Downloaded crypto-mac v0.7.0
[INFO] [stderr]   Downloaded crossbeam-epoch v0.9.0
[INFO] [stderr]   Downloaded serde_yaml v0.8.17
[INFO] [stderr]   Downloaded cranelift-codegen-meta v0.68.0
[INFO] [stderr]   Downloaded dirs v3.0.1
[INFO] [stderr]   Downloaded regalloc v0.0.31
[INFO] [stderr]   Downloaded float-cmp v0.8.0
[INFO] [stderr]   Downloaded wast v27.0.0
[INFO] [stderr]   Downloaded diesel v1.4.6
[INFO] [stderr]   Downloaded backtrace v0.3.54
[INFO] [stderr]   Downloaded rent_to_own v0.1.0
[INFO] [stderr]   Downloaded ordermap v0.3.5
[INFO] [stderr]   Downloaded stable_deref_trait v1.2.0
[INFO] [stderr]   Downloaded itertools v0.9.0
[INFO] [stderr]   Downloaded gimli v0.22.0
[INFO] [stderr]   Downloaded md5 v0.7.0
[INFO] [stderr]   Downloaded hmac v0.10.1
[INFO] [stderr]   Downloaded tokio v1.2.0
[INFO] [stderr]   Downloaded synstructure v0.12.4
[INFO] [stderr]   Downloaded common-multipart-rfc7578 v0.2.0-rc
[INFO] [stderr]   Downloaded crossbeam-utils v0.8.0
[INFO] [stderr]   Downloaded zstd-sys v1.4.17+zstd.1.4.5
[INFO] [stderr]   Downloaded sha2 v0.8.2
[INFO] [stderr]   Downloaded structopt v0.3.20
[INFO] [stderr]   Downloaded Inflector v0.11.4
[INFO] [stderr]   Downloaded serde_regex v1.1.0
[INFO] [stderr]   Downloaded shellexpand v2.0.0
[INFO] [stderr]   Downloaded structopt-derive v0.4.13
[INFO] [stderr]   Downloaded jsonrpc-http-server v14.2.0
[INFO] [stderr]   Downloaded parking_lot_core v0.8.0
[INFO] [stderr]   Downloaded blake2 v0.8.1
[INFO] [stderr]   Downloaded treeline v0.1.0
[INFO] [stderr]   Downloaded predicates v1.0.5
[INFO] [stderr]   Downloaded predicates-core v1.0.0
[INFO] [stderr]   Downloaded globset v0.4.6
[INFO] [stderr]   Downloaded jsonrpc-server-utils v14.2.0
[INFO] [stderr]   Downloaded normalize-line-endings v0.3.0
[INFO] [stderr]   Downloaded const_fn v0.4.3
[INFO] [stderr]   Downloaded miniz_oxide v0.4.3
[INFO] [stderr]   Downloaded object v0.22.0
[INFO] [stderr]   Downloaded darling_macro v0.8.6
[INFO] [stderr]   Downloaded hyper-multipart-rfc7578 v0.4.0-rc
[INFO] [stderr]   Downloaded wasmtime-environ v0.21.0
[INFO] [stderr]   Downloaded wasmparser v0.65.0
[INFO] [stderr]   Downloaded wasmtime-runtime v0.21.0
[INFO] [stderr]   Downloaded cranelift-wasm v0.68.0
[INFO] [stderr]   Downloaded impl-rlp v0.2.1
[INFO] [stderr]   Downloaded more-asserts v0.2.1
[INFO] [stderr]   Downloaded fail v0.4.0
[INFO] [stderr]   Downloaded dirs-sys v0.3.5
[INFO] [stderr]   Downloaded bstr v0.2.14
[INFO] [stderr]   Downloaded bs58 v0.3.1
[INFO] [stderr]   Downloaded sha3 v0.8.2
[INFO] [stderr]   Downloaded darling v0.8.6
[INFO] [stderr]   Downloaded fixedbitset v0.1.9
[INFO] [stderr]   Downloaded derive_state_machine_future v0.2.0
[INFO] [stderr]   Downloaded rustc-demangle v0.1.18
[INFO] [stderr]   Downloaded mockall_derive v0.8.3
[INFO] [stderr]   Downloaded difference v2.0.0
[INFO] [stderr]   Downloaded aho-corasick v0.7.15
[INFO] [stderr]   Downloaded async-trait v0.1.48
[INFO] [stderr]   Downloaded regex v1.4.5
[INFO] [stderr]   Downloaded r2d2 v0.8.9
[INFO] [stderr]   Downloaded predicates-tree v1.0.0
[INFO] [stderr]   Downloaded cloudabi v0.1.0
[INFO] [stderr]   Downloaded instant v0.1.8
[INFO] [stderr]   Downloaded data-encoding v2.3.1
[INFO] [stderr]   Downloaded crossbeam-channel v0.5.0
[INFO] [stderr]   Downloaded crypto-mac v0.10.0
[INFO] [stderr]   Downloaded diesel-derive-enum v1.1.0
[INFO] [stderr]   Downloaded fallible-iterator v0.1.6
[INFO] [stderr]   Downloaded keccak v0.1.0
[INFO] [stderr]   Downloaded cranelift-codegen v0.68.0
[INFO] [stderr]   Downloaded petgraph v0.4.13
[INFO] [stderr]   Downloaded crossbeam-queue v0.3.0
[INFO] [stderr]   Downloaded state_machine_future v0.2.0
[INFO] [stderr]   Downloaded regex-syntax v0.6.23
[INFO] [stderr]   Downloaded linked-hash-map v0.5.3
[INFO] [stderr]   Downloaded lock_api v0.4.1
[INFO] [stderr]   Downloaded walkdir v2.3.1
[INFO] [stderr]   Downloaded darling_core v0.8.6
[INFO] [stderr]   Downloaded ring v0.16.20
[INFO] [stderr]   Downloaded scheduled-thread-pool v0.2.5
[INFO] [stderr]   Downloaded crossbeam v0.8.0
[INFO] [stderr]   Downloaded defer v0.1.0
[INFO] [stderr]   Downloaded fragile v1.0.0
[INFO] [stderr]   Downloaded rand_chacha v0.3.0
[INFO] [stderr]   Downloaded ipfs-api v0.7.1
[INFO] [stderr]   Downloaded semver v0.10.0
[INFO] [stderr]   Downloaded web-sys v0.3.45
[INFO] [stderr]   Downloaded lru_time_cache v0.11.10
[INFO] [stderr]   Downloaded maybe-owned v0.3.4
[INFO] [stderr]   Downloaded unicode-normalization v0.1.14
[INFO] [stderr]   Downloaded tokio-core v0.1.17
[INFO] [stderr]   Downloaded ctor v0.1.16
[INFO] [stderr]   Downloaded primitive-types v0.7.3
[INFO] [stderr]   Downloaded safemem v0.3.3
[INFO] [stderr]   Downloaded cpuid-bool v0.1.2
[INFO] [stderr]   Downloaded sha2 v0.9.3
[INFO] [stderr]   Downloaded jsonrpc-core v14.2.0
[INFO] [stderr]   Downloaded tungstenite v0.10.1
[INFO] [stderr]   Downloaded hyper-unix-connector v0.2.2
[INFO] [stderr]   Downloaded mio v0.7.9
[INFO] [stderr]   Downloaded rand v0.4.6
[INFO] [stderr]   Downloaded smallvec v1.4.2
[INFO] [stderr]   Downloaded ethereum-types v0.9.2
[INFO] [stderr]   Downloaded rlp v0.4.6
[INFO] [stderr]   Downloaded bitflags v0.9.1
[INFO] [stderr]   Downloaded rand v0.5.6
[INFO] [stderr]   Downloaded tokio-fs v0.1.7
[INFO] [stderr]   Downloaded tokio-udp v0.1.6
[INFO] [stderr]   Downloaded ascii v0.9.3
[INFO] [stderr]   Downloaded combine v3.8.1
[INFO] [stderr]   Downloaded input_buffer v0.3.1
[INFO] [stderr]   Downloaded serde_with_macros v1.4.1
[INFO] [stderr]   Downloaded rust-argon2 v0.8.2
[INFO] [stderr]   Downloaded tracing v0.1.21
[INFO] [stderr]   Downloaded region v2.2.0
[INFO] [stderr]   Downloaded mio v0.6.22
[INFO] [stderr]   Downloaded diff v0.1.12
[INFO] [stderr]   Downloaded tokio-postgres v0.7.0
[INFO] [stderr]   Downloaded parking_lot v0.10.2
[INFO] [stderr]   Downloaded parking_lot_core v0.7.2
[INFO] [stderr]   Downloaded rustc-hex v2.1.0
[INFO] [stderr]   Downloaded zeroize v1.1.1
[INFO] [stderr]   Downloaded subtle v2.3.0
[INFO] [stderr]   Downloaded fixed-hash v0.6.1
[INFO] [stderr]   Downloaded tokio-uds v0.2.7
[INFO] [stderr]   Downloaded base64 v0.12.3
[INFO] [stderr]   Downloaded tokio-codec v0.1.2
[INFO] [stderr]   Downloaded net2 v0.2.35
[INFO] [stderr]   Downloaded typenum v1.12.0
[INFO] [stderr]   Downloaded wasmtime-debug v0.21.0
[INFO] [stderr]   Downloaded cranelift-bforest v0.68.0
[INFO] [stderr]   Downloaded block-padding v0.1.5
[INFO] [stderr]   Downloaded wasi v0.10.0+wasi-snapshot-preview1
[INFO] [stderr]   Downloaded blake2b_simd v0.5.11
[INFO] [stderr]   Downloaded indexmap v1.6.2
[INFO] [stderr]   Downloaded postgres v0.19.0
[INFO] [stderr]   Downloaded blake3 v0.3.7
[INFO] [stderr]   Downloaded ct-logs v0.8.0
[INFO] [stderr]   Downloaded redox_users v0.3.5
[INFO] [stderr]   Downloaded hex-literal v0.3.1
[INFO] [stderr]   Downloaded slab v0.3.0
[INFO] [stderr]   Downloaded tokio-timer v0.1.2
[INFO] [stderr]   Downloaded tokio-uds v0.1.7
[INFO] [stderr]   Downloaded scoped-tls v0.1.2
[INFO] [stderr]   Downloaded tokio-tls v0.2.1
[INFO] [stderr]   Downloaded websocket v0.21.1
[INFO] [stderr]   Downloaded darling_core v0.12.2
[INFO] [stderr]   Downloaded serde_with v1.6.4
[INFO] [stderr]   Downloaded byte-slice-cast v0.3.5
[INFO] [stderr]   Downloaded darling_macro v0.12.2
[INFO] [stderr]   Downloaded darling v0.12.2
[INFO] [stderr]   Downloaded bs58 v0.4.0
[INFO] [stderr]   Downloaded bincode v1.3.1
[INFO] [stderr]   Downloaded gcc v0.3.55
[INFO] [stderr]   Downloaded tokio-tungstenite v0.10.1
[INFO] [stderr]   Downloaded cc v1.0.62
[INFO] [stderr]   Downloaded wasm-bindgen-macro-support v0.2.68
[INFO] [stderr]   Downloaded js-sys v0.3.45
[INFO] [stderr]   Downloaded wasm-bindgen-macro v0.2.68
[INFO] [stderr]   Downloaded colored v1.9.3
[INFO] [stderr]   Downloaded uuid v0.8.1
[INFO] [stderr]   Downloaded wasm-bindgen-backend v0.2.68
[INFO] [stderr]   Downloaded wasm-bindgen v0.2.68
[INFO] [stderr]   Downloaded opaque-debug v0.3.0
[INFO] [stderr]   Downloaded wasmparser v0.63.1
[INFO] [stderr]   Downloaded derive_more v0.99.13
[INFO] [stderr]   Downloaded tiny-keccak v1.5.0
[INFO] [stderr]   Downloaded ethbloom v0.9.2
[INFO] [stderr]   Downloaded parity-scale-codec v1.3.5
[INFO] [stderr]   Downloaded wasm-bindgen-shared v0.2.68
[INFO] [stderr]   Downloaded anyhow v1.0.39
[INFO] [stderr]   Downloaded radium v0.3.0
[INFO] [stderr]   Downloaded bitvec v0.17.4
[INFO] [stderr]   Downloaded impl-codec v0.4.2
[INFO] [stderr]   Downloaded dirs-sys-next v0.1.1
[INFO] [stderr]   Downloaded h2 v0.3.1
[INFO] [stderr]   Downloaded http-body v0.4.0
[INFO] [stderr]   Downloaded pin-project-internal v1.0.5
[INFO] [stderr]   Downloaded pin-project v1.0.5
[INFO] [stderr]   Downloaded impl-serde v0.3.1
[INFO] [stderr]   Downloaded tokio-util v0.6.3
[INFO] [stderr]   Downloaded tokio-stream v0.1.5
[INFO] [stderr]   Downloaded tiny-keccak v2.0.2
[INFO] [stderr]   Downloaded priority-queue v0.7.0
[INFO] [stderr]   Downloaded slog v2.5.2
[INFO] [stderr]   Downloaded mio-uds v0.6.8
[INFO] [stderr]   Downloaded slog-scope v4.3.0
[INFO] [stderr]   Downloaded tokio-macros v0.2.6
[INFO] [stderr]   Downloaded sha-1 v0.8.2
[INFO] [stderr]   Downloaded slog-term v2.6.0
[INFO] [stderr]   Downloaded env_logger v0.8.2
[INFO] [stderr]   Downloaded time v0.1.44
[INFO] [stderr]   Downloaded assert_cli v0.6.3
[INFO] [stderr]   Downloaded humantime v2.0.1
[INFO] [stderr]   Downloaded git-testament v0.1.9
[INFO] [stderr]   Downloaded never v0.1.0
[INFO] [stderr]   Downloaded zstd-safe v2.0.5+zstd.1.4.5
[INFO] [stderr]   Downloaded untrusted v0.7.1
[INFO] [stderr]   Downloaded hex v0.4.3
[INFO] [stderr]   Downloaded serde_derive v1.0.117
[INFO] [stderr]   Downloaded futures-util v0.3.13
[INFO] [stderr]   Downloaded serde_json v1.0.59
[INFO] [stderr]   Downloaded errno-dragonfly v0.1.1
[INFO] [stderr]   Downloaded zstd v0.5.3+zstd.1.4.5
[INFO] [stderr]   Downloaded wasmtime-cache v0.21.0
[INFO] [stderr]   Downloaded rayon v1.5.0
[INFO] [stderr]   Downloaded wasmtime-cranelift v0.21.0
[INFO] [stderr]   Downloaded bollard v0.10.1
[INFO] [stderr]   Downloaded port_check v0.1.5
[INFO] [stderr]   Downloaded libc v0.2.88
[INFO] [stderr]   Downloaded object v0.21.1
[INFO] [stderr]   Downloaded thiserror-impl v1.0.22
[INFO] [stderr]   Downloaded thiserror v1.0.22
[INFO] [stderr]   Downloaded tinyvec v1.0.1
[INFO] [stderr]   Downloaded futures v0.3.13
[INFO] [stderr]   Downloaded wasmtime-jit v0.21.0
[INFO] [stderr]   Downloaded cranelift-entity v0.68.0
[INFO] [stderr]   Downloaded futures-io v0.3.13
[INFO] [stderr]   Downloaded scroll_derive v0.10.4
[INFO] [stderr]   Downloaded psm v0.1.11
[INFO] [stderr]   Downloaded futures-channel v0.3.13
[INFO] [stderr]   Downloaded futures-task v0.3.13
[INFO] [stderr]   Downloaded futures-core v0.3.13
[INFO] [stderr]   Downloaded futures v0.1.30
[INFO] [stderr]   Downloaded cranelift-frontend v0.68.0
[INFO] [stderr]   Downloaded url v2.2.1
[INFO] [stderr]   Downloaded pin-project-lite v0.2.6
[INFO] [stderr]   Downloaded uint v0.8.5
[INFO] [stderr]   Downloaded once_cell v1.7.2
[INFO] [stderr]   Downloaded crypto-mac v0.8.0
[INFO] [stderr]   Downloaded convert_case v0.4.0
[INFO] [stderr]   Downloaded proc-macro-nested v0.1.6
[INFO] [stderr]   Downloaded signal-hook-registry v1.3.0
[INFO] [stderr]   Downloaded generic-array v0.14.4
[INFO] [stderr]   Downloaded digest v0.9.0
[INFO] [stderr]   Downloaded futures-executor v0.3.13
[INFO] [stderr]   Downloaded futures-macro v0.3.13
[INFO] [stderr]   Downloaded futures-sink v0.3.13
[INFO] [stderr]   Downloaded miow v0.3.6
[INFO] [stderr]   Downloaded syn v1.0.62
[INFO] running `Command { std: "docker" "create" "-v" "/var/lib/crater-agent-workspace/builds/worker-3/target:/opt/rustwide/target:rw,Z" "-v" "/var/lib/crater-agent-workspace/builds/worker-3/source:/opt/rustwide/workdir:ro,Z" "-v" "/var/lib/crater-agent-workspace/cargo-home:/opt/rustwide/cargo-home:ro,Z" "-v" "/var/lib/crater-agent-workspace/rustup-home:/opt/rustwide/rustup-home:ro,Z" "-e" "SOURCE_DIR=/opt/rustwide/workdir" "-e" "CARGO_TARGET_DIR=/opt/rustwide/target" "-e" "CARGO_HOME=/opt/rustwide/cargo-home" "-e" "RUSTUP_HOME=/opt/rustwide/rustup-home" "-w" "/opt/rustwide/workdir" "-m" "1610612736" "--user" "0:0" "--network" "none" "ghcr.io/rust-lang/crates-build-env/linux@sha256:a89201d6b5b9fd45c15d5952ece0a0129e7e80cb26ec023fd59cf09bc26f1604" "/opt/rustwide/cargo-home/bin/cargo" "+beta-2021-10-15" "metadata" "--no-deps" "--format-version=1", kill_on_drop: false }`
[INFO] [stderr] WARNING: Your kernel does not support swap limit capabilities or the cgroup is not mounted. Memory limited without swap.
[INFO] [stdout] a35b14afa4f8dab34a73e3bc51b74e6d7c38252d19e3403b4f2bdcac897793dc
[INFO] running `Command { std: "docker" "start" "-a" "a35b14afa4f8dab34a73e3bc51b74e6d7c38252d19e3403b4f2bdcac897793dc", kill_on_drop: false }`
[INFO] running `Command { std: "docker" "inspect" "a35b14afa4f8dab34a73e3bc51b74e6d7c38252d19e3403b4f2bdcac897793dc", kill_on_drop: false }`
[INFO] running `Command { std: "docker" "rm" "-f" "a35b14afa4f8dab34a73e3bc51b74e6d7c38252d19e3403b4f2bdcac897793dc", kill_on_drop: false }`
[INFO] [stdout] a35b14afa4f8dab34a73e3bc51b74e6d7c38252d19e3403b4f2bdcac897793dc
[INFO] running `Command { std: "docker" "create" "-v" "/var/lib/crater-agent-workspace/builds/worker-3/target:/opt/rustwide/target:rw,Z" "-v" "/var/lib/crater-agent-workspace/builds/worker-3/source:/opt/rustwide/workdir:ro,Z" "-v" "/var/lib/crater-agent-workspace/cargo-home:/opt/rustwide/cargo-home:ro,Z" "-v" "/var/lib/crater-agent-workspace/rustup-home:/opt/rustwide/rustup-home:ro,Z" "-e" "SOURCE_DIR=/opt/rustwide/workdir" "-e" "CARGO_TARGET_DIR=/opt/rustwide/target" "-e" "CARGO_INCREMENTAL=0" "-e" "RUST_BACKTRACE=full" "-e" "RUSTFLAGS=--cap-lints=warn" "-e" "CARGO_HOME=/opt/rustwide/cargo-home" "-e" "RUSTUP_HOME=/opt/rustwide/rustup-home" "-w" "/opt/rustwide/workdir" "-m" "1610612736" "--user" "0:0" "--network" "none" "ghcr.io/rust-lang/crates-build-env/linux@sha256:a89201d6b5b9fd45c15d5952ece0a0129e7e80cb26ec023fd59cf09bc26f1604" "/opt/rustwide/cargo-home/bin/cargo" "+beta-2021-10-15" "check" "--frozen" "--all" "--all-targets" "--message-format=json", kill_on_drop: false }`
[INFO] [stdout] 3c150a8b225b2971290584bac9eb1a86344b61bca4b4bf3d670c9fbd481bb10a
[INFO] [stderr] WARNING: Your kernel does not support swap limit capabilities or the cgroup is not mounted. Memory limited without swap.
[INFO] running `Command { std: "docker" "start" "-a" "3c150a8b225b2971290584bac9eb1a86344b61bca4b4bf3d670c9fbd481bb10a", kill_on_drop: false }`
[INFO] [stderr]    Compiling syn v1.0.62
[INFO] [stderr]    Compiling serde v1.0.117
[INFO] [stderr]    Compiling serde_json v1.0.59
[INFO] [stderr]    Compiling anyhow v1.0.39
[INFO] [stderr]    Compiling crunchy v0.2.2
[INFO] [stderr]     Checking rustc-hex v2.1.0
[INFO] [stderr]    Compiling native-tls v0.2.6
[INFO] [stderr]    Compiling slog v2.5.2
[INFO] [stderr]     Checking scoped-tls v0.1.2
[INFO] [stderr]    Compiling async-trait v0.1.48
[INFO] [stderr]    Compiling protobuf v2.18.0
[INFO] [stderr]    Compiling prometheus v0.12.0
[INFO] [stderr]     Checking zeroize v1.1.1
[INFO] [stderr]     Checking strum v0.20.0
[INFO] [stderr]     Checking wasmparser v0.63.1
[INFO] [stderr]    Compiling cranelift-codegen-shared v0.68.0
[INFO] [stderr]    Compiling target-lexicon v0.11.1
[INFO] [stderr]     Checking defer v0.1.0
[INFO] [stderr]     Checking wasmparser v0.65.0
[INFO] [stderr]    Compiling lexical-core v0.7.4
[INFO] [stderr]    Compiling wasmtime-cache v0.21.0
[INFO] [stderr]     Checking rent_to_own v0.1.0
[INFO] [stderr]     Checking lru_time_cache v0.11.10
[INFO] [stderr]     Checking maybe-owned v0.3.4
[INFO] [stderr]     Checking fallible-iterator v0.1.6
[INFO] [stderr]     Checking never v0.1.0
[INFO] [stderr]     Checking environment v0.1.1
[INFO] [stderr]     Checking port_check v0.1.5
[INFO] [stderr]    Compiling num-bigint v0.2.6
[INFO] [stderr]    Compiling crossbeam-utils v0.8.0
[INFO] [stderr]    Compiling tokio v1.2.0
[INFO] [stderr]    Compiling nom v5.1.2
[INFO] [stderr]     Checking wast v27.0.0
[INFO] [stderr]     Checking yaml-rust v0.4.5
[INFO] [stderr]     Checking tokio-timer v0.1.2
[INFO] [stderr]     Checking semver v0.10.0
[INFO] [stderr]     Checking rlp v0.4.6
[INFO] [stderr]    Compiling instant v0.1.8
[INFO] [stderr]    Compiling lock_api v0.4.1
[INFO] [stderr]     Checking pretty_assertions v0.7.1
[INFO] [stderr]     Checking http-body v0.4.0
[INFO] [stderr]     Checking unicode-normalization v0.1.14
[INFO] [stderr]     Checking proc-macro2 v0.4.30
[INFO] [stderr]     Checking phf v0.8.0
[INFO] [stderr]     Checking net2 v0.2.35
[INFO] [stderr]     Checking getrandom v0.1.15
[INFO] [stderr]     Checking time v0.1.44
[INFO] [stderr]     Checking socket2 v0.3.16
[INFO] [stderr]     Checking parking_lot_core v0.8.0
[INFO] [stderr]     Checking rand v0.5.6
[INFO] [stderr]     Checking parking_lot_core v0.7.2
[INFO] [stderr]     Checking rand_os v0.1.3
[INFO] [stderr]     Checking rand v0.4.6
[INFO] [stderr]     Checking isatty v0.1.9
[INFO] [stderr]     Checking dirs-sys-next v0.1.1
[INFO] [stderr]     Checking errno v0.2.7
[INFO] [stderr]     Checking want v0.2.0
[INFO] [stderr]     Checking regalloc v0.0.31
[INFO] [stderr]     Checking mio v0.7.9
[INFO] [stderr]     Checking combine v3.8.1
[INFO] [stderr]    Compiling num-traits v0.2.14
[INFO] [stderr]     Checking region v2.2.0
[INFO] [stderr]     Checking impl-rlp v0.2.1
[INFO] [stderr]    Compiling cc v1.0.62
[INFO] [stderr]     Checking bytes v0.4.12
[INFO] [stderr]     Checking futures-cpupool v0.1.8
[INFO] [stderr]     Checking colored v1.9.3
[INFO] [stderr]     Checking dirs v2.0.2
[INFO] [stderr]     Checking uint v0.8.5
[INFO] [stderr]     Checking tiny-keccak v2.0.2
[INFO] [stderr]     Checking tiny-keccak v1.5.0
[INFO] [stderr]     Checking slog-scope v4.3.0
[INFO] [stderr]     Checking rand_core v0.5.1
[INFO] [stderr]     Checking parking_lot v0.11.1
[INFO] [stderr]     Checking mio v0.6.22
[INFO] [stderr]     Checking quote v0.6.13
[INFO] [stderr]     Checking parking_lot v0.10.2
[INFO] [stderr]     Checking regex v1.4.5
[INFO] [stderr]     Checking directories-next v1.0.3
[INFO] [stderr]     Checking dirs-next v2.0.0
[INFO] [stderr]     Checking backtrace v0.3.54
[INFO] [stderr]     Checking crypto-mac v0.8.0
[INFO] [stderr]     Checking crypto-mac v0.10.0
[INFO] [stderr]     Checking rand v0.6.5
[INFO] [stderr]     Checking idna v0.2.0
[INFO] [stderr]     Checking idna v0.1.5
[INFO] [stderr]     Checking stringprep v0.1.2
[INFO] [stdout] error[E0308]: mismatched types
[INFO] [stdout]   --> /opt/rustwide/cargo-home/registry/src/github.com-1ecc6299db9ec823/lexical-core-0.7.4/src/atof/algorithm/bhcomp.rs:62:24
[INFO] [stdout]    |
[INFO] [stdout] 62 |     let bytes = bits / Limb::BITS;
[INFO] [stdout]    |                        ^^^^^^^^^^ expected `usize`, found `u32`
[INFO] [stdout] 
[INFO] [stdout] 
[INFO] [stdout] error[E0277]: cannot divide `usize` by `u32`
[INFO] [stdout]   --> /opt/rustwide/cargo-home/registry/src/github.com-1ecc6299db9ec823/lexical-core-0.7.4/src/atof/algorithm/bhcomp.rs:62:22
[INFO] [stdout]    |
[INFO] [stdout] 62 |     let bytes = bits / Limb::BITS;
[INFO] [stdout]    |                      ^ no implementation for `usize / u32`
[INFO] [stdout]    |
[INFO] [stdout]    = help: the trait `Div<u32>` is not implemented for `usize`
[INFO] [stdout] 
[INFO] [stdout] 
[INFO] [stdout] error[E0308]: mismatched types
[INFO] [stdout]    --> /opt/rustwide/cargo-home/registry/src/github.com-1ecc6299db9ec823/lexical-core-0.7.4/src/atof/algorithm/bigcomp.rs:157:55
[INFO] [stdout]     |
[INFO] [stdout] 157 |     let nlz = den.leading_zeros().wrapping_sub(wlz) & (u32::BITS - 1);
[INFO] [stdout]     |                                                       ^^^^^^^^^^^^^^^ expected `usize`, found `u32`
[INFO] [stdout] 
[INFO] [stdout] 
[INFO] [stdout] error[E0277]: no implementation for `usize & u32`
[INFO] [stdout]    --> /opt/rustwide/cargo-home/registry/src/github.com-1ecc6299db9ec823/lexical-core-0.7.4/src/atof/algorithm/bigcomp.rs:157:53
[INFO] [stdout]     |
[INFO] [stdout] 157 |     let nlz = den.leading_zeros().wrapping_sub(wlz) & (u32::BITS - 1);
[INFO] [stdout]     |                                                     ^ no implementation for `usize & u32`
[INFO] [stdout]     |
[INFO] [stdout]     = help: the trait `BitAnd<u32>` is not implemented for `usize`
[INFO] [stdout] 
[INFO] [stdout] 
[INFO] [stdout] error[E0308]: mismatched types
[INFO] [stdout]    --> /opt/rustwide/cargo-home/registry/src/github.com-1ecc6299db9ec823/lexical-core-0.7.4/src/atof/algorithm/bigcomp.rs:175:40
[INFO] [stdout]     |
[INFO] [stdout] 175 |         let (q, r) = shift.ceil_divmod(Limb::BITS);
[INFO] [stdout]     |                                        ^^^^^^^^^^ expected `usize`, found `u32`
[INFO] [stdout]     |
[INFO] [stdout] help: you can convert a `u32` to a `usize` and panic if the converted value doesn't fit
[INFO] [stdout]     |
[INFO] [stdout] 175 |         let (q, r) = shift.ceil_divmod(Limb::BITS.try_into().unwrap());
[INFO] [stdout]     |                                        ~~~~~~~~~~~~~~~~~~~~~~~~~~~~~~
[INFO] [stdout] 
[INFO] [stdout] 
[INFO] [stdout] error[E0308]: mismatched types
[INFO] [stdout]     --> /opt/rustwide/cargo-home/registry/src/github.com-1ecc6299db9ec823/lexical-core-0.7.4/src/atof/algorithm/math.rs:2065:27
[INFO] [stdout]      |
[INFO] [stdout] 2065 |     let rs = Limb::BITS - s;
[INFO] [stdout]      |                           ^ expected `u32`, found `usize`
[INFO] [stdout] 
[INFO] [stdout] 
[INFO] [stdout] error[E0277]: cannot subtract `usize` from `u32`
[INFO] [stdout]     --> /opt/rustwide/cargo-home/registry/src/github.com-1ecc6299db9ec823/lexical-core-0.7.4/src/atof/algorithm/math.rs:2065:25
[INFO] [stdout]      |
[INFO] [stdout] 2065 |     let rs = Limb::BITS - s;
[INFO] [stdout]      |                         ^ no implementation for `u32 - usize`
[INFO] [stdout]      |
[INFO] [stdout]      = help: the trait `Sub<usize>` is not implemented for `u32`
[INFO] [stdout] 
[INFO] [stdout] 
[INFO] [stdout] error[E0308]: mismatched types
[INFO] [stdout]     --> /opt/rustwide/cargo-home/registry/src/github.com-1ecc6299db9ec823/lexical-core-0.7.4/src/atof/algorithm/math.rs:1043:42
[INFO] [stdout]      |
[INFO] [stdout] 1043 |     let mut count = index.saturating_mul(Limb::BITS);
[INFO] [stdout]      |                                          ^^^^^^^^^^ expected `usize`, found `u32`
[INFO] [stdout]      |
[INFO] [stdout] help: you can convert a `u32` to a `usize` and panic if the converted value doesn't fit
[INFO] [stdout]      |
[INFO] [stdout] 1043 |     let mut count = index.saturating_mul(Limb::BITS.try_into().unwrap());
[INFO] [stdout]      |                                          ~~~~~~~~~~~~~~~~~~~~~~~~~~~~~~
[INFO] [stdout] 
[INFO] [stdout] 
[INFO] [stdout] error[E0308]: mismatched types
[INFO] [stdout]     --> /opt/rustwide/cargo-home/registry/src/github.com-1ecc6299db9ec823/lexical-core-0.7.4/src/atof/algorithm/math.rs:1058:28
[INFO] [stdout]      |
[INFO] [stdout] 1058 |     Limb::BITS.checked_mul(x.len())
[INFO] [stdout]      |                            ^^^^^^^ expected `u32`, found `usize`
[INFO] [stdout]      |
[INFO] [stdout] help: you can convert a `usize` to a `u32` and panic if the converted value doesn't fit
[INFO] [stdout]      |
[INFO] [stdout] 1058 |     Limb::BITS.checked_mul(x.len().try_into().unwrap())
[INFO] [stdout]      |                            ~~~~~~~~~~~~~~~~~~~~~~~~~~~
[INFO] [stdout] 
[INFO] [stdout] 
[INFO] [stdout] error[E0308]: mismatched types
[INFO] [stdout]     --> /opt/rustwide/cargo-home/registry/src/github.com-1ecc6299db9ec823/lexical-core-0.7.4/src/atof/algorithm/math.rs:1059:22
[INFO] [stdout]      |
[INFO] [stdout] 1059 |         .map(|v| v - nlz)
[INFO] [stdout]      |                      ^^^ expected `u32`, found `usize`
[INFO] [stdout] 
[INFO] [stdout] 
[INFO] [stdout] error[E0277]: cannot subtract `usize` from `u32`
[INFO] [stdout]     --> /opt/rustwide/cargo-home/registry/src/github.com-1ecc6299db9ec823/lexical-core-0.7.4/src/atof/algorithm/math.rs:1059:20
[INFO] [stdout]      |
[INFO] [stdout] 1059 |         .map(|v| v - nlz)
[INFO] [stdout]      |                    ^ no implementation for `u32 - usize`
[INFO] [stdout]      |
[INFO] [stdout]      = help: the trait `Sub<usize>` is not implemented for `u32`
[INFO] [stdout] 
[INFO] [stdout] 
[INFO] [stdout] error[E0308]: mismatched types
[INFO] [stdout]     --> /opt/rustwide/cargo-home/registry/src/github.com-1ecc6299db9ec823/lexical-core-0.7.4/src/atof/algorithm/math.rs:1060:20
[INFO] [stdout]      |
[INFO] [stdout] 1060 |         .unwrap_or(usize::max_value())
[INFO] [stdout]      |                    ^^^^^^^^^^^^^^^^^^ expected `u32`, found `usize`
[INFO] [stdout]      |
[INFO] [stdout] help: you can convert a `usize` to a `u32` and panic if the converted value doesn't fit
[INFO] [stdout]      |
[INFO] [stdout] 1060 |         .unwrap_or(usize::max_value().try_into().unwrap())
[INFO] [stdout]      |                    ~~~~~~~~~~~~~~~~~~~~~~~~~~~~~~~~~~~~~~
[INFO] [stdout] 
[INFO] [stdout] 
[INFO] [stdout] error[E0308]: mismatched types
[INFO] [stdout]     --> /opt/rustwide/cargo-home/registry/src/github.com-1ecc6299db9ec823/lexical-core-0.7.4/src/atof/algorithm/math.rs:1058:5
[INFO] [stdout]      |
[INFO] [stdout] 1054 |   pub fn bit_length(x: &[Limb]) -> usize {
[INFO] [stdout]      |                                    ----- expected `usize` because of return type
[INFO] [stdout] ...
[INFO] [stdout] 1058 | /     Limb::BITS.checked_mul(x.len())
[INFO] [stdout] 1059 | |         .map(|v| v - nlz)
[INFO] [stdout] 1060 | |         .unwrap_or(usize::max_value())
[INFO] [stdout]      | |______________________________________^ expected `usize`, found `u32`
[INFO] [stdout]      |
[INFO] [stdout] help: you can convert a `u32` to a `usize` and panic if the converted value doesn't fit
[INFO] [stdout]      |
[INFO] [stdout] 1058 ~     Limb::BITS.checked_mul(x.len())
[INFO] [stdout] 1059 +         .map(|v| v - nlz)
[INFO] [stdout] 1060 +         .unwrap_or(usize::max_value()).try_into().unwrap()
[INFO] [stdout]      |
[INFO] [stdout] 
[INFO] [stdout] 
[INFO] [stdout] error[E0308]: mismatched types
[INFO] [stdout]     --> /opt/rustwide/cargo-home/registry/src/github.com-1ecc6299db9ec823/lexical-core-0.7.4/src/atof/algorithm/math.rs:1085:23
[INFO] [stdout]      |
[INFO] [stdout] 1085 |     debug_assert!(n < bits && n != 0);
[INFO] [stdout]      |                       ^^^^ expected `usize`, found `u32`
[INFO] [stdout]      |
[INFO] [stdout] help: you can convert a `u32` to a `usize` and panic if the converted value doesn't fit
[INFO] [stdout]      |
[INFO] [stdout] 1085 |     debug_assert!(n < bits.try_into().unwrap() && n != 0);
[INFO] [stdout]      |                       ~~~~~~~~~~~~~~~~~~~~~~~~
[INFO] [stdout] 
[INFO] [stdout] 
[INFO] [stdout] error[E0308]: mismatched types
[INFO] [stdout]     --> /opt/rustwide/cargo-home/registry/src/github.com-1ecc6299db9ec823/lexical-core-0.7.4/src/atof/algorithm/math.rs:1092:25
[INFO] [stdout]      |
[INFO] [stdout] 1092 |     let lshift = bits - n;
[INFO] [stdout]      |                         ^ expected `u32`, found `usize`
[INFO] [stdout] 
[INFO] [stdout] 
[INFO] [stdout] error[E0277]: cannot subtract `usize` from `u32`
[INFO] [stdout]     --> /opt/rustwide/cargo-home/registry/src/github.com-1ecc6299db9ec823/lexical-core-0.7.4/src/atof/algorithm/math.rs:1092:23
[INFO] [stdout]      |
[INFO] [stdout] 1092 |     let lshift = bits - n;
[INFO] [stdout]      |                       ^ no implementation for `u32 - usize`
[INFO] [stdout]      |
[INFO] [stdout]      = help: the trait `Sub<usize>` is not implemented for `u32`
[INFO] [stdout] 
[INFO] [stdout] 
[INFO] [stdout] error[E0308]: mismatched types
[INFO] [stdout]     --> /opt/rustwide/cargo-home/registry/src/github.com-1ecc6299db9ec823/lexical-core-0.7.4/src/atof/algorithm/math.rs:1134:19
[INFO] [stdout]      |
[INFO] [stdout] 1134 |     let rem = n % bits;
[INFO] [stdout]      |                   ^^^^ expected `usize`, found `u32`
[INFO] [stdout] 
[INFO] [stdout] 
[INFO] [stdout] error[E0277]: cannot mod `usize` by `u32`
[INFO] [stdout]     --> /opt/rustwide/cargo-home/registry/src/github.com-1ecc6299db9ec823/lexical-core-0.7.4/src/atof/algorithm/math.rs:1134:17
[INFO] [stdout]      |
[INFO] [stdout] 1134 |     let rem = n % bits;
[INFO] [stdout]      |                 ^ no implementation for `usize % u32`
[INFO] [stdout]      |
[INFO] [stdout]      = help: the trait `Rem<u32>` is not implemented for `usize`
[INFO] [stdout] 
[INFO] [stdout] 
[INFO] [stdout] error[E0308]: mismatched types
[INFO] [stdout]     --> /opt/rustwide/cargo-home/registry/src/github.com-1ecc6299db9ec823/lexical-core-0.7.4/src/atof/algorithm/math.rs:1135:19
[INFO] [stdout]      |
[INFO] [stdout] 1135 |     let div = n / bits;
[INFO] [stdout]      |                   ^^^^ expected `usize`, found `u32`
[INFO] [stdout] 
[INFO] [stdout] 
[INFO] [stdout] error[E0277]: cannot divide `usize` by `u32`
[INFO] [stdout]     --> /opt/rustwide/cargo-home/registry/src/github.com-1ecc6299db9ec823/lexical-core-0.7.4/src/atof/algorithm/math.rs:1135:17
[INFO] [stdout]      |
[INFO] [stdout] 1135 |     let div = n / bits;
[INFO] [stdout]      |                 ^ no implementation for `usize / u32`
[INFO] [stdout]      |
[INFO] [stdout]      = help: the trait `Div<u32>` is not implemented for `usize`
[INFO] [stdout] 
[INFO] [stdout] 
[INFO] [stdout] error[E0308]: mismatched types
[INFO] [stdout]     --> /opt/rustwide/cargo-home/registry/src/github.com-1ecc6299db9ec823/lexical-core-0.7.4/src/atof/algorithm/math.rs:1191:23
[INFO] [stdout]      |
[INFO] [stdout] 1191 |     debug_assert!(n < bits);
[INFO] [stdout]      |                       ^^^^ expected `usize`, found `u32`
[INFO] [stdout]      |
[INFO] [stdout] help: you can convert a `u32` to a `usize` and panic if the converted value doesn't fit
[INFO] [stdout]      |
[INFO] [stdout] 1191 |     debug_assert!(n < bits.try_into().unwrap());
[INFO] [stdout]      |                       ~~~~~~~~~~~~~~~~~~~~~~~~
[INFO] [stdout] 
[INFO] [stdout] 
[INFO] [stdout] error[E0308]: mismatched types
[INFO] [stdout]     --> /opt/rustwide/cargo-home/registry/src/github.com-1ecc6299db9ec823/lexical-core-0.7.4/src/atof/algorithm/math.rs:1201:25
[INFO] [stdout]      |
[INFO] [stdout] 1201 |     let rshift = bits - n;
[INFO] [stdout]      |                         ^ expected `u32`, found `usize`
[INFO] [stdout] 
[INFO] [stdout] 
[INFO] [stdout] error[E0277]: cannot subtract `usize` from `u32`
[INFO] [stdout]     --> /opt/rustwide/cargo-home/registry/src/github.com-1ecc6299db9ec823/lexical-core-0.7.4/src/atof/algorithm/math.rs:1201:23
[INFO] [stdout]      |
[INFO] [stdout] 1201 |     let rshift = bits - n;
[INFO] [stdout]      |                       ^ no implementation for `u32 - usize`
[INFO] [stdout]      |
[INFO] [stdout]      = help: the trait `Sub<usize>` is not implemented for `u32`
[INFO] [stdout] 
[INFO] [stdout] 
[INFO] [stdout] error[E0308]: mismatched types
[INFO] [stdout]     --> /opt/rustwide/cargo-home/registry/src/github.com-1ecc6299db9ec823/lexical-core-0.7.4/src/atof/algorithm/math.rs:1253:19
[INFO] [stdout]      |
[INFO] [stdout] 1253 |     let rem = n % bits;
[INFO] [stdout]      |                   ^^^^ expected `usize`, found `u32`
[INFO] [stdout] 
[INFO] [stdout] 
[INFO] [stdout] error[E0277]: cannot mod `usize` by `u32`
[INFO] [stdout]     --> /opt/rustwide/cargo-home/registry/src/github.com-1ecc6299db9ec823/lexical-core-0.7.4/src/atof/algorithm/math.rs:1253:17
[INFO] [stdout]      |
[INFO] [stdout] 1253 |     let rem = n % bits;
[INFO] [stdout]      |                 ^ no implementation for `usize % u32`
[INFO] [stdout]      |
[INFO] [stdout]      = help: the trait `Rem<u32>` is not implemented for `usize`
[INFO] [stdout] 
[INFO] [stdout] 
[INFO] [stdout] error[E0308]: mismatched types
[INFO] [stdout]     --> /opt/rustwide/cargo-home/registry/src/github.com-1ecc6299db9ec823/lexical-core-0.7.4/src/atof/algorithm/math.rs:1254:19
[INFO] [stdout]      |
[INFO] [stdout] 1254 |     let div = n / bits;
[INFO] [stdout]      |                   ^^^^ expected `usize`, found `u32`
[INFO] [stdout] 
[INFO] [stdout] 
[INFO] [stdout] error[E0277]: cannot divide `usize` by `u32`
[INFO] [stdout]     --> /opt/rustwide/cargo-home/registry/src/github.com-1ecc6299db9ec823/lexical-core-0.7.4/src/atof/algorithm/math.rs:1254:17
[INFO] [stdout]      |
[INFO] [stdout] 1254 |     let div = n / bits;
[INFO] [stdout]      |                 ^ no implementation for `usize / u32`
[INFO] [stdout]      |
[INFO] [stdout]      = help: the trait `Div<u32>` is not implemented for `usize`
[INFO] [stdout] 
[INFO] [stdout] 
[INFO] [stderr]    Compiling num-integer v0.1.44
[INFO] [stderr]     Checking term v0.6.1
[INFO] [stdout] error: aborting due to 27 previous errors
[INFO] [stdout] 
[INFO] [stdout] 
[INFO] [stdout] Some errors have detailed explanations: E0277, E0308.
[INFO] [stdout] 
[INFO] [stdout] For more information about an error, try `rustc --explain E0277`.
[INFO] [stdout] 
[INFO] [stderr] error: could not compile `lexical-core` due to 28 previous errors
[INFO] [stderr] warning: build failed, waiting for other jobs to finish...
[INFO] [stderr] error: build failed
[INFO] running `Command { std: "docker" "inspect" "3c150a8b225b2971290584bac9eb1a86344b61bca4b4bf3d670c9fbd481bb10a", kill_on_drop: false }`
[INFO] running `Command { std: "docker" "rm" "-f" "3c150a8b225b2971290584bac9eb1a86344b61bca4b4bf3d670c9fbd481bb10a", kill_on_drop: false }`
[INFO] [stdout] 3c150a8b225b2971290584bac9eb1a86344b61bca4b4bf3d670c9fbd481bb10a
