[INFO] cloning repository https://github.com/oeed/tokio-diesel-v2
[INFO] running `Command { std: "git" "-c" "credential.helper=" "-c" "credential.helper=/workspace/cargo-home/bin/git-credential-null" "clone" "--bare" "https://github.com/oeed/tokio-diesel-v2" "/workspace/cache/git-repos/https%3A%2F%2Fgithub.com%2Foeed%2Ftokio-diesel-v2", kill_on_drop: false }`
[INFO] [stderr] Cloning into bare repository '/workspace/cache/git-repos/https%3A%2F%2Fgithub.com%2Foeed%2Ftokio-diesel-v2'...
[INFO] running `Command { std: "git" "rev-parse" "HEAD", kill_on_drop: false }`
[INFO] [stdout] 0d3ae8b810dbb6ef40a843eb2315b8949454ff3e
[INFO] checking oeed/tokio-diesel-v2 against beta-2021-10-15 for beta-1.56-3
[INFO] running `Command { std: "git" "clone" "/workspace/cache/git-repos/https%3A%2F%2Fgithub.com%2Foeed%2Ftokio-diesel-v2" "/workspace/builds/worker-0/source", kill_on_drop: false }`
[INFO] [stderr] Cloning into '/workspace/builds/worker-0/source'...
[INFO] [stderr] done.
[INFO] validating manifest of git repo https://github.com/oeed/tokio-diesel-v2 on toolchain beta-2021-10-15
[INFO] running `Command { std: "/workspace/cargo-home/bin/cargo" "+beta-2021-10-15" "metadata" "--manifest-path" "Cargo.toml" "--no-deps", kill_on_drop: false }`
[INFO] started tweaking git repo https://github.com/oeed/tokio-diesel-v2
[INFO] finished tweaking git repo https://github.com/oeed/tokio-diesel-v2
[INFO] tweaked toml for git repo https://github.com/oeed/tokio-diesel-v2 written to /workspace/builds/worker-0/source/Cargo.toml
[INFO] crate git repo https://github.com/oeed/tokio-diesel-v2 already has a lockfile, it will not be regenerated
[INFO] running `Command { std: "/workspace/cargo-home/bin/cargo" "+beta-2021-10-15" "fetch" "--manifest-path" "Cargo.toml", kill_on_drop: false }`
[INFO] [stderr]     Updating git repository `https://github.com/diesel-rs/diesel`
[INFO] [stderr]  Downloading crates ...
[INFO] [stderr]   Downloaded proc-macro2 v1.0.23
[INFO] [stderr]   Downloaded miow v0.3.5
[INFO] [stderr]   Downloaded signal-hook-registry v1.2.1
[INFO] [stderr]   Downloaded async-trait v0.1.40
[INFO] [stderr]   Downloaded pin-project-internal v0.4.24
[INFO] [stderr]   Downloaded diesel v1.4.5
[INFO] [stderr]   Downloaded mio-named-pipes v0.1.7
[INFO] [stderr]   Downloaded tokio-diesel v0.3.0
[INFO] [stderr]   Downloaded pin-project v0.4.24
[INFO] [stderr]   Downloaded hermit-abi v0.1.16
[INFO] [stderr]   Downloaded syn v1.0.42
[INFO] [stderr]   Downloaded socket2 v0.3.15
[INFO] [stderr]   Downloaded pin-project-lite v0.1.8
[INFO] running `Command { std: "docker" "create" "-v" "/var/lib/crater-agent-workspace/builds/worker-0/target:/opt/rustwide/target:rw,Z" "-v" "/var/lib/crater-agent-workspace/builds/worker-0/source:/opt/rustwide/workdir:ro,Z" "-v" "/var/lib/crater-agent-workspace/cargo-home:/opt/rustwide/cargo-home:ro,Z" "-v" "/var/lib/crater-agent-workspace/rustup-home:/opt/rustwide/rustup-home:ro,Z" "-e" "SOURCE_DIR=/opt/rustwide/workdir" "-e" "CARGO_TARGET_DIR=/opt/rustwide/target" "-e" "CARGO_HOME=/opt/rustwide/cargo-home" "-e" "RUSTUP_HOME=/opt/rustwide/rustup-home" "-w" "/opt/rustwide/workdir" "-m" "1610612736" "--user" "0:0" "--network" "none" "ghcr.io/rust-lang/crates-build-env/linux@sha256:a89201d6b5b9fd45c15d5952ece0a0129e7e80cb26ec023fd59cf09bc26f1604" "/opt/rustwide/cargo-home/bin/cargo" "+beta-2021-10-15" "metadata" "--no-deps" "--format-version=1", kill_on_drop: false }`
[INFO] [stderr] WARNING: Your kernel does not support swap limit capabilities or the cgroup is not mounted. Memory limited without swap.
[INFO] [stdout] 0748028c5e10c9a57e00cc29dc6d9dbd3845cb0cbc811f55ac4235c3e3b50b56
[INFO] running `Command { std: "docker" "start" "-a" "0748028c5e10c9a57e00cc29dc6d9dbd3845cb0cbc811f55ac4235c3e3b50b56", kill_on_drop: false }`
[INFO] running `Command { std: "docker" "inspect" "0748028c5e10c9a57e00cc29dc6d9dbd3845cb0cbc811f55ac4235c3e3b50b56", kill_on_drop: false }`
[INFO] running `Command { std: "docker" "rm" "-f" "0748028c5e10c9a57e00cc29dc6d9dbd3845cb0cbc811f55ac4235c3e3b50b56", kill_on_drop: false }`
[INFO] [stdout] 0748028c5e10c9a57e00cc29dc6d9dbd3845cb0cbc811f55ac4235c3e3b50b56
[INFO] running `Command { std: "docker" "create" "-v" "/var/lib/crater-agent-workspace/builds/worker-0/target:/opt/rustwide/target:rw,Z" "-v" "/var/lib/crater-agent-workspace/builds/worker-0/source:/opt/rustwide/workdir:ro,Z" "-v" "/var/lib/crater-agent-workspace/cargo-home:/opt/rustwide/cargo-home:ro,Z" "-v" "/var/lib/crater-agent-workspace/rustup-home:/opt/rustwide/rustup-home:ro,Z" "-e" "SOURCE_DIR=/opt/rustwide/workdir" "-e" "CARGO_TARGET_DIR=/opt/rustwide/target" "-e" "CARGO_INCREMENTAL=0" "-e" "RUST_BACKTRACE=full" "-e" "RUSTFLAGS=--cap-lints=warn" "-e" "CARGO_HOME=/opt/rustwide/cargo-home" "-e" "RUSTUP_HOME=/opt/rustwide/rustup-home" "-w" "/opt/rustwide/workdir" "-m" "1610612736" "--user" "0:0" "--network" "none" "ghcr.io/rust-lang/crates-build-env/linux@sha256:a89201d6b5b9fd45c15d5952ece0a0129e7e80cb26ec023fd59cf09bc26f1604" "/opt/rustwide/cargo-home/bin/cargo" "+beta-2021-10-15" "check" "--frozen" "--all" "--all-targets" "--message-format=json", kill_on_drop: false }`
[INFO] [stderr] WARNING: Your kernel does not support swap limit capabilities or the cgroup is not mounted. Memory limited without swap.
[INFO] [stdout] e1068f3de5ea8ff8a3035466da3caa3ee9f3cc4cc22fd5dd9bd0e1a034487131
[INFO] running `Command { std: "docker" "start" "-a" "e1068f3de5ea8ff8a3035466da3caa3ee9f3cc4cc22fd5dd9bd0e1a034487131", kill_on_drop: false }`
[INFO] [stderr]    Compiling syn v1.0.42
[INFO] [stderr]     Checking futures-channel v0.3.5
[INFO] [stderr]     Checking r2d2 v0.8.9
[INFO] [stderr]    Compiling pin-project-internal v0.4.24
[INFO] [stderr]    Compiling futures-macro v0.3.5
[INFO] [stderr]    Compiling tokio-macros v0.2.5
[INFO] [stderr]    Compiling diesel_derives v1.4.1
[INFO] [stderr]    Compiling async-trait v0.1.40
[INFO] [stderr]    Compiling diesel_derives v2.0.0 (https://github.com/diesel-rs/diesel#56232d9d)
[INFO] [stderr]     Checking tokio v0.2.22
[INFO] [stderr]     Checking pin-project v0.4.24
[INFO] [stderr]     Checking futures-util v0.3.5
[INFO] [stderr]     Checking diesel v1.4.5
[INFO] [stderr]     Checking diesel v2.0.0 (https://github.com/diesel-rs/diesel#56232d9d)
[INFO] [stderr]     Checking futures-executor v0.3.5
[INFO] [stderr]     Checking futures v0.3.5
[INFO] [stderr]     Checking tokio-diesel v0.3.0
[INFO] [stderr]     Checking tokio-diesel-v2 v0.1.0 (/opt/rustwide/workdir)
[INFO] [stdout] warning: unused `#[macro_use]` import
[INFO] [stdout]  --> src/main.rs:1:1
[INFO] [stdout]   |
[INFO] [stdout] 1 | #[macro_use]
[INFO] [stdout]   | ^^^^^^^^^^^^
[INFO] [stdout]   |
[INFO] [stdout]   = note: `#[warn(unused_imports)]` on by default
[INFO] [stdout] 
[INFO] [stdout] 
[INFO] [stdout] warning: unused `#[macro_use]` import
[INFO] [stdout]  --> src/main.rs:1:1
[INFO] [stdout]   |
[INFO] [stdout] 1 | #[macro_use]
[INFO] [stdout]   | ^^^^^^^^^^^^
[INFO] [stdout]   |
[INFO] [stdout]   = note: `#[warn(unused_imports)]` on by default
[INFO] [stdout] 
[INFO] [stdout] 
[INFO] [stdout] error[E0599]: the method `execute_async` exists for struct `InsertStatement<users::table, ValuesClause<ColumnInsertValue<columns::id, diesel::expression::bound::Bound<diesel::sql_types::Integer, i32>>, users::table>>`, but its trait bounds were not satisfied
[INFO] [stdout]    --> src/main.rs:29:10
[INFO] [stdout]     |
[INFO] [stdout] 29  |         .execute_async(&pool)
[INFO] [stdout]     |          ^^^^^^^^^^^^^ method cannot be called on `InsertStatement<users::table, ValuesClause<ColumnInsertValue<columns::id, diesel::expression::bound::Bound<diesel::sql_types::Integer, i32>>, users::table>>` due to unsatisfied trait bounds
[INFO] [stdout]     |
[INFO] [stdout]    ::: /opt/rustwide/cargo-home/git/checkouts/diesel-6e3331fb3b9331ec/56232d9/diesel/src/query_builder/insert_statement/mod.rs:129:1
[INFO] [stdout]     |
[INFO] [stdout] 129 | pub struct InsertStatement<T, U, Op = Insert, Ret = NoReturningClause> {
[INFO] [stdout]     | ----------------------------------------------------------------------
[INFO] [stdout]     | |
[INFO] [stdout]     | doesn't satisfy `_: diesel::query_dsl::RunQueryDsl<_>`
[INFO] [stdout]     | doesn't satisfy `_: tokio_diesel::AsyncRunQueryDsl<_, Pool<diesel::r2d2::ConnectionManager<_>>>`
[INFO] [stdout]     |
[INFO] [stdout]     = note: the following trait bounds were not satisfied:
[INFO] [stdout]             `InsertStatement<users::table, ValuesClause<ColumnInsertValue<columns::id, diesel::expression::bound::Bound<diesel::sql_types::Integer, i32>>, users::table>>: diesel::query_dsl::RunQueryDsl<_>`
[INFO] [stdout]             which is required by `InsertStatement<users::table, ValuesClause<ColumnInsertValue<columns::id, diesel::expression::bound::Bound<diesel::sql_types::Integer, i32>>, users::table>>: tokio_diesel::AsyncRunQueryDsl<_, Pool<diesel::r2d2::ConnectionManager<_>>>`
[INFO] [stdout]             `&InsertStatement<users::table, ValuesClause<ColumnInsertValue<columns::id, diesel::expression::bound::Bound<diesel::sql_types::Integer, i32>>, users::table>>: diesel::query_dsl::RunQueryDsl<_>`
[INFO] [stdout]             which is required by `&InsertStatement<users::table, ValuesClause<ColumnInsertValue<columns::id, diesel::expression::bound::Bound<diesel::sql_types::Integer, i32>>, users::table>>: tokio_diesel::AsyncRunQueryDsl<_, Pool<diesel::r2d2::ConnectionManager<_>>>`
[INFO] [stdout]             `&mut InsertStatement<users::table, ValuesClause<ColumnInsertValue<columns::id, diesel::expression::bound::Bound<diesel::sql_types::Integer, i32>>, users::table>>: diesel::query_dsl::RunQueryDsl<_>`
[INFO] [stdout]             which is required by `&mut InsertStatement<users::table, ValuesClause<ColumnInsertValue<columns::id, diesel::expression::bound::Bound<diesel::sql_types::Integer, i32>>, users::table>>: tokio_diesel::AsyncRunQueryDsl<_, Pool<diesel::r2d2::ConnectionManager<_>>>`
[INFO] [stdout] 
[INFO] [stdout] 
[INFO] [stdout] error[E0599]: the method `get_result_async` exists for struct `diesel::query_builder::SelectStatement<users::table, query_builder::select_clause::SelectClause<CountStar>>`, but its trait bounds were not satisfied
[INFO] [stdout]   --> src/main.rs:33:47
[INFO] [stdout]    |
[INFO] [stdout] 33 |       let num_users: i64 = users::table.count().get_result_async(&pool).await?;
[INFO] [stdout]    |                                                 ^^^^^^^^^^^^^^^^ method cannot be called on `diesel::query_builder::SelectStatement<users::table, query_builder::select_clause::SelectClause<CountStar>>` due to unsatisfied trait bounds
[INFO] [stdout]    |
[INFO] [stdout]   ::: /opt/rustwide/cargo-home/git/checkouts/diesel-6e3331fb3b9331ec/56232d9/diesel/src/query_builder/select_statement/mod.rs:40:1
[INFO] [stdout]    |
[INFO] [stdout] 40 | / pub struct SelectStatement<
[INFO] [stdout] 41 | |     From,
[INFO] [stdout] 42 | |     Select = DefaultSelectClause,
[INFO] [stdout] 43 | |     Distinct = NoDistinctClause,
[INFO] [stdout] ...  |
[INFO] [stdout] 57 | |     pub(crate) locking: Locking,
[INFO] [stdout] 58 | | }
[INFO] [stdout]    | | -
[INFO] [stdout]    | | |
[INFO] [stdout]    | |_doesn't satisfy `_: diesel::query_dsl::RunQueryDsl<_>`
[INFO] [stdout]    |   doesn't satisfy `_: tokio_diesel::AsyncRunQueryDsl<_, Pool<diesel::r2d2::ConnectionManager<_>>>`
[INFO] [stdout]    |
[INFO] [stdout]    = note: the following trait bounds were not satisfied:
[INFO] [stdout]            `diesel::query_builder::SelectStatement<users::table, query_builder::select_clause::SelectClause<CountStar>>: diesel::query_dsl::RunQueryDsl<_>`
[INFO] [stdout]            which is required by `diesel::query_builder::SelectStatement<users::table, query_builder::select_clause::SelectClause<CountStar>>: tokio_diesel::AsyncRunQueryDsl<_, Pool<diesel::r2d2::ConnectionManager<_>>>`
[INFO] [stdout]            `&diesel::query_builder::SelectStatement<users::table, query_builder::select_clause::SelectClause<CountStar>>: diesel::query_dsl::RunQueryDsl<_>`
[INFO] [stdout]            which is required by `&diesel::query_builder::SelectStatement<users::table, query_builder::select_clause::SelectClause<CountStar>>: tokio_diesel::AsyncRunQueryDsl<_, Pool<diesel::r2d2::ConnectionManager<_>>>`
[INFO] [stdout]            `&mut diesel::query_builder::SelectStatement<users::table, query_builder::select_clause::SelectClause<CountStar>>: diesel::query_dsl::RunQueryDsl<_>`
[INFO] [stdout]            which is required by `&mut diesel::query_builder::SelectStatement<users::table, query_builder::select_clause::SelectClause<CountStar>>: tokio_diesel::AsyncRunQueryDsl<_, Pool<diesel::r2d2::ConnectionManager<_>>>`
[INFO] [stdout] 
[INFO] [stdout] 
[INFO] [stdout] warning: unused import: `tokio_diesel`
[INFO] [stdout]  --> src/main.rs:9:5
[INFO] [stdout]   |
[INFO] [stdout] 9 | use tokio_diesel::*;
[INFO] [stdout]   |     ^^^^^^^^^^^^
[INFO] [stdout] 
[INFO] [stdout] 
[INFO] [stdout] error: aborting due to 2 previous errors; 2 warnings emitted
[INFO] [stdout] 
[INFO] [stdout] 
[INFO] [stdout] For more information about this error, try `rustc --explain E0599`.
[INFO] [stdout] 
[INFO] [stderr] error: could not compile `tokio-diesel-v2` due to 3 previous errors; 2 warnings emitted
[INFO] [stdout] error[E0599]: the method `execute_async` exists for struct `InsertStatement<users::table, ValuesClause<ColumnInsertValue<columns::id, diesel::expression::bound::Bound<diesel::sql_types::Integer, i32>>, users::table>>`, but its trait bounds were not satisfied
[INFO] [stdout]    --> src/main.rs:29:10
[INFO] [stdout]     |
[INFO] [stdout] 29  |         .execute_async(&pool)
[INFO] [stdout]     |          ^^^^^^^^^^^^^ method cannot be called on `InsertStatement<users::table, ValuesClause<ColumnInsertValue<columns::id, diesel::expression::bound::Bound<diesel::sql_types::Integer, i32>>, users::table>>` due to unsatisfied trait bounds
[INFO] [stdout]     |
[INFO] [stdout]    ::: /opt/rustwide/cargo-home/git/checkouts/diesel-6e3331fb3b9331ec/56232d9/diesel/src/query_builder/insert_statement/mod.rs:129:1
[INFO] [stdout]     |
[INFO] [stdout] 129 | pub struct InsertStatement<T, U, Op = Insert, Ret = NoReturningClause> {
[INFO] [stdout]     | ----------------------------------------------------------------------
[INFO] [stdout]     | |
[INFO] [stdout]     | doesn't satisfy `_: diesel::query_dsl::RunQueryDsl<_>`
[INFO] [stdout]     | doesn't satisfy `_: tokio_diesel::AsyncRunQueryDsl<_, Pool<diesel::r2d2::ConnectionManager<_>>>`
[INFO] [stdout]     |
[INFO] [stdout]     = note: the following trait bounds were not satisfied:
[INFO] [stdout]             `InsertStatement<users::table, ValuesClause<ColumnInsertValue<columns::id, diesel::expression::bound::Bound<diesel::sql_types::Integer, i32>>, users::table>>: diesel::query_dsl::RunQueryDsl<_>`
[INFO] [stdout]             which is required by `InsertStatement<users::table, ValuesClause<ColumnInsertValue<columns::id, diesel::expression::bound::Bound<diesel::sql_types::Integer, i32>>, users::table>>: tokio_diesel::AsyncRunQueryDsl<_, Pool<diesel::r2d2::ConnectionManager<_>>>`
[INFO] [stdout]             `&InsertStatement<users::table, ValuesClause<ColumnInsertValue<columns::id, diesel::expression::bound::Bound<diesel::sql_types::Integer, i32>>, users::table>>: diesel::query_dsl::RunQueryDsl<_>`
[INFO] [stdout]             which is required by `&InsertStatement<users::table, ValuesClause<ColumnInsertValue<columns::id, diesel::expression::bound::Bound<diesel::sql_types::Integer, i32>>, users::table>>: tokio_diesel::AsyncRunQueryDsl<_, Pool<diesel::r2d2::ConnectionManager<_>>>`
[INFO] [stdout]             `&mut InsertStatement<users::table, ValuesClause<ColumnInsertValue<columns::id, diesel::expression::bound::Bound<diesel::sql_types::Integer, i32>>, users::table>>: diesel::query_dsl::RunQueryDsl<_>`
[INFO] [stdout]             which is required by `&mut InsertStatement<users::table, ValuesClause<ColumnInsertValue<columns::id, diesel::expression::bound::Bound<diesel::sql_types::Integer, i32>>, users::table>>: tokio_diesel::AsyncRunQueryDsl<_, Pool<diesel::r2d2::ConnectionManager<_>>>`
[INFO] [stdout] 
[INFO] [stdout] 
[INFO] [stderr] warning: build failed, waiting for other jobs to finish...
[INFO] [stdout] error[E0599]: the method `get_result_async` exists for struct `diesel::query_builder::SelectStatement<users::table, query_builder::select_clause::SelectClause<CountStar>>`, but its trait bounds were not satisfied
[INFO] [stdout]   --> src/main.rs:33:47
[INFO] [stdout]    |
[INFO] [stdout] 33 |       let num_users: i64 = users::table.count().get_result_async(&pool).await?;
[INFO] [stdout]    |                                                 ^^^^^^^^^^^^^^^^ method cannot be called on `diesel::query_builder::SelectStatement<users::table, query_builder::select_clause::SelectClause<CountStar>>` due to unsatisfied trait bounds
[INFO] [stdout]    |
[INFO] [stdout]   ::: /opt/rustwide/cargo-home/git/checkouts/diesel-6e3331fb3b9331ec/56232d9/diesel/src/query_builder/select_statement/mod.rs:40:1
[INFO] [stdout]    |
[INFO] [stdout] 40 | / pub struct SelectStatement<
[INFO] [stdout] 41 | |     From,
[INFO] [stdout] 42 | |     Select = DefaultSelectClause,
[INFO] [stdout] 43 | |     Distinct = NoDistinctClause,
[INFO] [stdout] ...  |
[INFO] [stdout] 57 | |     pub(crate) locking: Locking,
[INFO] [stdout] 58 | | }
[INFO] [stdout]    | | -
[INFO] [stdout]    | | |
[INFO] [stdout]    | |_doesn't satisfy `_: diesel::query_dsl::RunQueryDsl<_>`
[INFO] [stdout]    |   doesn't satisfy `_: tokio_diesel::AsyncRunQueryDsl<_, Pool<diesel::r2d2::ConnectionManager<_>>>`
[INFO] [stdout]    |
[INFO] [stdout]    = note: the following trait bounds were not satisfied:
[INFO] [stdout]            `diesel::query_builder::SelectStatement<users::table, query_builder::select_clause::SelectClause<CountStar>>: diesel::query_dsl::RunQueryDsl<_>`
[INFO] [stdout]            which is required by `diesel::query_builder::SelectStatement<users::table, query_builder::select_clause::SelectClause<CountStar>>: tokio_diesel::AsyncRunQueryDsl<_, Pool<diesel::r2d2::ConnectionManager<_>>>`
[INFO] [stdout]            `&diesel::query_builder::SelectStatement<users::table, query_builder::select_clause::SelectClause<CountStar>>: diesel::query_dsl::RunQueryDsl<_>`
[INFO] [stdout]            which is required by `&diesel::query_builder::SelectStatement<users::table, query_builder::select_clause::SelectClause<CountStar>>: tokio_diesel::AsyncRunQueryDsl<_, Pool<diesel::r2d2::ConnectionManager<_>>>`
[INFO] [stdout]            `&mut diesel::query_builder::SelectStatement<users::table, query_builder::select_clause::SelectClause<CountStar>>: diesel::query_dsl::RunQueryDsl<_>`
[INFO] [stdout]            which is required by `&mut diesel::query_builder::SelectStatement<users::table, query_builder::select_clause::SelectClause<CountStar>>: tokio_diesel::AsyncRunQueryDsl<_, Pool<diesel::r2d2::ConnectionManager<_>>>`
[INFO] [stdout] 
[INFO] [stdout] 
[INFO] [stdout] warning: unused import: `tokio_diesel`
[INFO] [stdout]  --> src/main.rs:9:5
[INFO] [stdout]   |
[INFO] [stdout] 9 | use tokio_diesel::*;
[INFO] [stdout]   |     ^^^^^^^^^^^^
[INFO] [stdout] 
[INFO] [stdout] 
[INFO] [stdout] error: aborting due to 2 previous errors; 2 warnings emitted
[INFO] [stdout] 
[INFO] [stdout] 
[INFO] [stdout] For more information about this error, try `rustc --explain E0599`.
[INFO] [stdout] 
[INFO] [stderr] error: build failed
[INFO] running `Command { std: "docker" "inspect" "e1068f3de5ea8ff8a3035466da3caa3ee9f3cc4cc22fd5dd9bd0e1a034487131", kill_on_drop: false }`
[INFO] running `Command { std: "docker" "rm" "-f" "e1068f3de5ea8ff8a3035466da3caa3ee9f3cc4cc22fd5dd9bd0e1a034487131", kill_on_drop: false }`
[INFO] [stdout] e1068f3de5ea8ff8a3035466da3caa3ee9f3cc4cc22fd5dd9bd0e1a034487131
