[INFO] cloning repository https://github.com/octylFractal/supercollider
[INFO] running `Command { std: "git" "-c" "credential.helper=" "-c" "credential.helper=/workspace/cargo-home/bin/git-credential-null" "clone" "--bare" "https://github.com/octylFractal/supercollider" "/workspace/cache/git-repos/https%3A%2F%2Fgithub.com%2FoctylFractal%2Fsupercollider", kill_on_drop: false }`
[INFO] [stderr] Cloning into bare repository '/workspace/cache/git-repos/https%3A%2F%2Fgithub.com%2FoctylFractal%2Fsupercollider'...
[INFO] running `Command { std: "git" "rev-parse" "HEAD", kill_on_drop: false }`
[INFO] [stdout] 1a53f1caacac75b232e9ac4d3304856575908f05
[INFO] checking octylFractal/supercollider against beta-2021-10-15 for beta-1.56-3
[INFO] running `Command { std: "git" "clone" "/workspace/cache/git-repos/https%3A%2F%2Fgithub.com%2FoctylFractal%2Fsupercollider" "/workspace/builds/worker-11/source", kill_on_drop: false }`
[INFO] [stderr] Cloning into '/workspace/builds/worker-11/source'...
[INFO] [stderr] done.
[INFO] validating manifest of git repo https://github.com/octylFractal/supercollider on toolchain beta-2021-10-15
[INFO] running `Command { std: "/workspace/cargo-home/bin/cargo" "+beta-2021-10-15" "metadata" "--manifest-path" "Cargo.toml" "--no-deps", kill_on_drop: false }`
[INFO] started tweaking git repo https://github.com/octylFractal/supercollider
[INFO] finished tweaking git repo https://github.com/octylFractal/supercollider
[INFO] tweaked toml for git repo https://github.com/octylFractal/supercollider written to /workspace/builds/worker-11/source/Cargo.toml
[INFO] crate git repo https://github.com/octylFractal/supercollider already has a lockfile, it will not be regenerated
[INFO] running `Command { std: "/workspace/cargo-home/bin/cargo" "+beta-2021-10-15" "fetch" "--manifest-path" "Cargo.toml", kill_on_drop: false }`
[INFO] [stderr]  Downloading crates ...
[INFO] [stderr]   Downloaded approx v0.4.0
[INFO] [stderr]   Downloaded paste v1.0.5
[INFO] [stderr]   Downloaded simba v0.4.0
[INFO] [stderr]   Downloaded matrixmultiply v0.3.0
[INFO] [stderr]   Downloaded which v3.1.1
[INFO] [stderr]   Downloaded env_logger v0.8.3
[INFO] [stderr]   Downloaded xkbcommon-sys v0.7.5
[INFO] [stderr]   Downloaded clang-sys v1.1.1
[INFO] [stderr]   Downloaded euclid v0.20.14
[INFO] [stderr]   Downloaded minifb v0.19.3
[INFO] [stderr]   Downloaded wayland-commons v0.28.5
[INFO] [stderr]   Downloaded tar v0.4.33
[INFO] [stderr]   Downloaded unidiff v0.3.3
[INFO] [stderr]   Downloaded wayland-cursor v0.28.5
[INFO] [stderr]   Downloaded wayland-client v0.28.5
[INFO] [stderr]   Downloaded font-kit v0.7.1
[INFO] [stderr]   Downloaded version-compare v0.0.10
[INFO] [stderr]   Downloaded wayland-scanner v0.28.5
[INFO] [stderr]   Downloaded lyon_geom v0.15.3
[INFO] [stderr]   Downloaded pathfinder_simd v0.5.0
[INFO] [stderr]   Downloaded sw-composite v0.7.14
[INFO] [stderr]   Downloaded cexpr v0.4.0
[INFO] [stderr]   Downloaded wayland-sys v0.28.5
[INFO] [stderr]   Downloaded wayland-protocols v0.28.5
[INFO] [stderr]   Downloaded raqote v0.8.0
[INFO] [stderr]   Downloaded xkb v0.2.1
[INFO] [stderr]   Downloaded core-text v15.0.0
[INFO] [stderr]   Downloaded nalgebra v0.25.4
[INFO] [stderr]   Downloaded syn v1.0.68
[INFO] [stderr]   Downloaded sdl2-sys v0.34.3
[INFO] [stderr]   Downloaded orbclient v0.3.31
[INFO] [stderr]   Downloaded servo-fontconfig-sys v4.0.9
[INFO] [stderr]   Downloaded bindgen v0.56.0
[INFO] [stderr]   Downloaded sdl2 v0.34.3
[INFO] [stderr]   Downloaded typed-arena v2.0.1
[INFO] [stderr]   Downloaded libc v0.2.92
[INFO] running `Command { std: "docker" "create" "-v" "/var/lib/crater-agent-workspace/builds/worker-11/target:/opt/rustwide/target:rw,Z" "-v" "/var/lib/crater-agent-workspace/builds/worker-11/source:/opt/rustwide/workdir:ro,Z" "-v" "/var/lib/crater-agent-workspace/cargo-home:/opt/rustwide/cargo-home:ro,Z" "-v" "/var/lib/crater-agent-workspace/rustup-home:/opt/rustwide/rustup-home:ro,Z" "-e" "SOURCE_DIR=/opt/rustwide/workdir" "-e" "CARGO_TARGET_DIR=/opt/rustwide/target" "-e" "CARGO_HOME=/opt/rustwide/cargo-home" "-e" "RUSTUP_HOME=/opt/rustwide/rustup-home" "-w" "/opt/rustwide/workdir" "-m" "1610612736" "--user" "0:0" "--network" "none" "ghcr.io/rust-lang/crates-build-env/linux@sha256:a89201d6b5b9fd45c15d5952ece0a0129e7e80cb26ec023fd59cf09bc26f1604" "/opt/rustwide/cargo-home/bin/cargo" "+beta-2021-10-15" "metadata" "--no-deps" "--format-version=1", kill_on_drop: false }`
[INFO] [stdout] f67b9856176d179a38e59482b9167525819d89ba2c802ceb3ae8383478e96bf9
[INFO] [stderr] WARNING: Your kernel does not support swap limit capabilities or the cgroup is not mounted. Memory limited without swap.
[INFO] running `Command { std: "docker" "start" "-a" "f67b9856176d179a38e59482b9167525819d89ba2c802ceb3ae8383478e96bf9", kill_on_drop: false }`
[INFO] running `Command { std: "docker" "inspect" "f67b9856176d179a38e59482b9167525819d89ba2c802ceb3ae8383478e96bf9", kill_on_drop: false }`
[INFO] running `Command { std: "docker" "rm" "-f" "f67b9856176d179a38e59482b9167525819d89ba2c802ceb3ae8383478e96bf9", kill_on_drop: false }`
[INFO] [stdout] f67b9856176d179a38e59482b9167525819d89ba2c802ceb3ae8383478e96bf9
[INFO] running `Command { std: "docker" "create" "-v" "/var/lib/crater-agent-workspace/builds/worker-11/target:/opt/rustwide/target:rw,Z" "-v" "/var/lib/crater-agent-workspace/builds/worker-11/source:/opt/rustwide/workdir:ro,Z" "-v" "/var/lib/crater-agent-workspace/cargo-home:/opt/rustwide/cargo-home:ro,Z" "-v" "/var/lib/crater-agent-workspace/rustup-home:/opt/rustwide/rustup-home:ro,Z" "-e" "SOURCE_DIR=/opt/rustwide/workdir" "-e" "CARGO_TARGET_DIR=/opt/rustwide/target" "-e" "CARGO_INCREMENTAL=0" "-e" "RUST_BACKTRACE=full" "-e" "RUSTFLAGS=--cap-lints=warn" "-e" "CARGO_HOME=/opt/rustwide/cargo-home" "-e" "RUSTUP_HOME=/opt/rustwide/rustup-home" "-w" "/opt/rustwide/workdir" "-m" "1610612736" "--user" "0:0" "--network" "none" "ghcr.io/rust-lang/crates-build-env/linux@sha256:a89201d6b5b9fd45c15d5952ece0a0129e7e80cb26ec023fd59cf09bc26f1604" "/opt/rustwide/cargo-home/bin/cargo" "+beta-2021-10-15" "check" "--frozen" "--all" "--all-targets" "--message-format=json", kill_on_drop: false }`
[INFO] [stderr] WARNING: Your kernel does not support swap limit capabilities or the cgroup is not mounted. Memory limited without swap.
[INFO] [stdout] 600670788ae0ab97c2dfcd947fb2b48a4494e14e5f366ed7560c3f4bd0d6539d
[INFO] running `Command { std: "docker" "start" "-a" "600670788ae0ab97c2dfcd947fb2b48a4494e14e5f366ed7560c3f4bd0d6539d", kill_on_drop: false }`
[INFO] [stderr]     Blocking waiting for file lock on package cache
[INFO] [stderr]    Compiling regex-syntax v0.6.23
[INFO] [stderr]    Compiling serde v1.0.125
[INFO] [stderr]    Compiling humantime v2.1.0
[INFO] [stderr]    Compiling bindgen v0.56.0
[INFO] [stderr]    Compiling lazycell v1.3.0
[INFO] [stderr]     Checking sw-composite v0.7.14
[INFO] [stderr]    Compiling clang-sys v1.1.1
[INFO] [stderr]    Compiling wayland-sys v0.28.5
[INFO] [stderr]    Compiling libloading v0.7.0
[INFO] [stderr]    Compiling minifb v0.19.3
[INFO] [stderr]     Checking matrixmultiply v0.3.0
[INFO] [stderr]    Compiling servo-freetype-sys v4.0.5
[INFO] [stderr]    Compiling expat-sys v2.1.6
[INFO] [stderr]    Compiling atty v0.2.14
[INFO] [stderr]    Compiling which v3.1.1
[INFO] [stderr]     Checking nix v0.20.0
[INFO] [stderr]     Checking dirs-sys v0.3.5
[INFO] [stderr]    Compiling nom v5.1.2
[INFO] [stderr]    Compiling pathfinder_simd v0.5.0
[INFO] [stderr]     Checking nom v6.1.2
[INFO] [stderr]    Compiling syn v1.0.68
[INFO] [stderr]     Checking x11-dl v2.18.5
[INFO] [stderr]    Compiling clap v2.33.3
[INFO] [stderr]     Checking num-complex v0.3.1
[INFO] [stderr]     Checking approx v0.4.0
[INFO] [stderr]     Checking num-integer v0.1.44
[INFO] [stderr]     Checking euclid v0.20.14
[INFO] [stderr]    Compiling wayland-client v0.28.5
[INFO] [stderr]     Checking dirs v2.0.2
[INFO] [stderr]     Checking tempfile v3.2.0
[INFO] [stderr]    Compiling servo-fontconfig-sys v4.0.9
[INFO] [stderr]     Checking num-rational v0.3.2
[INFO] [stderr]     Checking freetype v0.4.1
[INFO] [stderr]     Checking servo-fontconfig v0.4.0
[INFO] [stderr]     Checking simba v0.4.0
[INFO] [stderr]     Checking lyon_geom v0.15.3
[INFO] [stderr]     Checking pathfinder_geometry v0.5.1
[INFO] [stderr]     Checking font-kit v0.7.1
[INFO] [stderr]     Checking xcursor v0.3.3
[INFO] [stderr]    Compiling regex v1.4.5
[INFO] [stderr]    Compiling cexpr v0.4.0
[INFO] [stderr]     Checking raqote v0.8.0
[INFO] [stderr]     Checking wayland-commons v0.28.5
[INFO] [stderr]    Compiling env_logger v0.8.3
[INFO] [stderr]     Checking wayland-protocols v0.28.5
[INFO] [stderr]     Checking wayland-cursor v0.28.5
[INFO] [stderr]    Compiling serde_derive v1.0.125
[INFO] [stderr]    Compiling xkbcommon-sys v0.7.5
[INFO] [stderr]     Checking xkb v0.2.1
[INFO] [stderr]     Checking nalgebra v0.25.4
[INFO] [stderr]     Checking supercollider v0.1.0 (/opt/rustwide/workdir)
[INFO] [stderr]     Checking visualizer v0.1.0 (/opt/rustwide/workdir/visualizer)
[INFO] [stdout] warning: cannot specify lifetime arguments explicitly if late bound lifetime parameters are present
[INFO] [stdout]   --> src/bin/test-speed.rs:56:58
[INFO] [stdout]    |
[INFO] [stdout] 56 |                 delegate: Box::from(r.support_provider::<'a>()),
[INFO] [stdout]    |                                                          ^^
[INFO] [stdout]    |
[INFO] [stdout]   ::: /opt/rustwide/workdir/src/shape.rs:12:25
[INFO] [stdout]    |
[INFO] [stdout] 12 |     fn support_provider(&self) -> S;
[INFO] [stdout]    |                         - the late bound lifetime parameter is introduced here
[INFO] [stdout]    |
[INFO] [stdout]    = note: `#[warn(late_bound_lifetime_arguments)]` on by default
[INFO] [stdout]    = warning: this was previously accepted by the compiler but is being phased out; it will become a hard error in a future release!
[INFO] [stdout]    = note: for more information, see issue #42868 <https://github.com/rust-lang/rust/issues/42868>
[INFO] [stdout] 
[INFO] [stdout] 
[INFO] [stdout] error[E0759]: `self` has lifetime `'a` but it needs to satisfy a `'static` lifetime requirement
[INFO] [stdout]   --> src/bin/test-speed.rs:55:31
[INFO] [stdout]    |
[INFO] [stdout] 53 |     fn support_provider<'a>(&'a self) -> RandomShapeSupportProvider {
[INFO] [stdout]    |                             -------- this data with lifetime `'a`...
[INFO] [stdout] 54 |         match self {
[INFO] [stdout] 55 |             RandomShape::Rect(ref r) => RandomShapeSupportProvider {
[INFO] [stdout]    |                               ^^^^^ ...is captured here...
[INFO] [stdout] 56 |                 delegate: Box::from(r.support_provider::<'a>()),
[INFO] [stdout]    |                           ------------------------------------- ...and is required to live as long as `'static` here
[INFO] [stdout] 
[INFO] [stdout] 
[INFO] [stdout] error[E0759]: `self` has lifetime `'a` but it needs to satisfy a `'static` lifetime requirement
[INFO] [stdout]   --> src/bin/test-speed.rs:58:33
[INFO] [stdout]    |
[INFO] [stdout] 53 |     fn support_provider<'a>(&'a self) -> RandomShapeSupportProvider {
[INFO] [stdout]    |                             -------- this data with lifetime `'a`...
[INFO] [stdout] ...
[INFO] [stdout] 58 |             RandomShape::Circle(ref c) => RandomShapeSupportProvider {
[INFO] [stdout]    |                                 ^^^^^ ...is captured here...
[INFO] [stdout] 59 |                 delegate: Box::from(c.support_provider()),
[INFO] [stdout]    |                           ------------------------------- ...and is required to live as long as `'static` here
[INFO] [stdout] 
[INFO] [stdout] 
[INFO] [stdout] error: aborting due to 2 previous errors; 1 warning emitted
[INFO] [stdout] 
[INFO] [stdout] 
[INFO] [stdout] For more information about this error, try `rustc --explain E0759`.
[INFO] [stdout] 
[INFO] [stderr] error: could not compile `supercollider` due to 3 previous errors; 1 warning emitted
[INFO] [stderr] warning: build failed, waiting for other jobs to finish...
[INFO] [stdout] warning: cannot specify lifetime arguments explicitly if late bound lifetime parameters are present
[INFO] [stdout]   --> src/bin/test-speed.rs:56:58
[INFO] [stdout]    |
[INFO] [stdout] 56 |                 delegate: Box::from(r.support_provider::<'a>()),
[INFO] [stdout]    |                                                          ^^
[INFO] [stdout]    |
[INFO] [stdout]   ::: /opt/rustwide/workdir/src/shape.rs:12:25
[INFO] [stdout]    |
[INFO] [stdout] 12 |     fn support_provider(&self) -> S;
[INFO] [stdout]    |                         - the late bound lifetime parameter is introduced here
[INFO] [stdout]    |
[INFO] [stdout]    = note: `#[warn(late_bound_lifetime_arguments)]` on by default
[INFO] [stdout]    = warning: this was previously accepted by the compiler but is being phased out; it will become a hard error in a future release!
[INFO] [stdout]    = note: for more information, see issue #42868 <https://github.com/rust-lang/rust/issues/42868>
[INFO] [stdout] 
[INFO] [stdout] 
[INFO] [stdout] error[E0759]: `self` has lifetime `'a` but it needs to satisfy a `'static` lifetime requirement
[INFO] [stdout]   --> src/bin/test-speed.rs:55:31
[INFO] [stdout]    |
[INFO] [stdout] 53 |     fn support_provider<'a>(&'a self) -> RandomShapeSupportProvider {
[INFO] [stdout]    |                             -------- this data with lifetime `'a`...
[INFO] [stdout] 54 |         match self {
[INFO] [stdout] 55 |             RandomShape::Rect(ref r) => RandomShapeSupportProvider {
[INFO] [stdout]    |                               ^^^^^ ...is captured here...
[INFO] [stdout] 56 |                 delegate: Box::from(r.support_provider::<'a>()),
[INFO] [stdout]    |                           ------------------------------------- ...and is required to live as long as `'static` here
[INFO] [stdout] 
[INFO] [stdout] 
[INFO] [stdout] error[E0759]: `self` has lifetime `'a` but it needs to satisfy a `'static` lifetime requirement
[INFO] [stdout]   --> src/bin/test-speed.rs:58:33
[INFO] [stdout]    |
[INFO] [stdout] 53 |     fn support_provider<'a>(&'a self) -> RandomShapeSupportProvider {
[INFO] [stdout]    |                             -------- this data with lifetime `'a`...
[INFO] [stdout] ...
[INFO] [stdout] 58 |             RandomShape::Circle(ref c) => RandomShapeSupportProvider {
[INFO] [stdout]    |                                 ^^^^^ ...is captured here...
[INFO] [stdout] 59 |                 delegate: Box::from(c.support_provider()),
[INFO] [stdout]    |                           ------------------------------- ...and is required to live as long as `'static` here
[INFO] [stdout] 
[INFO] [stdout] 
[INFO] [stdout] error: aborting due to 2 previous errors; 1 warning emitted
[INFO] [stdout] 
[INFO] [stdout] 
[INFO] [stdout] For more information about this error, try `rustc --explain E0759`.
[INFO] [stdout] 
[INFO] [stdout] error[E0432]: unresolved import `supercollider::gjk::GJK`
[INFO] [stdout]   --> visualizer/src/main.rs:10:5
[INFO] [stdout]    |
[INFO] [stdout] 10 |     gjk::GJK,
[INFO] [stdout]    |     ^^^^^^^^ no `GJK` in `gjk`
[INFO] [stdout] 
[INFO] [stdout] 
[INFO] [stdout] warning: unused import: `shape::ConvexShape`
[INFO] [stdout]  --> visualizer/src/main.rs:9:5
[INFO] [stdout]   |
[INFO] [stdout] 9 |     shape::ConvexShape,
[INFO] [stdout]   |     ^^^^^^^^^^^^^^^^^^
[INFO] [stdout]   |
[INFO] [stdout]   = note: `#[warn(unused_imports)]` on by default
[INFO] [stdout] 
[INFO] [stdout] 
[INFO] [stdout] error[E0107]: this trait takes 2 generic arguments but 1 generic argument was supplied
[INFO] [stdout]   --> visualizer/src/shape.rs:11:31
[INFO] [stdout]    |
[INFO] [stdout] 11 | pub struct ShapeEntity<'a, C: ConvexShape<U2>> {
[INFO] [stdout]    |                               ^^^^^^^^^^^ -- supplied 1 generic argument
[INFO] [stdout]    |                               |
[INFO] [stdout]    |                               expected 2 generic arguments
[INFO] [stdout]    |
[INFO] [stdout] note: trait defined here, with 2 generic parameters: `R`, `S`
[INFO] [stdout]   --> /opt/rustwide/workdir/src/shape.rs:5:11
[INFO] [stdout]    |
[INFO] [stdout] 5  | pub trait ConvexShape<R: DimName, S: SupportProvider<R>>
[INFO] [stdout]    |           ^^^^^^^^^^^ -           -
[INFO] [stdout] help: add missing generic argument
[INFO] [stdout]    |
[INFO] [stdout] 11 | pub struct ShapeEntity<'a, C: ConvexShape<U2, S>> {
[INFO] [stdout]    |                                             +++
[INFO] [stdout] 
[INFO] [stdout] 
[INFO] [stdout] error[E0107]: this trait takes 2 generic arguments but 1 generic argument was supplied
[INFO] [stdout]   --> visualizer/src/shape.rs:16:13
[INFO] [stdout]    |
[INFO] [stdout] 16 | impl<'a, C: ConvexShape<U2> + DrawConvexShape> ShapeEntity<'a, C> {
[INFO] [stdout]    |             ^^^^^^^^^^^ -- supplied 1 generic argument
[INFO] [stdout]    |             |
[INFO] [stdout]    |             expected 2 generic arguments
[INFO] [stdout]    |
[INFO] [stdout] note: trait defined here, with 2 generic parameters: `R`, `S`
[INFO] [stdout]   --> /opt/rustwide/workdir/src/shape.rs:5:11
[INFO] [stdout]    |
[INFO] [stdout] 5  | pub trait ConvexShape<R: DimName, S: SupportProvider<R>>
[INFO] [stdout]    |           ^^^^^^^^^^^ -           -
[INFO] [stdout] help: add missing generic argument
[INFO] [stdout]    |
[INFO] [stdout] 16 | impl<'a, C: ConvexShape<U2, S> + DrawConvexShape> ShapeEntity<'a, C> {
[INFO] [stdout]    |                           +++
[INFO] [stdout] 
[INFO] [stdout] 
[INFO] [stdout] error: aborting due to 3 previous errors; 1 warning emitted
[INFO] [stdout] 
[INFO] [stdout] 
[INFO] [stdout] Some errors have detailed explanations: E0107, E0432.
[INFO] [stdout] 
[INFO] [stdout] For more information about an error, try `rustc --explain E0107`.
[INFO] [stdout] 
[INFO] [stdout] error[E0432]: unresolved import `supercollider::gjk::GJK`
[INFO] [stdout]   --> visualizer/src/main.rs:10:5
[INFO] [stdout]    |
[INFO] [stdout] 10 |     gjk::GJK,
[INFO] [stdout]    |     ^^^^^^^^ no `GJK` in `gjk`
[INFO] [stdout] 
[INFO] [stdout] 
[INFO] [stdout] warning: unused import: `shape::ConvexShape`
[INFO] [stdout]  --> visualizer/src/main.rs:9:5
[INFO] [stdout]   |
[INFO] [stdout] 9 |     shape::ConvexShape,
[INFO] [stdout]   |     ^^^^^^^^^^^^^^^^^^
[INFO] [stdout]   |
[INFO] [stdout]   = note: `#[warn(unused_imports)]` on by default
[INFO] [stdout] 
[INFO] [stdout] 
[INFO] [stdout] error[E0107]: this trait takes 2 generic arguments but 1 generic argument was supplied
[INFO] [stdout]   --> visualizer/src/shape.rs:11:31
[INFO] [stdout]    |
[INFO] [stdout] 11 | pub struct ShapeEntity<'a, C: ConvexShape<U2>> {
[INFO] [stdout]    |                               ^^^^^^^^^^^ -- supplied 1 generic argument
[INFO] [stdout]    |                               |
[INFO] [stdout]    |                               expected 2 generic arguments
[INFO] [stdout]    |
[INFO] [stdout] note: trait defined here, with 2 generic parameters: `R`, `S`
[INFO] [stdout]   --> /opt/rustwide/workdir/src/shape.rs:5:11
[INFO] [stdout]    |
[INFO] [stdout] 5  | pub trait ConvexShape<R: DimName, S: SupportProvider<R>>
[INFO] [stdout]    |           ^^^^^^^^^^^ -           -
[INFO] [stdout] help: add missing generic argument
[INFO] [stdout]    |
[INFO] [stdout] 11 | pub struct ShapeEntity<'a, C: ConvexShape<U2, S>> {
[INFO] [stdout]    |                                             +++
[INFO] [stdout] 
[INFO] [stdout] 
[INFO] [stdout] error[E0107]: this trait takes 2 generic arguments but 1 generic argument was supplied
[INFO] [stdout]   --> visualizer/src/shape.rs:16:13
[INFO] [stdout]    |
[INFO] [stdout] 16 | impl<'a, C: ConvexShape<U2> + DrawConvexShape> ShapeEntity<'a, C> {
[INFO] [stdout]    |             ^^^^^^^^^^^ -- supplied 1 generic argument
[INFO] [stdout]    |             |
[INFO] [stdout]    |             expected 2 generic arguments
[INFO] [stdout]    |
[INFO] [stdout] note: trait defined here, with 2 generic parameters: `R`, `S`
[INFO] [stdout]   --> /opt/rustwide/workdir/src/shape.rs:5:11
[INFO] [stdout]    |
[INFO] [stdout] 5  | pub trait ConvexShape<R: DimName, S: SupportProvider<R>>
[INFO] [stdout]    |           ^^^^^^^^^^^ -           -
[INFO] [stdout] help: add missing generic argument
[INFO] [stdout]    |
[INFO] [stdout] 16 | impl<'a, C: ConvexShape<U2, S> + DrawConvexShape> ShapeEntity<'a, C> {
[INFO] [stdout]    |                           +++
[INFO] [stdout] 
[INFO] [stdout] 
[INFO] [stdout] error: aborting due to 3 previous errors; 1 warning emitted
[INFO] [stdout] 
[INFO] [stdout] 
[INFO] [stdout] Some errors have detailed explanations: E0107, E0432.
[INFO] [stdout] 
[INFO] [stdout] For more information about an error, try `rustc --explain E0107`.
[INFO] [stdout] 
[INFO] [stderr] error: build failed
[INFO] running `Command { std: "docker" "inspect" "600670788ae0ab97c2dfcd947fb2b48a4494e14e5f366ed7560c3f4bd0d6539d", kill_on_drop: false }`
[INFO] running `Command { std: "docker" "rm" "-f" "600670788ae0ab97c2dfcd947fb2b48a4494e14e5f366ed7560c3f4bd0d6539d", kill_on_drop: false }`
[INFO] [stdout] 600670788ae0ab97c2dfcd947fb2b48a4494e14e5f366ed7560c3f4bd0d6539d
